{"id":1022,"date":"2025-07-18T18:40:38","date_gmt":"2025-07-18T16:40:38","guid":{"rendered":"http:\/\/192.168.2.106\/index.php\/produkt\/uchwyt-baseus-osculum-gravity-red-do-szyby\/"},"modified":"2025-07-18T18:40:38","modified_gmt":"2025-07-18T16:40:38","slug":"uchwyt-baseus-osculum-gravity-red-do-szyby","status":"publish","type":"product","link":"https:\/\/racom.com.pl\/index.php\/produkt\/uchwyt-baseus-osculum-gravity-red-do-szyby\/","title":{"rendered":"UCHWYT BASEUS OSCULUM GRAVITY red DO SZYBY"},"content":{"rendered":"<h2>Uniwersalny uchwyt samochodowy Osculum firmy Baseus Grawitacyjny<\/h2>\n<p>Oryginalny uchwyt firmy <b>Baseus Gravity<\/b>. Jest to gwarancja najwy\u017cszej jako\u015bci i staranno\u015bci wykonania.<\/p>\n<p>Je\u017celi nie uznajesz kompromis\u00f3w wzgl\u0119dem jako\u015bci uchwyt\u00f3w &#8211; to powinien by\u0107 Tw\u00f3j produkt.<\/p>\n<p>Nowoczesny uchwyt Baseus Gravity pasuje do wi\u0119kszo\u015bci urz\u0105dze\u0144 mobilnych dost\u0119pnych na rynku. Wyr\u00f3\u017cnia si\u0119 modnymi kszta\u0142tami oraz komfortem u\u017cytkowania.<\/p>\n<p>Tr\u00f3jk\u0105tna konstrukcja uchwytu, gumowe nak\u0142adki oraz 360-stopniowa rotacja gwarantuj\u0105 komfort u\u017cytkowania. Gad\u017cet wyr\u00f3\u017cnia si\u0119 tak\u017ce stabilnymi ramionami, kt\u00f3re po umieszczeniu telefonu w uchwycie zamykaj\u0105 si\u0119 automatycznie. Ca\u0142o\u015b\u0107 wykonana zosta\u0142a z materia\u0142\u00f3w PC oraz TPE.<\/p>\n<p>Specjalne wyci\u0119cie umo\u017cliwia bezproblemowe \u0142adowanie smartfona. Uchwyt mocuje si\u0119 bezpo\u015brednio w kracie wentylacyjnej samochodu w preferowanym przez siebie miejscu.<\/p>\n<p><b>Parametry techniczne:<\/b><\/p>\n<p>Mocowanie na przyssawk\u0119<\/p>\n<p>Obrotowa g\u0142owica 360 stopni<\/p>\n<p>Kolor: czarno-czerwony<\/p>\n<p>Kod producenta: SUYL-XP09<\/p>\n","protected":false},"excerpt":{"rendered":"<p>Uniwersalny uchwyt samochodowy Osculum firmy Baseus Grawitacyjny Oryginalny uchwyt firmy Baseus Gravity. Jest to gwarancja najwy\u017cszej jako\u015bci i staranno\u015bci wykonania. Je\u017celi nie uznajesz kompromis\u00f3w wzgl\u0119dem jako\u015bci uchwyt\u00f3w &#8211; to powinien by\u0107 Tw\u00f3j produkt. Nowoczesny uchwyt Baseus Gravity pasuje do wi\u0119kszo\u015bci urz\u0105dze\u0144 mobilnych dost\u0119pnych na rynku. Wyr\u00f3\u017cnia si\u0119 modnymi kszta\u0142tami oraz komfortem u\u017cytkowania. Tr\u00f3jk\u0105tna konstrukcja uchwytu, [&hellip;]<\/p>\n","protected":false},"featured_media":1039,"comment_status":"open","ping_status":"closed","template":"","meta":[],"product_brand":[27],"product_cat":[26],"product_tag":[],"class_list":{"0":"post-1022","1":"product","2":"type-product","3":"status-publish","4":"has-post-thumbnail","6":"product_brand-baseus","7":"product_cat-akcesoria-gsm","9":"first","10":"instock","11":"taxable","12":"shipping-taxable","13":"purchasable","14":"product-type-simple"},"yoast_head":"<!-- This site is optimized with the Yoast SEO plugin v27.3 - https:\/\/yoast.com\/product\/yoast-seo-wordpress\/ -->\n<title>UCHWYT BASEUS OSCULUM GRAVITY red DO SZYBY - Mix Market - Supermarket z wszystkim co potrzeba<\/title>\n<meta name=\"robots\" content=\"index, follow, max-snippet:-1, max-image-preview:large, max-video-preview:-1\" \/>\n<link rel=\"canonical\" href=\"https:\/\/racom.com.pl\/index.php\/produkt\/uchwyt-baseus-osculum-gravity-red-do-szyby\/\" \/>\n<meta property=\"og:locale\" content=\"pl_PL\" \/>\n<meta property=\"og:type\" content=\"article\" \/>\n<meta property=\"og:title\" content=\"UCHWYT BASEUS OSCULUM GRAVITY red DO SZYBY - Mix Market - Supermarket z wszystkim co potrzeba\" \/>\n<meta property=\"og:description\" content=\"Uniwersalny uchwyt samochodowy Osculum firmy Baseus Grawitacyjny Oryginalny uchwyt firmy Baseus Gravity. Jest to gwarancja najwy\u017cszej jako\u015bci i staranno\u015bci wykonania. Je\u017celi nie uznajesz kompromis\u00f3w wzgl\u0119dem jako\u015bci uchwyt\u00f3w &#8211; to powinien by\u0107 Tw\u00f3j produkt. Nowoczesny uchwyt Baseus Gravity pasuje do wi\u0119kszo\u015bci urz\u0105dze\u0144 mobilnych dost\u0119pnych na rynku. Wyr\u00f3\u017cnia si\u0119 modnymi kszta\u0142tami oraz komfortem u\u017cytkowania. Tr\u00f3jk\u0105tna konstrukcja uchwytu, [&hellip;]\" \/>\n<meta property=\"og:url\" content=\"https:\/\/racom.com.pl\/index.php\/produkt\/uchwyt-baseus-osculum-gravity-red-do-szyby\/\" \/>\n<meta property=\"og:site_name\" content=\"Mix Market - Supermarket z wszystkim co potrzeba\" \/>\n<meta property=\"og:image\" content=\"https:\/\/racom.com.pl\/wp-content\/uploads\/2025\/07\/allegro_687a796563ce21.99429726_c23673ad4865b268342e3a78a876.jpg\" \/>\n\t<meta property=\"og:image:width\" content=\"982\" \/>\n\t<meta property=\"og:image:height\" content=\"763\" \/>\n\t<meta property=\"og:image:type\" content=\"image\/jpeg\" \/>\n<meta name=\"twitter:card\" content=\"summary_large_image\" \/>\n<meta name=\"twitter:label1\" content=\"Szacowany czas czytania\" \/>\n\t<meta name=\"twitter:data1\" content=\"1 minuta\" \/>\n<script type=\"application\/ld+json\" class=\"yoast-schema-graph\">{\"@context\":\"https:\\\/\\\/schema.org\",\"@graph\":[{\"@type\":\"WebPage\",\"@id\":\"https:\\\/\\\/racom.com.pl\\\/index.php\\\/produkt\\\/uchwyt-baseus-osculum-gravity-red-do-szyby\\\/\",\"url\":\"https:\\\/\\\/racom.com.pl\\\/index.php\\\/produkt\\\/uchwyt-baseus-osculum-gravity-red-do-szyby\\\/\",\"name\":\"UCHWYT BASEUS OSCULUM GRAVITY red DO SZYBY - Mix Market - Supermarket z wszystkim co potrzeba\",\"isPartOf\":{\"@id\":\"https:\\\/\\\/racom.com.pl\\\/#website\"},\"primaryImageOfPage\":{\"@id\":\"https:\\\/\\\/racom.com.pl\\\/index.php\\\/produkt\\\/uchwyt-baseus-osculum-gravity-red-do-szyby\\\/#primaryimage\"},\"image\":{\"@id\":\"https:\\\/\\\/racom.com.pl\\\/index.php\\\/produkt\\\/uchwyt-baseus-osculum-gravity-red-do-szyby\\\/#primaryimage\"},\"thumbnailUrl\":\"https:\\\/\\\/racom.com.pl\\\/wp-content\\\/uploads\\\/2025\\\/07\\\/allegro_687a796563ce21.99429726_c23673ad4865b268342e3a78a876.jpg\",\"datePublished\":\"2025-07-18T16:40:38+00:00\",\"breadcrumb\":{\"@id\":\"https:\\\/\\\/racom.com.pl\\\/index.php\\\/produkt\\\/uchwyt-baseus-osculum-gravity-red-do-szyby\\\/#breadcrumb\"},\"inLanguage\":\"pl-PL\",\"potentialAction\":[{\"@type\":\"ReadAction\",\"target\":[\"https:\\\/\\\/racom.com.pl\\\/index.php\\\/produkt\\\/uchwyt-baseus-osculum-gravity-red-do-szyby\\\/\"]}]},{\"@type\":\"ImageObject\",\"inLanguage\":\"pl-PL\",\"@id\":\"https:\\\/\\\/racom.com.pl\\\/index.php\\\/produkt\\\/uchwyt-baseus-osculum-gravity-red-do-szyby\\\/#primaryimage\",\"url\":\"https:\\\/\\\/racom.com.pl\\\/wp-content\\\/uploads\\\/2025\\\/07\\\/allegro_687a796563ce21.99429726_c23673ad4865b268342e3a78a876.jpg\",\"contentUrl\":\"https:\\\/\\\/racom.com.pl\\\/wp-content\\\/uploads\\\/2025\\\/07\\\/allegro_687a796563ce21.99429726_c23673ad4865b268342e3a78a876.jpg\",\"width\":982,\"height\":763},{\"@type\":\"BreadcrumbList\",\"@id\":\"https:\\\/\\\/racom.com.pl\\\/index.php\\\/produkt\\\/uchwyt-baseus-osculum-gravity-red-do-szyby\\\/#breadcrumb\",\"itemListElement\":[{\"@type\":\"ListItem\",\"position\":1,\"name\":\"Strona g\u0142\u00f3wna\",\"item\":\"https:\\\/\\\/racom.com.pl\\\/\"},{\"@type\":\"ListItem\",\"position\":2,\"name\":\"Sklep\",\"item\":\"https:\\\/\\\/racom.com.pl\\\/\"},{\"@type\":\"ListItem\",\"position\":3,\"name\":\"UCHWYT BASEUS OSCULUM GRAVITY red DO SZYBY\"}]},{\"@type\":\"WebSite\",\"@id\":\"https:\\\/\\\/racom.com.pl\\\/#website\",\"url\":\"https:\\\/\\\/racom.com.pl\\\/\",\"name\":\"Mix Market - Supermarket z wszystkim co potrzeba do domu i nie tylko\",\"description\":\"\",\"publisher\":{\"@id\":\"https:\\\/\\\/racom.com.pl\\\/#organization\"},\"potentialAction\":[{\"@type\":\"SearchAction\",\"target\":{\"@type\":\"EntryPoint\",\"urlTemplate\":\"https:\\\/\\\/racom.com.pl\\\/?s={search_term_string}\"},\"query-input\":{\"@type\":\"PropertyValueSpecification\",\"valueRequired\":true,\"valueName\":\"search_term_string\"}}],\"inLanguage\":\"pl-PL\"},{\"@type\":\"Organization\",\"@id\":\"https:\\\/\\\/racom.com.pl\\\/#organization\",\"name\":\"Mix Market - Supermarket z wszystkim co potrzeba do domu i nie tylko\",\"url\":\"https:\\\/\\\/racom.com.pl\\\/\",\"logo\":{\"@type\":\"ImageObject\",\"inLanguage\":\"pl-PL\",\"@id\":\"https:\\\/\\\/racom.com.pl\\\/#\\\/schema\\\/logo\\\/image\\\/\",\"url\":\"https:\\\/\\\/racom.com.pl\\\/wp-content\\\/uploads\\\/2025\\\/07\\\/mixmarket_logo.png\",\"contentUrl\":\"https:\\\/\\\/racom.com.pl\\\/wp-content\\\/uploads\\\/2025\\\/07\\\/mixmarket_logo.png\",\"width\":1024,\"height\":1024,\"caption\":\"Mix Market - Supermarket z wszystkim co potrzeba do domu i nie tylko\"},\"image\":{\"@id\":\"https:\\\/\\\/racom.com.pl\\\/#\\\/schema\\\/logo\\\/image\\\/\"}}]}<\/script>\n<!-- \/ Yoast SEO plugin. -->","yoast_head_json":{"title":"UCHWYT BASEUS OSCULUM GRAVITY red DO SZYBY - Mix Market - Supermarket z wszystkim co potrzeba","robots":{"index":"index","follow":"follow","max-snippet":"max-snippet:-1","max-image-preview":"max-image-preview:large","max-video-preview":"max-video-preview:-1"},"canonical":"https:\/\/racom.com.pl\/index.php\/produkt\/uchwyt-baseus-osculum-gravity-red-do-szyby\/","og_locale":"pl_PL","og_type":"article","og_title":"UCHWYT BASEUS OSCULUM GRAVITY red DO SZYBY - Mix Market - Supermarket z wszystkim co potrzeba","og_description":"Uniwersalny uchwyt samochodowy Osculum firmy Baseus Grawitacyjny Oryginalny uchwyt firmy Baseus Gravity. Jest to gwarancja najwy\u017cszej jako\u015bci i staranno\u015bci wykonania. Je\u017celi nie uznajesz kompromis\u00f3w wzgl\u0119dem jako\u015bci uchwyt\u00f3w &#8211; to powinien by\u0107 Tw\u00f3j produkt. Nowoczesny uchwyt Baseus Gravity pasuje do wi\u0119kszo\u015bci urz\u0105dze\u0144 mobilnych dost\u0119pnych na rynku. Wyr\u00f3\u017cnia si\u0119 modnymi kszta\u0142tami oraz komfortem u\u017cytkowania. Tr\u00f3jk\u0105tna konstrukcja uchwytu, [&hellip;]","og_url":"https:\/\/racom.com.pl\/index.php\/produkt\/uchwyt-baseus-osculum-gravity-red-do-szyby\/","og_site_name":"Mix Market - Supermarket z wszystkim co potrzeba","og_image":[{"width":982,"height":763,"url":"https:\/\/racom.com.pl\/wp-content\/uploads\/2025\/07\/allegro_687a796563ce21.99429726_c23673ad4865b268342e3a78a876.jpg","type":"image\/jpeg"}],"twitter_card":"summary_large_image","twitter_misc":{"Szacowany czas czytania":"1 minuta"},"schema":{"@context":"https:\/\/schema.org","@graph":[{"@type":"WebPage","@id":"https:\/\/racom.com.pl\/index.php\/produkt\/uchwyt-baseus-osculum-gravity-red-do-szyby\/","url":"https:\/\/racom.com.pl\/index.php\/produkt\/uchwyt-baseus-osculum-gravity-red-do-szyby\/","name":"UCHWYT BASEUS OSCULUM GRAVITY red DO SZYBY - Mix Market - Supermarket z wszystkim co potrzeba","isPartOf":{"@id":"https:\/\/racom.com.pl\/#website"},"primaryImageOfPage":{"@id":"https:\/\/racom.com.pl\/index.php\/produkt\/uchwyt-baseus-osculum-gravity-red-do-szyby\/#primaryimage"},"image":{"@id":"https:\/\/racom.com.pl\/index.php\/produkt\/uchwyt-baseus-osculum-gravity-red-do-szyby\/#primaryimage"},"thumbnailUrl":"https:\/\/racom.com.pl\/wp-content\/uploads\/2025\/07\/allegro_687a796563ce21.99429726_c23673ad4865b268342e3a78a876.jpg","datePublished":"2025-07-18T16:40:38+00:00","breadcrumb":{"@id":"https:\/\/racom.com.pl\/index.php\/produkt\/uchwyt-baseus-osculum-gravity-red-do-szyby\/#breadcrumb"},"inLanguage":"pl-PL","potentialAction":[{"@type":"ReadAction","target":["https:\/\/racom.com.pl\/index.php\/produkt\/uchwyt-baseus-osculum-gravity-red-do-szyby\/"]}]},{"@type":"ImageObject","inLanguage":"pl-PL","@id":"https:\/\/racom.com.pl\/index.php\/produkt\/uchwyt-baseus-osculum-gravity-red-do-szyby\/#primaryimage","url":"https:\/\/racom.com.pl\/wp-content\/uploads\/2025\/07\/allegro_687a796563ce21.99429726_c23673ad4865b268342e3a78a876.jpg","contentUrl":"https:\/\/racom.com.pl\/wp-content\/uploads\/2025\/07\/allegro_687a796563ce21.99429726_c23673ad4865b268342e3a78a876.jpg","width":982,"height":763},{"@type":"BreadcrumbList","@id":"https:\/\/racom.com.pl\/index.php\/produkt\/uchwyt-baseus-osculum-gravity-red-do-szyby\/#breadcrumb","itemListElement":[{"@type":"ListItem","position":1,"name":"Strona g\u0142\u00f3wna","item":"https:\/\/racom.com.pl\/"},{"@type":"ListItem","position":2,"name":"Sklep","item":"https:\/\/racom.com.pl\/"},{"@type":"ListItem","position":3,"name":"UCHWYT BASEUS OSCULUM GRAVITY red DO SZYBY"}]},{"@type":"WebSite","@id":"https:\/\/racom.com.pl\/#website","url":"https:\/\/racom.com.pl\/","name":"Mix Market - Supermarket z wszystkim co potrzeba do domu i nie tylko","description":"","publisher":{"@id":"https:\/\/racom.com.pl\/#organization"},"potentialAction":[{"@type":"SearchAction","target":{"@type":"EntryPoint","urlTemplate":"https:\/\/racom.com.pl\/?s={search_term_string}"},"query-input":{"@type":"PropertyValueSpecification","valueRequired":true,"valueName":"search_term_string"}}],"inLanguage":"pl-PL"},{"@type":"Organization","@id":"https:\/\/racom.com.pl\/#organization","name":"Mix Market - Supermarket z wszystkim co potrzeba do domu i nie tylko","url":"https:\/\/racom.com.pl\/","logo":{"@type":"ImageObject","inLanguage":"pl-PL","@id":"https:\/\/racom.com.pl\/#\/schema\/logo\/image\/","url":"https:\/\/racom.com.pl\/wp-content\/uploads\/2025\/07\/mixmarket_logo.png","contentUrl":"https:\/\/racom.com.pl\/wp-content\/uploads\/2025\/07\/mixmarket_logo.png","width":1024,"height":1024,"caption":"Mix Market - Supermarket z wszystkim co potrzeba do domu i nie tylko"},"image":{"@id":"https:\/\/racom.com.pl\/#\/schema\/logo\/image\/"}}]}},"_links":{"self":[{"href":"https:\/\/racom.com.pl\/index.php\/wp-json\/wp\/v2\/product\/1022","targetHints":{"allow":["GET"]}}],"collection":[{"href":"https:\/\/racom.com.pl\/index.php\/wp-json\/wp\/v2\/product"}],"about":[{"href":"https:\/\/racom.com.pl\/index.php\/wp-json\/wp\/v2\/types\/product"}],"replies":[{"embeddable":true,"href":"https:\/\/racom.com.pl\/index.php\/wp-json\/wp\/v2\/comments?post=1022"}],"wp:featuredmedia":[{"embeddable":true,"href":"https:\/\/racom.com.pl\/index.php\/wp-json\/wp\/v2\/media\/1039"}],"wp:attachment":[{"href":"https:\/\/racom.com.pl\/index.php\/wp-json\/wp\/v2\/media?parent=1022"}],"wp:term":[{"taxonomy":"product_brand","embeddable":true,"href":"https:\/\/racom.com.pl\/index.php\/wp-json\/wp\/v2\/product_brand?post=1022"},{"taxonomy":"product_cat","embeddable":true,"href":"https:\/\/racom.com.pl\/index.php\/wp-json\/wp\/v2\/product_cat?post=1022"},{"taxonomy":"product_tag","embeddable":true,"href":"https:\/\/racom.com.pl\/index.php\/wp-json\/wp\/v2\/product_tag?post=1022"}],"curies":[{"name":"wp","href":"https:\/\/api.w.org\/{rel}","templated":true}]}}