{"id":1136,"date":"2025-07-18T18:56:34","date_gmt":"2025-07-18T16:56:34","guid":{"rendered":"http:\/\/192.168.2.106\/index.php\/produkt\/kabel-przewod-ugreen-hd140-hdmi-2-1-8k-60hz-1m\/"},"modified":"2025-07-18T18:56:34","modified_gmt":"2025-07-18T16:56:34","slug":"kabel-przewod-ugreen-hd140-hdmi-2-1-8k-60hz-1m","status":"publish","type":"product","link":"https:\/\/racom.com.pl\/index.php\/produkt\/kabel-przewod-ugreen-hd140-hdmi-2-1-8k-60hz-1m\/","title":{"rendered":"KABEL PRZEW\u00d3D UGREEN HD140 HDMI 2.1 8K 60HZ 1M"},"content":{"rendered":"<p><b>UGREEN HD140 Kabel HDMI 2.1, 8K 60Hz, 1m (czarny)<\/b><\/p>\n<p><b>Kabel HDMI UGREEN HD140 &#8211; zobacz jeszcze wi\u0119cej<\/b><\/p>\n<p>Kabel HDMI UGREEN HD140 zapewnia doskona\u0142\u0105 jako\u015b\u0107 obrazu nawet 8K. Pr\u0119dko\u015b\u0107 transmisji 48 GB\/s i szeroka kompatybilno\u015b\u0107 sprawiaj\u0105, \u017ce korzystanie z niego jest wyj\u0105tkowo przyjemne. Technologia HDR dostarczy Ci niezapomnianych wra\u017ce\u0144 wzrokowych, a wysokiej klasy materia\u0142y zastosowane do wykonania produktu znacznie przed\u0142u\u017caj\u0105 jego \u017cywotno\u015b\u0107.<\/p>\n<p><b>Ogl\u0105daj swoje ulubione filmy nawet w 8K<\/b><\/p>\n<p>Rozdzielczo\u015b\u0107 do 8K gwarantuje rewelacyjn\u0105 jako\u015b\u0107 obrazu. Twoje ulubione filmy i seriale niemal o\u017cyj\u0105 na Twoich oczach. Bez problemu dostrze\u017cesz ka\u017cdy, najmniejszy nawet detal. Wy\u015bwietlane na du\u017cym ekranie obrazy jeszcze nigdy nie by\u0142y tak zachwycaj\u0105co realistyczne!<\/p>\n<p><b>Zapomnij o op\u00f3\u017anieniach w transmisji<\/b><\/p>\n<p>Wykorzystanie HDMI2.1 pozwoli\u0142o uzyska\u0107 naprawd\u0119 imponuj\u0105c\u0105 pr\u0119dko\u015b\u0107 transmisji. Mo\u017ce ona wynosi\u0107 nawet 48 GB\/s! Op\u00f3\u017anienia, spadki sygna\u0142u i podobne problemy ju\u017c nie b\u0119d\u0105 Ci\u0119 denerwowa\u0107 &#8211; UGREEN HD140 sprawi, \u017ce pozostan\u0105 tylko przykrym wspomnieniem.<\/p>\n<p><b>Ciesz si\u0119 bogactwem obrazu HDR<\/b><\/p>\n<p>Zachwy\u0107 si\u0119 doskona\u0142ej jako\u015bci obrazem HDR. Zobacz wspania\u0142e widoki w ca\u0142ej okaza\u0142o\u015bci. \u017bywe barwy i bogactwo szczeg\u00f3\u0142\u00f3w s\u0105 bli\u017cej, ni\u017c my\u015blisz &#8211; wypr\u00f3buj ten praktyczny kabel HDMI i przekonaj si\u0119, jak dobrze mog\u0105 wygl\u0105da\u0107 filmy, seriale czy zdj\u0119cia.<\/p>\n<p><b>Niesamowicie kompatybilny<\/b><\/p>\n<p>Produkt jest kompatybilny z wieloma r\u00f3\u017cnymi urz\u0105dzeniami. Z jego pomoc\u0105 pod\u0142\u0105czysz mi\u0119dzy innymi konsol\u0119 do gier lub laptopa do telewizora czy projektora. Niezale\u017cnie od tego, z jakiego sprz\u0119tu korzystasz, mo\u017cesz cieszy\u0107 si\u0119 doskona\u0142ej jako\u015bci obrazem wy\u015bwietlanym na du\u017cym ekranie.<\/p>\n<p><b>Zaskakuj\u0105co d\u0142uga \u017cywotno\u015b\u0107<\/b><\/p>\n<p>Pokryte niklem z\u0142\u0105cza s\u0105 odporne na korozj\u0119 i wyr\u00f3\u017cniaj\u0105 si\u0119 d\u0142ug\u0105 \u017cywotno\u015bci\u0105. Pod\u0142\u0105czone do urz\u0105dzenia, pewnie pozostaj\u0105 na w\u0142a\u015bciwym miejscu, nie luzuj\u0105 si\u0119 ani nie wypadaj\u0105. Pleciona pow\u0142oka sprawia, \u017ce kabel jest bardzo wytrzyma\u0142y &#8211; nie zaszkodzi mu wyginanie czy rozci\u0105ganie. Mo\u017cesz wi\u0119c cieszy\u0107 si\u0119 jego funkcjonalno\u015bci\u0105 przez d\u0142ugi czas.<\/p>\n<p>Specyfikacja<\/p>\n<ul>\n<li><b>Producent:<\/b> UGREEN<\/li>\n<li><b>Nazwa:<\/b> HDMI2.1 A M\/M Cable with Braided<\/li>\n<li><b>Model:<\/b> HD140<\/li>\n<li><b>Z\u0142\u0105cza:<\/b> Niklowane<\/li>\n<li><b>Przew\u00f3d:<\/b> Miedziany cynowany<\/li>\n<li><b>Rozdzielczo\u015b\u0107:<\/b> 8K@60Hz, 4K@120Hz<\/li>\n<li><b>D\u0142ugo\u015b\u0107:<\/b> 1 m<\/li>\n<\/ul>\n","protected":false},"excerpt":{"rendered":"<p>UGREEN HD140 Kabel HDMI 2.1, 8K 60Hz, 1m (czarny) Kabel HDMI UGREEN HD140 &#8211; zobacz jeszcze wi\u0119cej Kabel HDMI UGREEN HD140 zapewnia doskona\u0142\u0105 jako\u015b\u0107 obrazu nawet 8K. Pr\u0119dko\u015b\u0107 transmisji 48 GB\/s i szeroka kompatybilno\u015b\u0107 sprawiaj\u0105, \u017ce korzystanie z niego jest wyj\u0105tkowo przyjemne. Technologia HDR dostarczy Ci niezapomnianych wra\u017ce\u0144 wzrokowych, a wysokiej klasy materia\u0142y zastosowane do [&hellip;]<\/p>\n","protected":false},"featured_media":1142,"comment_status":"open","ping_status":"closed","template":"","meta":[],"product_brand":[23],"product_cat":[31],"product_tag":[],"class_list":{"0":"post-1136","1":"product","2":"type-product","3":"status-publish","4":"has-post-thumbnail","6":"product_brand-ugreen","7":"product_cat-akcesoria-laptop-pc","9":"first","10":"instock","11":"taxable","12":"shipping-taxable","13":"purchasable","14":"product-type-simple"},"yoast_head":"<!-- This site is optimized with the Yoast SEO plugin v27.3 - https:\/\/yoast.com\/product\/yoast-seo-wordpress\/ -->\n<title>KABEL PRZEW\u00d3D UGREEN HD140 HDMI 2.1 8K 60HZ 1M - Mix Market - Supermarket z wszystkim co potrzeba<\/title>\n<meta name=\"robots\" content=\"index, follow, max-snippet:-1, max-image-preview:large, max-video-preview:-1\" \/>\n<link rel=\"canonical\" href=\"https:\/\/racom.com.pl\/index.php\/produkt\/kabel-przewod-ugreen-hd140-hdmi-2-1-8k-60hz-1m\/\" \/>\n<meta property=\"og:locale\" content=\"pl_PL\" \/>\n<meta property=\"og:type\" content=\"article\" \/>\n<meta property=\"og:title\" content=\"KABEL PRZEW\u00d3D UGREEN HD140 HDMI 2.1 8K 60HZ 1M - Mix Market - Supermarket z wszystkim co potrzeba\" \/>\n<meta property=\"og:description\" content=\"UGREEN HD140 Kabel HDMI 2.1, 8K 60Hz, 1m (czarny) Kabel HDMI UGREEN HD140 &#8211; zobacz jeszcze wi\u0119cej Kabel HDMI UGREEN HD140 zapewnia doskona\u0142\u0105 jako\u015b\u0107 obrazu nawet 8K. Pr\u0119dko\u015b\u0107 transmisji 48 GB\/s i szeroka kompatybilno\u015b\u0107 sprawiaj\u0105, \u017ce korzystanie z niego jest wyj\u0105tkowo przyjemne. Technologia HDR dostarczy Ci niezapomnianych wra\u017ce\u0144 wzrokowych, a wysokiej klasy materia\u0142y zastosowane do [&hellip;]\" \/>\n<meta property=\"og:url\" content=\"https:\/\/racom.com.pl\/index.php\/produkt\/kabel-przewod-ugreen-hd140-hdmi-2-1-8k-60hz-1m\/\" \/>\n<meta property=\"og:site_name\" content=\"Mix Market - Supermarket z wszystkim co potrzeba\" \/>\n<meta property=\"og:image\" content=\"https:\/\/racom.com.pl\/wp-content\/uploads\/2025\/07\/allegro_687a7cd87de2f7.34787688_aa86e3ed443797a58b58a6ba77f3.jpg\" \/>\n\t<meta property=\"og:image:width\" content=\"1100\" \/>\n\t<meta property=\"og:image:height\" content=\"700\" \/>\n\t<meta property=\"og:image:type\" content=\"image\/jpeg\" \/>\n<meta name=\"twitter:card\" content=\"summary_large_image\" \/>\n<meta name=\"twitter:label1\" content=\"Szacowany czas czytania\" \/>\n\t<meta name=\"twitter:data1\" content=\"2 minuty\" \/>\n<script type=\"application\/ld+json\" class=\"yoast-schema-graph\">{\"@context\":\"https:\\\/\\\/schema.org\",\"@graph\":[{\"@type\":\"WebPage\",\"@id\":\"https:\\\/\\\/racom.com.pl\\\/index.php\\\/produkt\\\/kabel-przewod-ugreen-hd140-hdmi-2-1-8k-60hz-1m\\\/\",\"url\":\"https:\\\/\\\/racom.com.pl\\\/index.php\\\/produkt\\\/kabel-przewod-ugreen-hd140-hdmi-2-1-8k-60hz-1m\\\/\",\"name\":\"KABEL PRZEW\u00d3D UGREEN HD140 HDMI 2.1 8K 60HZ 1M - Mix Market - Supermarket z wszystkim co potrzeba\",\"isPartOf\":{\"@id\":\"https:\\\/\\\/racom.com.pl\\\/#website\"},\"primaryImageOfPage\":{\"@id\":\"https:\\\/\\\/racom.com.pl\\\/index.php\\\/produkt\\\/kabel-przewod-ugreen-hd140-hdmi-2-1-8k-60hz-1m\\\/#primaryimage\"},\"image\":{\"@id\":\"https:\\\/\\\/racom.com.pl\\\/index.php\\\/produkt\\\/kabel-przewod-ugreen-hd140-hdmi-2-1-8k-60hz-1m\\\/#primaryimage\"},\"thumbnailUrl\":\"https:\\\/\\\/racom.com.pl\\\/wp-content\\\/uploads\\\/2025\\\/07\\\/allegro_687a7cd87de2f7.34787688_aa86e3ed443797a58b58a6ba77f3.jpg\",\"datePublished\":\"2025-07-18T16:56:34+00:00\",\"breadcrumb\":{\"@id\":\"https:\\\/\\\/racom.com.pl\\\/index.php\\\/produkt\\\/kabel-przewod-ugreen-hd140-hdmi-2-1-8k-60hz-1m\\\/#breadcrumb\"},\"inLanguage\":\"pl-PL\",\"potentialAction\":[{\"@type\":\"ReadAction\",\"target\":[\"https:\\\/\\\/racom.com.pl\\\/index.php\\\/produkt\\\/kabel-przewod-ugreen-hd140-hdmi-2-1-8k-60hz-1m\\\/\"]}]},{\"@type\":\"ImageObject\",\"inLanguage\":\"pl-PL\",\"@id\":\"https:\\\/\\\/racom.com.pl\\\/index.php\\\/produkt\\\/kabel-przewod-ugreen-hd140-hdmi-2-1-8k-60hz-1m\\\/#primaryimage\",\"url\":\"https:\\\/\\\/racom.com.pl\\\/wp-content\\\/uploads\\\/2025\\\/07\\\/allegro_687a7cd87de2f7.34787688_aa86e3ed443797a58b58a6ba77f3.jpg\",\"contentUrl\":\"https:\\\/\\\/racom.com.pl\\\/wp-content\\\/uploads\\\/2025\\\/07\\\/allegro_687a7cd87de2f7.34787688_aa86e3ed443797a58b58a6ba77f3.jpg\",\"width\":1100,\"height\":700},{\"@type\":\"BreadcrumbList\",\"@id\":\"https:\\\/\\\/racom.com.pl\\\/index.php\\\/produkt\\\/kabel-przewod-ugreen-hd140-hdmi-2-1-8k-60hz-1m\\\/#breadcrumb\",\"itemListElement\":[{\"@type\":\"ListItem\",\"position\":1,\"name\":\"Strona g\u0142\u00f3wna\",\"item\":\"https:\\\/\\\/racom.com.pl\\\/\"},{\"@type\":\"ListItem\",\"position\":2,\"name\":\"Sklep\",\"item\":\"https:\\\/\\\/racom.com.pl\\\/\"},{\"@type\":\"ListItem\",\"position\":3,\"name\":\"KABEL PRZEW\u00d3D UGREEN HD140 HDMI 2.1 8K 60HZ 1M\"}]},{\"@type\":\"WebSite\",\"@id\":\"https:\\\/\\\/racom.com.pl\\\/#website\",\"url\":\"https:\\\/\\\/racom.com.pl\\\/\",\"name\":\"Mix Market - Supermarket z wszystkim co potrzeba do domu i nie tylko\",\"description\":\"\",\"publisher\":{\"@id\":\"https:\\\/\\\/racom.com.pl\\\/#organization\"},\"potentialAction\":[{\"@type\":\"SearchAction\",\"target\":{\"@type\":\"EntryPoint\",\"urlTemplate\":\"https:\\\/\\\/racom.com.pl\\\/?s={search_term_string}\"},\"query-input\":{\"@type\":\"PropertyValueSpecification\",\"valueRequired\":true,\"valueName\":\"search_term_string\"}}],\"inLanguage\":\"pl-PL\"},{\"@type\":\"Organization\",\"@id\":\"https:\\\/\\\/racom.com.pl\\\/#organization\",\"name\":\"Mix Market - Supermarket z wszystkim co potrzeba do domu i nie tylko\",\"url\":\"https:\\\/\\\/racom.com.pl\\\/\",\"logo\":{\"@type\":\"ImageObject\",\"inLanguage\":\"pl-PL\",\"@id\":\"https:\\\/\\\/racom.com.pl\\\/#\\\/schema\\\/logo\\\/image\\\/\",\"url\":\"https:\\\/\\\/racom.com.pl\\\/wp-content\\\/uploads\\\/2025\\\/07\\\/mixmarket_logo.png\",\"contentUrl\":\"https:\\\/\\\/racom.com.pl\\\/wp-content\\\/uploads\\\/2025\\\/07\\\/mixmarket_logo.png\",\"width\":1024,\"height\":1024,\"caption\":\"Mix Market - Supermarket z wszystkim co potrzeba do domu i nie tylko\"},\"image\":{\"@id\":\"https:\\\/\\\/racom.com.pl\\\/#\\\/schema\\\/logo\\\/image\\\/\"}}]}<\/script>\n<!-- \/ Yoast SEO plugin. -->","yoast_head_json":{"title":"KABEL PRZEW\u00d3D UGREEN HD140 HDMI 2.1 8K 60HZ 1M - Mix Market - Supermarket z wszystkim co potrzeba","robots":{"index":"index","follow":"follow","max-snippet":"max-snippet:-1","max-image-preview":"max-image-preview:large","max-video-preview":"max-video-preview:-1"},"canonical":"https:\/\/racom.com.pl\/index.php\/produkt\/kabel-przewod-ugreen-hd140-hdmi-2-1-8k-60hz-1m\/","og_locale":"pl_PL","og_type":"article","og_title":"KABEL PRZEW\u00d3D UGREEN HD140 HDMI 2.1 8K 60HZ 1M - Mix Market - Supermarket z wszystkim co potrzeba","og_description":"UGREEN HD140 Kabel HDMI 2.1, 8K 60Hz, 1m (czarny) Kabel HDMI UGREEN HD140 &#8211; zobacz jeszcze wi\u0119cej Kabel HDMI UGREEN HD140 zapewnia doskona\u0142\u0105 jako\u015b\u0107 obrazu nawet 8K. Pr\u0119dko\u015b\u0107 transmisji 48 GB\/s i szeroka kompatybilno\u015b\u0107 sprawiaj\u0105, \u017ce korzystanie z niego jest wyj\u0105tkowo przyjemne. Technologia HDR dostarczy Ci niezapomnianych wra\u017ce\u0144 wzrokowych, a wysokiej klasy materia\u0142y zastosowane do [&hellip;]","og_url":"https:\/\/racom.com.pl\/index.php\/produkt\/kabel-przewod-ugreen-hd140-hdmi-2-1-8k-60hz-1m\/","og_site_name":"Mix Market - Supermarket z wszystkim co potrzeba","og_image":[{"width":1100,"height":700,"url":"https:\/\/racom.com.pl\/wp-content\/uploads\/2025\/07\/allegro_687a7cd87de2f7.34787688_aa86e3ed443797a58b58a6ba77f3.jpg","type":"image\/jpeg"}],"twitter_card":"summary_large_image","twitter_misc":{"Szacowany czas czytania":"2 minuty"},"schema":{"@context":"https:\/\/schema.org","@graph":[{"@type":"WebPage","@id":"https:\/\/racom.com.pl\/index.php\/produkt\/kabel-przewod-ugreen-hd140-hdmi-2-1-8k-60hz-1m\/","url":"https:\/\/racom.com.pl\/index.php\/produkt\/kabel-przewod-ugreen-hd140-hdmi-2-1-8k-60hz-1m\/","name":"KABEL PRZEW\u00d3D UGREEN HD140 HDMI 2.1 8K 60HZ 1M - Mix Market - Supermarket z wszystkim co potrzeba","isPartOf":{"@id":"https:\/\/racom.com.pl\/#website"},"primaryImageOfPage":{"@id":"https:\/\/racom.com.pl\/index.php\/produkt\/kabel-przewod-ugreen-hd140-hdmi-2-1-8k-60hz-1m\/#primaryimage"},"image":{"@id":"https:\/\/racom.com.pl\/index.php\/produkt\/kabel-przewod-ugreen-hd140-hdmi-2-1-8k-60hz-1m\/#primaryimage"},"thumbnailUrl":"https:\/\/racom.com.pl\/wp-content\/uploads\/2025\/07\/allegro_687a7cd87de2f7.34787688_aa86e3ed443797a58b58a6ba77f3.jpg","datePublished":"2025-07-18T16:56:34+00:00","breadcrumb":{"@id":"https:\/\/racom.com.pl\/index.php\/produkt\/kabel-przewod-ugreen-hd140-hdmi-2-1-8k-60hz-1m\/#breadcrumb"},"inLanguage":"pl-PL","potentialAction":[{"@type":"ReadAction","target":["https:\/\/racom.com.pl\/index.php\/produkt\/kabel-przewod-ugreen-hd140-hdmi-2-1-8k-60hz-1m\/"]}]},{"@type":"ImageObject","inLanguage":"pl-PL","@id":"https:\/\/racom.com.pl\/index.php\/produkt\/kabel-przewod-ugreen-hd140-hdmi-2-1-8k-60hz-1m\/#primaryimage","url":"https:\/\/racom.com.pl\/wp-content\/uploads\/2025\/07\/allegro_687a7cd87de2f7.34787688_aa86e3ed443797a58b58a6ba77f3.jpg","contentUrl":"https:\/\/racom.com.pl\/wp-content\/uploads\/2025\/07\/allegro_687a7cd87de2f7.34787688_aa86e3ed443797a58b58a6ba77f3.jpg","width":1100,"height":700},{"@type":"BreadcrumbList","@id":"https:\/\/racom.com.pl\/index.php\/produkt\/kabel-przewod-ugreen-hd140-hdmi-2-1-8k-60hz-1m\/#breadcrumb","itemListElement":[{"@type":"ListItem","position":1,"name":"Strona g\u0142\u00f3wna","item":"https:\/\/racom.com.pl\/"},{"@type":"ListItem","position":2,"name":"Sklep","item":"https:\/\/racom.com.pl\/"},{"@type":"ListItem","position":3,"name":"KABEL PRZEW\u00d3D UGREEN HD140 HDMI 2.1 8K 60HZ 1M"}]},{"@type":"WebSite","@id":"https:\/\/racom.com.pl\/#website","url":"https:\/\/racom.com.pl\/","name":"Mix Market - Supermarket z wszystkim co potrzeba do domu i nie tylko","description":"","publisher":{"@id":"https:\/\/racom.com.pl\/#organization"},"potentialAction":[{"@type":"SearchAction","target":{"@type":"EntryPoint","urlTemplate":"https:\/\/racom.com.pl\/?s={search_term_string}"},"query-input":{"@type":"PropertyValueSpecification","valueRequired":true,"valueName":"search_term_string"}}],"inLanguage":"pl-PL"},{"@type":"Organization","@id":"https:\/\/racom.com.pl\/#organization","name":"Mix Market - Supermarket z wszystkim co potrzeba do domu i nie tylko","url":"https:\/\/racom.com.pl\/","logo":{"@type":"ImageObject","inLanguage":"pl-PL","@id":"https:\/\/racom.com.pl\/#\/schema\/logo\/image\/","url":"https:\/\/racom.com.pl\/wp-content\/uploads\/2025\/07\/mixmarket_logo.png","contentUrl":"https:\/\/racom.com.pl\/wp-content\/uploads\/2025\/07\/mixmarket_logo.png","width":1024,"height":1024,"caption":"Mix Market - Supermarket z wszystkim co potrzeba do domu i nie tylko"},"image":{"@id":"https:\/\/racom.com.pl\/#\/schema\/logo\/image\/"}}]}},"_links":{"self":[{"href":"https:\/\/racom.com.pl\/index.php\/wp-json\/wp\/v2\/product\/1136","targetHints":{"allow":["GET"]}}],"collection":[{"href":"https:\/\/racom.com.pl\/index.php\/wp-json\/wp\/v2\/product"}],"about":[{"href":"https:\/\/racom.com.pl\/index.php\/wp-json\/wp\/v2\/types\/product"}],"replies":[{"embeddable":true,"href":"https:\/\/racom.com.pl\/index.php\/wp-json\/wp\/v2\/comments?post=1136"}],"wp:featuredmedia":[{"embeddable":true,"href":"https:\/\/racom.com.pl\/index.php\/wp-json\/wp\/v2\/media\/1142"}],"wp:attachment":[{"href":"https:\/\/racom.com.pl\/index.php\/wp-json\/wp\/v2\/media?parent=1136"}],"wp:term":[{"taxonomy":"product_brand","embeddable":true,"href":"https:\/\/racom.com.pl\/index.php\/wp-json\/wp\/v2\/product_brand?post=1136"},{"taxonomy":"product_cat","embeddable":true,"href":"https:\/\/racom.com.pl\/index.php\/wp-json\/wp\/v2\/product_cat?post=1136"},{"taxonomy":"product_tag","embeddable":true,"href":"https:\/\/racom.com.pl\/index.php\/wp-json\/wp\/v2\/product_tag?post=1136"}],"curies":[{"name":"wp","href":"https:\/\/api.w.org\/{rel}","templated":true}]}}