{"id":1172,"date":"2025-07-18T18:58:19","date_gmt":"2025-07-18T16:58:19","guid":{"rendered":"http:\/\/192.168.2.106\/index.php\/produkt\/toner-mlt-d101s-do-samsung-ml-2165-ml-2165w-m2020-m2022-m2026-m2070-nowy\/"},"modified":"2025-07-18T18:58:19","modified_gmt":"2025-07-18T16:58:19","slug":"toner-mlt-d101s-do-samsung-ml-2165-ml-2165w-m2020-m2022-m2026-m2070-nowy","status":"publish","type":"product","link":"https:\/\/racom.com.pl\/index.php\/produkt\/toner-mlt-d101s-do-samsung-ml-2165-ml-2165w-m2020-m2022-m2026-m2070-nowy\/","title":{"rendered":"TONER MLT-D101S DO SAMSUNG ML-2165 ML-2165W M2020 M2022 M2026 M2070 NOWY"},"content":{"rendered":"<h2>NOWY TONER DO DRUKAREK SAMSUNG<\/h2>\n<h2>MLT-D101S ZAMIENNIK<\/h2>\n<ul>\n<li><b>certyfikaty<\/b> &#8211; ISO 14001, ISO 9001, SMTC, MDS, ISO \/ IEC 19752<\/li>\n<li><b>wydajno\u015b\u0107 zgodnie <\/b> &#8211; 1 500 str.<\/li>\n<li><b>kolor<\/b> &#8211; czarny<\/li>\n<li>najwy\u017csza jako\u015b\u0107 druku<\/li>\n<\/ul>\n<p><b>Oferowany model przeznaczony jest do urz\u0105dze\u0144:<\/b><\/p>\n<ul>\n<li>ML2160<\/li>\n<li>ML2165<\/li>\n<li>ML2165W<\/li>\n<li>SCX3400<\/li>\n<li>SCX3400F<\/li>\n<li>SCX3405F<\/li>\n<li>SCX3405FW<\/li>\n<li>SCX3405W<\/li>\n<li>ML 2160<\/li>\n<li>ML 2165<\/li>\n<li>ML 2165W<\/li>\n<li>SCX 3400<\/li>\n<li>SCX 3400F<\/li>\n<li>SCX 3405F<\/li>\n<li>SCX 3405FW<\/li>\n<li>SCX 3405W<\/li>\n<li>Samsung ML-2160<\/li>\n<li>Samsung ML-2162<\/li>\n<li>Samsung ML-2165<\/li>\n<li>Samsung ML-2165W<\/li>\n<li>Samsung ML-2168<\/li>\n<li>Samsung SCX-3400<\/li>\n<li>Samsung SCX-3400F<\/li>\n<li>Samsung SCX-3405F<\/li>\n<li>Samsung SCX-2405W<\/li>\n<li>Samsung SCX-3405FW<\/li>\n<li>Samsung SCX-3405W<\/li>\n<li>Samsung SCX-2405<\/li>\n<li>Samsung SF-760P<\/li>\n<\/ul>\n<ul>\n<li>ML2160\/2161\/2166W\/2162\/2164\/2165\/2165W\/2167\/2168\/2168W<\/li>\n<li>ML-1661\/1673\/1678\/1860\/1861<\/li>\n<li>SCX3400\/3405\/3405F\/3405W\/3405FW\/3407\/SCX-3401\/3401FH\/3406W\/3406HWSAM<\/li>\n<li>SF-761\/761P\/760P<\/li>\n<\/ul>\n","protected":false},"excerpt":{"rendered":"<p>NOWY TONER DO DRUKAREK SAMSUNG MLT-D101S ZAMIENNIK certyfikaty &#8211; ISO 14001, ISO 9001, SMTC, MDS, ISO \/ IEC 19752 wydajno\u015b\u0107 zgodnie &#8211; 1 500 str. kolor &#8211; czarny najwy\u017csza jako\u015b\u0107 druku Oferowany model przeznaczony jest do urz\u0105dze\u0144: ML2160 ML2165 ML2165W SCX3400 SCX3400F SCX3405F SCX3405FW SCX3405W ML 2160 ML 2165 ML 2165W SCX 3400 SCX 3400F [&hellip;]<\/p>\n","protected":false},"featured_media":1178,"comment_status":"open","ping_status":"closed","template":"","meta":[],"product_brand":[],"product_cat":[35],"product_tag":[],"class_list":{"0":"post-1172","1":"product","2":"type-product","3":"status-publish","4":"has-post-thumbnail","6":"product_cat-drukarki-i-skanery","8":"first","9":"instock","10":"taxable","11":"shipping-taxable","12":"purchasable","13":"product-type-simple"},"yoast_head":"<!-- This site is optimized with the Yoast SEO plugin v27.3 - https:\/\/yoast.com\/product\/yoast-seo-wordpress\/ -->\n<title>TONER MLT-D101S DO SAMSUNG ML-2165 ML-2165W M2020 M2022 M2026 M2070 NOWY - Mix Market - Supermarket z wszystkim co potrzeba<\/title>\n<meta name=\"robots\" content=\"index, follow, max-snippet:-1, max-image-preview:large, max-video-preview:-1\" \/>\n<link rel=\"canonical\" href=\"https:\/\/racom.com.pl\/index.php\/produkt\/toner-mlt-d101s-do-samsung-ml-2165-ml-2165w-m2020-m2022-m2026-m2070-nowy\/\" \/>\n<meta property=\"og:locale\" content=\"pl_PL\" \/>\n<meta property=\"og:type\" content=\"article\" \/>\n<meta property=\"og:title\" content=\"TONER MLT-D101S DO SAMSUNG ML-2165 ML-2165W M2020 M2022 M2026 M2070 NOWY - Mix Market - Supermarket z wszystkim co potrzeba\" \/>\n<meta property=\"og:description\" content=\"NOWY TONER DO DRUKAREK SAMSUNG MLT-D101S ZAMIENNIK certyfikaty &#8211; ISO 14001, ISO 9001, SMTC, MDS, ISO \/ IEC 19752 wydajno\u015b\u0107 zgodnie &#8211; 1 500 str. kolor &#8211; czarny najwy\u017csza jako\u015b\u0107 druku Oferowany model przeznaczony jest do urz\u0105dze\u0144: ML2160 ML2165 ML2165W SCX3400 SCX3400F SCX3405F SCX3405FW SCX3405W ML 2160 ML 2165 ML 2165W SCX 3400 SCX 3400F [&hellip;]\" \/>\n<meta property=\"og:url\" content=\"https:\/\/racom.com.pl\/index.php\/produkt\/toner-mlt-d101s-do-samsung-ml-2165-ml-2165w-m2020-m2022-m2026-m2070-nowy\/\" \/>\n<meta property=\"og:site_name\" content=\"Mix Market - Supermarket z wszystkim co potrzeba\" \/>\n<meta property=\"og:image\" content=\"https:\/\/racom.com.pl\/wp-content\/uploads\/2025\/07\/allegro_687a7d3ea1a780.67264518_586e57644952a73295a8c6244578.jpg\" \/>\n\t<meta property=\"og:image:width\" content=\"700\" \/>\n\t<meta property=\"og:image:height\" content=\"233\" \/>\n\t<meta property=\"og:image:type\" content=\"image\/jpeg\" \/>\n<meta name=\"twitter:card\" content=\"summary_large_image\" \/>\n<script type=\"application\/ld+json\" class=\"yoast-schema-graph\">{\"@context\":\"https:\\\/\\\/schema.org\",\"@graph\":[{\"@type\":\"WebPage\",\"@id\":\"https:\\\/\\\/racom.com.pl\\\/index.php\\\/produkt\\\/toner-mlt-d101s-do-samsung-ml-2165-ml-2165w-m2020-m2022-m2026-m2070-nowy\\\/\",\"url\":\"https:\\\/\\\/racom.com.pl\\\/index.php\\\/produkt\\\/toner-mlt-d101s-do-samsung-ml-2165-ml-2165w-m2020-m2022-m2026-m2070-nowy\\\/\",\"name\":\"TONER MLT-D101S DO SAMSUNG ML-2165 ML-2165W M2020 M2022 M2026 M2070 NOWY - Mix Market - Supermarket z wszystkim co potrzeba\",\"isPartOf\":{\"@id\":\"https:\\\/\\\/racom.com.pl\\\/#website\"},\"primaryImageOfPage\":{\"@id\":\"https:\\\/\\\/racom.com.pl\\\/index.php\\\/produkt\\\/toner-mlt-d101s-do-samsung-ml-2165-ml-2165w-m2020-m2022-m2026-m2070-nowy\\\/#primaryimage\"},\"image\":{\"@id\":\"https:\\\/\\\/racom.com.pl\\\/index.php\\\/produkt\\\/toner-mlt-d101s-do-samsung-ml-2165-ml-2165w-m2020-m2022-m2026-m2070-nowy\\\/#primaryimage\"},\"thumbnailUrl\":\"https:\\\/\\\/racom.com.pl\\\/wp-content\\\/uploads\\\/2025\\\/07\\\/allegro_687a7d3ea1a780.67264518_586e57644952a73295a8c6244578.jpg\",\"datePublished\":\"2025-07-18T16:58:19+00:00\",\"breadcrumb\":{\"@id\":\"https:\\\/\\\/racom.com.pl\\\/index.php\\\/produkt\\\/toner-mlt-d101s-do-samsung-ml-2165-ml-2165w-m2020-m2022-m2026-m2070-nowy\\\/#breadcrumb\"},\"inLanguage\":\"pl-PL\",\"potentialAction\":[{\"@type\":\"ReadAction\",\"target\":[\"https:\\\/\\\/racom.com.pl\\\/index.php\\\/produkt\\\/toner-mlt-d101s-do-samsung-ml-2165-ml-2165w-m2020-m2022-m2026-m2070-nowy\\\/\"]}]},{\"@type\":\"ImageObject\",\"inLanguage\":\"pl-PL\",\"@id\":\"https:\\\/\\\/racom.com.pl\\\/index.php\\\/produkt\\\/toner-mlt-d101s-do-samsung-ml-2165-ml-2165w-m2020-m2022-m2026-m2070-nowy\\\/#primaryimage\",\"url\":\"https:\\\/\\\/racom.com.pl\\\/wp-content\\\/uploads\\\/2025\\\/07\\\/allegro_687a7d3ea1a780.67264518_586e57644952a73295a8c6244578.jpg\",\"contentUrl\":\"https:\\\/\\\/racom.com.pl\\\/wp-content\\\/uploads\\\/2025\\\/07\\\/allegro_687a7d3ea1a780.67264518_586e57644952a73295a8c6244578.jpg\",\"width\":700,\"height\":233},{\"@type\":\"BreadcrumbList\",\"@id\":\"https:\\\/\\\/racom.com.pl\\\/index.php\\\/produkt\\\/toner-mlt-d101s-do-samsung-ml-2165-ml-2165w-m2020-m2022-m2026-m2070-nowy\\\/#breadcrumb\",\"itemListElement\":[{\"@type\":\"ListItem\",\"position\":1,\"name\":\"Strona g\u0142\u00f3wna\",\"item\":\"https:\\\/\\\/racom.com.pl\\\/\"},{\"@type\":\"ListItem\",\"position\":2,\"name\":\"Sklep\",\"item\":\"https:\\\/\\\/racom.com.pl\\\/\"},{\"@type\":\"ListItem\",\"position\":3,\"name\":\"TONER MLT-D101S DO SAMSUNG ML-2165 ML-2165W M2020 M2022 M2026 M2070 NOWY\"}]},{\"@type\":\"WebSite\",\"@id\":\"https:\\\/\\\/racom.com.pl\\\/#website\",\"url\":\"https:\\\/\\\/racom.com.pl\\\/\",\"name\":\"Mix Market - Supermarket z wszystkim co potrzeba do domu i nie tylko\",\"description\":\"\",\"publisher\":{\"@id\":\"https:\\\/\\\/racom.com.pl\\\/#organization\"},\"potentialAction\":[{\"@type\":\"SearchAction\",\"target\":{\"@type\":\"EntryPoint\",\"urlTemplate\":\"https:\\\/\\\/racom.com.pl\\\/?s={search_term_string}\"},\"query-input\":{\"@type\":\"PropertyValueSpecification\",\"valueRequired\":true,\"valueName\":\"search_term_string\"}}],\"inLanguage\":\"pl-PL\"},{\"@type\":\"Organization\",\"@id\":\"https:\\\/\\\/racom.com.pl\\\/#organization\",\"name\":\"Mix Market - Supermarket z wszystkim co potrzeba do domu i nie tylko\",\"url\":\"https:\\\/\\\/racom.com.pl\\\/\",\"logo\":{\"@type\":\"ImageObject\",\"inLanguage\":\"pl-PL\",\"@id\":\"https:\\\/\\\/racom.com.pl\\\/#\\\/schema\\\/logo\\\/image\\\/\",\"url\":\"https:\\\/\\\/racom.com.pl\\\/wp-content\\\/uploads\\\/2025\\\/07\\\/mixmarket_logo.png\",\"contentUrl\":\"https:\\\/\\\/racom.com.pl\\\/wp-content\\\/uploads\\\/2025\\\/07\\\/mixmarket_logo.png\",\"width\":1024,\"height\":1024,\"caption\":\"Mix Market - Supermarket z wszystkim co potrzeba do domu i nie tylko\"},\"image\":{\"@id\":\"https:\\\/\\\/racom.com.pl\\\/#\\\/schema\\\/logo\\\/image\\\/\"}}]}<\/script>\n<!-- \/ Yoast SEO plugin. -->","yoast_head_json":{"title":"TONER MLT-D101S DO SAMSUNG ML-2165 ML-2165W M2020 M2022 M2026 M2070 NOWY - Mix Market - Supermarket z wszystkim co potrzeba","robots":{"index":"index","follow":"follow","max-snippet":"max-snippet:-1","max-image-preview":"max-image-preview:large","max-video-preview":"max-video-preview:-1"},"canonical":"https:\/\/racom.com.pl\/index.php\/produkt\/toner-mlt-d101s-do-samsung-ml-2165-ml-2165w-m2020-m2022-m2026-m2070-nowy\/","og_locale":"pl_PL","og_type":"article","og_title":"TONER MLT-D101S DO SAMSUNG ML-2165 ML-2165W M2020 M2022 M2026 M2070 NOWY - Mix Market - Supermarket z wszystkim co potrzeba","og_description":"NOWY TONER DO DRUKAREK SAMSUNG MLT-D101S ZAMIENNIK certyfikaty &#8211; ISO 14001, ISO 9001, SMTC, MDS, ISO \/ IEC 19752 wydajno\u015b\u0107 zgodnie &#8211; 1 500 str. kolor &#8211; czarny najwy\u017csza jako\u015b\u0107 druku Oferowany model przeznaczony jest do urz\u0105dze\u0144: ML2160 ML2165 ML2165W SCX3400 SCX3400F SCX3405F SCX3405FW SCX3405W ML 2160 ML 2165 ML 2165W SCX 3400 SCX 3400F [&hellip;]","og_url":"https:\/\/racom.com.pl\/index.php\/produkt\/toner-mlt-d101s-do-samsung-ml-2165-ml-2165w-m2020-m2022-m2026-m2070-nowy\/","og_site_name":"Mix Market - Supermarket z wszystkim co potrzeba","og_image":[{"width":700,"height":233,"url":"https:\/\/racom.com.pl\/wp-content\/uploads\/2025\/07\/allegro_687a7d3ea1a780.67264518_586e57644952a73295a8c6244578.jpg","type":"image\/jpeg"}],"twitter_card":"summary_large_image","schema":{"@context":"https:\/\/schema.org","@graph":[{"@type":"WebPage","@id":"https:\/\/racom.com.pl\/index.php\/produkt\/toner-mlt-d101s-do-samsung-ml-2165-ml-2165w-m2020-m2022-m2026-m2070-nowy\/","url":"https:\/\/racom.com.pl\/index.php\/produkt\/toner-mlt-d101s-do-samsung-ml-2165-ml-2165w-m2020-m2022-m2026-m2070-nowy\/","name":"TONER MLT-D101S DO SAMSUNG ML-2165 ML-2165W M2020 M2022 M2026 M2070 NOWY - Mix Market - Supermarket z wszystkim co potrzeba","isPartOf":{"@id":"https:\/\/racom.com.pl\/#website"},"primaryImageOfPage":{"@id":"https:\/\/racom.com.pl\/index.php\/produkt\/toner-mlt-d101s-do-samsung-ml-2165-ml-2165w-m2020-m2022-m2026-m2070-nowy\/#primaryimage"},"image":{"@id":"https:\/\/racom.com.pl\/index.php\/produkt\/toner-mlt-d101s-do-samsung-ml-2165-ml-2165w-m2020-m2022-m2026-m2070-nowy\/#primaryimage"},"thumbnailUrl":"https:\/\/racom.com.pl\/wp-content\/uploads\/2025\/07\/allegro_687a7d3ea1a780.67264518_586e57644952a73295a8c6244578.jpg","datePublished":"2025-07-18T16:58:19+00:00","breadcrumb":{"@id":"https:\/\/racom.com.pl\/index.php\/produkt\/toner-mlt-d101s-do-samsung-ml-2165-ml-2165w-m2020-m2022-m2026-m2070-nowy\/#breadcrumb"},"inLanguage":"pl-PL","potentialAction":[{"@type":"ReadAction","target":["https:\/\/racom.com.pl\/index.php\/produkt\/toner-mlt-d101s-do-samsung-ml-2165-ml-2165w-m2020-m2022-m2026-m2070-nowy\/"]}]},{"@type":"ImageObject","inLanguage":"pl-PL","@id":"https:\/\/racom.com.pl\/index.php\/produkt\/toner-mlt-d101s-do-samsung-ml-2165-ml-2165w-m2020-m2022-m2026-m2070-nowy\/#primaryimage","url":"https:\/\/racom.com.pl\/wp-content\/uploads\/2025\/07\/allegro_687a7d3ea1a780.67264518_586e57644952a73295a8c6244578.jpg","contentUrl":"https:\/\/racom.com.pl\/wp-content\/uploads\/2025\/07\/allegro_687a7d3ea1a780.67264518_586e57644952a73295a8c6244578.jpg","width":700,"height":233},{"@type":"BreadcrumbList","@id":"https:\/\/racom.com.pl\/index.php\/produkt\/toner-mlt-d101s-do-samsung-ml-2165-ml-2165w-m2020-m2022-m2026-m2070-nowy\/#breadcrumb","itemListElement":[{"@type":"ListItem","position":1,"name":"Strona g\u0142\u00f3wna","item":"https:\/\/racom.com.pl\/"},{"@type":"ListItem","position":2,"name":"Sklep","item":"https:\/\/racom.com.pl\/"},{"@type":"ListItem","position":3,"name":"TONER MLT-D101S DO SAMSUNG ML-2165 ML-2165W M2020 M2022 M2026 M2070 NOWY"}]},{"@type":"WebSite","@id":"https:\/\/racom.com.pl\/#website","url":"https:\/\/racom.com.pl\/","name":"Mix Market - Supermarket z wszystkim co potrzeba do domu i nie tylko","description":"","publisher":{"@id":"https:\/\/racom.com.pl\/#organization"},"potentialAction":[{"@type":"SearchAction","target":{"@type":"EntryPoint","urlTemplate":"https:\/\/racom.com.pl\/?s={search_term_string}"},"query-input":{"@type":"PropertyValueSpecification","valueRequired":true,"valueName":"search_term_string"}}],"inLanguage":"pl-PL"},{"@type":"Organization","@id":"https:\/\/racom.com.pl\/#organization","name":"Mix Market - Supermarket z wszystkim co potrzeba do domu i nie tylko","url":"https:\/\/racom.com.pl\/","logo":{"@type":"ImageObject","inLanguage":"pl-PL","@id":"https:\/\/racom.com.pl\/#\/schema\/logo\/image\/","url":"https:\/\/racom.com.pl\/wp-content\/uploads\/2025\/07\/mixmarket_logo.png","contentUrl":"https:\/\/racom.com.pl\/wp-content\/uploads\/2025\/07\/mixmarket_logo.png","width":1024,"height":1024,"caption":"Mix Market - Supermarket z wszystkim co potrzeba do domu i nie tylko"},"image":{"@id":"https:\/\/racom.com.pl\/#\/schema\/logo\/image\/"}}]}},"_links":{"self":[{"href":"https:\/\/racom.com.pl\/index.php\/wp-json\/wp\/v2\/product\/1172","targetHints":{"allow":["GET"]}}],"collection":[{"href":"https:\/\/racom.com.pl\/index.php\/wp-json\/wp\/v2\/product"}],"about":[{"href":"https:\/\/racom.com.pl\/index.php\/wp-json\/wp\/v2\/types\/product"}],"replies":[{"embeddable":true,"href":"https:\/\/racom.com.pl\/index.php\/wp-json\/wp\/v2\/comments?post=1172"}],"wp:featuredmedia":[{"embeddable":true,"href":"https:\/\/racom.com.pl\/index.php\/wp-json\/wp\/v2\/media\/1178"}],"wp:attachment":[{"href":"https:\/\/racom.com.pl\/index.php\/wp-json\/wp\/v2\/media?parent=1172"}],"wp:term":[{"taxonomy":"product_brand","embeddable":true,"href":"https:\/\/racom.com.pl\/index.php\/wp-json\/wp\/v2\/product_brand?post=1172"},{"taxonomy":"product_cat","embeddable":true,"href":"https:\/\/racom.com.pl\/index.php\/wp-json\/wp\/v2\/product_cat?post=1172"},{"taxonomy":"product_tag","embeddable":true,"href":"https:\/\/racom.com.pl\/index.php\/wp-json\/wp\/v2\/product_tag?post=1172"}],"curies":[{"name":"wp","href":"https:\/\/api.w.org\/{rel}","templated":true}]}}