{"id":1210,"date":"2025-07-18T19:01:17","date_gmt":"2025-07-18T17:01:17","guid":{"rendered":"http:\/\/192.168.2.106\/index.php\/produkt\/baseus-uchwyt-na-telefon-ring-pierscien-podstawka-adapter-magnes-stojak\/"},"modified":"2025-07-18T19:01:17","modified_gmt":"2025-07-18T17:01:17","slug":"baseus-uchwyt-na-telefon-ring-pierscien-podstawka-adapter-magnes-stojak","status":"publish","type":"product","link":"https:\/\/racom.com.pl\/index.php\/produkt\/baseus-uchwyt-na-telefon-ring-pierscien-podstawka-adapter-magnes-stojak\/","title":{"rendered":"BASEUS UCHWYT NA TELEFON RING PIER\u015aCIE\u0143 PODSTAWKA ADAPTER MAGNES STOJAK"},"content":{"rendered":"<h2>BASEUS UCHWYT NA TELEFON RING PIER\u015aCIE\u0143 PODSTAWKA<\/h2>\n<p><b>WA\u017bNE! ZANIM PRZYST\u0104PIMY DO MONTA\u017bU :<\/b><\/p>\n<p>1. Po odebraniu paczki prosz\u0119 pozostawi\u0107 uchwyt przez 2-3 godziny w temperaturze pokojowej. Fabrycznie naniesiony klej osi\u0105gnie w tym czasie swoje optymalne w\u0142a\u015bciwo\u015bci. 2. Oczy\u015b\u0107 z kurzu i t\u0142uszczu miejsce na kt\u00f3rym planujemy naklei\u0107 uchwyt.<\/p>\n<h2>Privity Ring<\/h2>\n<p>Uchwyt do telefonu na palec zapobiega przypadkowym upadkom lub kradzie\u017cy. Zosta\u0142 zaprojektowany i wyprodukowany z zachowaniem najwy\u017cszych standard\u00f3w jako\u015bci.<\/p>\n<ul>\n<li><b>\u2733\ufe0f<\/b>&nbsp;Minimalistyczny design, wy\u015bmienity wygl\u0105d, a jednocze\u015bnie funkcjonalny w u\u017cyciu.<\/li>\n<\/ul>\n<p>Ring mocujemy z ty\u0142u na obudow\u0119 telefonu lub na etui. Ka\u017cdy naro\u017cnik przeszed\u0142 szereg proces\u00f3w &#8211; w tym szlifowanie, polerowanie, powlekanie galwaniczne&nbsp;<b>zapewniaj\u0105c g\u0142adkie uczucie dla d\u0142oni<\/b>.&nbsp;Nie powi\u0119ksza znacz\u0105co wagi i rozmiar\u00f3w telefonu.<\/p>\n<p>Wysokiej jako\u015bci stop cynku i stal nierdzewna, sprawia \u017ce uchwyt zachowuje oryginalny kolor i nie blaknie w miar\u0119 up\u0142ywu czasu.<\/p>\n<p>Klej nie pozostawia \u017cadnych \u015blad\u00f3w. Odpowiednie przyklejenie uchwytu gwarantuje jego bardzo dobre przyleganie i bezpiecze\u0144stwo podczas korzystania. Mo\u017cna go u\u017cywa\u0107 ze wszystkimi smartfonami do 5 kg.<\/p>\n<p>Produkt jest wielofunkcyjny i mo\u017ce s\u0142u\u017cy\u0107 nie tylko jako uchwyt ale i stojak na telefon lub blaszk\u0119 magnetyczn\u0105 do uchwyt\u00f3w samochodowych.<\/p>\n<p><b>\u2733\ufe0f Posiada mo\u017cliwo\u015b\u0107 regulacji 360 stopni w poziomie i 120 stopni w pionie.<\/b><\/p>\n<h2>\u2705Parametry:<\/h2>\n<ul>\n<li>Model:&nbsp;Privity Ring Bracket<\/li>\n<li>Kolor: czarny<\/li>\n<li>Wyko\u0144czenie: aluminium<\/li>\n<li>Wymiary (cm): 3x3x0,3<\/li>\n<li>Mocowanie: ta\u015bma dwustronna<\/li>\n<li>Kompatybilno\u015b\u0107: uniwersalny<\/li>\n<li>Kod producenta: SUMQ-01<\/li>\n<\/ul>\n<p>Opakowanie produktu to zawsze firmowy blister b\u0105d\u017a pude\u0142ko. Jego zdj\u0119cie znajduje si\u0119 w dolnej cz\u0119\u015bci oferty.<\/p>\n<h2>\u2705Najwa\u017cniejsze zalety:<\/h2>\n<ul>\n<li>Pier\u015bcie\u0144 mo\u017ce s\u0142u\u017cy\u0107 jako adapter do uchwyt\u00f3w magnetycznych.<\/li>\n<li>Pozwala na bezpieczne trzymanie urz\u0105dzenia w d\u0142oni.<\/li>\n<li>Obr\u00f3t o 360\u00b0 i 120\u00b0 &#8211; \u0142atwa regulacja w celu zapewnienia wygodnego chwytu.<\/li>\n<li>Solidna konstrukcja.<\/li>\n<li>Mocny klej 3M zapewnia stabilno\u015b\u0107.<\/li>\n<li>Posiada funkcj\u0119 podstawki do ogl\u0105dania film\u00f3w.<\/li>\n<\/ul>\n","protected":false},"excerpt":{"rendered":"<p>BASEUS UCHWYT NA TELEFON RING PIER\u015aCIE\u0143 PODSTAWKA WA\u017bNE! ZANIM PRZYST\u0104PIMY DO MONTA\u017bU : 1. Po odebraniu paczki prosz\u0119 pozostawi\u0107 uchwyt przez 2-3 godziny w temperaturze pokojowej. Fabrycznie naniesiony klej osi\u0105gnie w tym czasie swoje optymalne w\u0142a\u015bciwo\u015bci. 2. Oczy\u015b\u0107 z kurzu i t\u0142uszczu miejsce na kt\u00f3rym planujemy naklei\u0107 uchwyt. Privity Ring Uchwyt do telefonu na palec [&hellip;]<\/p>\n","protected":false},"featured_media":1218,"comment_status":"open","ping_status":"closed","template":"","meta":[],"product_brand":[27],"product_cat":[26],"product_tag":[],"class_list":{"0":"post-1210","1":"product","2":"type-product","3":"status-publish","4":"has-post-thumbnail","6":"product_brand-baseus","7":"product_cat-akcesoria-gsm","9":"first","10":"instock","11":"taxable","12":"shipping-taxable","13":"purchasable","14":"product-type-simple"},"yoast_head":"<!-- This site is optimized with the Yoast SEO plugin v27.3 - https:\/\/yoast.com\/product\/yoast-seo-wordpress\/ -->\n<title>BASEUS UCHWYT NA TELEFON RING PIER\u015aCIE\u0143 PODSTAWKA ADAPTER MAGNES STOJAK - Mix Market - Supermarket z wszystkim co potrzeba<\/title>\n<meta name=\"robots\" content=\"index, follow, max-snippet:-1, max-image-preview:large, max-video-preview:-1\" \/>\n<link rel=\"canonical\" href=\"https:\/\/racom.com.pl\/index.php\/produkt\/baseus-uchwyt-na-telefon-ring-pierscien-podstawka-adapter-magnes-stojak\/\" \/>\n<meta property=\"og:locale\" content=\"pl_PL\" \/>\n<meta property=\"og:type\" content=\"article\" \/>\n<meta property=\"og:title\" content=\"BASEUS UCHWYT NA TELEFON RING PIER\u015aCIE\u0143 PODSTAWKA ADAPTER MAGNES STOJAK - Mix Market - Supermarket z wszystkim co potrzeba\" \/>\n<meta property=\"og:description\" content=\"BASEUS UCHWYT NA TELEFON RING PIER\u015aCIE\u0143 PODSTAWKA WA\u017bNE! ZANIM PRZYST\u0104PIMY DO MONTA\u017bU : 1. Po odebraniu paczki prosz\u0119 pozostawi\u0107 uchwyt przez 2-3 godziny w temperaturze pokojowej. Fabrycznie naniesiony klej osi\u0105gnie w tym czasie swoje optymalne w\u0142a\u015bciwo\u015bci. 2. Oczy\u015b\u0107 z kurzu i t\u0142uszczu miejsce na kt\u00f3rym planujemy naklei\u0107 uchwyt. Privity Ring Uchwyt do telefonu na palec [&hellip;]\" \/>\n<meta property=\"og:url\" content=\"https:\/\/racom.com.pl\/index.php\/produkt\/baseus-uchwyt-na-telefon-ring-pierscien-podstawka-adapter-magnes-stojak\/\" \/>\n<meta property=\"og:site_name\" content=\"Mix Market - Supermarket z wszystkim co potrzeba\" \/>\n<meta property=\"og:image\" content=\"https:\/\/racom.com.pl\/wp-content\/uploads\/2025\/07\/allegro_687a7e00a62a08.17926487_01d79b2f4536aba96a5f9827f953.jpg\" \/>\n\t<meta property=\"og:image:width\" content=\"1466\" \/>\n\t<meta property=\"og:image:height\" content=\"1204\" \/>\n\t<meta property=\"og:image:type\" content=\"image\/jpeg\" \/>\n<meta name=\"twitter:card\" content=\"summary_large_image\" \/>\n<meta name=\"twitter:label1\" content=\"Szacowany czas czytania\" \/>\n\t<meta name=\"twitter:data1\" content=\"2 minuty\" \/>\n<script type=\"application\/ld+json\" class=\"yoast-schema-graph\">{\"@context\":\"https:\\\/\\\/schema.org\",\"@graph\":[{\"@type\":\"WebPage\",\"@id\":\"https:\\\/\\\/racom.com.pl\\\/index.php\\\/produkt\\\/baseus-uchwyt-na-telefon-ring-pierscien-podstawka-adapter-magnes-stojak\\\/\",\"url\":\"https:\\\/\\\/racom.com.pl\\\/index.php\\\/produkt\\\/baseus-uchwyt-na-telefon-ring-pierscien-podstawka-adapter-magnes-stojak\\\/\",\"name\":\"BASEUS UCHWYT NA TELEFON RING PIER\u015aCIE\u0143 PODSTAWKA ADAPTER MAGNES STOJAK - Mix Market - Supermarket z wszystkim co potrzeba\",\"isPartOf\":{\"@id\":\"https:\\\/\\\/racom.com.pl\\\/#website\"},\"primaryImageOfPage\":{\"@id\":\"https:\\\/\\\/racom.com.pl\\\/index.php\\\/produkt\\\/baseus-uchwyt-na-telefon-ring-pierscien-podstawka-adapter-magnes-stojak\\\/#primaryimage\"},\"image\":{\"@id\":\"https:\\\/\\\/racom.com.pl\\\/index.php\\\/produkt\\\/baseus-uchwyt-na-telefon-ring-pierscien-podstawka-adapter-magnes-stojak\\\/#primaryimage\"},\"thumbnailUrl\":\"https:\\\/\\\/racom.com.pl\\\/wp-content\\\/uploads\\\/2025\\\/07\\\/allegro_687a7e00a62a08.17926487_01d79b2f4536aba96a5f9827f953.jpg\",\"datePublished\":\"2025-07-18T17:01:17+00:00\",\"breadcrumb\":{\"@id\":\"https:\\\/\\\/racom.com.pl\\\/index.php\\\/produkt\\\/baseus-uchwyt-na-telefon-ring-pierscien-podstawka-adapter-magnes-stojak\\\/#breadcrumb\"},\"inLanguage\":\"pl-PL\",\"potentialAction\":[{\"@type\":\"ReadAction\",\"target\":[\"https:\\\/\\\/racom.com.pl\\\/index.php\\\/produkt\\\/baseus-uchwyt-na-telefon-ring-pierscien-podstawka-adapter-magnes-stojak\\\/\"]}]},{\"@type\":\"ImageObject\",\"inLanguage\":\"pl-PL\",\"@id\":\"https:\\\/\\\/racom.com.pl\\\/index.php\\\/produkt\\\/baseus-uchwyt-na-telefon-ring-pierscien-podstawka-adapter-magnes-stojak\\\/#primaryimage\",\"url\":\"https:\\\/\\\/racom.com.pl\\\/wp-content\\\/uploads\\\/2025\\\/07\\\/allegro_687a7e00a62a08.17926487_01d79b2f4536aba96a5f9827f953.jpg\",\"contentUrl\":\"https:\\\/\\\/racom.com.pl\\\/wp-content\\\/uploads\\\/2025\\\/07\\\/allegro_687a7e00a62a08.17926487_01d79b2f4536aba96a5f9827f953.jpg\",\"width\":1466,\"height\":1204},{\"@type\":\"BreadcrumbList\",\"@id\":\"https:\\\/\\\/racom.com.pl\\\/index.php\\\/produkt\\\/baseus-uchwyt-na-telefon-ring-pierscien-podstawka-adapter-magnes-stojak\\\/#breadcrumb\",\"itemListElement\":[{\"@type\":\"ListItem\",\"position\":1,\"name\":\"Strona g\u0142\u00f3wna\",\"item\":\"https:\\\/\\\/racom.com.pl\\\/\"},{\"@type\":\"ListItem\",\"position\":2,\"name\":\"Sklep\",\"item\":\"https:\\\/\\\/racom.com.pl\\\/\"},{\"@type\":\"ListItem\",\"position\":3,\"name\":\"BASEUS UCHWYT NA TELEFON RING PIER\u015aCIE\u0143 PODSTAWKA ADAPTER MAGNES STOJAK\"}]},{\"@type\":\"WebSite\",\"@id\":\"https:\\\/\\\/racom.com.pl\\\/#website\",\"url\":\"https:\\\/\\\/racom.com.pl\\\/\",\"name\":\"Mix Market - Supermarket z wszystkim co potrzeba do domu i nie tylko\",\"description\":\"\",\"publisher\":{\"@id\":\"https:\\\/\\\/racom.com.pl\\\/#organization\"},\"potentialAction\":[{\"@type\":\"SearchAction\",\"target\":{\"@type\":\"EntryPoint\",\"urlTemplate\":\"https:\\\/\\\/racom.com.pl\\\/?s={search_term_string}\"},\"query-input\":{\"@type\":\"PropertyValueSpecification\",\"valueRequired\":true,\"valueName\":\"search_term_string\"}}],\"inLanguage\":\"pl-PL\"},{\"@type\":\"Organization\",\"@id\":\"https:\\\/\\\/racom.com.pl\\\/#organization\",\"name\":\"Mix Market - Supermarket z wszystkim co potrzeba do domu i nie tylko\",\"url\":\"https:\\\/\\\/racom.com.pl\\\/\",\"logo\":{\"@type\":\"ImageObject\",\"inLanguage\":\"pl-PL\",\"@id\":\"https:\\\/\\\/racom.com.pl\\\/#\\\/schema\\\/logo\\\/image\\\/\",\"url\":\"https:\\\/\\\/racom.com.pl\\\/wp-content\\\/uploads\\\/2025\\\/07\\\/mixmarket_logo.png\",\"contentUrl\":\"https:\\\/\\\/racom.com.pl\\\/wp-content\\\/uploads\\\/2025\\\/07\\\/mixmarket_logo.png\",\"width\":1024,\"height\":1024,\"caption\":\"Mix Market - Supermarket z wszystkim co potrzeba do domu i nie tylko\"},\"image\":{\"@id\":\"https:\\\/\\\/racom.com.pl\\\/#\\\/schema\\\/logo\\\/image\\\/\"}}]}<\/script>\n<!-- \/ Yoast SEO plugin. -->","yoast_head_json":{"title":"BASEUS UCHWYT NA TELEFON RING PIER\u015aCIE\u0143 PODSTAWKA ADAPTER MAGNES STOJAK - Mix Market - Supermarket z wszystkim co potrzeba","robots":{"index":"index","follow":"follow","max-snippet":"max-snippet:-1","max-image-preview":"max-image-preview:large","max-video-preview":"max-video-preview:-1"},"canonical":"https:\/\/racom.com.pl\/index.php\/produkt\/baseus-uchwyt-na-telefon-ring-pierscien-podstawka-adapter-magnes-stojak\/","og_locale":"pl_PL","og_type":"article","og_title":"BASEUS UCHWYT NA TELEFON RING PIER\u015aCIE\u0143 PODSTAWKA ADAPTER MAGNES STOJAK - Mix Market - Supermarket z wszystkim co potrzeba","og_description":"BASEUS UCHWYT NA TELEFON RING PIER\u015aCIE\u0143 PODSTAWKA WA\u017bNE! ZANIM PRZYST\u0104PIMY DO MONTA\u017bU : 1. Po odebraniu paczki prosz\u0119 pozostawi\u0107 uchwyt przez 2-3 godziny w temperaturze pokojowej. Fabrycznie naniesiony klej osi\u0105gnie w tym czasie swoje optymalne w\u0142a\u015bciwo\u015bci. 2. Oczy\u015b\u0107 z kurzu i t\u0142uszczu miejsce na kt\u00f3rym planujemy naklei\u0107 uchwyt. Privity Ring Uchwyt do telefonu na palec [&hellip;]","og_url":"https:\/\/racom.com.pl\/index.php\/produkt\/baseus-uchwyt-na-telefon-ring-pierscien-podstawka-adapter-magnes-stojak\/","og_site_name":"Mix Market - Supermarket z wszystkim co potrzeba","og_image":[{"width":1466,"height":1204,"url":"https:\/\/racom.com.pl\/wp-content\/uploads\/2025\/07\/allegro_687a7e00a62a08.17926487_01d79b2f4536aba96a5f9827f953.jpg","type":"image\/jpeg"}],"twitter_card":"summary_large_image","twitter_misc":{"Szacowany czas czytania":"2 minuty"},"schema":{"@context":"https:\/\/schema.org","@graph":[{"@type":"WebPage","@id":"https:\/\/racom.com.pl\/index.php\/produkt\/baseus-uchwyt-na-telefon-ring-pierscien-podstawka-adapter-magnes-stojak\/","url":"https:\/\/racom.com.pl\/index.php\/produkt\/baseus-uchwyt-na-telefon-ring-pierscien-podstawka-adapter-magnes-stojak\/","name":"BASEUS UCHWYT NA TELEFON RING PIER\u015aCIE\u0143 PODSTAWKA ADAPTER MAGNES STOJAK - Mix Market - Supermarket z wszystkim co potrzeba","isPartOf":{"@id":"https:\/\/racom.com.pl\/#website"},"primaryImageOfPage":{"@id":"https:\/\/racom.com.pl\/index.php\/produkt\/baseus-uchwyt-na-telefon-ring-pierscien-podstawka-adapter-magnes-stojak\/#primaryimage"},"image":{"@id":"https:\/\/racom.com.pl\/index.php\/produkt\/baseus-uchwyt-na-telefon-ring-pierscien-podstawka-adapter-magnes-stojak\/#primaryimage"},"thumbnailUrl":"https:\/\/racom.com.pl\/wp-content\/uploads\/2025\/07\/allegro_687a7e00a62a08.17926487_01d79b2f4536aba96a5f9827f953.jpg","datePublished":"2025-07-18T17:01:17+00:00","breadcrumb":{"@id":"https:\/\/racom.com.pl\/index.php\/produkt\/baseus-uchwyt-na-telefon-ring-pierscien-podstawka-adapter-magnes-stojak\/#breadcrumb"},"inLanguage":"pl-PL","potentialAction":[{"@type":"ReadAction","target":["https:\/\/racom.com.pl\/index.php\/produkt\/baseus-uchwyt-na-telefon-ring-pierscien-podstawka-adapter-magnes-stojak\/"]}]},{"@type":"ImageObject","inLanguage":"pl-PL","@id":"https:\/\/racom.com.pl\/index.php\/produkt\/baseus-uchwyt-na-telefon-ring-pierscien-podstawka-adapter-magnes-stojak\/#primaryimage","url":"https:\/\/racom.com.pl\/wp-content\/uploads\/2025\/07\/allegro_687a7e00a62a08.17926487_01d79b2f4536aba96a5f9827f953.jpg","contentUrl":"https:\/\/racom.com.pl\/wp-content\/uploads\/2025\/07\/allegro_687a7e00a62a08.17926487_01d79b2f4536aba96a5f9827f953.jpg","width":1466,"height":1204},{"@type":"BreadcrumbList","@id":"https:\/\/racom.com.pl\/index.php\/produkt\/baseus-uchwyt-na-telefon-ring-pierscien-podstawka-adapter-magnes-stojak\/#breadcrumb","itemListElement":[{"@type":"ListItem","position":1,"name":"Strona g\u0142\u00f3wna","item":"https:\/\/racom.com.pl\/"},{"@type":"ListItem","position":2,"name":"Sklep","item":"https:\/\/racom.com.pl\/"},{"@type":"ListItem","position":3,"name":"BASEUS UCHWYT NA TELEFON RING PIER\u015aCIE\u0143 PODSTAWKA ADAPTER MAGNES STOJAK"}]},{"@type":"WebSite","@id":"https:\/\/racom.com.pl\/#website","url":"https:\/\/racom.com.pl\/","name":"Mix Market - Supermarket z wszystkim co potrzeba do domu i nie tylko","description":"","publisher":{"@id":"https:\/\/racom.com.pl\/#organization"},"potentialAction":[{"@type":"SearchAction","target":{"@type":"EntryPoint","urlTemplate":"https:\/\/racom.com.pl\/?s={search_term_string}"},"query-input":{"@type":"PropertyValueSpecification","valueRequired":true,"valueName":"search_term_string"}}],"inLanguage":"pl-PL"},{"@type":"Organization","@id":"https:\/\/racom.com.pl\/#organization","name":"Mix Market - Supermarket z wszystkim co potrzeba do domu i nie tylko","url":"https:\/\/racom.com.pl\/","logo":{"@type":"ImageObject","inLanguage":"pl-PL","@id":"https:\/\/racom.com.pl\/#\/schema\/logo\/image\/","url":"https:\/\/racom.com.pl\/wp-content\/uploads\/2025\/07\/mixmarket_logo.png","contentUrl":"https:\/\/racom.com.pl\/wp-content\/uploads\/2025\/07\/mixmarket_logo.png","width":1024,"height":1024,"caption":"Mix Market - Supermarket z wszystkim co potrzeba do domu i nie tylko"},"image":{"@id":"https:\/\/racom.com.pl\/#\/schema\/logo\/image\/"}}]}},"_links":{"self":[{"href":"https:\/\/racom.com.pl\/index.php\/wp-json\/wp\/v2\/product\/1210","targetHints":{"allow":["GET"]}}],"collection":[{"href":"https:\/\/racom.com.pl\/index.php\/wp-json\/wp\/v2\/product"}],"about":[{"href":"https:\/\/racom.com.pl\/index.php\/wp-json\/wp\/v2\/types\/product"}],"replies":[{"embeddable":true,"href":"https:\/\/racom.com.pl\/index.php\/wp-json\/wp\/v2\/comments?post=1210"}],"wp:featuredmedia":[{"embeddable":true,"href":"https:\/\/racom.com.pl\/index.php\/wp-json\/wp\/v2\/media\/1218"}],"wp:attachment":[{"href":"https:\/\/racom.com.pl\/index.php\/wp-json\/wp\/v2\/media?parent=1210"}],"wp:term":[{"taxonomy":"product_brand","embeddable":true,"href":"https:\/\/racom.com.pl\/index.php\/wp-json\/wp\/v2\/product_brand?post=1210"},{"taxonomy":"product_cat","embeddable":true,"href":"https:\/\/racom.com.pl\/index.php\/wp-json\/wp\/v2\/product_cat?post=1210"},{"taxonomy":"product_tag","embeddable":true,"href":"https:\/\/racom.com.pl\/index.php\/wp-json\/wp\/v2\/product_tag?post=1210"}],"curies":[{"name":"wp","href":"https:\/\/api.w.org\/{rel}","templated":true}]}}