{"id":1429,"date":"2025-07-18T19:30:56","date_gmt":"2025-07-18T17:30:56","guid":{"rendered":"http:\/\/192.168.2.106\/index.php\/produkt\/ugreen-zewnetrzna-karta-dzwiekowa-adapter-hub-usb-do-2x-minijack-35mm-15cm\/"},"modified":"2025-07-18T19:30:56","modified_gmt":"2025-07-18T17:30:56","slug":"ugreen-zewnetrzna-karta-dzwiekowa-adapter-hub-usb-do-2x-minijack-35mm-15cm","status":"publish","type":"product","link":"https:\/\/racom.com.pl\/index.php\/produkt\/ugreen-zewnetrzna-karta-dzwiekowa-adapter-hub-usb-do-2x-minijack-35mm-15cm\/","title":{"rendered":"UGREEN ZEWN\u0118TRZNA KARTA D\u0179WI\u0118KOWA ADAPTER HUB USB DO 2X MINIJACK 3,5MM 15CM"},"content":{"rendered":"<p><b>UGREEN ZEWN\u0118TRZNA KARTA D\u0179WI\u0118KOWA ADAPTER HUB USB DO 2X MINIJACK 3,5MM 15CM<\/b><\/p>\n<p><b>Funkcjonalno\u015b\u0107<\/b><\/p>\n<p>Adapter USB zewn\u0119trznej karty d\u017awi\u0119kowej&nbsp;marki UGREEN zosta\u0142 zaprojektowany z my\u015bl\u0105 o kompaktowej, schludnej budowie i \u0142atwo\u015bci monta\u017cu. Urz\u0105dzenie jest kompatybilne z systemami operacyjnymi Windows (XP&#8230;10), Mac OS oraz Linux. Dzi\u0119ki technologii Plug&amp;Play nie jest wymagana instalacja dodatkowego oprogramowania.<\/p>\n<p><b>Wykonanie premium<\/b><\/p>\n<p>Wysoka jako\u015b\u0107 materia\u0142\u00f3w, niewielki rozmiar i elegancji wygl\u0105d pozwalaj\u0105 zabra\u0107 go ze sob\u0105 wsz\u0119dzie tam gdzie tylko mo\u017ce by\u0107 przydatny. Zastosowanie trwa\u0142ych materia\u0142\u00f3w i wysokiej jako\u015bci wykonanie zapewnia wysok\u0105 wytrzyma\u0142o\u015b\u0107 i d\u0142ug\u0105 \u017cywotno\u015b\u0107. Przew\u00f3d d\u0142ugo\u015bci&nbsp;pi\u0119tnastu centymetr\u00f3w pozwala na wygodne pod\u0142\u0105czeni.<\/p>\n<p><b>Specyfikacja<\/b><\/p>\n<p>Model US205 Wtyczka USB do JACK Materia\u0142 ABS D\u0142ugo\u015b\u0107 przewodu 15 cm Kolor Bia\u0142y<\/p>\n","protected":false},"excerpt":{"rendered":"<p>UGREEN ZEWN\u0118TRZNA KARTA D\u0179WI\u0118KOWA ADAPTER HUB USB DO 2X MINIJACK 3,5MM 15CM Funkcjonalno\u015b\u0107 Adapter USB zewn\u0119trznej karty d\u017awi\u0119kowej&nbsp;marki UGREEN zosta\u0142 zaprojektowany z my\u015bl\u0105 o kompaktowej, schludnej budowie i \u0142atwo\u015bci monta\u017cu. Urz\u0105dzenie jest kompatybilne z systemami operacyjnymi Windows (XP&#8230;10), Mac OS oraz Linux. Dzi\u0119ki technologii Plug&amp;Play nie jest wymagana instalacja dodatkowego oprogramowania. Wykonanie premium Wysoka jako\u015b\u0107 [&hellip;]<\/p>\n","protected":false},"featured_media":1437,"comment_status":"open","ping_status":"closed","template":"","meta":[],"product_brand":[],"product_cat":[80],"product_tag":[],"class_list":{"0":"post-1429","1":"product","2":"type-product","3":"status-publish","4":"has-post-thumbnail","6":"product_cat-podzespoly-komputerowe","8":"first","9":"instock","10":"taxable","11":"shipping-taxable","12":"purchasable","13":"product-type-simple"},"yoast_head":"<!-- This site is optimized with the Yoast SEO plugin v27.3 - https:\/\/yoast.com\/product\/yoast-seo-wordpress\/ -->\n<title>UGREEN ZEWN\u0118TRZNA KARTA D\u0179WI\u0118KOWA ADAPTER HUB USB DO 2X MINIJACK 3,5MM 15CM - Mix Market - Supermarket z wszystkim co potrzeba<\/title>\n<meta name=\"robots\" content=\"index, follow, max-snippet:-1, max-image-preview:large, max-video-preview:-1\" \/>\n<link rel=\"canonical\" href=\"https:\/\/racom.com.pl\/index.php\/produkt\/ugreen-zewnetrzna-karta-dzwiekowa-adapter-hub-usb-do-2x-minijack-35mm-15cm\/\" \/>\n<meta property=\"og:locale\" content=\"pl_PL\" \/>\n<meta property=\"og:type\" content=\"article\" \/>\n<meta property=\"og:title\" content=\"UGREEN ZEWN\u0118TRZNA KARTA D\u0179WI\u0118KOWA ADAPTER HUB USB DO 2X MINIJACK 3,5MM 15CM - Mix Market - Supermarket z wszystkim co potrzeba\" \/>\n<meta property=\"og:description\" content=\"UGREEN ZEWN\u0118TRZNA KARTA D\u0179WI\u0118KOWA ADAPTER HUB USB DO 2X MINIJACK 3,5MM 15CM Funkcjonalno\u015b\u0107 Adapter USB zewn\u0119trznej karty d\u017awi\u0119kowej&nbsp;marki UGREEN zosta\u0142 zaprojektowany z my\u015bl\u0105 o kompaktowej, schludnej budowie i \u0142atwo\u015bci monta\u017cu. Urz\u0105dzenie jest kompatybilne z systemami operacyjnymi Windows (XP&#8230;10), Mac OS oraz Linux. Dzi\u0119ki technologii Plug&amp;Play nie jest wymagana instalacja dodatkowego oprogramowania. Wykonanie premium Wysoka jako\u015b\u0107 [&hellip;]\" \/>\n<meta property=\"og:url\" content=\"https:\/\/racom.com.pl\/index.php\/produkt\/ugreen-zewnetrzna-karta-dzwiekowa-adapter-hub-usb-do-2x-minijack-35mm-15cm\/\" \/>\n<meta property=\"og:site_name\" content=\"Mix Market - Supermarket z wszystkim co potrzeba\" \/>\n<meta property=\"og:image\" content=\"https:\/\/racom.com.pl\/wp-content\/uploads\/2025\/07\/allegro_687a84f205a128.17891388_92c4d64e493a97518f573fa11bf4.jpg\" \/>\n\t<meta property=\"og:image:width\" content=\"800\" \/>\n\t<meta property=\"og:image:height\" content=\"800\" \/>\n\t<meta property=\"og:image:type\" content=\"image\/jpeg\" \/>\n<meta name=\"twitter:card\" content=\"summary_large_image\" \/>\n<meta name=\"twitter:label1\" content=\"Szacowany czas czytania\" \/>\n\t<meta name=\"twitter:data1\" content=\"1 minuta\" \/>\n<script type=\"application\/ld+json\" class=\"yoast-schema-graph\">{\"@context\":\"https:\\\/\\\/schema.org\",\"@graph\":[{\"@type\":\"WebPage\",\"@id\":\"https:\\\/\\\/racom.com.pl\\\/index.php\\\/produkt\\\/ugreen-zewnetrzna-karta-dzwiekowa-adapter-hub-usb-do-2x-minijack-35mm-15cm\\\/\",\"url\":\"https:\\\/\\\/racom.com.pl\\\/index.php\\\/produkt\\\/ugreen-zewnetrzna-karta-dzwiekowa-adapter-hub-usb-do-2x-minijack-35mm-15cm\\\/\",\"name\":\"UGREEN ZEWN\u0118TRZNA KARTA D\u0179WI\u0118KOWA ADAPTER HUB USB DO 2X MINIJACK 3,5MM 15CM - Mix Market - Supermarket z wszystkim co potrzeba\",\"isPartOf\":{\"@id\":\"https:\\\/\\\/racom.com.pl\\\/#website\"},\"primaryImageOfPage\":{\"@id\":\"https:\\\/\\\/racom.com.pl\\\/index.php\\\/produkt\\\/ugreen-zewnetrzna-karta-dzwiekowa-adapter-hub-usb-do-2x-minijack-35mm-15cm\\\/#primaryimage\"},\"image\":{\"@id\":\"https:\\\/\\\/racom.com.pl\\\/index.php\\\/produkt\\\/ugreen-zewnetrzna-karta-dzwiekowa-adapter-hub-usb-do-2x-minijack-35mm-15cm\\\/#primaryimage\"},\"thumbnailUrl\":\"https:\\\/\\\/racom.com.pl\\\/wp-content\\\/uploads\\\/2025\\\/07\\\/allegro_687a84f205a128.17891388_92c4d64e493a97518f573fa11bf4.jpg\",\"datePublished\":\"2025-07-18T17:30:56+00:00\",\"breadcrumb\":{\"@id\":\"https:\\\/\\\/racom.com.pl\\\/index.php\\\/produkt\\\/ugreen-zewnetrzna-karta-dzwiekowa-adapter-hub-usb-do-2x-minijack-35mm-15cm\\\/#breadcrumb\"},\"inLanguage\":\"pl-PL\",\"potentialAction\":[{\"@type\":\"ReadAction\",\"target\":[\"https:\\\/\\\/racom.com.pl\\\/index.php\\\/produkt\\\/ugreen-zewnetrzna-karta-dzwiekowa-adapter-hub-usb-do-2x-minijack-35mm-15cm\\\/\"]}]},{\"@type\":\"ImageObject\",\"inLanguage\":\"pl-PL\",\"@id\":\"https:\\\/\\\/racom.com.pl\\\/index.php\\\/produkt\\\/ugreen-zewnetrzna-karta-dzwiekowa-adapter-hub-usb-do-2x-minijack-35mm-15cm\\\/#primaryimage\",\"url\":\"https:\\\/\\\/racom.com.pl\\\/wp-content\\\/uploads\\\/2025\\\/07\\\/allegro_687a84f205a128.17891388_92c4d64e493a97518f573fa11bf4.jpg\",\"contentUrl\":\"https:\\\/\\\/racom.com.pl\\\/wp-content\\\/uploads\\\/2025\\\/07\\\/allegro_687a84f205a128.17891388_92c4d64e493a97518f573fa11bf4.jpg\",\"width\":800,\"height\":800},{\"@type\":\"BreadcrumbList\",\"@id\":\"https:\\\/\\\/racom.com.pl\\\/index.php\\\/produkt\\\/ugreen-zewnetrzna-karta-dzwiekowa-adapter-hub-usb-do-2x-minijack-35mm-15cm\\\/#breadcrumb\",\"itemListElement\":[{\"@type\":\"ListItem\",\"position\":1,\"name\":\"Strona g\u0142\u00f3wna\",\"item\":\"https:\\\/\\\/racom.com.pl\\\/\"},{\"@type\":\"ListItem\",\"position\":2,\"name\":\"Sklep\",\"item\":\"https:\\\/\\\/racom.com.pl\\\/\"},{\"@type\":\"ListItem\",\"position\":3,\"name\":\"UGREEN ZEWN\u0118TRZNA KARTA D\u0179WI\u0118KOWA ADAPTER HUB USB DO 2X MINIJACK 3,5MM 15CM\"}]},{\"@type\":\"WebSite\",\"@id\":\"https:\\\/\\\/racom.com.pl\\\/#website\",\"url\":\"https:\\\/\\\/racom.com.pl\\\/\",\"name\":\"Mix Market - Supermarket z wszystkim co potrzeba do domu i nie tylko\",\"description\":\"\",\"publisher\":{\"@id\":\"https:\\\/\\\/racom.com.pl\\\/#organization\"},\"potentialAction\":[{\"@type\":\"SearchAction\",\"target\":{\"@type\":\"EntryPoint\",\"urlTemplate\":\"https:\\\/\\\/racom.com.pl\\\/?s={search_term_string}\"},\"query-input\":{\"@type\":\"PropertyValueSpecification\",\"valueRequired\":true,\"valueName\":\"search_term_string\"}}],\"inLanguage\":\"pl-PL\"},{\"@type\":\"Organization\",\"@id\":\"https:\\\/\\\/racom.com.pl\\\/#organization\",\"name\":\"Mix Market - Supermarket z wszystkim co potrzeba do domu i nie tylko\",\"url\":\"https:\\\/\\\/racom.com.pl\\\/\",\"logo\":{\"@type\":\"ImageObject\",\"inLanguage\":\"pl-PL\",\"@id\":\"https:\\\/\\\/racom.com.pl\\\/#\\\/schema\\\/logo\\\/image\\\/\",\"url\":\"https:\\\/\\\/racom.com.pl\\\/wp-content\\\/uploads\\\/2025\\\/07\\\/mixmarket_logo.png\",\"contentUrl\":\"https:\\\/\\\/racom.com.pl\\\/wp-content\\\/uploads\\\/2025\\\/07\\\/mixmarket_logo.png\",\"width\":1024,\"height\":1024,\"caption\":\"Mix Market - Supermarket z wszystkim co potrzeba do domu i nie tylko\"},\"image\":{\"@id\":\"https:\\\/\\\/racom.com.pl\\\/#\\\/schema\\\/logo\\\/image\\\/\"}}]}<\/script>\n<!-- \/ Yoast SEO plugin. -->","yoast_head_json":{"title":"UGREEN ZEWN\u0118TRZNA KARTA D\u0179WI\u0118KOWA ADAPTER HUB USB DO 2X MINIJACK 3,5MM 15CM - Mix Market - Supermarket z wszystkim co potrzeba","robots":{"index":"index","follow":"follow","max-snippet":"max-snippet:-1","max-image-preview":"max-image-preview:large","max-video-preview":"max-video-preview:-1"},"canonical":"https:\/\/racom.com.pl\/index.php\/produkt\/ugreen-zewnetrzna-karta-dzwiekowa-adapter-hub-usb-do-2x-minijack-35mm-15cm\/","og_locale":"pl_PL","og_type":"article","og_title":"UGREEN ZEWN\u0118TRZNA KARTA D\u0179WI\u0118KOWA ADAPTER HUB USB DO 2X MINIJACK 3,5MM 15CM - Mix Market - Supermarket z wszystkim co potrzeba","og_description":"UGREEN ZEWN\u0118TRZNA KARTA D\u0179WI\u0118KOWA ADAPTER HUB USB DO 2X MINIJACK 3,5MM 15CM Funkcjonalno\u015b\u0107 Adapter USB zewn\u0119trznej karty d\u017awi\u0119kowej&nbsp;marki UGREEN zosta\u0142 zaprojektowany z my\u015bl\u0105 o kompaktowej, schludnej budowie i \u0142atwo\u015bci monta\u017cu. Urz\u0105dzenie jest kompatybilne z systemami operacyjnymi Windows (XP&#8230;10), Mac OS oraz Linux. Dzi\u0119ki technologii Plug&amp;Play nie jest wymagana instalacja dodatkowego oprogramowania. Wykonanie premium Wysoka jako\u015b\u0107 [&hellip;]","og_url":"https:\/\/racom.com.pl\/index.php\/produkt\/ugreen-zewnetrzna-karta-dzwiekowa-adapter-hub-usb-do-2x-minijack-35mm-15cm\/","og_site_name":"Mix Market - Supermarket z wszystkim co potrzeba","og_image":[{"width":800,"height":800,"url":"https:\/\/racom.com.pl\/wp-content\/uploads\/2025\/07\/allegro_687a84f205a128.17891388_92c4d64e493a97518f573fa11bf4.jpg","type":"image\/jpeg"}],"twitter_card":"summary_large_image","twitter_misc":{"Szacowany czas czytania":"1 minuta"},"schema":{"@context":"https:\/\/schema.org","@graph":[{"@type":"WebPage","@id":"https:\/\/racom.com.pl\/index.php\/produkt\/ugreen-zewnetrzna-karta-dzwiekowa-adapter-hub-usb-do-2x-minijack-35mm-15cm\/","url":"https:\/\/racom.com.pl\/index.php\/produkt\/ugreen-zewnetrzna-karta-dzwiekowa-adapter-hub-usb-do-2x-minijack-35mm-15cm\/","name":"UGREEN ZEWN\u0118TRZNA KARTA D\u0179WI\u0118KOWA ADAPTER HUB USB DO 2X MINIJACK 3,5MM 15CM - Mix Market - Supermarket z wszystkim co potrzeba","isPartOf":{"@id":"https:\/\/racom.com.pl\/#website"},"primaryImageOfPage":{"@id":"https:\/\/racom.com.pl\/index.php\/produkt\/ugreen-zewnetrzna-karta-dzwiekowa-adapter-hub-usb-do-2x-minijack-35mm-15cm\/#primaryimage"},"image":{"@id":"https:\/\/racom.com.pl\/index.php\/produkt\/ugreen-zewnetrzna-karta-dzwiekowa-adapter-hub-usb-do-2x-minijack-35mm-15cm\/#primaryimage"},"thumbnailUrl":"https:\/\/racom.com.pl\/wp-content\/uploads\/2025\/07\/allegro_687a84f205a128.17891388_92c4d64e493a97518f573fa11bf4.jpg","datePublished":"2025-07-18T17:30:56+00:00","breadcrumb":{"@id":"https:\/\/racom.com.pl\/index.php\/produkt\/ugreen-zewnetrzna-karta-dzwiekowa-adapter-hub-usb-do-2x-minijack-35mm-15cm\/#breadcrumb"},"inLanguage":"pl-PL","potentialAction":[{"@type":"ReadAction","target":["https:\/\/racom.com.pl\/index.php\/produkt\/ugreen-zewnetrzna-karta-dzwiekowa-adapter-hub-usb-do-2x-minijack-35mm-15cm\/"]}]},{"@type":"ImageObject","inLanguage":"pl-PL","@id":"https:\/\/racom.com.pl\/index.php\/produkt\/ugreen-zewnetrzna-karta-dzwiekowa-adapter-hub-usb-do-2x-minijack-35mm-15cm\/#primaryimage","url":"https:\/\/racom.com.pl\/wp-content\/uploads\/2025\/07\/allegro_687a84f205a128.17891388_92c4d64e493a97518f573fa11bf4.jpg","contentUrl":"https:\/\/racom.com.pl\/wp-content\/uploads\/2025\/07\/allegro_687a84f205a128.17891388_92c4d64e493a97518f573fa11bf4.jpg","width":800,"height":800},{"@type":"BreadcrumbList","@id":"https:\/\/racom.com.pl\/index.php\/produkt\/ugreen-zewnetrzna-karta-dzwiekowa-adapter-hub-usb-do-2x-minijack-35mm-15cm\/#breadcrumb","itemListElement":[{"@type":"ListItem","position":1,"name":"Strona g\u0142\u00f3wna","item":"https:\/\/racom.com.pl\/"},{"@type":"ListItem","position":2,"name":"Sklep","item":"https:\/\/racom.com.pl\/"},{"@type":"ListItem","position":3,"name":"UGREEN ZEWN\u0118TRZNA KARTA D\u0179WI\u0118KOWA ADAPTER HUB USB DO 2X MINIJACK 3,5MM 15CM"}]},{"@type":"WebSite","@id":"https:\/\/racom.com.pl\/#website","url":"https:\/\/racom.com.pl\/","name":"Mix Market - Supermarket z wszystkim co potrzeba do domu i nie tylko","description":"","publisher":{"@id":"https:\/\/racom.com.pl\/#organization"},"potentialAction":[{"@type":"SearchAction","target":{"@type":"EntryPoint","urlTemplate":"https:\/\/racom.com.pl\/?s={search_term_string}"},"query-input":{"@type":"PropertyValueSpecification","valueRequired":true,"valueName":"search_term_string"}}],"inLanguage":"pl-PL"},{"@type":"Organization","@id":"https:\/\/racom.com.pl\/#organization","name":"Mix Market - Supermarket z wszystkim co potrzeba do domu i nie tylko","url":"https:\/\/racom.com.pl\/","logo":{"@type":"ImageObject","inLanguage":"pl-PL","@id":"https:\/\/racom.com.pl\/#\/schema\/logo\/image\/","url":"https:\/\/racom.com.pl\/wp-content\/uploads\/2025\/07\/mixmarket_logo.png","contentUrl":"https:\/\/racom.com.pl\/wp-content\/uploads\/2025\/07\/mixmarket_logo.png","width":1024,"height":1024,"caption":"Mix Market - Supermarket z wszystkim co potrzeba do domu i nie tylko"},"image":{"@id":"https:\/\/racom.com.pl\/#\/schema\/logo\/image\/"}}]}},"_links":{"self":[{"href":"https:\/\/racom.com.pl\/index.php\/wp-json\/wp\/v2\/product\/1429","targetHints":{"allow":["GET"]}}],"collection":[{"href":"https:\/\/racom.com.pl\/index.php\/wp-json\/wp\/v2\/product"}],"about":[{"href":"https:\/\/racom.com.pl\/index.php\/wp-json\/wp\/v2\/types\/product"}],"replies":[{"embeddable":true,"href":"https:\/\/racom.com.pl\/index.php\/wp-json\/wp\/v2\/comments?post=1429"}],"wp:featuredmedia":[{"embeddable":true,"href":"https:\/\/racom.com.pl\/index.php\/wp-json\/wp\/v2\/media\/1437"}],"wp:attachment":[{"href":"https:\/\/racom.com.pl\/index.php\/wp-json\/wp\/v2\/media?parent=1429"}],"wp:term":[{"taxonomy":"product_brand","embeddable":true,"href":"https:\/\/racom.com.pl\/index.php\/wp-json\/wp\/v2\/product_brand?post=1429"},{"taxonomy":"product_cat","embeddable":true,"href":"https:\/\/racom.com.pl\/index.php\/wp-json\/wp\/v2\/product_cat?post=1429"},{"taxonomy":"product_tag","embeddable":true,"href":"https:\/\/racom.com.pl\/index.php\/wp-json\/wp\/v2\/product_tag?post=1429"}],"curies":[{"name":"wp","href":"https:\/\/api.w.org\/{rel}","templated":true}]}}