{"id":1481,"date":"2025-07-18T19:38:03","date_gmt":"2025-07-18T17:38:03","guid":{"rendered":"http:\/\/192.168.2.106\/index.php\/produkt\/toner-mlt-d111s-samsung-m2020w-2070-2071-2074-m2022-m2071\/"},"modified":"2025-07-18T19:38:03","modified_gmt":"2025-07-18T17:38:03","slug":"toner-mlt-d111s-samsung-m2020w-2070-2071-2074-m2022-m2071","status":"publish","type":"product","link":"https:\/\/racom.com.pl\/index.php\/produkt\/toner-mlt-d111s-samsung-m2020w-2070-2071-2074-m2022-m2071\/","title":{"rendered":"TONER MLT-D111S SAMSUNG M2020W 2070 2071 2074 M2022 M2071"},"content":{"rendered":"<p><b>NOWY TONER MLT-D111S DO SAMSUNG<\/b><\/p>\n<p>Fabrycznie nowy toner zamienny do drukarek i urz\u0105dze\u0144 wielofunkcyjnych marki Samsung.<\/p>\n<p>Oznaczenie producenta &#8211; <b>MLT-D111S<\/b> BK<\/p>\n<p>Toner 100% <b>NOWY<\/b>, nieregenerowany, zapakowany hermetycznie w foli\u0119 i karton widoczny na zdj\u0119ciu, wydruk do <b>1000str <\/b>(pokrycie 5%)<\/p>\n<p>Posiada certyfikaty ISO9001, ISO14001<\/p>\n<p>Kompatybilny z urz\u0105dzeniami Samsung:<\/p>\n<p>Xpress M2000 Series M2020 M2020W<\/p>\n<p>M2021 M2021W M2022 M2022W<\/p>\n<p>M2070 M2070W M2070FW.<\/p>\n<p>M2071HW M2071FH M2070F<\/p>\n<p>M2071FW M2071W<\/p>\n<p>I inne z oznaczeniem MLT-D111S<\/p>\n","protected":false},"excerpt":{"rendered":"<p>NOWY TONER MLT-D111S DO SAMSUNG Fabrycznie nowy toner zamienny do drukarek i urz\u0105dze\u0144 wielofunkcyjnych marki Samsung. Oznaczenie producenta &#8211; MLT-D111S BK Toner 100% NOWY, nieregenerowany, zapakowany hermetycznie w foli\u0119 i karton widoczny na zdj\u0119ciu, wydruk do 1000str (pokrycie 5%) Posiada certyfikaty ISO9001, ISO14001 Kompatybilny z urz\u0105dzeniami Samsung: Xpress M2000 Series M2020 M2020W M2021 M2021W M2022 [&hellip;]<\/p>\n","protected":false},"featured_media":1483,"comment_status":"open","ping_status":"closed","template":"","meta":[],"product_brand":[],"product_cat":[35],"product_tag":[],"class_list":{"0":"post-1481","1":"product","2":"type-product","3":"status-publish","4":"has-post-thumbnail","6":"product_cat-drukarki-i-skanery","8":"first","9":"instock","10":"taxable","11":"shipping-taxable","12":"purchasable","13":"product-type-simple"},"yoast_head":"<!-- This site is optimized with the Yoast SEO plugin v27.3 - https:\/\/yoast.com\/product\/yoast-seo-wordpress\/ -->\n<title>TONER MLT-D111S SAMSUNG M2020W 2070 2071 2074 M2022 M2071 - Mix Market - Supermarket z wszystkim co potrzeba<\/title>\n<meta name=\"robots\" content=\"index, follow, max-snippet:-1, max-image-preview:large, max-video-preview:-1\" \/>\n<link rel=\"canonical\" href=\"https:\/\/racom.com.pl\/index.php\/produkt\/toner-mlt-d111s-samsung-m2020w-2070-2071-2074-m2022-m2071\/\" \/>\n<meta property=\"og:locale\" content=\"pl_PL\" \/>\n<meta property=\"og:type\" content=\"article\" \/>\n<meta property=\"og:title\" content=\"TONER MLT-D111S SAMSUNG M2020W 2070 2071 2074 M2022 M2071 - Mix Market - Supermarket z wszystkim co potrzeba\" \/>\n<meta property=\"og:description\" content=\"NOWY TONER MLT-D111S DO SAMSUNG Fabrycznie nowy toner zamienny do drukarek i urz\u0105dze\u0144 wielofunkcyjnych marki Samsung. Oznaczenie producenta &#8211; MLT-D111S BK Toner 100% NOWY, nieregenerowany, zapakowany hermetycznie w foli\u0119 i karton widoczny na zdj\u0119ciu, wydruk do 1000str (pokrycie 5%) Posiada certyfikaty ISO9001, ISO14001 Kompatybilny z urz\u0105dzeniami Samsung: Xpress M2000 Series M2020 M2020W M2021 M2021W M2022 [&hellip;]\" \/>\n<meta property=\"og:url\" content=\"https:\/\/racom.com.pl\/index.php\/produkt\/toner-mlt-d111s-samsung-m2020w-2070-2071-2074-m2022-m2071\/\" \/>\n<meta property=\"og:site_name\" content=\"Mix Market - Supermarket z wszystkim co potrzeba\" \/>\n<meta property=\"og:image\" content=\"https:\/\/racom.com.pl\/wp-content\/uploads\/2025\/07\/allegro_687a868fa2c287.10061101_2ce97ed64791886407863cefce4b.jpg\" \/>\n\t<meta property=\"og:image:width\" content=\"569\" \/>\n\t<meta property=\"og:image:height\" content=\"570\" \/>\n\t<meta property=\"og:image:type\" content=\"image\/jpeg\" \/>\n<meta name=\"twitter:card\" content=\"summary_large_image\" \/>\n<script type=\"application\/ld+json\" class=\"yoast-schema-graph\">{\"@context\":\"https:\\\/\\\/schema.org\",\"@graph\":[{\"@type\":\"WebPage\",\"@id\":\"https:\\\/\\\/racom.com.pl\\\/index.php\\\/produkt\\\/toner-mlt-d111s-samsung-m2020w-2070-2071-2074-m2022-m2071\\\/\",\"url\":\"https:\\\/\\\/racom.com.pl\\\/index.php\\\/produkt\\\/toner-mlt-d111s-samsung-m2020w-2070-2071-2074-m2022-m2071\\\/\",\"name\":\"TONER MLT-D111S SAMSUNG M2020W 2070 2071 2074 M2022 M2071 - Mix Market - Supermarket z wszystkim co potrzeba\",\"isPartOf\":{\"@id\":\"https:\\\/\\\/racom.com.pl\\\/#website\"},\"primaryImageOfPage\":{\"@id\":\"https:\\\/\\\/racom.com.pl\\\/index.php\\\/produkt\\\/toner-mlt-d111s-samsung-m2020w-2070-2071-2074-m2022-m2071\\\/#primaryimage\"},\"image\":{\"@id\":\"https:\\\/\\\/racom.com.pl\\\/index.php\\\/produkt\\\/toner-mlt-d111s-samsung-m2020w-2070-2071-2074-m2022-m2071\\\/#primaryimage\"},\"thumbnailUrl\":\"https:\\\/\\\/racom.com.pl\\\/wp-content\\\/uploads\\\/2025\\\/07\\\/allegro_687a868fa2c287.10061101_2ce97ed64791886407863cefce4b.jpg\",\"datePublished\":\"2025-07-18T17:38:03+00:00\",\"breadcrumb\":{\"@id\":\"https:\\\/\\\/racom.com.pl\\\/index.php\\\/produkt\\\/toner-mlt-d111s-samsung-m2020w-2070-2071-2074-m2022-m2071\\\/#breadcrumb\"},\"inLanguage\":\"pl-PL\",\"potentialAction\":[{\"@type\":\"ReadAction\",\"target\":[\"https:\\\/\\\/racom.com.pl\\\/index.php\\\/produkt\\\/toner-mlt-d111s-samsung-m2020w-2070-2071-2074-m2022-m2071\\\/\"]}]},{\"@type\":\"ImageObject\",\"inLanguage\":\"pl-PL\",\"@id\":\"https:\\\/\\\/racom.com.pl\\\/index.php\\\/produkt\\\/toner-mlt-d111s-samsung-m2020w-2070-2071-2074-m2022-m2071\\\/#primaryimage\",\"url\":\"https:\\\/\\\/racom.com.pl\\\/wp-content\\\/uploads\\\/2025\\\/07\\\/allegro_687a868fa2c287.10061101_2ce97ed64791886407863cefce4b.jpg\",\"contentUrl\":\"https:\\\/\\\/racom.com.pl\\\/wp-content\\\/uploads\\\/2025\\\/07\\\/allegro_687a868fa2c287.10061101_2ce97ed64791886407863cefce4b.jpg\",\"width\":569,\"height\":570},{\"@type\":\"BreadcrumbList\",\"@id\":\"https:\\\/\\\/racom.com.pl\\\/index.php\\\/produkt\\\/toner-mlt-d111s-samsung-m2020w-2070-2071-2074-m2022-m2071\\\/#breadcrumb\",\"itemListElement\":[{\"@type\":\"ListItem\",\"position\":1,\"name\":\"Strona g\u0142\u00f3wna\",\"item\":\"https:\\\/\\\/racom.com.pl\\\/\"},{\"@type\":\"ListItem\",\"position\":2,\"name\":\"Sklep\",\"item\":\"https:\\\/\\\/racom.com.pl\\\/\"},{\"@type\":\"ListItem\",\"position\":3,\"name\":\"TONER MLT-D111S SAMSUNG M2020W 2070 2071 2074 M2022 M2071\"}]},{\"@type\":\"WebSite\",\"@id\":\"https:\\\/\\\/racom.com.pl\\\/#website\",\"url\":\"https:\\\/\\\/racom.com.pl\\\/\",\"name\":\"Mix Market - Supermarket z wszystkim co potrzeba do domu i nie tylko\",\"description\":\"\",\"publisher\":{\"@id\":\"https:\\\/\\\/racom.com.pl\\\/#organization\"},\"potentialAction\":[{\"@type\":\"SearchAction\",\"target\":{\"@type\":\"EntryPoint\",\"urlTemplate\":\"https:\\\/\\\/racom.com.pl\\\/?s={search_term_string}\"},\"query-input\":{\"@type\":\"PropertyValueSpecification\",\"valueRequired\":true,\"valueName\":\"search_term_string\"}}],\"inLanguage\":\"pl-PL\"},{\"@type\":\"Organization\",\"@id\":\"https:\\\/\\\/racom.com.pl\\\/#organization\",\"name\":\"Mix Market - Supermarket z wszystkim co potrzeba do domu i nie tylko\",\"url\":\"https:\\\/\\\/racom.com.pl\\\/\",\"logo\":{\"@type\":\"ImageObject\",\"inLanguage\":\"pl-PL\",\"@id\":\"https:\\\/\\\/racom.com.pl\\\/#\\\/schema\\\/logo\\\/image\\\/\",\"url\":\"https:\\\/\\\/racom.com.pl\\\/wp-content\\\/uploads\\\/2025\\\/07\\\/mixmarket_logo.png\",\"contentUrl\":\"https:\\\/\\\/racom.com.pl\\\/wp-content\\\/uploads\\\/2025\\\/07\\\/mixmarket_logo.png\",\"width\":1024,\"height\":1024,\"caption\":\"Mix Market - Supermarket z wszystkim co potrzeba do domu i nie tylko\"},\"image\":{\"@id\":\"https:\\\/\\\/racom.com.pl\\\/#\\\/schema\\\/logo\\\/image\\\/\"}}]}<\/script>\n<!-- \/ Yoast SEO plugin. -->","yoast_head_json":{"title":"TONER MLT-D111S SAMSUNG M2020W 2070 2071 2074 M2022 M2071 - Mix Market - Supermarket z wszystkim co potrzeba","robots":{"index":"index","follow":"follow","max-snippet":"max-snippet:-1","max-image-preview":"max-image-preview:large","max-video-preview":"max-video-preview:-1"},"canonical":"https:\/\/racom.com.pl\/index.php\/produkt\/toner-mlt-d111s-samsung-m2020w-2070-2071-2074-m2022-m2071\/","og_locale":"pl_PL","og_type":"article","og_title":"TONER MLT-D111S SAMSUNG M2020W 2070 2071 2074 M2022 M2071 - Mix Market - Supermarket z wszystkim co potrzeba","og_description":"NOWY TONER MLT-D111S DO SAMSUNG Fabrycznie nowy toner zamienny do drukarek i urz\u0105dze\u0144 wielofunkcyjnych marki Samsung. Oznaczenie producenta &#8211; MLT-D111S BK Toner 100% NOWY, nieregenerowany, zapakowany hermetycznie w foli\u0119 i karton widoczny na zdj\u0119ciu, wydruk do 1000str (pokrycie 5%) Posiada certyfikaty ISO9001, ISO14001 Kompatybilny z urz\u0105dzeniami Samsung: Xpress M2000 Series M2020 M2020W M2021 M2021W M2022 [&hellip;]","og_url":"https:\/\/racom.com.pl\/index.php\/produkt\/toner-mlt-d111s-samsung-m2020w-2070-2071-2074-m2022-m2071\/","og_site_name":"Mix Market - Supermarket z wszystkim co potrzeba","og_image":[{"width":569,"height":570,"url":"https:\/\/racom.com.pl\/wp-content\/uploads\/2025\/07\/allegro_687a868fa2c287.10061101_2ce97ed64791886407863cefce4b.jpg","type":"image\/jpeg"}],"twitter_card":"summary_large_image","schema":{"@context":"https:\/\/schema.org","@graph":[{"@type":"WebPage","@id":"https:\/\/racom.com.pl\/index.php\/produkt\/toner-mlt-d111s-samsung-m2020w-2070-2071-2074-m2022-m2071\/","url":"https:\/\/racom.com.pl\/index.php\/produkt\/toner-mlt-d111s-samsung-m2020w-2070-2071-2074-m2022-m2071\/","name":"TONER MLT-D111S SAMSUNG M2020W 2070 2071 2074 M2022 M2071 - Mix Market - Supermarket z wszystkim co potrzeba","isPartOf":{"@id":"https:\/\/racom.com.pl\/#website"},"primaryImageOfPage":{"@id":"https:\/\/racom.com.pl\/index.php\/produkt\/toner-mlt-d111s-samsung-m2020w-2070-2071-2074-m2022-m2071\/#primaryimage"},"image":{"@id":"https:\/\/racom.com.pl\/index.php\/produkt\/toner-mlt-d111s-samsung-m2020w-2070-2071-2074-m2022-m2071\/#primaryimage"},"thumbnailUrl":"https:\/\/racom.com.pl\/wp-content\/uploads\/2025\/07\/allegro_687a868fa2c287.10061101_2ce97ed64791886407863cefce4b.jpg","datePublished":"2025-07-18T17:38:03+00:00","breadcrumb":{"@id":"https:\/\/racom.com.pl\/index.php\/produkt\/toner-mlt-d111s-samsung-m2020w-2070-2071-2074-m2022-m2071\/#breadcrumb"},"inLanguage":"pl-PL","potentialAction":[{"@type":"ReadAction","target":["https:\/\/racom.com.pl\/index.php\/produkt\/toner-mlt-d111s-samsung-m2020w-2070-2071-2074-m2022-m2071\/"]}]},{"@type":"ImageObject","inLanguage":"pl-PL","@id":"https:\/\/racom.com.pl\/index.php\/produkt\/toner-mlt-d111s-samsung-m2020w-2070-2071-2074-m2022-m2071\/#primaryimage","url":"https:\/\/racom.com.pl\/wp-content\/uploads\/2025\/07\/allegro_687a868fa2c287.10061101_2ce97ed64791886407863cefce4b.jpg","contentUrl":"https:\/\/racom.com.pl\/wp-content\/uploads\/2025\/07\/allegro_687a868fa2c287.10061101_2ce97ed64791886407863cefce4b.jpg","width":569,"height":570},{"@type":"BreadcrumbList","@id":"https:\/\/racom.com.pl\/index.php\/produkt\/toner-mlt-d111s-samsung-m2020w-2070-2071-2074-m2022-m2071\/#breadcrumb","itemListElement":[{"@type":"ListItem","position":1,"name":"Strona g\u0142\u00f3wna","item":"https:\/\/racom.com.pl\/"},{"@type":"ListItem","position":2,"name":"Sklep","item":"https:\/\/racom.com.pl\/"},{"@type":"ListItem","position":3,"name":"TONER MLT-D111S SAMSUNG M2020W 2070 2071 2074 M2022 M2071"}]},{"@type":"WebSite","@id":"https:\/\/racom.com.pl\/#website","url":"https:\/\/racom.com.pl\/","name":"Mix Market - Supermarket z wszystkim co potrzeba do domu i nie tylko","description":"","publisher":{"@id":"https:\/\/racom.com.pl\/#organization"},"potentialAction":[{"@type":"SearchAction","target":{"@type":"EntryPoint","urlTemplate":"https:\/\/racom.com.pl\/?s={search_term_string}"},"query-input":{"@type":"PropertyValueSpecification","valueRequired":true,"valueName":"search_term_string"}}],"inLanguage":"pl-PL"},{"@type":"Organization","@id":"https:\/\/racom.com.pl\/#organization","name":"Mix Market - Supermarket z wszystkim co potrzeba do domu i nie tylko","url":"https:\/\/racom.com.pl\/","logo":{"@type":"ImageObject","inLanguage":"pl-PL","@id":"https:\/\/racom.com.pl\/#\/schema\/logo\/image\/","url":"https:\/\/racom.com.pl\/wp-content\/uploads\/2025\/07\/mixmarket_logo.png","contentUrl":"https:\/\/racom.com.pl\/wp-content\/uploads\/2025\/07\/mixmarket_logo.png","width":1024,"height":1024,"caption":"Mix Market - Supermarket z wszystkim co potrzeba do domu i nie tylko"},"image":{"@id":"https:\/\/racom.com.pl\/#\/schema\/logo\/image\/"}}]}},"_links":{"self":[{"href":"https:\/\/racom.com.pl\/index.php\/wp-json\/wp\/v2\/product\/1481","targetHints":{"allow":["GET"]}}],"collection":[{"href":"https:\/\/racom.com.pl\/index.php\/wp-json\/wp\/v2\/product"}],"about":[{"href":"https:\/\/racom.com.pl\/index.php\/wp-json\/wp\/v2\/types\/product"}],"replies":[{"embeddable":true,"href":"https:\/\/racom.com.pl\/index.php\/wp-json\/wp\/v2\/comments?post=1481"}],"wp:featuredmedia":[{"embeddable":true,"href":"https:\/\/racom.com.pl\/index.php\/wp-json\/wp\/v2\/media\/1483"}],"wp:attachment":[{"href":"https:\/\/racom.com.pl\/index.php\/wp-json\/wp\/v2\/media?parent=1481"}],"wp:term":[{"taxonomy":"product_brand","embeddable":true,"href":"https:\/\/racom.com.pl\/index.php\/wp-json\/wp\/v2\/product_brand?post=1481"},{"taxonomy":"product_cat","embeddable":true,"href":"https:\/\/racom.com.pl\/index.php\/wp-json\/wp\/v2\/product_cat?post=1481"},{"taxonomy":"product_tag","embeddable":true,"href":"https:\/\/racom.com.pl\/index.php\/wp-json\/wp\/v2\/product_tag?post=1481"}],"curies":[{"name":"wp","href":"https:\/\/api.w.org\/{rel}","templated":true}]}}