{"id":1523,"date":"2025-07-18T19:47:51","date_gmt":"2025-07-18T17:47:51","guid":{"rendered":"http:\/\/192.168.2.106\/index.php\/produkt\/toner-do-brother-tn2310-tn2320-hll2300d-hll2320d-hll2340w\/"},"modified":"2025-07-18T19:47:51","modified_gmt":"2025-07-18T17:47:51","slug":"toner-do-brother-tn2310-tn2320-hll2300d-hll2320d-hll2340w","status":"publish","type":"product","link":"https:\/\/racom.com.pl\/index.php\/produkt\/toner-do-brother-tn2310-tn2320-hll2300d-hll2320d-hll2340w\/","title":{"rendered":"TONER DO BROTHER TN2310 TN2320 HLL2300D HLL2320D HLL2340W"},"content":{"rendered":"<h2>TONER DO BROTHER TN2310 TN2320 HLL2300D HLL2320D HLL2340W<\/h2>\n<h2>Podstawowe parametry:<\/h2>\n<ul>\n<li>oznaczenia Brother &#8211; TN-2310 \/ TN-2320<\/li>\n<li>certyfikaty &#8211; ISO 14001, ISO 9001, SMTC, MDS<\/li>\n<li>najwy\u017csza jako\u015b\u0107 wydruku.<\/li>\n<li>kolor &#8211; black<\/li>\n<li>wydajno\u015b\u0107 tonera zgodnie z ISO\/IEC 19752 &#8211; 2600 str.<\/li>\n<\/ul>\n<h2>Stosowane w urz\u0105dzeniach:<\/h2>\n<ul>\n<li>Brother HL-L2300D,<\/li>\n<li>Brother HL-L2340W,<\/li>\n<li>Brother HL-L2360DN,<\/li>\n<li>Brother HL-L2365DW,<\/li>\n<li>Brother DCP-L2500D,<\/li>\n<li>Brother DCP-L2520DW,<\/li>\n<li>Brother DCP-L2540DN,<\/li>\n<li>Brother DCP-L2560DW,<\/li>\n<li>Brother MFC-L2700DW,<\/li>\n<li>Brother MFC-L2720DW,<\/li>\n<li>Brother MFC-L2740DW<\/li>\n<\/ul>\n","protected":false},"excerpt":{"rendered":"<p>TONER DO BROTHER TN2310 TN2320 HLL2300D HLL2320D HLL2340W Podstawowe parametry: oznaczenia Brother &#8211; TN-2310 \/ TN-2320 certyfikaty &#8211; ISO 14001, ISO 9001, SMTC, MDS najwy\u017csza jako\u015b\u0107 wydruku. kolor &#8211; black wydajno\u015b\u0107 tonera zgodnie z ISO\/IEC 19752 &#8211; 2600 str. Stosowane w urz\u0105dzeniach: Brother HL-L2300D, Brother HL-L2340W, Brother HL-L2360DN, Brother HL-L2365DW, Brother DCP-L2500D, Brother DCP-L2520DW, Brother [&hellip;]<\/p>\n","protected":false},"featured_media":1526,"comment_status":"open","ping_status":"closed","template":"","meta":[],"product_brand":[],"product_cat":[35],"product_tag":[],"class_list":{"0":"post-1523","1":"product","2":"type-product","3":"status-publish","4":"has-post-thumbnail","6":"product_cat-drukarki-i-skanery","8":"first","9":"instock","10":"taxable","11":"shipping-taxable","12":"purchasable","13":"product-type-simple"},"yoast_head":"<!-- This site is optimized with the Yoast SEO plugin v27.3 - https:\/\/yoast.com\/product\/yoast-seo-wordpress\/ -->\n<title>TONER DO BROTHER TN2310 TN2320 HLL2300D HLL2320D HLL2340W - Mix Market - Supermarket z wszystkim co potrzeba<\/title>\n<meta name=\"robots\" content=\"index, follow, max-snippet:-1, max-image-preview:large, max-video-preview:-1\" \/>\n<link rel=\"canonical\" href=\"https:\/\/racom.com.pl\/index.php\/produkt\/toner-do-brother-tn2310-tn2320-hll2300d-hll2320d-hll2340w\/\" \/>\n<meta property=\"og:locale\" content=\"pl_PL\" \/>\n<meta property=\"og:type\" content=\"article\" \/>\n<meta property=\"og:title\" content=\"TONER DO BROTHER TN2310 TN2320 HLL2300D HLL2320D HLL2340W - Mix Market - Supermarket z wszystkim co potrzeba\" \/>\n<meta property=\"og:description\" content=\"TONER DO BROTHER TN2310 TN2320 HLL2300D HLL2320D HLL2340W Podstawowe parametry: oznaczenia Brother &#8211; TN-2310 \/ TN-2320 certyfikaty &#8211; ISO 14001, ISO 9001, SMTC, MDS najwy\u017csza jako\u015b\u0107 wydruku. kolor &#8211; black wydajno\u015b\u0107 tonera zgodnie z ISO\/IEC 19752 &#8211; 2600 str. Stosowane w urz\u0105dzeniach: Brother HL-L2300D, Brother HL-L2340W, Brother HL-L2360DN, Brother HL-L2365DW, Brother DCP-L2500D, Brother DCP-L2520DW, Brother [&hellip;]\" \/>\n<meta property=\"og:url\" content=\"https:\/\/racom.com.pl\/index.php\/produkt\/toner-do-brother-tn2310-tn2320-hll2300d-hll2320d-hll2340w\/\" \/>\n<meta property=\"og:site_name\" content=\"Mix Market - Supermarket z wszystkim co potrzeba\" \/>\n<meta property=\"og:image\" content=\"https:\/\/racom.com.pl\/wp-content\/uploads\/2025\/07\/allegro_687a88e52d6639.17722106_da43cc994a7e8826232c1e88f755.jpg\" \/>\n\t<meta property=\"og:image:width\" content=\"800\" \/>\n\t<meta property=\"og:image:height\" content=\"564\" \/>\n\t<meta property=\"og:image:type\" content=\"image\/jpeg\" \/>\n<meta name=\"twitter:card\" content=\"summary_large_image\" \/>\n<script type=\"application\/ld+json\" class=\"yoast-schema-graph\">{\"@context\":\"https:\\\/\\\/schema.org\",\"@graph\":[{\"@type\":\"WebPage\",\"@id\":\"https:\\\/\\\/racom.com.pl\\\/index.php\\\/produkt\\\/toner-do-brother-tn2310-tn2320-hll2300d-hll2320d-hll2340w\\\/\",\"url\":\"https:\\\/\\\/racom.com.pl\\\/index.php\\\/produkt\\\/toner-do-brother-tn2310-tn2320-hll2300d-hll2320d-hll2340w\\\/\",\"name\":\"TONER DO BROTHER TN2310 TN2320 HLL2300D HLL2320D HLL2340W - Mix Market - Supermarket z wszystkim co potrzeba\",\"isPartOf\":{\"@id\":\"https:\\\/\\\/racom.com.pl\\\/#website\"},\"primaryImageOfPage\":{\"@id\":\"https:\\\/\\\/racom.com.pl\\\/index.php\\\/produkt\\\/toner-do-brother-tn2310-tn2320-hll2300d-hll2320d-hll2340w\\\/#primaryimage\"},\"image\":{\"@id\":\"https:\\\/\\\/racom.com.pl\\\/index.php\\\/produkt\\\/toner-do-brother-tn2310-tn2320-hll2300d-hll2320d-hll2340w\\\/#primaryimage\"},\"thumbnailUrl\":\"https:\\\/\\\/racom.com.pl\\\/wp-content\\\/uploads\\\/2025\\\/07\\\/allegro_687a88e52d6639.17722106_da43cc994a7e8826232c1e88f755.jpg\",\"datePublished\":\"2025-07-18T17:47:51+00:00\",\"breadcrumb\":{\"@id\":\"https:\\\/\\\/racom.com.pl\\\/index.php\\\/produkt\\\/toner-do-brother-tn2310-tn2320-hll2300d-hll2320d-hll2340w\\\/#breadcrumb\"},\"inLanguage\":\"pl-PL\",\"potentialAction\":[{\"@type\":\"ReadAction\",\"target\":[\"https:\\\/\\\/racom.com.pl\\\/index.php\\\/produkt\\\/toner-do-brother-tn2310-tn2320-hll2300d-hll2320d-hll2340w\\\/\"]}]},{\"@type\":\"ImageObject\",\"inLanguage\":\"pl-PL\",\"@id\":\"https:\\\/\\\/racom.com.pl\\\/index.php\\\/produkt\\\/toner-do-brother-tn2310-tn2320-hll2300d-hll2320d-hll2340w\\\/#primaryimage\",\"url\":\"https:\\\/\\\/racom.com.pl\\\/wp-content\\\/uploads\\\/2025\\\/07\\\/allegro_687a88e52d6639.17722106_da43cc994a7e8826232c1e88f755.jpg\",\"contentUrl\":\"https:\\\/\\\/racom.com.pl\\\/wp-content\\\/uploads\\\/2025\\\/07\\\/allegro_687a88e52d6639.17722106_da43cc994a7e8826232c1e88f755.jpg\",\"width\":800,\"height\":564},{\"@type\":\"BreadcrumbList\",\"@id\":\"https:\\\/\\\/racom.com.pl\\\/index.php\\\/produkt\\\/toner-do-brother-tn2310-tn2320-hll2300d-hll2320d-hll2340w\\\/#breadcrumb\",\"itemListElement\":[{\"@type\":\"ListItem\",\"position\":1,\"name\":\"Strona g\u0142\u00f3wna\",\"item\":\"https:\\\/\\\/racom.com.pl\\\/\"},{\"@type\":\"ListItem\",\"position\":2,\"name\":\"Sklep\",\"item\":\"https:\\\/\\\/racom.com.pl\\\/\"},{\"@type\":\"ListItem\",\"position\":3,\"name\":\"TONER DO BROTHER TN2310 TN2320 HLL2300D HLL2320D HLL2340W\"}]},{\"@type\":\"WebSite\",\"@id\":\"https:\\\/\\\/racom.com.pl\\\/#website\",\"url\":\"https:\\\/\\\/racom.com.pl\\\/\",\"name\":\"Mix Market - Supermarket z wszystkim co potrzeba do domu i nie tylko\",\"description\":\"\",\"publisher\":{\"@id\":\"https:\\\/\\\/racom.com.pl\\\/#organization\"},\"potentialAction\":[{\"@type\":\"SearchAction\",\"target\":{\"@type\":\"EntryPoint\",\"urlTemplate\":\"https:\\\/\\\/racom.com.pl\\\/?s={search_term_string}\"},\"query-input\":{\"@type\":\"PropertyValueSpecification\",\"valueRequired\":true,\"valueName\":\"search_term_string\"}}],\"inLanguage\":\"pl-PL\"},{\"@type\":\"Organization\",\"@id\":\"https:\\\/\\\/racom.com.pl\\\/#organization\",\"name\":\"Mix Market - Supermarket z wszystkim co potrzeba do domu i nie tylko\",\"url\":\"https:\\\/\\\/racom.com.pl\\\/\",\"logo\":{\"@type\":\"ImageObject\",\"inLanguage\":\"pl-PL\",\"@id\":\"https:\\\/\\\/racom.com.pl\\\/#\\\/schema\\\/logo\\\/image\\\/\",\"url\":\"https:\\\/\\\/racom.com.pl\\\/wp-content\\\/uploads\\\/2025\\\/07\\\/mixmarket_logo.png\",\"contentUrl\":\"https:\\\/\\\/racom.com.pl\\\/wp-content\\\/uploads\\\/2025\\\/07\\\/mixmarket_logo.png\",\"width\":1024,\"height\":1024,\"caption\":\"Mix Market - Supermarket z wszystkim co potrzeba do domu i nie tylko\"},\"image\":{\"@id\":\"https:\\\/\\\/racom.com.pl\\\/#\\\/schema\\\/logo\\\/image\\\/\"}}]}<\/script>\n<!-- \/ Yoast SEO plugin. -->","yoast_head_json":{"title":"TONER DO BROTHER TN2310 TN2320 HLL2300D HLL2320D HLL2340W - Mix Market - Supermarket z wszystkim co potrzeba","robots":{"index":"index","follow":"follow","max-snippet":"max-snippet:-1","max-image-preview":"max-image-preview:large","max-video-preview":"max-video-preview:-1"},"canonical":"https:\/\/racom.com.pl\/index.php\/produkt\/toner-do-brother-tn2310-tn2320-hll2300d-hll2320d-hll2340w\/","og_locale":"pl_PL","og_type":"article","og_title":"TONER DO BROTHER TN2310 TN2320 HLL2300D HLL2320D HLL2340W - Mix Market - Supermarket z wszystkim co potrzeba","og_description":"TONER DO BROTHER TN2310 TN2320 HLL2300D HLL2320D HLL2340W Podstawowe parametry: oznaczenia Brother &#8211; TN-2310 \/ TN-2320 certyfikaty &#8211; ISO 14001, ISO 9001, SMTC, MDS najwy\u017csza jako\u015b\u0107 wydruku. kolor &#8211; black wydajno\u015b\u0107 tonera zgodnie z ISO\/IEC 19752 &#8211; 2600 str. Stosowane w urz\u0105dzeniach: Brother HL-L2300D, Brother HL-L2340W, Brother HL-L2360DN, Brother HL-L2365DW, Brother DCP-L2500D, Brother DCP-L2520DW, Brother [&hellip;]","og_url":"https:\/\/racom.com.pl\/index.php\/produkt\/toner-do-brother-tn2310-tn2320-hll2300d-hll2320d-hll2340w\/","og_site_name":"Mix Market - Supermarket z wszystkim co potrzeba","og_image":[{"width":800,"height":564,"url":"https:\/\/racom.com.pl\/wp-content\/uploads\/2025\/07\/allegro_687a88e52d6639.17722106_da43cc994a7e8826232c1e88f755.jpg","type":"image\/jpeg"}],"twitter_card":"summary_large_image","schema":{"@context":"https:\/\/schema.org","@graph":[{"@type":"WebPage","@id":"https:\/\/racom.com.pl\/index.php\/produkt\/toner-do-brother-tn2310-tn2320-hll2300d-hll2320d-hll2340w\/","url":"https:\/\/racom.com.pl\/index.php\/produkt\/toner-do-brother-tn2310-tn2320-hll2300d-hll2320d-hll2340w\/","name":"TONER DO BROTHER TN2310 TN2320 HLL2300D HLL2320D HLL2340W - Mix Market - Supermarket z wszystkim co potrzeba","isPartOf":{"@id":"https:\/\/racom.com.pl\/#website"},"primaryImageOfPage":{"@id":"https:\/\/racom.com.pl\/index.php\/produkt\/toner-do-brother-tn2310-tn2320-hll2300d-hll2320d-hll2340w\/#primaryimage"},"image":{"@id":"https:\/\/racom.com.pl\/index.php\/produkt\/toner-do-brother-tn2310-tn2320-hll2300d-hll2320d-hll2340w\/#primaryimage"},"thumbnailUrl":"https:\/\/racom.com.pl\/wp-content\/uploads\/2025\/07\/allegro_687a88e52d6639.17722106_da43cc994a7e8826232c1e88f755.jpg","datePublished":"2025-07-18T17:47:51+00:00","breadcrumb":{"@id":"https:\/\/racom.com.pl\/index.php\/produkt\/toner-do-brother-tn2310-tn2320-hll2300d-hll2320d-hll2340w\/#breadcrumb"},"inLanguage":"pl-PL","potentialAction":[{"@type":"ReadAction","target":["https:\/\/racom.com.pl\/index.php\/produkt\/toner-do-brother-tn2310-tn2320-hll2300d-hll2320d-hll2340w\/"]}]},{"@type":"ImageObject","inLanguage":"pl-PL","@id":"https:\/\/racom.com.pl\/index.php\/produkt\/toner-do-brother-tn2310-tn2320-hll2300d-hll2320d-hll2340w\/#primaryimage","url":"https:\/\/racom.com.pl\/wp-content\/uploads\/2025\/07\/allegro_687a88e52d6639.17722106_da43cc994a7e8826232c1e88f755.jpg","contentUrl":"https:\/\/racom.com.pl\/wp-content\/uploads\/2025\/07\/allegro_687a88e52d6639.17722106_da43cc994a7e8826232c1e88f755.jpg","width":800,"height":564},{"@type":"BreadcrumbList","@id":"https:\/\/racom.com.pl\/index.php\/produkt\/toner-do-brother-tn2310-tn2320-hll2300d-hll2320d-hll2340w\/#breadcrumb","itemListElement":[{"@type":"ListItem","position":1,"name":"Strona g\u0142\u00f3wna","item":"https:\/\/racom.com.pl\/"},{"@type":"ListItem","position":2,"name":"Sklep","item":"https:\/\/racom.com.pl\/"},{"@type":"ListItem","position":3,"name":"TONER DO BROTHER TN2310 TN2320 HLL2300D HLL2320D HLL2340W"}]},{"@type":"WebSite","@id":"https:\/\/racom.com.pl\/#website","url":"https:\/\/racom.com.pl\/","name":"Mix Market - Supermarket z wszystkim co potrzeba do domu i nie tylko","description":"","publisher":{"@id":"https:\/\/racom.com.pl\/#organization"},"potentialAction":[{"@type":"SearchAction","target":{"@type":"EntryPoint","urlTemplate":"https:\/\/racom.com.pl\/?s={search_term_string}"},"query-input":{"@type":"PropertyValueSpecification","valueRequired":true,"valueName":"search_term_string"}}],"inLanguage":"pl-PL"},{"@type":"Organization","@id":"https:\/\/racom.com.pl\/#organization","name":"Mix Market - Supermarket z wszystkim co potrzeba do domu i nie tylko","url":"https:\/\/racom.com.pl\/","logo":{"@type":"ImageObject","inLanguage":"pl-PL","@id":"https:\/\/racom.com.pl\/#\/schema\/logo\/image\/","url":"https:\/\/racom.com.pl\/wp-content\/uploads\/2025\/07\/mixmarket_logo.png","contentUrl":"https:\/\/racom.com.pl\/wp-content\/uploads\/2025\/07\/mixmarket_logo.png","width":1024,"height":1024,"caption":"Mix Market - Supermarket z wszystkim co potrzeba do domu i nie tylko"},"image":{"@id":"https:\/\/racom.com.pl\/#\/schema\/logo\/image\/"}}]}},"_links":{"self":[{"href":"https:\/\/racom.com.pl\/index.php\/wp-json\/wp\/v2\/product\/1523","targetHints":{"allow":["GET"]}}],"collection":[{"href":"https:\/\/racom.com.pl\/index.php\/wp-json\/wp\/v2\/product"}],"about":[{"href":"https:\/\/racom.com.pl\/index.php\/wp-json\/wp\/v2\/types\/product"}],"replies":[{"embeddable":true,"href":"https:\/\/racom.com.pl\/index.php\/wp-json\/wp\/v2\/comments?post=1523"}],"wp:featuredmedia":[{"embeddable":true,"href":"https:\/\/racom.com.pl\/index.php\/wp-json\/wp\/v2\/media\/1526"}],"wp:attachment":[{"href":"https:\/\/racom.com.pl\/index.php\/wp-json\/wp\/v2\/media?parent=1523"}],"wp:term":[{"taxonomy":"product_brand","embeddable":true,"href":"https:\/\/racom.com.pl\/index.php\/wp-json\/wp\/v2\/product_brand?post=1523"},{"taxonomy":"product_cat","embeddable":true,"href":"https:\/\/racom.com.pl\/index.php\/wp-json\/wp\/v2\/product_cat?post=1523"},{"taxonomy":"product_tag","embeddable":true,"href":"https:\/\/racom.com.pl\/index.php\/wp-json\/wp\/v2\/product_tag?post=1523"}],"curies":[{"name":"wp","href":"https:\/\/api.w.org\/{rel}","templated":true}]}}