{"id":1527,"date":"2025-07-18T19:48:28","date_gmt":"2025-07-18T17:48:28","guid":{"rendered":"http:\/\/192.168.2.106\/index.php\/produkt\/beben-do-brother-dr2400-12k-mfc-l2750dw-dcp-l2510d-l2530dw-l2550dn-l2710dn\/"},"modified":"2025-07-18T19:48:28","modified_gmt":"2025-07-18T17:48:28","slug":"beben-do-brother-dr2400-12k-mfc-l2750dw-dcp-l2510d-l2530dw-l2550dn-l2710dn","status":"publish","type":"product","link":"https:\/\/racom.com.pl\/index.php\/produkt\/beben-do-brother-dr2400-12k-mfc-l2750dw-dcp-l2510d-l2530dw-l2550dn-l2710dn\/","title":{"rendered":"B\u0119ben do Brother DR2400 12K MFC-L2750DW DCP-L2510D L2530DW L2550DN L2710DN"},"content":{"rendered":"<h2>Nowy wysokiej jako\u015bci b\u0119ben zamiennik kompatybilny z drukark\u0105 Brother<\/h2>\n<p>Kolor:&nbsp;<b>czarny\/black<\/b><\/p>\n<p>Wydajno\u015b\u0107:&nbsp;<b>12.000 stron przy 5% pokryciu<\/b><\/p>\n<p>Kod orygina\u0142u: <b>DR2400<\/b><\/p>\n<ul>\n<li>Brother DCP-L2510D<\/li>\n<li>Brother DCP-L2530DW<\/li>\n<li>Brother DCP-L2550DN<\/li>\n<li>Brother DCP-L2550DW<\/li>\n<li>Brother HL-L2310D<\/li>\n<li>Brother HL-L2350DW<\/li>\n<li>Brother HL-L2370DN<\/li>\n<li>Brother HL-L2375DW<\/li>\n<li>Brother MFC-L2710DN<\/li>\n<li>Brother MFC-L2710DW<\/li>\n<li>Brother MFC-L2713DW<\/li>\n<li>Brother MFC-L2730DW<\/li>\n<li>Brother MFC-L2750DW<\/li>\n<\/ul>\n","protected":false},"excerpt":{"rendered":"<p>Nowy wysokiej jako\u015bci b\u0119ben zamiennik kompatybilny z drukark\u0105 Brother Kolor:&nbsp;czarny\/black Wydajno\u015b\u0107:&nbsp;12.000 stron przy 5% pokryciu Kod orygina\u0142u: DR2400 Brother DCP-L2510D Brother DCP-L2530DW Brother DCP-L2550DN Brother DCP-L2550DW Brother HL-L2310D Brother HL-L2350DW Brother HL-L2370DN Brother HL-L2375DW Brother MFC-L2710DN Brother MFC-L2710DW Brother MFC-L2713DW Brother MFC-L2730DW Brother MFC-L2750DW<\/p>\n","protected":false},"featured_media":1531,"comment_status":"open","ping_status":"closed","template":"","meta":[],"product_brand":[],"product_cat":[35],"product_tag":[],"class_list":{"0":"post-1527","1":"product","2":"type-product","3":"status-publish","4":"has-post-thumbnail","6":"product_cat-drukarki-i-skanery","8":"first","9":"instock","10":"taxable","11":"shipping-taxable","12":"purchasable","13":"product-type-simple"},"yoast_head":"<!-- This site is optimized with the Yoast SEO plugin v27.3 - https:\/\/yoast.com\/product\/yoast-seo-wordpress\/ -->\n<title>B\u0119ben do Brother DR2400 12K MFC-L2750DW DCP-L2510D L2530DW L2550DN L2710DN - Mix Market - Supermarket z wszystkim co potrzeba<\/title>\n<meta name=\"robots\" content=\"index, follow, max-snippet:-1, max-image-preview:large, max-video-preview:-1\" \/>\n<link rel=\"canonical\" href=\"https:\/\/racom.com.pl\/index.php\/produkt\/beben-do-brother-dr2400-12k-mfc-l2750dw-dcp-l2510d-l2530dw-l2550dn-l2710dn\/\" \/>\n<meta property=\"og:locale\" content=\"pl_PL\" \/>\n<meta property=\"og:type\" content=\"article\" \/>\n<meta property=\"og:title\" content=\"B\u0119ben do Brother DR2400 12K MFC-L2750DW DCP-L2510D L2530DW L2550DN L2710DN - Mix Market - Supermarket z wszystkim co potrzeba\" \/>\n<meta property=\"og:description\" content=\"Nowy wysokiej jako\u015bci b\u0119ben zamiennik kompatybilny z drukark\u0105 Brother Kolor:&nbsp;czarny\/black Wydajno\u015b\u0107:&nbsp;12.000 stron przy 5% pokryciu Kod orygina\u0142u: DR2400 Brother DCP-L2510D Brother DCP-L2530DW Brother DCP-L2550DN Brother DCP-L2550DW Brother HL-L2310D Brother HL-L2350DW Brother HL-L2370DN Brother HL-L2375DW Brother MFC-L2710DN Brother MFC-L2710DW Brother MFC-L2713DW Brother MFC-L2730DW Brother MFC-L2750DW\" \/>\n<meta property=\"og:url\" content=\"https:\/\/racom.com.pl\/index.php\/produkt\/beben-do-brother-dr2400-12k-mfc-l2750dw-dcp-l2510d-l2530dw-l2550dn-l2710dn\/\" \/>\n<meta property=\"og:site_name\" content=\"Mix Market - Supermarket z wszystkim co potrzeba\" \/>\n<meta property=\"og:image\" content=\"https:\/\/racom.com.pl\/wp-content\/uploads\/2025\/07\/allegro_687a8909446e93.16664152_eae7a3a64a29be35784ce97ff8fc.jpg\" \/>\n\t<meta property=\"og:image:width\" content=\"2401\" \/>\n\t<meta property=\"og:image:height\" content=\"2508\" \/>\n\t<meta property=\"og:image:type\" content=\"image\/jpeg\" \/>\n<meta name=\"twitter:card\" content=\"summary_large_image\" \/>\n<script type=\"application\/ld+json\" class=\"yoast-schema-graph\">{\"@context\":\"https:\\\/\\\/schema.org\",\"@graph\":[{\"@type\":\"WebPage\",\"@id\":\"https:\\\/\\\/racom.com.pl\\\/index.php\\\/produkt\\\/beben-do-brother-dr2400-12k-mfc-l2750dw-dcp-l2510d-l2530dw-l2550dn-l2710dn\\\/\",\"url\":\"https:\\\/\\\/racom.com.pl\\\/index.php\\\/produkt\\\/beben-do-brother-dr2400-12k-mfc-l2750dw-dcp-l2510d-l2530dw-l2550dn-l2710dn\\\/\",\"name\":\"B\u0119ben do Brother DR2400 12K MFC-L2750DW DCP-L2510D L2530DW L2550DN L2710DN - Mix Market - Supermarket z wszystkim co potrzeba\",\"isPartOf\":{\"@id\":\"https:\\\/\\\/racom.com.pl\\\/#website\"},\"primaryImageOfPage\":{\"@id\":\"https:\\\/\\\/racom.com.pl\\\/index.php\\\/produkt\\\/beben-do-brother-dr2400-12k-mfc-l2750dw-dcp-l2510d-l2530dw-l2550dn-l2710dn\\\/#primaryimage\"},\"image\":{\"@id\":\"https:\\\/\\\/racom.com.pl\\\/index.php\\\/produkt\\\/beben-do-brother-dr2400-12k-mfc-l2750dw-dcp-l2510d-l2530dw-l2550dn-l2710dn\\\/#primaryimage\"},\"thumbnailUrl\":\"https:\\\/\\\/racom.com.pl\\\/wp-content\\\/uploads\\\/2025\\\/07\\\/allegro_687a8909446e93.16664152_eae7a3a64a29be35784ce97ff8fc.jpg\",\"datePublished\":\"2025-07-18T17:48:28+00:00\",\"breadcrumb\":{\"@id\":\"https:\\\/\\\/racom.com.pl\\\/index.php\\\/produkt\\\/beben-do-brother-dr2400-12k-mfc-l2750dw-dcp-l2510d-l2530dw-l2550dn-l2710dn\\\/#breadcrumb\"},\"inLanguage\":\"pl-PL\",\"potentialAction\":[{\"@type\":\"ReadAction\",\"target\":[\"https:\\\/\\\/racom.com.pl\\\/index.php\\\/produkt\\\/beben-do-brother-dr2400-12k-mfc-l2750dw-dcp-l2510d-l2530dw-l2550dn-l2710dn\\\/\"]}]},{\"@type\":\"ImageObject\",\"inLanguage\":\"pl-PL\",\"@id\":\"https:\\\/\\\/racom.com.pl\\\/index.php\\\/produkt\\\/beben-do-brother-dr2400-12k-mfc-l2750dw-dcp-l2510d-l2530dw-l2550dn-l2710dn\\\/#primaryimage\",\"url\":\"https:\\\/\\\/racom.com.pl\\\/wp-content\\\/uploads\\\/2025\\\/07\\\/allegro_687a8909446e93.16664152_eae7a3a64a29be35784ce97ff8fc.jpg\",\"contentUrl\":\"https:\\\/\\\/racom.com.pl\\\/wp-content\\\/uploads\\\/2025\\\/07\\\/allegro_687a8909446e93.16664152_eae7a3a64a29be35784ce97ff8fc.jpg\",\"width\":2401,\"height\":2508},{\"@type\":\"BreadcrumbList\",\"@id\":\"https:\\\/\\\/racom.com.pl\\\/index.php\\\/produkt\\\/beben-do-brother-dr2400-12k-mfc-l2750dw-dcp-l2510d-l2530dw-l2550dn-l2710dn\\\/#breadcrumb\",\"itemListElement\":[{\"@type\":\"ListItem\",\"position\":1,\"name\":\"Strona g\u0142\u00f3wna\",\"item\":\"https:\\\/\\\/racom.com.pl\\\/\"},{\"@type\":\"ListItem\",\"position\":2,\"name\":\"Sklep\",\"item\":\"https:\\\/\\\/racom.com.pl\\\/\"},{\"@type\":\"ListItem\",\"position\":3,\"name\":\"B\u0119ben do Brother DR2400 12K MFC-L2750DW DCP-L2510D L2530DW L2550DN L2710DN\"}]},{\"@type\":\"WebSite\",\"@id\":\"https:\\\/\\\/racom.com.pl\\\/#website\",\"url\":\"https:\\\/\\\/racom.com.pl\\\/\",\"name\":\"Mix Market - Supermarket z wszystkim co potrzeba do domu i nie tylko\",\"description\":\"\",\"publisher\":{\"@id\":\"https:\\\/\\\/racom.com.pl\\\/#organization\"},\"potentialAction\":[{\"@type\":\"SearchAction\",\"target\":{\"@type\":\"EntryPoint\",\"urlTemplate\":\"https:\\\/\\\/racom.com.pl\\\/?s={search_term_string}\"},\"query-input\":{\"@type\":\"PropertyValueSpecification\",\"valueRequired\":true,\"valueName\":\"search_term_string\"}}],\"inLanguage\":\"pl-PL\"},{\"@type\":\"Organization\",\"@id\":\"https:\\\/\\\/racom.com.pl\\\/#organization\",\"name\":\"Mix Market - Supermarket z wszystkim co potrzeba do domu i nie tylko\",\"url\":\"https:\\\/\\\/racom.com.pl\\\/\",\"logo\":{\"@type\":\"ImageObject\",\"inLanguage\":\"pl-PL\",\"@id\":\"https:\\\/\\\/racom.com.pl\\\/#\\\/schema\\\/logo\\\/image\\\/\",\"url\":\"https:\\\/\\\/racom.com.pl\\\/wp-content\\\/uploads\\\/2025\\\/07\\\/mixmarket_logo.png\",\"contentUrl\":\"https:\\\/\\\/racom.com.pl\\\/wp-content\\\/uploads\\\/2025\\\/07\\\/mixmarket_logo.png\",\"width\":1024,\"height\":1024,\"caption\":\"Mix Market - Supermarket z wszystkim co potrzeba do domu i nie tylko\"},\"image\":{\"@id\":\"https:\\\/\\\/racom.com.pl\\\/#\\\/schema\\\/logo\\\/image\\\/\"}}]}<\/script>\n<!-- \/ Yoast SEO plugin. -->","yoast_head_json":{"title":"B\u0119ben do Brother DR2400 12K MFC-L2750DW DCP-L2510D L2530DW L2550DN L2710DN - Mix Market - Supermarket z wszystkim co potrzeba","robots":{"index":"index","follow":"follow","max-snippet":"max-snippet:-1","max-image-preview":"max-image-preview:large","max-video-preview":"max-video-preview:-1"},"canonical":"https:\/\/racom.com.pl\/index.php\/produkt\/beben-do-brother-dr2400-12k-mfc-l2750dw-dcp-l2510d-l2530dw-l2550dn-l2710dn\/","og_locale":"pl_PL","og_type":"article","og_title":"B\u0119ben do Brother DR2400 12K MFC-L2750DW DCP-L2510D L2530DW L2550DN L2710DN - Mix Market - Supermarket z wszystkim co potrzeba","og_description":"Nowy wysokiej jako\u015bci b\u0119ben zamiennik kompatybilny z drukark\u0105 Brother Kolor:&nbsp;czarny\/black Wydajno\u015b\u0107:&nbsp;12.000 stron przy 5% pokryciu Kod orygina\u0142u: DR2400 Brother DCP-L2510D Brother DCP-L2530DW Brother DCP-L2550DN Brother DCP-L2550DW Brother HL-L2310D Brother HL-L2350DW Brother HL-L2370DN Brother HL-L2375DW Brother MFC-L2710DN Brother MFC-L2710DW Brother MFC-L2713DW Brother MFC-L2730DW Brother MFC-L2750DW","og_url":"https:\/\/racom.com.pl\/index.php\/produkt\/beben-do-brother-dr2400-12k-mfc-l2750dw-dcp-l2510d-l2530dw-l2550dn-l2710dn\/","og_site_name":"Mix Market - Supermarket z wszystkim co potrzeba","og_image":[{"width":2401,"height":2508,"url":"https:\/\/racom.com.pl\/wp-content\/uploads\/2025\/07\/allegro_687a8909446e93.16664152_eae7a3a64a29be35784ce97ff8fc.jpg","type":"image\/jpeg"}],"twitter_card":"summary_large_image","schema":{"@context":"https:\/\/schema.org","@graph":[{"@type":"WebPage","@id":"https:\/\/racom.com.pl\/index.php\/produkt\/beben-do-brother-dr2400-12k-mfc-l2750dw-dcp-l2510d-l2530dw-l2550dn-l2710dn\/","url":"https:\/\/racom.com.pl\/index.php\/produkt\/beben-do-brother-dr2400-12k-mfc-l2750dw-dcp-l2510d-l2530dw-l2550dn-l2710dn\/","name":"B\u0119ben do Brother DR2400 12K MFC-L2750DW DCP-L2510D L2530DW L2550DN L2710DN - Mix Market - Supermarket z wszystkim co potrzeba","isPartOf":{"@id":"https:\/\/racom.com.pl\/#website"},"primaryImageOfPage":{"@id":"https:\/\/racom.com.pl\/index.php\/produkt\/beben-do-brother-dr2400-12k-mfc-l2750dw-dcp-l2510d-l2530dw-l2550dn-l2710dn\/#primaryimage"},"image":{"@id":"https:\/\/racom.com.pl\/index.php\/produkt\/beben-do-brother-dr2400-12k-mfc-l2750dw-dcp-l2510d-l2530dw-l2550dn-l2710dn\/#primaryimage"},"thumbnailUrl":"https:\/\/racom.com.pl\/wp-content\/uploads\/2025\/07\/allegro_687a8909446e93.16664152_eae7a3a64a29be35784ce97ff8fc.jpg","datePublished":"2025-07-18T17:48:28+00:00","breadcrumb":{"@id":"https:\/\/racom.com.pl\/index.php\/produkt\/beben-do-brother-dr2400-12k-mfc-l2750dw-dcp-l2510d-l2530dw-l2550dn-l2710dn\/#breadcrumb"},"inLanguage":"pl-PL","potentialAction":[{"@type":"ReadAction","target":["https:\/\/racom.com.pl\/index.php\/produkt\/beben-do-brother-dr2400-12k-mfc-l2750dw-dcp-l2510d-l2530dw-l2550dn-l2710dn\/"]}]},{"@type":"ImageObject","inLanguage":"pl-PL","@id":"https:\/\/racom.com.pl\/index.php\/produkt\/beben-do-brother-dr2400-12k-mfc-l2750dw-dcp-l2510d-l2530dw-l2550dn-l2710dn\/#primaryimage","url":"https:\/\/racom.com.pl\/wp-content\/uploads\/2025\/07\/allegro_687a8909446e93.16664152_eae7a3a64a29be35784ce97ff8fc.jpg","contentUrl":"https:\/\/racom.com.pl\/wp-content\/uploads\/2025\/07\/allegro_687a8909446e93.16664152_eae7a3a64a29be35784ce97ff8fc.jpg","width":2401,"height":2508},{"@type":"BreadcrumbList","@id":"https:\/\/racom.com.pl\/index.php\/produkt\/beben-do-brother-dr2400-12k-mfc-l2750dw-dcp-l2510d-l2530dw-l2550dn-l2710dn\/#breadcrumb","itemListElement":[{"@type":"ListItem","position":1,"name":"Strona g\u0142\u00f3wna","item":"https:\/\/racom.com.pl\/"},{"@type":"ListItem","position":2,"name":"Sklep","item":"https:\/\/racom.com.pl\/"},{"@type":"ListItem","position":3,"name":"B\u0119ben do Brother DR2400 12K MFC-L2750DW DCP-L2510D L2530DW L2550DN L2710DN"}]},{"@type":"WebSite","@id":"https:\/\/racom.com.pl\/#website","url":"https:\/\/racom.com.pl\/","name":"Mix Market - Supermarket z wszystkim co potrzeba do domu i nie tylko","description":"","publisher":{"@id":"https:\/\/racom.com.pl\/#organization"},"potentialAction":[{"@type":"SearchAction","target":{"@type":"EntryPoint","urlTemplate":"https:\/\/racom.com.pl\/?s={search_term_string}"},"query-input":{"@type":"PropertyValueSpecification","valueRequired":true,"valueName":"search_term_string"}}],"inLanguage":"pl-PL"},{"@type":"Organization","@id":"https:\/\/racom.com.pl\/#organization","name":"Mix Market - Supermarket z wszystkim co potrzeba do domu i nie tylko","url":"https:\/\/racom.com.pl\/","logo":{"@type":"ImageObject","inLanguage":"pl-PL","@id":"https:\/\/racom.com.pl\/#\/schema\/logo\/image\/","url":"https:\/\/racom.com.pl\/wp-content\/uploads\/2025\/07\/mixmarket_logo.png","contentUrl":"https:\/\/racom.com.pl\/wp-content\/uploads\/2025\/07\/mixmarket_logo.png","width":1024,"height":1024,"caption":"Mix Market - Supermarket z wszystkim co potrzeba do domu i nie tylko"},"image":{"@id":"https:\/\/racom.com.pl\/#\/schema\/logo\/image\/"}}]}},"_links":{"self":[{"href":"https:\/\/racom.com.pl\/index.php\/wp-json\/wp\/v2\/product\/1527","targetHints":{"allow":["GET"]}}],"collection":[{"href":"https:\/\/racom.com.pl\/index.php\/wp-json\/wp\/v2\/product"}],"about":[{"href":"https:\/\/racom.com.pl\/index.php\/wp-json\/wp\/v2\/types\/product"}],"replies":[{"embeddable":true,"href":"https:\/\/racom.com.pl\/index.php\/wp-json\/wp\/v2\/comments?post=1527"}],"wp:featuredmedia":[{"embeddable":true,"href":"https:\/\/racom.com.pl\/index.php\/wp-json\/wp\/v2\/media\/1531"}],"wp:attachment":[{"href":"https:\/\/racom.com.pl\/index.php\/wp-json\/wp\/v2\/media?parent=1527"}],"wp:term":[{"taxonomy":"product_brand","embeddable":true,"href":"https:\/\/racom.com.pl\/index.php\/wp-json\/wp\/v2\/product_brand?post=1527"},{"taxonomy":"product_cat","embeddable":true,"href":"https:\/\/racom.com.pl\/index.php\/wp-json\/wp\/v2\/product_cat?post=1527"},{"taxonomy":"product_tag","embeddable":true,"href":"https:\/\/racom.com.pl\/index.php\/wp-json\/wp\/v2\/product_tag?post=1527"}],"curies":[{"name":"wp","href":"https:\/\/api.w.org\/{rel}","templated":true}]}}