{"id":196,"date":"2025-07-18T17:16:49","date_gmt":"2025-07-18T15:16:49","guid":{"rendered":"http:\/\/192.168.2.106\/index.php\/produkt\/pgytech-filtr-uv-do-dji-mavic-air-2-p-16a-032\/"},"modified":"2025-07-18T17:16:49","modified_gmt":"2025-07-18T15:16:49","slug":"pgytech-filtr-uv-do-dji-mavic-air-2-p-16a-032","status":"publish","type":"product","link":"https:\/\/racom.com.pl\/index.php\/produkt\/pgytech-filtr-uv-do-dji-mavic-air-2-p-16a-032\/","title":{"rendered":"PGYTECH FILTR UV do DJI Mavic Air 2 (P-16A-032)"},"content":{"rendered":"<h2>Filtr UV PGYTECH do DJI Mavic Air 2 (P-16A-032)<\/h2>\n<p><b>Najwy\u017csza jako\u015b\u0107<\/b><\/p>\n<p>Filtr posiada tward\u0105 pow\u0142ok\u0119, kt\u00f3ra chroni obiektyw i oraz czujniki, zapobiegaj\u0105c przedostawaniu si\u0119 \u015bwiat\u0142a UV do aparatu. Blokuje niebieskie \u015bwiat\u0142o, kt\u00f3re podczas fotografowania na otwartych przestrzeniach takich jak morze czy du\u017ce pola, zapobiega powstawaniu na zdj\u0119ciu niebieskich oraz bia\u0142ych prze\u015bwit\u00f3w.<\/p>\n<p><b>Uzyskaj pi\u0119kne smugi<\/b><\/p>\n<p>Zapobiega prze\u015bwietleniu i nasyca kolory. Jest to szczeg\u00f3lnie przydatne podczas rejestrowania mgie\u0142 lub nocnych smug \u015bwiat\u0142a, takich kt\u00f3re powstaj\u0105 np. przy pr\u00f3bie uchwycenia samochodu w trakcie jazdy. Redukuje pr\u0119dko\u015b\u0107 przys\u0142ony w celu stworzenia, p\u0142ynnych, filmowych uj\u0119\u0107.<\/p>\n<p><b>Filtr CPL<\/b><\/p>\n<p>Filtr CPL eliminuje odblaski b\u0142yszcz\u0105cych powierzchni takich jak woda, \u015bnieg, a nawet szyby. Zwi\u0119ksza nasycenie kolor\u00f3w i przejrzysto\u015b\u0107 obrazu, tworz\u0105c bardziej wyraziste i \u017cywe zdj\u0119cia. Przekr\u0119\u0107 nim, aby zwi\u0119kszy\u0107 efekt polaryzacyjny.<\/p>\n<p><b>Filmowe nagrania<\/b><\/p>\n<p>Hybrydowy filtr ND-PL chroni przed niechcianymi odbiciami \u015bwiat\u0142a. Aby tworzy\u0107 \u017cywsze zdj\u0119cia, nasyca kolory i poprawia ostro\u015b\u0107 obrazu. Skraca czas otwarcia migawki i chroni przed prze\u015bwietleniem, dzi\u0119ki czemu uzyskamy pi\u0119kne, filmowe nagrania z lotu. Przekr\u0119\u0107 go, aby zwi\u0119kszy\u0107 efekt polaryzacyjny.<\/p>\n<p><b>Przemy\u015blany design<\/b><\/p>\n<p>Aluminiowa rama CNC Aviation sprawia, \u017ce filtr jest wyj\u0105tkowo lekki, a jednocze\u015bnie bardzo wytrzyma\u0142y. Filtr zosta\u0142 starannie zaprojektowany, dzi\u0119ki czemu filtr nie wp\u0142ywa na r\u00f3wnowag\u0119 drona, a materia\u0142, z kt\u00f3rego zosta\u0142 wykonany, zapewnia odporno\u015b\u0107 na korozj\u0119.<\/p>\n<p><b>Niemiecka jako\u015b\u0107 szk\u0142a<\/b><\/p>\n<p>Filtr wykorzystuje niemieckie szk\u0142o SCHOTT, kt\u00f3re zosta\u0142o wielokrotnie oszlifowane i wypolerowane, dzi\u0119ki czemu posiada niski wsp\u00f3\u0142czynnik za\u0142amania \u015bwiat\u0142a, co sprawia, \u017ce uzyskane na zdj\u0119ciu kolory s\u0105 bardzo dok\u0142adne. Dwustronna, wielowarstwowa pow\u0142oka filtra odpycha wod\u0119 i olej, co u\u0142atwia utrzymanie go w czysto\u015bci. Twarda pow\u0142oka filtra czyni go r\u00f3wnie\u017c odpornym na zarysowania.<\/p>\n<p><b>Specyfikacje<\/b><\/p>\n<ul>\n<li><b>Producent:<\/b> PGYTECH<\/li>\n<li><b>Kod produktu:<\/b> P-16A-032<\/li>\n<li><b>Nazwa:<\/b> MAVIC AIR 2 Filter (Professional)<\/li>\n<li><b>Typ filtra:<\/b> UV<\/li>\n<li><b>Kompatybilno\u015b\u0107:<\/b> Mavic Air 2<\/li>\n<li><b>Materia\u0142y:<\/b> Aluminium, szk\u0142o optyczne<\/li>\n<li><b>Wymiary:<\/b> 22,7 x 18,5 x 4,2 mm<\/li>\n<li><b>Waga:<\/b> 1,03 g<\/li>\n<\/ul>\n","protected":false},"excerpt":{"rendered":"<p>Filtr UV PGYTECH do DJI Mavic Air 2 (P-16A-032) Najwy\u017csza jako\u015b\u0107 Filtr posiada tward\u0105 pow\u0142ok\u0119, kt\u00f3ra chroni obiektyw i oraz czujniki, zapobiegaj\u0105c przedostawaniu si\u0119 \u015bwiat\u0142a UV do aparatu. Blokuje niebieskie \u015bwiat\u0142o, kt\u00f3re podczas fotografowania na otwartych przestrzeniach takich jak morze czy du\u017ce pola, zapobiega powstawaniu na zdj\u0119ciu niebieskich oraz bia\u0142ych prze\u015bwit\u00f3w. Uzyskaj pi\u0119kne smugi Zapobiega [&hellip;]<\/p>\n","protected":false},"featured_media":202,"comment_status":"open","ping_status":"closed","template":"","meta":[],"product_brand":[37],"product_cat":[36],"product_tag":[],"class_list":{"0":"post-196","1":"product","2":"type-product","3":"status-publish","4":"has-post-thumbnail","6":"product_brand-pgytech","7":"product_cat-akcesoria","9":"first","10":"instock","11":"taxable","12":"shipping-taxable","13":"purchasable","14":"product-type-simple"},"yoast_head":"<!-- This site is optimized with the Yoast SEO plugin v27.3 - https:\/\/yoast.com\/product\/yoast-seo-wordpress\/ -->\n<title>PGYTECH FILTR UV do DJI Mavic Air 2 (P-16A-032) - Mix Market - Supermarket z wszystkim co potrzeba<\/title>\n<meta name=\"robots\" content=\"index, follow, max-snippet:-1, max-image-preview:large, max-video-preview:-1\" \/>\n<link rel=\"canonical\" href=\"https:\/\/racom.com.pl\/index.php\/produkt\/pgytech-filtr-uv-do-dji-mavic-air-2-p-16a-032\/\" \/>\n<meta property=\"og:locale\" content=\"pl_PL\" \/>\n<meta property=\"og:type\" content=\"article\" \/>\n<meta property=\"og:title\" content=\"PGYTECH FILTR UV do DJI Mavic Air 2 (P-16A-032) - Mix Market - Supermarket z wszystkim co potrzeba\" \/>\n<meta property=\"og:description\" content=\"Filtr UV PGYTECH do DJI Mavic Air 2 (P-16A-032) Najwy\u017csza jako\u015b\u0107 Filtr posiada tward\u0105 pow\u0142ok\u0119, kt\u00f3ra chroni obiektyw i oraz czujniki, zapobiegaj\u0105c przedostawaniu si\u0119 \u015bwiat\u0142a UV do aparatu. Blokuje niebieskie \u015bwiat\u0142o, kt\u00f3re podczas fotografowania na otwartych przestrzeniach takich jak morze czy du\u017ce pola, zapobiega powstawaniu na zdj\u0119ciu niebieskich oraz bia\u0142ych prze\u015bwit\u00f3w. Uzyskaj pi\u0119kne smugi Zapobiega [&hellip;]\" \/>\n<meta property=\"og:url\" content=\"https:\/\/racom.com.pl\/index.php\/produkt\/pgytech-filtr-uv-do-dji-mavic-air-2-p-16a-032\/\" \/>\n<meta property=\"og:site_name\" content=\"Mix Market - Supermarket z wszystkim co potrzeba\" \/>\n<meta property=\"og:image\" content=\"https:\/\/racom.com.pl\/wp-content\/uploads\/2025\/07\/allegro_687a6576bf6679.69316933_daf0b842423e8f4dfeda0969d41a.jpg\" \/>\n\t<meta property=\"og:image:width\" content=\"1920\" \/>\n\t<meta property=\"og:image:height\" content=\"600\" \/>\n\t<meta property=\"og:image:type\" content=\"image\/jpeg\" \/>\n<meta name=\"twitter:card\" content=\"summary_large_image\" \/>\n<meta name=\"twitter:label1\" content=\"Szacowany czas czytania\" \/>\n\t<meta name=\"twitter:data1\" content=\"2 minuty\" \/>\n<script type=\"application\/ld+json\" class=\"yoast-schema-graph\">{\"@context\":\"https:\\\/\\\/schema.org\",\"@graph\":[{\"@type\":\"WebPage\",\"@id\":\"https:\\\/\\\/racom.com.pl\\\/index.php\\\/produkt\\\/pgytech-filtr-uv-do-dji-mavic-air-2-p-16a-032\\\/\",\"url\":\"https:\\\/\\\/racom.com.pl\\\/index.php\\\/produkt\\\/pgytech-filtr-uv-do-dji-mavic-air-2-p-16a-032\\\/\",\"name\":\"PGYTECH FILTR UV do DJI Mavic Air 2 (P-16A-032) - Mix Market - Supermarket z wszystkim co potrzeba\",\"isPartOf\":{\"@id\":\"https:\\\/\\\/racom.com.pl\\\/#website\"},\"primaryImageOfPage\":{\"@id\":\"https:\\\/\\\/racom.com.pl\\\/index.php\\\/produkt\\\/pgytech-filtr-uv-do-dji-mavic-air-2-p-16a-032\\\/#primaryimage\"},\"image\":{\"@id\":\"https:\\\/\\\/racom.com.pl\\\/index.php\\\/produkt\\\/pgytech-filtr-uv-do-dji-mavic-air-2-p-16a-032\\\/#primaryimage\"},\"thumbnailUrl\":\"https:\\\/\\\/racom.com.pl\\\/wp-content\\\/uploads\\\/2025\\\/07\\\/allegro_687a6576bf6679.69316933_daf0b842423e8f4dfeda0969d41a.jpg\",\"datePublished\":\"2025-07-18T15:16:49+00:00\",\"breadcrumb\":{\"@id\":\"https:\\\/\\\/racom.com.pl\\\/index.php\\\/produkt\\\/pgytech-filtr-uv-do-dji-mavic-air-2-p-16a-032\\\/#breadcrumb\"},\"inLanguage\":\"pl-PL\",\"potentialAction\":[{\"@type\":\"ReadAction\",\"target\":[\"https:\\\/\\\/racom.com.pl\\\/index.php\\\/produkt\\\/pgytech-filtr-uv-do-dji-mavic-air-2-p-16a-032\\\/\"]}]},{\"@type\":\"ImageObject\",\"inLanguage\":\"pl-PL\",\"@id\":\"https:\\\/\\\/racom.com.pl\\\/index.php\\\/produkt\\\/pgytech-filtr-uv-do-dji-mavic-air-2-p-16a-032\\\/#primaryimage\",\"url\":\"https:\\\/\\\/racom.com.pl\\\/wp-content\\\/uploads\\\/2025\\\/07\\\/allegro_687a6576bf6679.69316933_daf0b842423e8f4dfeda0969d41a.jpg\",\"contentUrl\":\"https:\\\/\\\/racom.com.pl\\\/wp-content\\\/uploads\\\/2025\\\/07\\\/allegro_687a6576bf6679.69316933_daf0b842423e8f4dfeda0969d41a.jpg\",\"width\":1920,\"height\":600},{\"@type\":\"BreadcrumbList\",\"@id\":\"https:\\\/\\\/racom.com.pl\\\/index.php\\\/produkt\\\/pgytech-filtr-uv-do-dji-mavic-air-2-p-16a-032\\\/#breadcrumb\",\"itemListElement\":[{\"@type\":\"ListItem\",\"position\":1,\"name\":\"Strona g\u0142\u00f3wna\",\"item\":\"https:\\\/\\\/racom.com.pl\\\/\"},{\"@type\":\"ListItem\",\"position\":2,\"name\":\"Sklep\",\"item\":\"https:\\\/\\\/racom.com.pl\\\/\"},{\"@type\":\"ListItem\",\"position\":3,\"name\":\"PGYTECH FILTR UV do DJI Mavic Air 2 (P-16A-032)\"}]},{\"@type\":\"WebSite\",\"@id\":\"https:\\\/\\\/racom.com.pl\\\/#website\",\"url\":\"https:\\\/\\\/racom.com.pl\\\/\",\"name\":\"Mix Market - Supermarket z wszystkim co potrzeba do domu i nie tylko\",\"description\":\"\",\"publisher\":{\"@id\":\"https:\\\/\\\/racom.com.pl\\\/#organization\"},\"potentialAction\":[{\"@type\":\"SearchAction\",\"target\":{\"@type\":\"EntryPoint\",\"urlTemplate\":\"https:\\\/\\\/racom.com.pl\\\/?s={search_term_string}\"},\"query-input\":{\"@type\":\"PropertyValueSpecification\",\"valueRequired\":true,\"valueName\":\"search_term_string\"}}],\"inLanguage\":\"pl-PL\"},{\"@type\":\"Organization\",\"@id\":\"https:\\\/\\\/racom.com.pl\\\/#organization\",\"name\":\"Mix Market - Supermarket z wszystkim co potrzeba do domu i nie tylko\",\"url\":\"https:\\\/\\\/racom.com.pl\\\/\",\"logo\":{\"@type\":\"ImageObject\",\"inLanguage\":\"pl-PL\",\"@id\":\"https:\\\/\\\/racom.com.pl\\\/#\\\/schema\\\/logo\\\/image\\\/\",\"url\":\"https:\\\/\\\/racom.com.pl\\\/wp-content\\\/uploads\\\/2025\\\/07\\\/mixmarket_logo.png\",\"contentUrl\":\"https:\\\/\\\/racom.com.pl\\\/wp-content\\\/uploads\\\/2025\\\/07\\\/mixmarket_logo.png\",\"width\":1024,\"height\":1024,\"caption\":\"Mix Market - Supermarket z wszystkim co potrzeba do domu i nie tylko\"},\"image\":{\"@id\":\"https:\\\/\\\/racom.com.pl\\\/#\\\/schema\\\/logo\\\/image\\\/\"}}]}<\/script>\n<!-- \/ Yoast SEO plugin. -->","yoast_head_json":{"title":"PGYTECH FILTR UV do DJI Mavic Air 2 (P-16A-032) - Mix Market - Supermarket z wszystkim co potrzeba","robots":{"index":"index","follow":"follow","max-snippet":"max-snippet:-1","max-image-preview":"max-image-preview:large","max-video-preview":"max-video-preview:-1"},"canonical":"https:\/\/racom.com.pl\/index.php\/produkt\/pgytech-filtr-uv-do-dji-mavic-air-2-p-16a-032\/","og_locale":"pl_PL","og_type":"article","og_title":"PGYTECH FILTR UV do DJI Mavic Air 2 (P-16A-032) - Mix Market - Supermarket z wszystkim co potrzeba","og_description":"Filtr UV PGYTECH do DJI Mavic Air 2 (P-16A-032) Najwy\u017csza jako\u015b\u0107 Filtr posiada tward\u0105 pow\u0142ok\u0119, kt\u00f3ra chroni obiektyw i oraz czujniki, zapobiegaj\u0105c przedostawaniu si\u0119 \u015bwiat\u0142a UV do aparatu. Blokuje niebieskie \u015bwiat\u0142o, kt\u00f3re podczas fotografowania na otwartych przestrzeniach takich jak morze czy du\u017ce pola, zapobiega powstawaniu na zdj\u0119ciu niebieskich oraz bia\u0142ych prze\u015bwit\u00f3w. Uzyskaj pi\u0119kne smugi Zapobiega [&hellip;]","og_url":"https:\/\/racom.com.pl\/index.php\/produkt\/pgytech-filtr-uv-do-dji-mavic-air-2-p-16a-032\/","og_site_name":"Mix Market - Supermarket z wszystkim co potrzeba","og_image":[{"width":1920,"height":600,"url":"https:\/\/racom.com.pl\/wp-content\/uploads\/2025\/07\/allegro_687a6576bf6679.69316933_daf0b842423e8f4dfeda0969d41a.jpg","type":"image\/jpeg"}],"twitter_card":"summary_large_image","twitter_misc":{"Szacowany czas czytania":"2 minuty"},"schema":{"@context":"https:\/\/schema.org","@graph":[{"@type":"WebPage","@id":"https:\/\/racom.com.pl\/index.php\/produkt\/pgytech-filtr-uv-do-dji-mavic-air-2-p-16a-032\/","url":"https:\/\/racom.com.pl\/index.php\/produkt\/pgytech-filtr-uv-do-dji-mavic-air-2-p-16a-032\/","name":"PGYTECH FILTR UV do DJI Mavic Air 2 (P-16A-032) - Mix Market - Supermarket z wszystkim co potrzeba","isPartOf":{"@id":"https:\/\/racom.com.pl\/#website"},"primaryImageOfPage":{"@id":"https:\/\/racom.com.pl\/index.php\/produkt\/pgytech-filtr-uv-do-dji-mavic-air-2-p-16a-032\/#primaryimage"},"image":{"@id":"https:\/\/racom.com.pl\/index.php\/produkt\/pgytech-filtr-uv-do-dji-mavic-air-2-p-16a-032\/#primaryimage"},"thumbnailUrl":"https:\/\/racom.com.pl\/wp-content\/uploads\/2025\/07\/allegro_687a6576bf6679.69316933_daf0b842423e8f4dfeda0969d41a.jpg","datePublished":"2025-07-18T15:16:49+00:00","breadcrumb":{"@id":"https:\/\/racom.com.pl\/index.php\/produkt\/pgytech-filtr-uv-do-dji-mavic-air-2-p-16a-032\/#breadcrumb"},"inLanguage":"pl-PL","potentialAction":[{"@type":"ReadAction","target":["https:\/\/racom.com.pl\/index.php\/produkt\/pgytech-filtr-uv-do-dji-mavic-air-2-p-16a-032\/"]}]},{"@type":"ImageObject","inLanguage":"pl-PL","@id":"https:\/\/racom.com.pl\/index.php\/produkt\/pgytech-filtr-uv-do-dji-mavic-air-2-p-16a-032\/#primaryimage","url":"https:\/\/racom.com.pl\/wp-content\/uploads\/2025\/07\/allegro_687a6576bf6679.69316933_daf0b842423e8f4dfeda0969d41a.jpg","contentUrl":"https:\/\/racom.com.pl\/wp-content\/uploads\/2025\/07\/allegro_687a6576bf6679.69316933_daf0b842423e8f4dfeda0969d41a.jpg","width":1920,"height":600},{"@type":"BreadcrumbList","@id":"https:\/\/racom.com.pl\/index.php\/produkt\/pgytech-filtr-uv-do-dji-mavic-air-2-p-16a-032\/#breadcrumb","itemListElement":[{"@type":"ListItem","position":1,"name":"Strona g\u0142\u00f3wna","item":"https:\/\/racom.com.pl\/"},{"@type":"ListItem","position":2,"name":"Sklep","item":"https:\/\/racom.com.pl\/"},{"@type":"ListItem","position":3,"name":"PGYTECH FILTR UV do DJI Mavic Air 2 (P-16A-032)"}]},{"@type":"WebSite","@id":"https:\/\/racom.com.pl\/#website","url":"https:\/\/racom.com.pl\/","name":"Mix Market - Supermarket z wszystkim co potrzeba do domu i nie tylko","description":"","publisher":{"@id":"https:\/\/racom.com.pl\/#organization"},"potentialAction":[{"@type":"SearchAction","target":{"@type":"EntryPoint","urlTemplate":"https:\/\/racom.com.pl\/?s={search_term_string}"},"query-input":{"@type":"PropertyValueSpecification","valueRequired":true,"valueName":"search_term_string"}}],"inLanguage":"pl-PL"},{"@type":"Organization","@id":"https:\/\/racom.com.pl\/#organization","name":"Mix Market - Supermarket z wszystkim co potrzeba do domu i nie tylko","url":"https:\/\/racom.com.pl\/","logo":{"@type":"ImageObject","inLanguage":"pl-PL","@id":"https:\/\/racom.com.pl\/#\/schema\/logo\/image\/","url":"https:\/\/racom.com.pl\/wp-content\/uploads\/2025\/07\/mixmarket_logo.png","contentUrl":"https:\/\/racom.com.pl\/wp-content\/uploads\/2025\/07\/mixmarket_logo.png","width":1024,"height":1024,"caption":"Mix Market - Supermarket z wszystkim co potrzeba do domu i nie tylko"},"image":{"@id":"https:\/\/racom.com.pl\/#\/schema\/logo\/image\/"}}]}},"_links":{"self":[{"href":"https:\/\/racom.com.pl\/index.php\/wp-json\/wp\/v2\/product\/196","targetHints":{"allow":["GET"]}}],"collection":[{"href":"https:\/\/racom.com.pl\/index.php\/wp-json\/wp\/v2\/product"}],"about":[{"href":"https:\/\/racom.com.pl\/index.php\/wp-json\/wp\/v2\/types\/product"}],"replies":[{"embeddable":true,"href":"https:\/\/racom.com.pl\/index.php\/wp-json\/wp\/v2\/comments?post=196"}],"wp:featuredmedia":[{"embeddable":true,"href":"https:\/\/racom.com.pl\/index.php\/wp-json\/wp\/v2\/media\/202"}],"wp:attachment":[{"href":"https:\/\/racom.com.pl\/index.php\/wp-json\/wp\/v2\/media?parent=196"}],"wp:term":[{"taxonomy":"product_brand","embeddable":true,"href":"https:\/\/racom.com.pl\/index.php\/wp-json\/wp\/v2\/product_brand?post=196"},{"taxonomy":"product_cat","embeddable":true,"href":"https:\/\/racom.com.pl\/index.php\/wp-json\/wp\/v2\/product_cat?post=196"},{"taxonomy":"product_tag","embeddable":true,"href":"https:\/\/racom.com.pl\/index.php\/wp-json\/wp\/v2\/product_tag?post=196"}],"curies":[{"name":"wp","href":"https:\/\/api.w.org\/{rel}","templated":true}]}}