{"id":1998,"date":"2025-07-18T21:19:53","date_gmt":"2025-07-18T19:19:53","guid":{"rendered":"http:\/\/192.168.2.106\/index.php\/produkt\/sok-cytrynowy-w-saszetkach-rioba-100sztuk-x-4ml-400ml\/"},"modified":"2025-07-18T21:19:53","modified_gmt":"2025-07-18T19:19:53","slug":"sok-cytrynowy-w-saszetkach-rioba-100sztuk-x-4ml-400ml","status":"publish","type":"product","link":"https:\/\/racom.com.pl\/index.php\/produkt\/sok-cytrynowy-w-saszetkach-rioba-100sztuk-x-4ml-400ml\/","title":{"rendered":"Sok cytrynowy w saszetkach Rioba 100sztuk x 4ml \/ 400ml"},"content":{"rendered":"<h2>Sok Cytrynowy w Saszetkach do Herbaty na Wynos &#8211; 100 saszetek<\/h2>\n<p>Sok cytrynowy ze skoncentrowanego soku cytrynowego<\/p>\n<p>Opakowanie zawiera 100 pojedy\u0144czych saszetek!<\/p>\n<p>Idealnie sprawdzi si\u0119 do Twojego napoju!<\/p>\n<p><b>Cechy Produktu:<\/b><\/p>\n<p><b>&#8211; Opakowanie: <\/b>100 saszetek (ka\u017cda 4ml soku)<\/p>\n<p><b>&#8211; Smak: <\/b>\u015awie\u017cy sok cytrynowy<\/p>\n<p><b>&#8211; Zastosowanie:<\/b> Idealne do herbaty na wynos, lemoniady i napoj\u00f3w orze\u017awiaj\u0105cych<\/p>\n<p><b>&#8211; \u0141atwo\u015b\u0107 U\u017cycia:<\/b> Prosta i szybka metoda przygotowywania ulubionych napoj\u00f3w<\/p>\n<p><b>&#8211; Praktyczno\u015b\u0107:<\/b> Doskona\u0142e do zabrania ze sob\u0105 &#8211; idealne do u\u017cycia w podr\u00f3\u017cy, w biurze, czy na pikniku<\/p>\n<p><b>Sok Cytrynowy w Saszetkach to:<\/b><\/p>\n<p>&#8211; Wyj\u0105tkowy smak \u015bwie\u017co wyci\u015bni\u0119tego soku cytrynowego<\/p>\n<p>&#8211; \u0141atwo\u015b\u0107 i szybko\u015b\u0107 przygotowania<\/p>\n<p>&#8211; Praktyczne opakowanie, idealne do zabrania w podr\u00f3\u017c<\/p>\n<p><b>Wiadomo\u015b\u0107 dodatkowa:<\/b><\/p>\n<p>Odkryj \u015bwie\u017co\u015b\u0107 cytrynowego smaku w ka\u017cdej fili\u017cance z Sokiem Cytrynowym w Saszetkach &#8211; idealnym dodatkiem do Twojej herbaty!<\/p>\n","protected":false},"excerpt":{"rendered":"<p>Sok Cytrynowy w Saszetkach do Herbaty na Wynos &#8211; 100 saszetek Sok cytrynowy ze skoncentrowanego soku cytrynowego Opakowanie zawiera 100 pojedy\u0144czych saszetek! Idealnie sprawdzi si\u0119 do Twojego napoju! Cechy Produktu: &#8211; Opakowanie: 100 saszetek (ka\u017cda 4ml soku) &#8211; Smak: \u015awie\u017cy sok cytrynowy &#8211; Zastosowanie: Idealne do herbaty na wynos, lemoniady i napoj\u00f3w orze\u017awiaj\u0105cych &#8211; \u0141atwo\u015b\u0107 [&hellip;]<\/p>\n","protected":false},"featured_media":2001,"comment_status":"open","ping_status":"closed","template":"","meta":[],"product_brand":[117],"product_cat":[116],"product_tag":[],"class_list":{"0":"post-1998","1":"product","2":"type-product","3":"status-publish","4":"has-post-thumbnail","6":"product_brand-rioba","7":"product_cat-napoje-i-akcesoria","9":"first","10":"instock","11":"taxable","12":"shipping-taxable","13":"purchasable","14":"product-type-simple"},"yoast_head":"<!-- This site is optimized with the Yoast SEO plugin v27.3 - https:\/\/yoast.com\/product\/yoast-seo-wordpress\/ -->\n<title>Sok cytrynowy w saszetkach Rioba 100sztuk x 4ml \/ 400ml - Mix Market - Supermarket z wszystkim co potrzeba<\/title>\n<meta name=\"robots\" content=\"index, follow, max-snippet:-1, max-image-preview:large, max-video-preview:-1\" \/>\n<link rel=\"canonical\" href=\"https:\/\/racom.com.pl\/index.php\/produkt\/sok-cytrynowy-w-saszetkach-rioba-100sztuk-x-4ml-400ml\/\" \/>\n<meta property=\"og:locale\" content=\"pl_PL\" \/>\n<meta property=\"og:type\" content=\"article\" \/>\n<meta property=\"og:title\" content=\"Sok cytrynowy w saszetkach Rioba 100sztuk x 4ml \/ 400ml - Mix Market - Supermarket z wszystkim co potrzeba\" \/>\n<meta property=\"og:description\" content=\"Sok Cytrynowy w Saszetkach do Herbaty na Wynos &#8211; 100 saszetek Sok cytrynowy ze skoncentrowanego soku cytrynowego Opakowanie zawiera 100 pojedy\u0144czych saszetek! Idealnie sprawdzi si\u0119 do Twojego napoju! Cechy Produktu: &#8211; Opakowanie: 100 saszetek (ka\u017cda 4ml soku) &#8211; Smak: \u015awie\u017cy sok cytrynowy &#8211; Zastosowanie: Idealne do herbaty na wynos, lemoniady i napoj\u00f3w orze\u017awiaj\u0105cych &#8211; \u0141atwo\u015b\u0107 [&hellip;]\" \/>\n<meta property=\"og:url\" content=\"https:\/\/racom.com.pl\/index.php\/produkt\/sok-cytrynowy-w-saszetkach-rioba-100sztuk-x-4ml-400ml\/\" \/>\n<meta property=\"og:site_name\" content=\"Mix Market - Supermarket z wszystkim co potrzeba\" \/>\n<meta property=\"og:image\" content=\"https:\/\/racom.com.pl\/wp-content\/uploads\/2025\/07\/allegro_687a9e87dd8487.20132506_c5f510cf43978ce07adf4269ff92.jpg\" \/>\n\t<meta property=\"og:image:width\" content=\"800\" \/>\n\t<meta property=\"og:image:height\" content=\"800\" \/>\n\t<meta property=\"og:image:type\" content=\"image\/jpeg\" \/>\n<meta name=\"twitter:card\" content=\"summary_large_image\" \/>\n<meta name=\"twitter:label1\" content=\"Szacowany czas czytania\" \/>\n\t<meta name=\"twitter:data1\" content=\"1 minuta\" \/>\n<script type=\"application\/ld+json\" class=\"yoast-schema-graph\">{\"@context\":\"https:\\\/\\\/schema.org\",\"@graph\":[{\"@type\":\"WebPage\",\"@id\":\"https:\\\/\\\/racom.com.pl\\\/index.php\\\/produkt\\\/sok-cytrynowy-w-saszetkach-rioba-100sztuk-x-4ml-400ml\\\/\",\"url\":\"https:\\\/\\\/racom.com.pl\\\/index.php\\\/produkt\\\/sok-cytrynowy-w-saszetkach-rioba-100sztuk-x-4ml-400ml\\\/\",\"name\":\"Sok cytrynowy w saszetkach Rioba 100sztuk x 4ml \\\/ 400ml - Mix Market - Supermarket z wszystkim co potrzeba\",\"isPartOf\":{\"@id\":\"https:\\\/\\\/racom.com.pl\\\/#website\"},\"primaryImageOfPage\":{\"@id\":\"https:\\\/\\\/racom.com.pl\\\/index.php\\\/produkt\\\/sok-cytrynowy-w-saszetkach-rioba-100sztuk-x-4ml-400ml\\\/#primaryimage\"},\"image\":{\"@id\":\"https:\\\/\\\/racom.com.pl\\\/index.php\\\/produkt\\\/sok-cytrynowy-w-saszetkach-rioba-100sztuk-x-4ml-400ml\\\/#primaryimage\"},\"thumbnailUrl\":\"https:\\\/\\\/racom.com.pl\\\/wp-content\\\/uploads\\\/2025\\\/07\\\/allegro_687a9e87dd8487.20132506_c5f510cf43978ce07adf4269ff92.jpg\",\"datePublished\":\"2025-07-18T19:19:53+00:00\",\"breadcrumb\":{\"@id\":\"https:\\\/\\\/racom.com.pl\\\/index.php\\\/produkt\\\/sok-cytrynowy-w-saszetkach-rioba-100sztuk-x-4ml-400ml\\\/#breadcrumb\"},\"inLanguage\":\"pl-PL\",\"potentialAction\":[{\"@type\":\"ReadAction\",\"target\":[\"https:\\\/\\\/racom.com.pl\\\/index.php\\\/produkt\\\/sok-cytrynowy-w-saszetkach-rioba-100sztuk-x-4ml-400ml\\\/\"]}]},{\"@type\":\"ImageObject\",\"inLanguage\":\"pl-PL\",\"@id\":\"https:\\\/\\\/racom.com.pl\\\/index.php\\\/produkt\\\/sok-cytrynowy-w-saszetkach-rioba-100sztuk-x-4ml-400ml\\\/#primaryimage\",\"url\":\"https:\\\/\\\/racom.com.pl\\\/wp-content\\\/uploads\\\/2025\\\/07\\\/allegro_687a9e87dd8487.20132506_c5f510cf43978ce07adf4269ff92.jpg\",\"contentUrl\":\"https:\\\/\\\/racom.com.pl\\\/wp-content\\\/uploads\\\/2025\\\/07\\\/allegro_687a9e87dd8487.20132506_c5f510cf43978ce07adf4269ff92.jpg\",\"width\":800,\"height\":800},{\"@type\":\"BreadcrumbList\",\"@id\":\"https:\\\/\\\/racom.com.pl\\\/index.php\\\/produkt\\\/sok-cytrynowy-w-saszetkach-rioba-100sztuk-x-4ml-400ml\\\/#breadcrumb\",\"itemListElement\":[{\"@type\":\"ListItem\",\"position\":1,\"name\":\"Strona g\u0142\u00f3wna\",\"item\":\"https:\\\/\\\/racom.com.pl\\\/\"},{\"@type\":\"ListItem\",\"position\":2,\"name\":\"Sklep\",\"item\":\"https:\\\/\\\/racom.com.pl\\\/\"},{\"@type\":\"ListItem\",\"position\":3,\"name\":\"Sok cytrynowy w saszetkach Rioba 100sztuk x 4ml \\\/ 400ml\"}]},{\"@type\":\"WebSite\",\"@id\":\"https:\\\/\\\/racom.com.pl\\\/#website\",\"url\":\"https:\\\/\\\/racom.com.pl\\\/\",\"name\":\"Mix Market - Supermarket z wszystkim co potrzeba do domu i nie tylko\",\"description\":\"\",\"publisher\":{\"@id\":\"https:\\\/\\\/racom.com.pl\\\/#organization\"},\"potentialAction\":[{\"@type\":\"SearchAction\",\"target\":{\"@type\":\"EntryPoint\",\"urlTemplate\":\"https:\\\/\\\/racom.com.pl\\\/?s={search_term_string}\"},\"query-input\":{\"@type\":\"PropertyValueSpecification\",\"valueRequired\":true,\"valueName\":\"search_term_string\"}}],\"inLanguage\":\"pl-PL\"},{\"@type\":\"Organization\",\"@id\":\"https:\\\/\\\/racom.com.pl\\\/#organization\",\"name\":\"Mix Market - Supermarket z wszystkim co potrzeba do domu i nie tylko\",\"url\":\"https:\\\/\\\/racom.com.pl\\\/\",\"logo\":{\"@type\":\"ImageObject\",\"inLanguage\":\"pl-PL\",\"@id\":\"https:\\\/\\\/racom.com.pl\\\/#\\\/schema\\\/logo\\\/image\\\/\",\"url\":\"https:\\\/\\\/racom.com.pl\\\/wp-content\\\/uploads\\\/2025\\\/07\\\/mixmarket_logo.png\",\"contentUrl\":\"https:\\\/\\\/racom.com.pl\\\/wp-content\\\/uploads\\\/2025\\\/07\\\/mixmarket_logo.png\",\"width\":1024,\"height\":1024,\"caption\":\"Mix Market - Supermarket z wszystkim co potrzeba do domu i nie tylko\"},\"image\":{\"@id\":\"https:\\\/\\\/racom.com.pl\\\/#\\\/schema\\\/logo\\\/image\\\/\"}}]}<\/script>\n<!-- \/ Yoast SEO plugin. -->","yoast_head_json":{"title":"Sok cytrynowy w saszetkach Rioba 100sztuk x 4ml \/ 400ml - Mix Market - Supermarket z wszystkim co potrzeba","robots":{"index":"index","follow":"follow","max-snippet":"max-snippet:-1","max-image-preview":"max-image-preview:large","max-video-preview":"max-video-preview:-1"},"canonical":"https:\/\/racom.com.pl\/index.php\/produkt\/sok-cytrynowy-w-saszetkach-rioba-100sztuk-x-4ml-400ml\/","og_locale":"pl_PL","og_type":"article","og_title":"Sok cytrynowy w saszetkach Rioba 100sztuk x 4ml \/ 400ml - Mix Market - Supermarket z wszystkim co potrzeba","og_description":"Sok Cytrynowy w Saszetkach do Herbaty na Wynos &#8211; 100 saszetek Sok cytrynowy ze skoncentrowanego soku cytrynowego Opakowanie zawiera 100 pojedy\u0144czych saszetek! Idealnie sprawdzi si\u0119 do Twojego napoju! Cechy Produktu: &#8211; Opakowanie: 100 saszetek (ka\u017cda 4ml soku) &#8211; Smak: \u015awie\u017cy sok cytrynowy &#8211; Zastosowanie: Idealne do herbaty na wynos, lemoniady i napoj\u00f3w orze\u017awiaj\u0105cych &#8211; \u0141atwo\u015b\u0107 [&hellip;]","og_url":"https:\/\/racom.com.pl\/index.php\/produkt\/sok-cytrynowy-w-saszetkach-rioba-100sztuk-x-4ml-400ml\/","og_site_name":"Mix Market - Supermarket z wszystkim co potrzeba","og_image":[{"width":800,"height":800,"url":"https:\/\/racom.com.pl\/wp-content\/uploads\/2025\/07\/allegro_687a9e87dd8487.20132506_c5f510cf43978ce07adf4269ff92.jpg","type":"image\/jpeg"}],"twitter_card":"summary_large_image","twitter_misc":{"Szacowany czas czytania":"1 minuta"},"schema":{"@context":"https:\/\/schema.org","@graph":[{"@type":"WebPage","@id":"https:\/\/racom.com.pl\/index.php\/produkt\/sok-cytrynowy-w-saszetkach-rioba-100sztuk-x-4ml-400ml\/","url":"https:\/\/racom.com.pl\/index.php\/produkt\/sok-cytrynowy-w-saszetkach-rioba-100sztuk-x-4ml-400ml\/","name":"Sok cytrynowy w saszetkach Rioba 100sztuk x 4ml \/ 400ml - Mix Market - Supermarket z wszystkim co potrzeba","isPartOf":{"@id":"https:\/\/racom.com.pl\/#website"},"primaryImageOfPage":{"@id":"https:\/\/racom.com.pl\/index.php\/produkt\/sok-cytrynowy-w-saszetkach-rioba-100sztuk-x-4ml-400ml\/#primaryimage"},"image":{"@id":"https:\/\/racom.com.pl\/index.php\/produkt\/sok-cytrynowy-w-saszetkach-rioba-100sztuk-x-4ml-400ml\/#primaryimage"},"thumbnailUrl":"https:\/\/racom.com.pl\/wp-content\/uploads\/2025\/07\/allegro_687a9e87dd8487.20132506_c5f510cf43978ce07adf4269ff92.jpg","datePublished":"2025-07-18T19:19:53+00:00","breadcrumb":{"@id":"https:\/\/racom.com.pl\/index.php\/produkt\/sok-cytrynowy-w-saszetkach-rioba-100sztuk-x-4ml-400ml\/#breadcrumb"},"inLanguage":"pl-PL","potentialAction":[{"@type":"ReadAction","target":["https:\/\/racom.com.pl\/index.php\/produkt\/sok-cytrynowy-w-saszetkach-rioba-100sztuk-x-4ml-400ml\/"]}]},{"@type":"ImageObject","inLanguage":"pl-PL","@id":"https:\/\/racom.com.pl\/index.php\/produkt\/sok-cytrynowy-w-saszetkach-rioba-100sztuk-x-4ml-400ml\/#primaryimage","url":"https:\/\/racom.com.pl\/wp-content\/uploads\/2025\/07\/allegro_687a9e87dd8487.20132506_c5f510cf43978ce07adf4269ff92.jpg","contentUrl":"https:\/\/racom.com.pl\/wp-content\/uploads\/2025\/07\/allegro_687a9e87dd8487.20132506_c5f510cf43978ce07adf4269ff92.jpg","width":800,"height":800},{"@type":"BreadcrumbList","@id":"https:\/\/racom.com.pl\/index.php\/produkt\/sok-cytrynowy-w-saszetkach-rioba-100sztuk-x-4ml-400ml\/#breadcrumb","itemListElement":[{"@type":"ListItem","position":1,"name":"Strona g\u0142\u00f3wna","item":"https:\/\/racom.com.pl\/"},{"@type":"ListItem","position":2,"name":"Sklep","item":"https:\/\/racom.com.pl\/"},{"@type":"ListItem","position":3,"name":"Sok cytrynowy w saszetkach Rioba 100sztuk x 4ml \/ 400ml"}]},{"@type":"WebSite","@id":"https:\/\/racom.com.pl\/#website","url":"https:\/\/racom.com.pl\/","name":"Mix Market - Supermarket z wszystkim co potrzeba do domu i nie tylko","description":"","publisher":{"@id":"https:\/\/racom.com.pl\/#organization"},"potentialAction":[{"@type":"SearchAction","target":{"@type":"EntryPoint","urlTemplate":"https:\/\/racom.com.pl\/?s={search_term_string}"},"query-input":{"@type":"PropertyValueSpecification","valueRequired":true,"valueName":"search_term_string"}}],"inLanguage":"pl-PL"},{"@type":"Organization","@id":"https:\/\/racom.com.pl\/#organization","name":"Mix Market - Supermarket z wszystkim co potrzeba do domu i nie tylko","url":"https:\/\/racom.com.pl\/","logo":{"@type":"ImageObject","inLanguage":"pl-PL","@id":"https:\/\/racom.com.pl\/#\/schema\/logo\/image\/","url":"https:\/\/racom.com.pl\/wp-content\/uploads\/2025\/07\/mixmarket_logo.png","contentUrl":"https:\/\/racom.com.pl\/wp-content\/uploads\/2025\/07\/mixmarket_logo.png","width":1024,"height":1024,"caption":"Mix Market - Supermarket z wszystkim co potrzeba do domu i nie tylko"},"image":{"@id":"https:\/\/racom.com.pl\/#\/schema\/logo\/image\/"}}]}},"_links":{"self":[{"href":"https:\/\/racom.com.pl\/index.php\/wp-json\/wp\/v2\/product\/1998","targetHints":{"allow":["GET"]}}],"collection":[{"href":"https:\/\/racom.com.pl\/index.php\/wp-json\/wp\/v2\/product"}],"about":[{"href":"https:\/\/racom.com.pl\/index.php\/wp-json\/wp\/v2\/types\/product"}],"replies":[{"embeddable":true,"href":"https:\/\/racom.com.pl\/index.php\/wp-json\/wp\/v2\/comments?post=1998"}],"wp:featuredmedia":[{"embeddable":true,"href":"https:\/\/racom.com.pl\/index.php\/wp-json\/wp\/v2\/media\/2001"}],"wp:attachment":[{"href":"https:\/\/racom.com.pl\/index.php\/wp-json\/wp\/v2\/media?parent=1998"}],"wp:term":[{"taxonomy":"product_brand","embeddable":true,"href":"https:\/\/racom.com.pl\/index.php\/wp-json\/wp\/v2\/product_brand?post=1998"},{"taxonomy":"product_cat","embeddable":true,"href":"https:\/\/racom.com.pl\/index.php\/wp-json\/wp\/v2\/product_cat?post=1998"},{"taxonomy":"product_tag","embeddable":true,"href":"https:\/\/racom.com.pl\/index.php\/wp-json\/wp\/v2\/product_tag?post=1998"}],"curies":[{"name":"wp","href":"https:\/\/api.w.org\/{rel}","templated":true}]}}