{"id":2031,"date":"2025-07-18T21:25:25","date_gmt":"2025-07-18T19:25:25","guid":{"rendered":"http:\/\/192.168.2.106\/index.php\/produkt\/sos-czosnkowy-lagodny-fanex-do-kebabow-burgerow-duza-butelka-950g\/"},"modified":"2025-07-18T21:25:25","modified_gmt":"2025-07-18T19:25:25","slug":"sos-czosnkowy-lagodny-fanex-do-kebabow-burgerow-duza-butelka-950g","status":"publish","type":"product","link":"https:\/\/racom.com.pl\/index.php\/produkt\/sos-czosnkowy-lagodny-fanex-do-kebabow-burgerow-duza-butelka-950g\/","title":{"rendered":"Sos czosnkowy \u0141agodny FANEX do kebab\u00f3w burger\u00f3w du\u017ca butelka 950g"},"content":{"rendered":"<h2>Sos czosnkowy FANEX &#8211; 950g<\/h2>\n<p>Numer FANEX &#8211; 03<\/p>\n<p>Aromatyczny sos czosnkowy firmy Fanex. Idealny do burger\u00f3w, kebab\u00f3w i da\u0144 mi\u0119snych.<\/p>\n<p><b>Sk\u0142adniki:<\/b><\/p>\n<p>Olej rzepakowy, woda, cukier, ocet spirytusowy, musztarda (woda, ocet, gorczyca, cukier, s\u00f3l), mleko w proszku, s\u00f3l, ekstrakt czosnku i czosnek granulowany (1,1%), skrobia modyfikowana, substancje zag\u0119szczaj\u0105ce (guma guar, guma ksantanowa), substancje konserwuj\u0105ce (benzoesan sodu, sorbinian potasu), regulator kwasowo\u015bci (kwas cytrynowy), barwnik (beta karoten), aromat, przeciwutleniacz (s\u00f3l wapniowo-disodowa EDTA).<\/p>\n<p><b>Warto\u015b\u0107 od\u017cywcza w 100g produktu:<\/b><\/p>\n<p>Warto\u015b\u0107 energetyczna: 1838kJ \/ 447kcal; T\u0142uszcz: 46g &#8211; w tym kwasy t\u0142uszczowe nasycone 3,3g; W\u0119glowodany: 6,1g &#8211; w tym cukry 4,5g;&nbsp; Bia\u0142ko: 0,8g; S\u00f3l: 1,4g.<\/p>\n<p><b>Spos\u00f3b u\u017cycia:<\/b><\/p>\n<p>Idealny do da\u0144 mi\u0119snych, pizzy, hot-dog\u00f3w oraz do da\u0144 z grilla. To kulinarny niezb\u0119dnik, kt\u00f3ry sprawdzi si\u0119 w ka\u017cdej kuchni!<\/p>\n<p><b>Spos\u00f3b przechowywania:<\/b><\/p>\n<p>Rekomendowana temperatura przechowywania: 5-25 \u00b0 C.<\/p>\n<p>Produkt nale\u017cy przechowywa\u0107 w pomieszczeniach czystych i suchych.<\/p>\n","protected":false},"excerpt":{"rendered":"<p>Sos czosnkowy FANEX &#8211; 950g Numer FANEX &#8211; 03 Aromatyczny sos czosnkowy firmy Fanex. Idealny do burger\u00f3w, kebab\u00f3w i da\u0144 mi\u0119snych. Sk\u0142adniki: Olej rzepakowy, woda, cukier, ocet spirytusowy, musztarda (woda, ocet, gorczyca, cukier, s\u00f3l), mleko w proszku, s\u00f3l, ekstrakt czosnku i czosnek granulowany (1,1%), skrobia modyfikowana, substancje zag\u0119szczaj\u0105ce (guma guar, guma ksantanowa), substancje konserwuj\u0105ce (benzoesan [&hellip;]<\/p>\n","protected":false},"featured_media":2035,"comment_status":"open","ping_status":"closed","template":"","meta":[],"product_brand":[110],"product_cat":[109],"product_tag":[],"class_list":{"0":"post-2031","1":"product","2":"type-product","3":"status-publish","4":"has-post-thumbnail","6":"product_brand-fanex","7":"product_cat-sosy-kanapkowe-i-dressingi","9":"first","10":"instock","11":"taxable","12":"shipping-taxable","13":"purchasable","14":"product-type-simple"},"yoast_head":"<!-- This site is optimized with the Yoast SEO plugin v27.3 - https:\/\/yoast.com\/product\/yoast-seo-wordpress\/ -->\n<title>Sos czosnkowy \u0141agodny FANEX do kebab\u00f3w burger\u00f3w du\u017ca butelka 950g - Mix Market - Supermarket z wszystkim co potrzeba<\/title>\n<meta name=\"robots\" content=\"index, follow, max-snippet:-1, max-image-preview:large, max-video-preview:-1\" \/>\n<link rel=\"canonical\" href=\"https:\/\/racom.com.pl\/index.php\/produkt\/sos-czosnkowy-lagodny-fanex-do-kebabow-burgerow-duza-butelka-950g\/\" \/>\n<meta property=\"og:locale\" content=\"pl_PL\" \/>\n<meta property=\"og:type\" content=\"article\" \/>\n<meta property=\"og:title\" content=\"Sos czosnkowy \u0141agodny FANEX do kebab\u00f3w burger\u00f3w du\u017ca butelka 950g - Mix Market - Supermarket z wszystkim co potrzeba\" \/>\n<meta property=\"og:description\" content=\"Sos czosnkowy FANEX &#8211; 950g Numer FANEX &#8211; 03 Aromatyczny sos czosnkowy firmy Fanex. Idealny do burger\u00f3w, kebab\u00f3w i da\u0144 mi\u0119snych. Sk\u0142adniki: Olej rzepakowy, woda, cukier, ocet spirytusowy, musztarda (woda, ocet, gorczyca, cukier, s\u00f3l), mleko w proszku, s\u00f3l, ekstrakt czosnku i czosnek granulowany (1,1%), skrobia modyfikowana, substancje zag\u0119szczaj\u0105ce (guma guar, guma ksantanowa), substancje konserwuj\u0105ce (benzoesan [&hellip;]\" \/>\n<meta property=\"og:url\" content=\"https:\/\/racom.com.pl\/index.php\/produkt\/sos-czosnkowy-lagodny-fanex-do-kebabow-burgerow-duza-butelka-950g\/\" \/>\n<meta property=\"og:site_name\" content=\"Mix Market - Supermarket z wszystkim co potrzeba\" \/>\n<meta property=\"og:image\" content=\"https:\/\/racom.com.pl\/wp-content\/uploads\/2025\/07\/allegro_687a9fd77881a1.28903458_ff84e241455ea8dec8f03aa4174f.jpg\" \/>\n\t<meta property=\"og:image:width\" content=\"2560\" \/>\n\t<meta property=\"og:image:height\" content=\"1922\" \/>\n\t<meta property=\"og:image:type\" content=\"image\/jpeg\" \/>\n<meta name=\"twitter:card\" content=\"summary_large_image\" \/>\n<meta name=\"twitter:label1\" content=\"Szacowany czas czytania\" \/>\n\t<meta name=\"twitter:data1\" content=\"1 minuta\" \/>\n<script type=\"application\/ld+json\" class=\"yoast-schema-graph\">{\"@context\":\"https:\\\/\\\/schema.org\",\"@graph\":[{\"@type\":\"WebPage\",\"@id\":\"https:\\\/\\\/racom.com.pl\\\/index.php\\\/produkt\\\/sos-czosnkowy-lagodny-fanex-do-kebabow-burgerow-duza-butelka-950g\\\/\",\"url\":\"https:\\\/\\\/racom.com.pl\\\/index.php\\\/produkt\\\/sos-czosnkowy-lagodny-fanex-do-kebabow-burgerow-duza-butelka-950g\\\/\",\"name\":\"Sos czosnkowy \u0141agodny FANEX do kebab\u00f3w burger\u00f3w du\u017ca butelka 950g - Mix Market - Supermarket z wszystkim co potrzeba\",\"isPartOf\":{\"@id\":\"https:\\\/\\\/racom.com.pl\\\/#website\"},\"primaryImageOfPage\":{\"@id\":\"https:\\\/\\\/racom.com.pl\\\/index.php\\\/produkt\\\/sos-czosnkowy-lagodny-fanex-do-kebabow-burgerow-duza-butelka-950g\\\/#primaryimage\"},\"image\":{\"@id\":\"https:\\\/\\\/racom.com.pl\\\/index.php\\\/produkt\\\/sos-czosnkowy-lagodny-fanex-do-kebabow-burgerow-duza-butelka-950g\\\/#primaryimage\"},\"thumbnailUrl\":\"https:\\\/\\\/racom.com.pl\\\/wp-content\\\/uploads\\\/2025\\\/07\\\/allegro_687a9fd77881a1.28903458_ff84e241455ea8dec8f03aa4174f.jpg\",\"datePublished\":\"2025-07-18T19:25:25+00:00\",\"breadcrumb\":{\"@id\":\"https:\\\/\\\/racom.com.pl\\\/index.php\\\/produkt\\\/sos-czosnkowy-lagodny-fanex-do-kebabow-burgerow-duza-butelka-950g\\\/#breadcrumb\"},\"inLanguage\":\"pl-PL\",\"potentialAction\":[{\"@type\":\"ReadAction\",\"target\":[\"https:\\\/\\\/racom.com.pl\\\/index.php\\\/produkt\\\/sos-czosnkowy-lagodny-fanex-do-kebabow-burgerow-duza-butelka-950g\\\/\"]}]},{\"@type\":\"ImageObject\",\"inLanguage\":\"pl-PL\",\"@id\":\"https:\\\/\\\/racom.com.pl\\\/index.php\\\/produkt\\\/sos-czosnkowy-lagodny-fanex-do-kebabow-burgerow-duza-butelka-950g\\\/#primaryimage\",\"url\":\"https:\\\/\\\/racom.com.pl\\\/wp-content\\\/uploads\\\/2025\\\/07\\\/allegro_687a9fd77881a1.28903458_ff84e241455ea8dec8f03aa4174f.jpg\",\"contentUrl\":\"https:\\\/\\\/racom.com.pl\\\/wp-content\\\/uploads\\\/2025\\\/07\\\/allegro_687a9fd77881a1.28903458_ff84e241455ea8dec8f03aa4174f.jpg\",\"width\":2560,\"height\":1922},{\"@type\":\"BreadcrumbList\",\"@id\":\"https:\\\/\\\/racom.com.pl\\\/index.php\\\/produkt\\\/sos-czosnkowy-lagodny-fanex-do-kebabow-burgerow-duza-butelka-950g\\\/#breadcrumb\",\"itemListElement\":[{\"@type\":\"ListItem\",\"position\":1,\"name\":\"Strona g\u0142\u00f3wna\",\"item\":\"https:\\\/\\\/racom.com.pl\\\/\"},{\"@type\":\"ListItem\",\"position\":2,\"name\":\"Sklep\",\"item\":\"https:\\\/\\\/racom.com.pl\\\/\"},{\"@type\":\"ListItem\",\"position\":3,\"name\":\"Sos czosnkowy \u0141agodny FANEX do kebab\u00f3w burger\u00f3w du\u017ca butelka 950g\"}]},{\"@type\":\"WebSite\",\"@id\":\"https:\\\/\\\/racom.com.pl\\\/#website\",\"url\":\"https:\\\/\\\/racom.com.pl\\\/\",\"name\":\"Mix Market - Supermarket z wszystkim co potrzeba do domu i nie tylko\",\"description\":\"\",\"publisher\":{\"@id\":\"https:\\\/\\\/racom.com.pl\\\/#organization\"},\"potentialAction\":[{\"@type\":\"SearchAction\",\"target\":{\"@type\":\"EntryPoint\",\"urlTemplate\":\"https:\\\/\\\/racom.com.pl\\\/?s={search_term_string}\"},\"query-input\":{\"@type\":\"PropertyValueSpecification\",\"valueRequired\":true,\"valueName\":\"search_term_string\"}}],\"inLanguage\":\"pl-PL\"},{\"@type\":\"Organization\",\"@id\":\"https:\\\/\\\/racom.com.pl\\\/#organization\",\"name\":\"Mix Market - Supermarket z wszystkim co potrzeba do domu i nie tylko\",\"url\":\"https:\\\/\\\/racom.com.pl\\\/\",\"logo\":{\"@type\":\"ImageObject\",\"inLanguage\":\"pl-PL\",\"@id\":\"https:\\\/\\\/racom.com.pl\\\/#\\\/schema\\\/logo\\\/image\\\/\",\"url\":\"https:\\\/\\\/racom.com.pl\\\/wp-content\\\/uploads\\\/2025\\\/07\\\/mixmarket_logo.png\",\"contentUrl\":\"https:\\\/\\\/racom.com.pl\\\/wp-content\\\/uploads\\\/2025\\\/07\\\/mixmarket_logo.png\",\"width\":1024,\"height\":1024,\"caption\":\"Mix Market - Supermarket z wszystkim co potrzeba do domu i nie tylko\"},\"image\":{\"@id\":\"https:\\\/\\\/racom.com.pl\\\/#\\\/schema\\\/logo\\\/image\\\/\"}}]}<\/script>\n<!-- \/ Yoast SEO plugin. -->","yoast_head_json":{"title":"Sos czosnkowy \u0141agodny FANEX do kebab\u00f3w burger\u00f3w du\u017ca butelka 950g - Mix Market - Supermarket z wszystkim co potrzeba","robots":{"index":"index","follow":"follow","max-snippet":"max-snippet:-1","max-image-preview":"max-image-preview:large","max-video-preview":"max-video-preview:-1"},"canonical":"https:\/\/racom.com.pl\/index.php\/produkt\/sos-czosnkowy-lagodny-fanex-do-kebabow-burgerow-duza-butelka-950g\/","og_locale":"pl_PL","og_type":"article","og_title":"Sos czosnkowy \u0141agodny FANEX do kebab\u00f3w burger\u00f3w du\u017ca butelka 950g - Mix Market - Supermarket z wszystkim co potrzeba","og_description":"Sos czosnkowy FANEX &#8211; 950g Numer FANEX &#8211; 03 Aromatyczny sos czosnkowy firmy Fanex. Idealny do burger\u00f3w, kebab\u00f3w i da\u0144 mi\u0119snych. Sk\u0142adniki: Olej rzepakowy, woda, cukier, ocet spirytusowy, musztarda (woda, ocet, gorczyca, cukier, s\u00f3l), mleko w proszku, s\u00f3l, ekstrakt czosnku i czosnek granulowany (1,1%), skrobia modyfikowana, substancje zag\u0119szczaj\u0105ce (guma guar, guma ksantanowa), substancje konserwuj\u0105ce (benzoesan [&hellip;]","og_url":"https:\/\/racom.com.pl\/index.php\/produkt\/sos-czosnkowy-lagodny-fanex-do-kebabow-burgerow-duza-butelka-950g\/","og_site_name":"Mix Market - Supermarket z wszystkim co potrzeba","og_image":[{"width":2560,"height":1922,"url":"https:\/\/racom.com.pl\/wp-content\/uploads\/2025\/07\/allegro_687a9fd77881a1.28903458_ff84e241455ea8dec8f03aa4174f.jpg","type":"image\/jpeg"}],"twitter_card":"summary_large_image","twitter_misc":{"Szacowany czas czytania":"1 minuta"},"schema":{"@context":"https:\/\/schema.org","@graph":[{"@type":"WebPage","@id":"https:\/\/racom.com.pl\/index.php\/produkt\/sos-czosnkowy-lagodny-fanex-do-kebabow-burgerow-duza-butelka-950g\/","url":"https:\/\/racom.com.pl\/index.php\/produkt\/sos-czosnkowy-lagodny-fanex-do-kebabow-burgerow-duza-butelka-950g\/","name":"Sos czosnkowy \u0141agodny FANEX do kebab\u00f3w burger\u00f3w du\u017ca butelka 950g - Mix Market - Supermarket z wszystkim co potrzeba","isPartOf":{"@id":"https:\/\/racom.com.pl\/#website"},"primaryImageOfPage":{"@id":"https:\/\/racom.com.pl\/index.php\/produkt\/sos-czosnkowy-lagodny-fanex-do-kebabow-burgerow-duza-butelka-950g\/#primaryimage"},"image":{"@id":"https:\/\/racom.com.pl\/index.php\/produkt\/sos-czosnkowy-lagodny-fanex-do-kebabow-burgerow-duza-butelka-950g\/#primaryimage"},"thumbnailUrl":"https:\/\/racom.com.pl\/wp-content\/uploads\/2025\/07\/allegro_687a9fd77881a1.28903458_ff84e241455ea8dec8f03aa4174f.jpg","datePublished":"2025-07-18T19:25:25+00:00","breadcrumb":{"@id":"https:\/\/racom.com.pl\/index.php\/produkt\/sos-czosnkowy-lagodny-fanex-do-kebabow-burgerow-duza-butelka-950g\/#breadcrumb"},"inLanguage":"pl-PL","potentialAction":[{"@type":"ReadAction","target":["https:\/\/racom.com.pl\/index.php\/produkt\/sos-czosnkowy-lagodny-fanex-do-kebabow-burgerow-duza-butelka-950g\/"]}]},{"@type":"ImageObject","inLanguage":"pl-PL","@id":"https:\/\/racom.com.pl\/index.php\/produkt\/sos-czosnkowy-lagodny-fanex-do-kebabow-burgerow-duza-butelka-950g\/#primaryimage","url":"https:\/\/racom.com.pl\/wp-content\/uploads\/2025\/07\/allegro_687a9fd77881a1.28903458_ff84e241455ea8dec8f03aa4174f.jpg","contentUrl":"https:\/\/racom.com.pl\/wp-content\/uploads\/2025\/07\/allegro_687a9fd77881a1.28903458_ff84e241455ea8dec8f03aa4174f.jpg","width":2560,"height":1922},{"@type":"BreadcrumbList","@id":"https:\/\/racom.com.pl\/index.php\/produkt\/sos-czosnkowy-lagodny-fanex-do-kebabow-burgerow-duza-butelka-950g\/#breadcrumb","itemListElement":[{"@type":"ListItem","position":1,"name":"Strona g\u0142\u00f3wna","item":"https:\/\/racom.com.pl\/"},{"@type":"ListItem","position":2,"name":"Sklep","item":"https:\/\/racom.com.pl\/"},{"@type":"ListItem","position":3,"name":"Sos czosnkowy \u0141agodny FANEX do kebab\u00f3w burger\u00f3w du\u017ca butelka 950g"}]},{"@type":"WebSite","@id":"https:\/\/racom.com.pl\/#website","url":"https:\/\/racom.com.pl\/","name":"Mix Market - Supermarket z wszystkim co potrzeba do domu i nie tylko","description":"","publisher":{"@id":"https:\/\/racom.com.pl\/#organization"},"potentialAction":[{"@type":"SearchAction","target":{"@type":"EntryPoint","urlTemplate":"https:\/\/racom.com.pl\/?s={search_term_string}"},"query-input":{"@type":"PropertyValueSpecification","valueRequired":true,"valueName":"search_term_string"}}],"inLanguage":"pl-PL"},{"@type":"Organization","@id":"https:\/\/racom.com.pl\/#organization","name":"Mix Market - Supermarket z wszystkim co potrzeba do domu i nie tylko","url":"https:\/\/racom.com.pl\/","logo":{"@type":"ImageObject","inLanguage":"pl-PL","@id":"https:\/\/racom.com.pl\/#\/schema\/logo\/image\/","url":"https:\/\/racom.com.pl\/wp-content\/uploads\/2025\/07\/mixmarket_logo.png","contentUrl":"https:\/\/racom.com.pl\/wp-content\/uploads\/2025\/07\/mixmarket_logo.png","width":1024,"height":1024,"caption":"Mix Market - Supermarket z wszystkim co potrzeba do domu i nie tylko"},"image":{"@id":"https:\/\/racom.com.pl\/#\/schema\/logo\/image\/"}}]}},"_links":{"self":[{"href":"https:\/\/racom.com.pl\/index.php\/wp-json\/wp\/v2\/product\/2031","targetHints":{"allow":["GET"]}}],"collection":[{"href":"https:\/\/racom.com.pl\/index.php\/wp-json\/wp\/v2\/product"}],"about":[{"href":"https:\/\/racom.com.pl\/index.php\/wp-json\/wp\/v2\/types\/product"}],"replies":[{"embeddable":true,"href":"https:\/\/racom.com.pl\/index.php\/wp-json\/wp\/v2\/comments?post=2031"}],"wp:featuredmedia":[{"embeddable":true,"href":"https:\/\/racom.com.pl\/index.php\/wp-json\/wp\/v2\/media\/2035"}],"wp:attachment":[{"href":"https:\/\/racom.com.pl\/index.php\/wp-json\/wp\/v2\/media?parent=2031"}],"wp:term":[{"taxonomy":"product_brand","embeddable":true,"href":"https:\/\/racom.com.pl\/index.php\/wp-json\/wp\/v2\/product_brand?post=2031"},{"taxonomy":"product_cat","embeddable":true,"href":"https:\/\/racom.com.pl\/index.php\/wp-json\/wp\/v2\/product_cat?post=2031"},{"taxonomy":"product_tag","embeddable":true,"href":"https:\/\/racom.com.pl\/index.php\/wp-json\/wp\/v2\/product_tag?post=2031"}],"curies":[{"name":"wp","href":"https:\/\/api.w.org\/{rel}","templated":true}]}}