{"id":2060,"date":"2025-07-18T21:32:41","date_gmt":"2025-07-18T19:32:41","guid":{"rendered":"http:\/\/192.168.2.106\/index.php\/produkt\/sos-rybny-house-of-asia-700-ml\/"},"modified":"2025-07-18T21:32:41","modified_gmt":"2025-07-18T19:32:41","slug":"sos-rybny-house-of-asia-700-ml","status":"publish","type":"product","link":"https:\/\/racom.com.pl\/index.php\/produkt\/sos-rybny-house-of-asia-700-ml\/","title":{"rendered":"Sos rybny House of Asia 700 ml"},"content":{"rendered":"<h2>HOUSE OF ASIA SOS RYBNY 700 ML<\/h2>\n<p>Je\u015bli szukasz wyj\u0105tkowego sosu, kt\u00f3ry doda Twoim potrawom orientalnego smaku, to <b>HOUSE OF ASIA SOS RYBNY 700 ML<\/b> jest idealnym wyborem dla Ciebie! Ten aromatyczny sos rybny to nie tylko doskona\u0142y dodatek do da\u0144 kuchni azjatyckiej, ale tak\u017ce \u015bwietnie sprawdzi si\u0119 w kuchni europejskiej, dodaj\u0105c niepowtarzalnego smaku i aromatu.<\/p>\n<p><b>HOUSE OF ASIA SOS RYBNY 700 ML<\/b> to produkt najwy\u017cszej jako\u015bci, kt\u00f3ry powsta\u0142 z my\u015bl\u0105 o wymagaj\u0105cych konsumentach. Sos zosta\u0142 przygotowany z naturalnych sk\u0142adnik\u00f3w, bez dodatku sztucznych barwnik\u00f3w i konserwant\u00f3w. Dzi\u0119ki temu mo\u017cesz mie\u0107 pewno\u015b\u0107, \u017ce wybierasz produkt zdrowy i bezpieczny dla swojego organizmu.<\/p>\n<p><b>Sk\u0142ad:<\/b><\/p>\n<ul>\n<li>woda<\/li>\n<li>ryby (sardynki, anchois)<\/li>\n<li>s\u00f3l<\/li>\n<li>cukier<\/li>\n<li>ekstrakt dro\u017cd\u017cowy<\/li>\n<li>karmel<\/li>\n<li>kwas mlekowy<\/li>\n<\/ul>\n<p><b>HOUSE OF ASIA SOS RYBNY 700 ML<\/b> to produkt, kt\u00f3ry z pewno\u015bci\u0105 zadowoli nawet najbardziej wymagaj\u0105cych smakoszy. Jego intensywny smak i aromat sprawi\u0105, \u017ce Twoje potrawy nabior\u0105 zupe\u0142nie nowego wymiaru. Sos rybny doskonale komponuje si\u0119 z mi\u0119sem, warzywami, makaronem i ry\u017cem, dzi\u0119ki czemu mo\u017cesz wykorzysta\u0107 go w wielu r\u00f3\u017cnych daniach.<\/p>\n<p>Nie czekaj d\u0142u\u017cej i ju\u017c dzi\u015b si\u0119gnij po <b>HOUSE OF ASIA SOS RYBNY 700 ML<\/b>! Ten wyj\u0105tkowy produkt to nie tylko doskona\u0142y dodatek do Twoich potraw, ale tak\u017ce spos\u00f3b na odkrycie nowych smak\u00f3w i aromat\u00f3w kuchni azjatyckiej. Zam\u00f3w ju\u017c teraz i ciesz si\u0119 smakiem Azji w swoim domu!<\/p>\n","protected":false},"excerpt":{"rendered":"<p>HOUSE OF ASIA SOS RYBNY 700 ML Je\u015bli szukasz wyj\u0105tkowego sosu, kt\u00f3ry doda Twoim potrawom orientalnego smaku, to HOUSE OF ASIA SOS RYBNY 700 ML jest idealnym wyborem dla Ciebie! Ten aromatyczny sos rybny to nie tylko doskona\u0142y dodatek do da\u0144 kuchni azjatyckiej, ale tak\u017ce \u015bwietnie sprawdzi si\u0119 w kuchni europejskiej, dodaj\u0105c niepowtarzalnego smaku i [&hellip;]<\/p>\n","protected":false},"featured_media":2062,"comment_status":"open","ping_status":"closed","template":"","meta":[],"product_brand":[122],"product_cat":[109],"product_tag":[],"class_list":{"0":"post-2060","1":"product","2":"type-product","3":"status-publish","4":"has-post-thumbnail","6":"product_brand-house-of-asia","7":"product_cat-sosy-kanapkowe-i-dressingi","9":"first","10":"instock","11":"taxable","12":"shipping-taxable","13":"purchasable","14":"product-type-simple"},"yoast_head":"<!-- This site is optimized with the Yoast SEO plugin v27.3 - https:\/\/yoast.com\/product\/yoast-seo-wordpress\/ -->\n<title>Sos rybny House of Asia 700 ml - Mix Market - Supermarket z wszystkim co potrzeba<\/title>\n<meta name=\"robots\" content=\"index, follow, max-snippet:-1, max-image-preview:large, max-video-preview:-1\" \/>\n<link rel=\"canonical\" href=\"https:\/\/racom.com.pl\/index.php\/produkt\/sos-rybny-house-of-asia-700-ml\/\" \/>\n<meta property=\"og:locale\" content=\"pl_PL\" \/>\n<meta property=\"og:type\" content=\"article\" \/>\n<meta property=\"og:title\" content=\"Sos rybny House of Asia 700 ml - Mix Market - Supermarket z wszystkim co potrzeba\" \/>\n<meta property=\"og:description\" content=\"HOUSE OF ASIA SOS RYBNY 700 ML Je\u015bli szukasz wyj\u0105tkowego sosu, kt\u00f3ry doda Twoim potrawom orientalnego smaku, to HOUSE OF ASIA SOS RYBNY 700 ML jest idealnym wyborem dla Ciebie! Ten aromatyczny sos rybny to nie tylko doskona\u0142y dodatek do da\u0144 kuchni azjatyckiej, ale tak\u017ce \u015bwietnie sprawdzi si\u0119 w kuchni europejskiej, dodaj\u0105c niepowtarzalnego smaku i [&hellip;]\" \/>\n<meta property=\"og:url\" content=\"https:\/\/racom.com.pl\/index.php\/produkt\/sos-rybny-house-of-asia-700-ml\/\" \/>\n<meta property=\"og:site_name\" content=\"Mix Market - Supermarket z wszystkim co potrzeba\" \/>\n<meta property=\"og:image\" content=\"https:\/\/racom.com.pl\/wp-content\/uploads\/2025\/07\/allegro_687aa1812972e8.91413613_ad9a25c7456f90ad27982d717123.jpg\" \/>\n\t<meta property=\"og:image:width\" content=\"1289\" \/>\n\t<meta property=\"og:image:height\" content=\"2560\" \/>\n\t<meta property=\"og:image:type\" content=\"image\/jpeg\" \/>\n<meta name=\"twitter:card\" content=\"summary_large_image\" \/>\n<meta name=\"twitter:label1\" content=\"Szacowany czas czytania\" \/>\n\t<meta name=\"twitter:data1\" content=\"1 minuta\" \/>\n<script type=\"application\/ld+json\" class=\"yoast-schema-graph\">{\"@context\":\"https:\\\/\\\/schema.org\",\"@graph\":[{\"@type\":\"WebPage\",\"@id\":\"https:\\\/\\\/racom.com.pl\\\/index.php\\\/produkt\\\/sos-rybny-house-of-asia-700-ml\\\/\",\"url\":\"https:\\\/\\\/racom.com.pl\\\/index.php\\\/produkt\\\/sos-rybny-house-of-asia-700-ml\\\/\",\"name\":\"Sos rybny House of Asia 700 ml - Mix Market - Supermarket z wszystkim co potrzeba\",\"isPartOf\":{\"@id\":\"https:\\\/\\\/racom.com.pl\\\/#website\"},\"primaryImageOfPage\":{\"@id\":\"https:\\\/\\\/racom.com.pl\\\/index.php\\\/produkt\\\/sos-rybny-house-of-asia-700-ml\\\/#primaryimage\"},\"image\":{\"@id\":\"https:\\\/\\\/racom.com.pl\\\/index.php\\\/produkt\\\/sos-rybny-house-of-asia-700-ml\\\/#primaryimage\"},\"thumbnailUrl\":\"https:\\\/\\\/racom.com.pl\\\/wp-content\\\/uploads\\\/2025\\\/07\\\/allegro_687aa1812972e8.91413613_ad9a25c7456f90ad27982d717123.jpg\",\"datePublished\":\"2025-07-18T19:32:41+00:00\",\"breadcrumb\":{\"@id\":\"https:\\\/\\\/racom.com.pl\\\/index.php\\\/produkt\\\/sos-rybny-house-of-asia-700-ml\\\/#breadcrumb\"},\"inLanguage\":\"pl-PL\",\"potentialAction\":[{\"@type\":\"ReadAction\",\"target\":[\"https:\\\/\\\/racom.com.pl\\\/index.php\\\/produkt\\\/sos-rybny-house-of-asia-700-ml\\\/\"]}]},{\"@type\":\"ImageObject\",\"inLanguage\":\"pl-PL\",\"@id\":\"https:\\\/\\\/racom.com.pl\\\/index.php\\\/produkt\\\/sos-rybny-house-of-asia-700-ml\\\/#primaryimage\",\"url\":\"https:\\\/\\\/racom.com.pl\\\/wp-content\\\/uploads\\\/2025\\\/07\\\/allegro_687aa1812972e8.91413613_ad9a25c7456f90ad27982d717123.jpg\",\"contentUrl\":\"https:\\\/\\\/racom.com.pl\\\/wp-content\\\/uploads\\\/2025\\\/07\\\/allegro_687aa1812972e8.91413613_ad9a25c7456f90ad27982d717123.jpg\",\"width\":1289,\"height\":2560},{\"@type\":\"BreadcrumbList\",\"@id\":\"https:\\\/\\\/racom.com.pl\\\/index.php\\\/produkt\\\/sos-rybny-house-of-asia-700-ml\\\/#breadcrumb\",\"itemListElement\":[{\"@type\":\"ListItem\",\"position\":1,\"name\":\"Strona g\u0142\u00f3wna\",\"item\":\"https:\\\/\\\/racom.com.pl\\\/\"},{\"@type\":\"ListItem\",\"position\":2,\"name\":\"Sklep\",\"item\":\"https:\\\/\\\/racom.com.pl\\\/\"},{\"@type\":\"ListItem\",\"position\":3,\"name\":\"Sos rybny House of Asia 700 ml\"}]},{\"@type\":\"WebSite\",\"@id\":\"https:\\\/\\\/racom.com.pl\\\/#website\",\"url\":\"https:\\\/\\\/racom.com.pl\\\/\",\"name\":\"Mix Market - Supermarket z wszystkim co potrzeba do domu i nie tylko\",\"description\":\"\",\"publisher\":{\"@id\":\"https:\\\/\\\/racom.com.pl\\\/#organization\"},\"potentialAction\":[{\"@type\":\"SearchAction\",\"target\":{\"@type\":\"EntryPoint\",\"urlTemplate\":\"https:\\\/\\\/racom.com.pl\\\/?s={search_term_string}\"},\"query-input\":{\"@type\":\"PropertyValueSpecification\",\"valueRequired\":true,\"valueName\":\"search_term_string\"}}],\"inLanguage\":\"pl-PL\"},{\"@type\":\"Organization\",\"@id\":\"https:\\\/\\\/racom.com.pl\\\/#organization\",\"name\":\"Mix Market - Supermarket z wszystkim co potrzeba do domu i nie tylko\",\"url\":\"https:\\\/\\\/racom.com.pl\\\/\",\"logo\":{\"@type\":\"ImageObject\",\"inLanguage\":\"pl-PL\",\"@id\":\"https:\\\/\\\/racom.com.pl\\\/#\\\/schema\\\/logo\\\/image\\\/\",\"url\":\"https:\\\/\\\/racom.com.pl\\\/wp-content\\\/uploads\\\/2025\\\/07\\\/mixmarket_logo.png\",\"contentUrl\":\"https:\\\/\\\/racom.com.pl\\\/wp-content\\\/uploads\\\/2025\\\/07\\\/mixmarket_logo.png\",\"width\":1024,\"height\":1024,\"caption\":\"Mix Market - Supermarket z wszystkim co potrzeba do domu i nie tylko\"},\"image\":{\"@id\":\"https:\\\/\\\/racom.com.pl\\\/#\\\/schema\\\/logo\\\/image\\\/\"}}]}<\/script>\n<!-- \/ Yoast SEO plugin. -->","yoast_head_json":{"title":"Sos rybny House of Asia 700 ml - Mix Market - Supermarket z wszystkim co potrzeba","robots":{"index":"index","follow":"follow","max-snippet":"max-snippet:-1","max-image-preview":"max-image-preview:large","max-video-preview":"max-video-preview:-1"},"canonical":"https:\/\/racom.com.pl\/index.php\/produkt\/sos-rybny-house-of-asia-700-ml\/","og_locale":"pl_PL","og_type":"article","og_title":"Sos rybny House of Asia 700 ml - Mix Market - Supermarket z wszystkim co potrzeba","og_description":"HOUSE OF ASIA SOS RYBNY 700 ML Je\u015bli szukasz wyj\u0105tkowego sosu, kt\u00f3ry doda Twoim potrawom orientalnego smaku, to HOUSE OF ASIA SOS RYBNY 700 ML jest idealnym wyborem dla Ciebie! Ten aromatyczny sos rybny to nie tylko doskona\u0142y dodatek do da\u0144 kuchni azjatyckiej, ale tak\u017ce \u015bwietnie sprawdzi si\u0119 w kuchni europejskiej, dodaj\u0105c niepowtarzalnego smaku i [&hellip;]","og_url":"https:\/\/racom.com.pl\/index.php\/produkt\/sos-rybny-house-of-asia-700-ml\/","og_site_name":"Mix Market - Supermarket z wszystkim co potrzeba","og_image":[{"width":1289,"height":2560,"url":"https:\/\/racom.com.pl\/wp-content\/uploads\/2025\/07\/allegro_687aa1812972e8.91413613_ad9a25c7456f90ad27982d717123.jpg","type":"image\/jpeg"}],"twitter_card":"summary_large_image","twitter_misc":{"Szacowany czas czytania":"1 minuta"},"schema":{"@context":"https:\/\/schema.org","@graph":[{"@type":"WebPage","@id":"https:\/\/racom.com.pl\/index.php\/produkt\/sos-rybny-house-of-asia-700-ml\/","url":"https:\/\/racom.com.pl\/index.php\/produkt\/sos-rybny-house-of-asia-700-ml\/","name":"Sos rybny House of Asia 700 ml - Mix Market - Supermarket z wszystkim co potrzeba","isPartOf":{"@id":"https:\/\/racom.com.pl\/#website"},"primaryImageOfPage":{"@id":"https:\/\/racom.com.pl\/index.php\/produkt\/sos-rybny-house-of-asia-700-ml\/#primaryimage"},"image":{"@id":"https:\/\/racom.com.pl\/index.php\/produkt\/sos-rybny-house-of-asia-700-ml\/#primaryimage"},"thumbnailUrl":"https:\/\/racom.com.pl\/wp-content\/uploads\/2025\/07\/allegro_687aa1812972e8.91413613_ad9a25c7456f90ad27982d717123.jpg","datePublished":"2025-07-18T19:32:41+00:00","breadcrumb":{"@id":"https:\/\/racom.com.pl\/index.php\/produkt\/sos-rybny-house-of-asia-700-ml\/#breadcrumb"},"inLanguage":"pl-PL","potentialAction":[{"@type":"ReadAction","target":["https:\/\/racom.com.pl\/index.php\/produkt\/sos-rybny-house-of-asia-700-ml\/"]}]},{"@type":"ImageObject","inLanguage":"pl-PL","@id":"https:\/\/racom.com.pl\/index.php\/produkt\/sos-rybny-house-of-asia-700-ml\/#primaryimage","url":"https:\/\/racom.com.pl\/wp-content\/uploads\/2025\/07\/allegro_687aa1812972e8.91413613_ad9a25c7456f90ad27982d717123.jpg","contentUrl":"https:\/\/racom.com.pl\/wp-content\/uploads\/2025\/07\/allegro_687aa1812972e8.91413613_ad9a25c7456f90ad27982d717123.jpg","width":1289,"height":2560},{"@type":"BreadcrumbList","@id":"https:\/\/racom.com.pl\/index.php\/produkt\/sos-rybny-house-of-asia-700-ml\/#breadcrumb","itemListElement":[{"@type":"ListItem","position":1,"name":"Strona g\u0142\u00f3wna","item":"https:\/\/racom.com.pl\/"},{"@type":"ListItem","position":2,"name":"Sklep","item":"https:\/\/racom.com.pl\/"},{"@type":"ListItem","position":3,"name":"Sos rybny House of Asia 700 ml"}]},{"@type":"WebSite","@id":"https:\/\/racom.com.pl\/#website","url":"https:\/\/racom.com.pl\/","name":"Mix Market - Supermarket z wszystkim co potrzeba do domu i nie tylko","description":"","publisher":{"@id":"https:\/\/racom.com.pl\/#organization"},"potentialAction":[{"@type":"SearchAction","target":{"@type":"EntryPoint","urlTemplate":"https:\/\/racom.com.pl\/?s={search_term_string}"},"query-input":{"@type":"PropertyValueSpecification","valueRequired":true,"valueName":"search_term_string"}}],"inLanguage":"pl-PL"},{"@type":"Organization","@id":"https:\/\/racom.com.pl\/#organization","name":"Mix Market - Supermarket z wszystkim co potrzeba do domu i nie tylko","url":"https:\/\/racom.com.pl\/","logo":{"@type":"ImageObject","inLanguage":"pl-PL","@id":"https:\/\/racom.com.pl\/#\/schema\/logo\/image\/","url":"https:\/\/racom.com.pl\/wp-content\/uploads\/2025\/07\/mixmarket_logo.png","contentUrl":"https:\/\/racom.com.pl\/wp-content\/uploads\/2025\/07\/mixmarket_logo.png","width":1024,"height":1024,"caption":"Mix Market - Supermarket z wszystkim co potrzeba do domu i nie tylko"},"image":{"@id":"https:\/\/racom.com.pl\/#\/schema\/logo\/image\/"}}]}},"_links":{"self":[{"href":"https:\/\/racom.com.pl\/index.php\/wp-json\/wp\/v2\/product\/2060","targetHints":{"allow":["GET"]}}],"collection":[{"href":"https:\/\/racom.com.pl\/index.php\/wp-json\/wp\/v2\/product"}],"about":[{"href":"https:\/\/racom.com.pl\/index.php\/wp-json\/wp\/v2\/types\/product"}],"replies":[{"embeddable":true,"href":"https:\/\/racom.com.pl\/index.php\/wp-json\/wp\/v2\/comments?post=2060"}],"wp:featuredmedia":[{"embeddable":true,"href":"https:\/\/racom.com.pl\/index.php\/wp-json\/wp\/v2\/media\/2062"}],"wp:attachment":[{"href":"https:\/\/racom.com.pl\/index.php\/wp-json\/wp\/v2\/media?parent=2060"}],"wp:term":[{"taxonomy":"product_brand","embeddable":true,"href":"https:\/\/racom.com.pl\/index.php\/wp-json\/wp\/v2\/product_brand?post=2060"},{"taxonomy":"product_cat","embeddable":true,"href":"https:\/\/racom.com.pl\/index.php\/wp-json\/wp\/v2\/product_cat?post=2060"},{"taxonomy":"product_tag","embeddable":true,"href":"https:\/\/racom.com.pl\/index.php\/wp-json\/wp\/v2\/product_tag?post=2060"}],"curies":[{"name":"wp","href":"https:\/\/api.w.org\/{rel}","templated":true}]}}