{"id":2225,"date":"2025-07-18T22:25:37","date_gmt":"2025-07-18T20:25:37","guid":{"rendered":"http:\/\/192.168.2.106\/index.php\/produkt\/herbata-czarna-ekspresowa-dilmah-ceylon-gold-100-torebek-z-zawieszka\/"},"modified":"2025-07-18T22:25:37","modified_gmt":"2025-07-18T20:25:37","slug":"herbata-czarna-ekspresowa-dilmah-ceylon-gold-100-torebek-z-zawieszka","status":"publish","type":"product","link":"https:\/\/racom.com.pl\/index.php\/produkt\/herbata-czarna-ekspresowa-dilmah-ceylon-gold-100-torebek-z-zawieszka\/","title":{"rendered":"Herbata czarna ekspresowa Dilmah Ceylon GOLD 100 torebek z zawieszk\u0105"},"content":{"rendered":"<h2>Dilmah Ceylon Gold<\/h2>\n<p><b>Klasyczna czarna herbata cejlo\u0144ska.<\/b><\/p>\n<p>100 torebek ekspresowych 2g z zawieszk\u0105 w kopercie.<\/p>\n<p>Herbata aromatyczna, o \u015bredniej mocy i g\u0142\u0119bokiej barwie. Stanowi doskonale wywa\u017con\u0105 mieszank\u0119 czarnych herbat uprawianych na wysoko po\u0142o\u017conych plantacjach. Wysokog\u00f3rskie pochodzenie nadaje jej nieco lekko\u015bci odr\u00f3\u017cniaj\u0105cej j\u0105 od podobnej pod wieloma wzgl\u0119dami Dilmah Premium Tea. Herbata uniwersalna \u2013 parzona kr\u00f3tko (ok. 3 minuty) daje lekko pobudzaj\u0105cy, \u015bniadaniowy napar, zaparzona nieco d\u0142u\u017cej (ok. 5 minut) uspokaja podczas wieczornego relaksu.<\/p>\n<h2>Sk\u0142ad i propozycja przygotowania<\/h2>\n<p><b>Sk\u0142ad: <\/b>Cejlo\u0144ska czarna herbata (li\u015b\u0107 BOPF), bez dodatk\u00f3w.<\/p>\n<p><b>Moc herbaty<\/b>: \u015arednia.<\/p>\n<p><b>Li\u015b\u0107<\/b>: BOPF<\/p>\n<p><b>Dodatki<\/b>: Najlepsza bez dodatk\u00f3w<\/p>\n<p><b>Pora dnia<\/b>: Poranek \/ popo\u0142udnie<\/p>\n<p><b>Instrukcja przygotowania: <\/b>Jedn\u0105 torebk\u0119 herbaty zala\u0107 220 ml \u015bwie\u017co zagotowanego wrz\u0105tku. Parzy\u0107 przez 3-5 minut w zale\u017cno\u015bci od preferowanej mocy naparu. Dilmah b\u0119dzie doskonale smakowa\u0107 bez dodatk\u00f3w. Mo\u017cna j\u0105 jednak os\u0142odzi\u0107 miodem lub urozmaici\u0107 poprzez dodanie naturalnych sk\u0142adnik\u00f3w, takich jak \u015bwie\u017ce li\u015bcie mi\u0119ty, imbir, cytryna, trawa cytrynowa czy kardamon.<\/p>\n<p><b>Instrukcja przechowywania: <\/b>W celu zachowania \u015bwie\u017co\u015bci i naturalnych walor\u00f3w Dilmah, przechowuj herbat\u0119 w czystym, suchym, wolnym od obcych zapach\u00f3w i szczelnym pojemniku. Najlepiej w lod\u00f3wce.<\/p>\n<p><b>Kraj pochodzenia: <\/b>Sri Lanka (dawniej Cejlon).<\/p>\n<p><b>Kraj pochodzenia sk\u0142adnika g\u0142\u00f3wnego:<\/b> Sri Lanka (dawniej Cejlon).<\/p>\n<h2>Herbaty Czarne<\/h2>\n<p>Na Cejlonie cenimy sobie lokaln\u0105 tradycj\u0119 uprawy i przetwarzania herbaty, kt\u00f3ra zapewni\u0142a herbacie cejlo\u0144skiej renom\u0119 najlepszej na \u015bwiecie.<\/p>\n<p>Od wiek\u00f3w znana jako ojczyzna najwy\u017cej jako\u015bci herbaty, Sri Lanka&nbsp; (dawniej Cejlon) szczyci si\u0119 wspania\u0142ym naturalnym bogactwem herbat maj\u0105cym swoje \u017ar\u00f3d\u0142o w wyj\u0105tkowej topografii kraju.<\/p>\n<p>Do produkcji swoich herbat Dilmah wykorzystuje jedynie najlepsze spo\u015br\u00f3d cejlo\u0144skich upraw stoj\u0105c tym samym na stra\u017cy wielowiekowego dziedzictwa przemys\u0142u herbacianego wyspy i piel\u0119gnuj\u0105c lokalne rzemios\u0142o.<\/p>\n<h2>Magia herbaty kryje si\u0119 w jej naturalnej r\u00f3\u017cnorodno\u015bci.<\/h2>\n<p>Czarne, czerwone, zielone i bia\u0142e &#8211; wszystkie herbaty Dilmah rosn\u0105 w rytmie natury. W g\u00f3rach albo nad oceanem, w tropikalnym s\u0142o\u0144cu lub w strugach deszczu. Czasem zrywane s\u0105 w ch\u0142odne poranki, a czasami w upalne popo\u0142udnia. I dlatego jedne maj\u0105 mocny smak, inne z kolei bardzo lekki. R\u00f3\u017cni\u0105 si\u0119 te\u017c kolorami napar\u00f3w &#8211; br\u0105zowymi, pomara\u0144czowymi albo nawet jasno\u017c\u00f3\u0142tymi.<\/p>\n<p>Herbaty Dilmah to dar natury, kt\u00f3ry w pe\u0142ni doceniamy.<\/p>\n<p>W naszych herbatach znajduj\u0105 si\u0119 tylko m\u0142ode, r\u0119cznie zebrane z krzewu listki daj\u0105ce najsmaczniejszy napar. Tradycyjn\u0105 metod\u0105 produkcji wydobywamy i zachowujemy ich naturalne walory, a odpowiednim opakowaniem zabezpieczamy to, co w herbacie najlepsze, a\u017c do chwili zaparzenia.<\/p>\n<h2>Rodzina Fernando to prawdziwi pasjonaci herbaty.<\/h2>\n<p>Pisz\u0105 na jej temat ksi\u0105\u017cki, wymy\u015blaj\u0105 przepisy kulinarne z jej wykorzystaniem, prowadz\u0105 kursy degustacyjne. Przede wszystkim jednak uprawiaj\u0105 herbaciane ogrody i produkuj\u0105 w\u0142asn\u0105 herbat\u0119 Dilmah. Robi\u0105 to z szacunkiem dla natury, dzi\u0119ki czemu jest tak \u015bwie\u017ca i bogata w smaki.<\/p>\n<p>Merrill, Dilhan i Malik Fernando nie tylko produkuj\u0105 herbat\u0119, ale te\u017c wzmacniaj\u0105 wi\u0119zi pomi\u0119dzy cz\u0142owiekiem i otaczaj\u0105cym go \u015bwiatem. Misj\u0105 fundacji Dilmah Conservation jest zachowanie rytmu natury &#8211; ochrona lokalnej przyrody, kt\u00f3rej cz\u0119\u015bci\u0105 s\u0105 tak\u017ce krzewy cejlo\u0144skiej herbaty.<\/p>\n","protected":false},"excerpt":{"rendered":"<p>Dilmah Ceylon Gold Klasyczna czarna herbata cejlo\u0144ska. 100 torebek ekspresowych 2g z zawieszk\u0105 w kopercie. Herbata aromatyczna, o \u015bredniej mocy i g\u0142\u0119bokiej barwie. Stanowi doskonale wywa\u017con\u0105 mieszank\u0119 czarnych herbat uprawianych na wysoko po\u0142o\u017conych plantacjach. Wysokog\u00f3rskie pochodzenie nadaje jej nieco lekko\u015bci odr\u00f3\u017cniaj\u0105cej j\u0105 od podobnej pod wieloma wzgl\u0119dami Dilmah Premium Tea. Herbata uniwersalna \u2013 parzona kr\u00f3tko [&hellip;]<\/p>\n","protected":false},"featured_media":2229,"comment_status":"open","ping_status":"closed","template":"","meta":[],"product_brand":[143],"product_cat":[141],"product_tag":[],"class_list":{"0":"post-2225","1":"product","2":"type-product","3":"status-publish","4":"has-post-thumbnail","6":"product_brand-dilmah","7":"product_cat-herbata-i-napary","9":"first","10":"instock","11":"taxable","12":"shipping-taxable","13":"purchasable","14":"product-type-simple"},"yoast_head":"<!-- This site is optimized with the Yoast SEO plugin v27.3 - https:\/\/yoast.com\/product\/yoast-seo-wordpress\/ -->\n<title>Herbata czarna ekspresowa Dilmah Ceylon GOLD 100 torebek z zawieszk\u0105 - Mix Market - Supermarket z wszystkim co potrzeba<\/title>\n<meta name=\"robots\" content=\"index, follow, max-snippet:-1, max-image-preview:large, max-video-preview:-1\" \/>\n<link rel=\"canonical\" href=\"https:\/\/racom.com.pl\/index.php\/produkt\/herbata-czarna-ekspresowa-dilmah-ceylon-gold-100-torebek-z-zawieszka\/\" \/>\n<meta property=\"og:locale\" content=\"pl_PL\" \/>\n<meta property=\"og:type\" content=\"article\" \/>\n<meta property=\"og:title\" content=\"Herbata czarna ekspresowa Dilmah Ceylon GOLD 100 torebek z zawieszk\u0105 - Mix Market - Supermarket z wszystkim co potrzeba\" \/>\n<meta property=\"og:description\" content=\"Dilmah Ceylon Gold Klasyczna czarna herbata cejlo\u0144ska. 100 torebek ekspresowych 2g z zawieszk\u0105 w kopercie. Herbata aromatyczna, o \u015bredniej mocy i g\u0142\u0119bokiej barwie. Stanowi doskonale wywa\u017con\u0105 mieszank\u0119 czarnych herbat uprawianych na wysoko po\u0142o\u017conych plantacjach. Wysokog\u00f3rskie pochodzenie nadaje jej nieco lekko\u015bci odr\u00f3\u017cniaj\u0105cej j\u0105 od podobnej pod wieloma wzgl\u0119dami Dilmah Premium Tea. Herbata uniwersalna \u2013 parzona kr\u00f3tko [&hellip;]\" \/>\n<meta property=\"og:url\" content=\"https:\/\/racom.com.pl\/index.php\/produkt\/herbata-czarna-ekspresowa-dilmah-ceylon-gold-100-torebek-z-zawieszka\/\" \/>\n<meta property=\"og:site_name\" content=\"Mix Market - Supermarket z wszystkim co potrzeba\" \/>\n<meta property=\"og:image\" content=\"https:\/\/racom.com.pl\/wp-content\/uploads\/2025\/07\/allegro_687aadeabd5484.57725262_37e9f42144a786b335b72b62330e.jpg\" \/>\n\t<meta property=\"og:image:width\" content=\"604\" \/>\n\t<meta property=\"og:image:height\" content=\"574\" \/>\n\t<meta property=\"og:image:type\" content=\"image\/jpeg\" \/>\n<meta name=\"twitter:card\" content=\"summary_large_image\" \/>\n<meta name=\"twitter:label1\" content=\"Szacowany czas czytania\" \/>\n\t<meta name=\"twitter:data1\" content=\"3 minuty\" \/>\n<script type=\"application\/ld+json\" class=\"yoast-schema-graph\">{\"@context\":\"https:\\\/\\\/schema.org\",\"@graph\":[{\"@type\":\"WebPage\",\"@id\":\"https:\\\/\\\/racom.com.pl\\\/index.php\\\/produkt\\\/herbata-czarna-ekspresowa-dilmah-ceylon-gold-100-torebek-z-zawieszka\\\/\",\"url\":\"https:\\\/\\\/racom.com.pl\\\/index.php\\\/produkt\\\/herbata-czarna-ekspresowa-dilmah-ceylon-gold-100-torebek-z-zawieszka\\\/\",\"name\":\"Herbata czarna ekspresowa Dilmah Ceylon GOLD 100 torebek z zawieszk\u0105 - Mix Market - Supermarket z wszystkim co potrzeba\",\"isPartOf\":{\"@id\":\"https:\\\/\\\/racom.com.pl\\\/#website\"},\"primaryImageOfPage\":{\"@id\":\"https:\\\/\\\/racom.com.pl\\\/index.php\\\/produkt\\\/herbata-czarna-ekspresowa-dilmah-ceylon-gold-100-torebek-z-zawieszka\\\/#primaryimage\"},\"image\":{\"@id\":\"https:\\\/\\\/racom.com.pl\\\/index.php\\\/produkt\\\/herbata-czarna-ekspresowa-dilmah-ceylon-gold-100-torebek-z-zawieszka\\\/#primaryimage\"},\"thumbnailUrl\":\"https:\\\/\\\/racom.com.pl\\\/wp-content\\\/uploads\\\/2025\\\/07\\\/allegro_687aadeabd5484.57725262_37e9f42144a786b335b72b62330e.jpg\",\"datePublished\":\"2025-07-18T20:25:37+00:00\",\"breadcrumb\":{\"@id\":\"https:\\\/\\\/racom.com.pl\\\/index.php\\\/produkt\\\/herbata-czarna-ekspresowa-dilmah-ceylon-gold-100-torebek-z-zawieszka\\\/#breadcrumb\"},\"inLanguage\":\"pl-PL\",\"potentialAction\":[{\"@type\":\"ReadAction\",\"target\":[\"https:\\\/\\\/racom.com.pl\\\/index.php\\\/produkt\\\/herbata-czarna-ekspresowa-dilmah-ceylon-gold-100-torebek-z-zawieszka\\\/\"]}]},{\"@type\":\"ImageObject\",\"inLanguage\":\"pl-PL\",\"@id\":\"https:\\\/\\\/racom.com.pl\\\/index.php\\\/produkt\\\/herbata-czarna-ekspresowa-dilmah-ceylon-gold-100-torebek-z-zawieszka\\\/#primaryimage\",\"url\":\"https:\\\/\\\/racom.com.pl\\\/wp-content\\\/uploads\\\/2025\\\/07\\\/allegro_687aadeabd5484.57725262_37e9f42144a786b335b72b62330e.jpg\",\"contentUrl\":\"https:\\\/\\\/racom.com.pl\\\/wp-content\\\/uploads\\\/2025\\\/07\\\/allegro_687aadeabd5484.57725262_37e9f42144a786b335b72b62330e.jpg\",\"width\":604,\"height\":574},{\"@type\":\"BreadcrumbList\",\"@id\":\"https:\\\/\\\/racom.com.pl\\\/index.php\\\/produkt\\\/herbata-czarna-ekspresowa-dilmah-ceylon-gold-100-torebek-z-zawieszka\\\/#breadcrumb\",\"itemListElement\":[{\"@type\":\"ListItem\",\"position\":1,\"name\":\"Strona g\u0142\u00f3wna\",\"item\":\"https:\\\/\\\/racom.com.pl\\\/\"},{\"@type\":\"ListItem\",\"position\":2,\"name\":\"Sklep\",\"item\":\"https:\\\/\\\/racom.com.pl\\\/\"},{\"@type\":\"ListItem\",\"position\":3,\"name\":\"Herbata czarna ekspresowa Dilmah Ceylon GOLD 100 torebek z zawieszk\u0105\"}]},{\"@type\":\"WebSite\",\"@id\":\"https:\\\/\\\/racom.com.pl\\\/#website\",\"url\":\"https:\\\/\\\/racom.com.pl\\\/\",\"name\":\"Mix Market - Supermarket z wszystkim co potrzeba do domu i nie tylko\",\"description\":\"\",\"publisher\":{\"@id\":\"https:\\\/\\\/racom.com.pl\\\/#organization\"},\"potentialAction\":[{\"@type\":\"SearchAction\",\"target\":{\"@type\":\"EntryPoint\",\"urlTemplate\":\"https:\\\/\\\/racom.com.pl\\\/?s={search_term_string}\"},\"query-input\":{\"@type\":\"PropertyValueSpecification\",\"valueRequired\":true,\"valueName\":\"search_term_string\"}}],\"inLanguage\":\"pl-PL\"},{\"@type\":\"Organization\",\"@id\":\"https:\\\/\\\/racom.com.pl\\\/#organization\",\"name\":\"Mix Market - Supermarket z wszystkim co potrzeba do domu i nie tylko\",\"url\":\"https:\\\/\\\/racom.com.pl\\\/\",\"logo\":{\"@type\":\"ImageObject\",\"inLanguage\":\"pl-PL\",\"@id\":\"https:\\\/\\\/racom.com.pl\\\/#\\\/schema\\\/logo\\\/image\\\/\",\"url\":\"https:\\\/\\\/racom.com.pl\\\/wp-content\\\/uploads\\\/2025\\\/07\\\/mixmarket_logo.png\",\"contentUrl\":\"https:\\\/\\\/racom.com.pl\\\/wp-content\\\/uploads\\\/2025\\\/07\\\/mixmarket_logo.png\",\"width\":1024,\"height\":1024,\"caption\":\"Mix Market - Supermarket z wszystkim co potrzeba do domu i nie tylko\"},\"image\":{\"@id\":\"https:\\\/\\\/racom.com.pl\\\/#\\\/schema\\\/logo\\\/image\\\/\"}}]}<\/script>\n<!-- \/ Yoast SEO plugin. -->","yoast_head_json":{"title":"Herbata czarna ekspresowa Dilmah Ceylon GOLD 100 torebek z zawieszk\u0105 - Mix Market - Supermarket z wszystkim co potrzeba","robots":{"index":"index","follow":"follow","max-snippet":"max-snippet:-1","max-image-preview":"max-image-preview:large","max-video-preview":"max-video-preview:-1"},"canonical":"https:\/\/racom.com.pl\/index.php\/produkt\/herbata-czarna-ekspresowa-dilmah-ceylon-gold-100-torebek-z-zawieszka\/","og_locale":"pl_PL","og_type":"article","og_title":"Herbata czarna ekspresowa Dilmah Ceylon GOLD 100 torebek z zawieszk\u0105 - Mix Market - Supermarket z wszystkim co potrzeba","og_description":"Dilmah Ceylon Gold Klasyczna czarna herbata cejlo\u0144ska. 100 torebek ekspresowych 2g z zawieszk\u0105 w kopercie. Herbata aromatyczna, o \u015bredniej mocy i g\u0142\u0119bokiej barwie. Stanowi doskonale wywa\u017con\u0105 mieszank\u0119 czarnych herbat uprawianych na wysoko po\u0142o\u017conych plantacjach. Wysokog\u00f3rskie pochodzenie nadaje jej nieco lekko\u015bci odr\u00f3\u017cniaj\u0105cej j\u0105 od podobnej pod wieloma wzgl\u0119dami Dilmah Premium Tea. Herbata uniwersalna \u2013 parzona kr\u00f3tko [&hellip;]","og_url":"https:\/\/racom.com.pl\/index.php\/produkt\/herbata-czarna-ekspresowa-dilmah-ceylon-gold-100-torebek-z-zawieszka\/","og_site_name":"Mix Market - Supermarket z wszystkim co potrzeba","og_image":[{"width":604,"height":574,"url":"https:\/\/racom.com.pl\/wp-content\/uploads\/2025\/07\/allegro_687aadeabd5484.57725262_37e9f42144a786b335b72b62330e.jpg","type":"image\/jpeg"}],"twitter_card":"summary_large_image","twitter_misc":{"Szacowany czas czytania":"3 minuty"},"schema":{"@context":"https:\/\/schema.org","@graph":[{"@type":"WebPage","@id":"https:\/\/racom.com.pl\/index.php\/produkt\/herbata-czarna-ekspresowa-dilmah-ceylon-gold-100-torebek-z-zawieszka\/","url":"https:\/\/racom.com.pl\/index.php\/produkt\/herbata-czarna-ekspresowa-dilmah-ceylon-gold-100-torebek-z-zawieszka\/","name":"Herbata czarna ekspresowa Dilmah Ceylon GOLD 100 torebek z zawieszk\u0105 - Mix Market - Supermarket z wszystkim co potrzeba","isPartOf":{"@id":"https:\/\/racom.com.pl\/#website"},"primaryImageOfPage":{"@id":"https:\/\/racom.com.pl\/index.php\/produkt\/herbata-czarna-ekspresowa-dilmah-ceylon-gold-100-torebek-z-zawieszka\/#primaryimage"},"image":{"@id":"https:\/\/racom.com.pl\/index.php\/produkt\/herbata-czarna-ekspresowa-dilmah-ceylon-gold-100-torebek-z-zawieszka\/#primaryimage"},"thumbnailUrl":"https:\/\/racom.com.pl\/wp-content\/uploads\/2025\/07\/allegro_687aadeabd5484.57725262_37e9f42144a786b335b72b62330e.jpg","datePublished":"2025-07-18T20:25:37+00:00","breadcrumb":{"@id":"https:\/\/racom.com.pl\/index.php\/produkt\/herbata-czarna-ekspresowa-dilmah-ceylon-gold-100-torebek-z-zawieszka\/#breadcrumb"},"inLanguage":"pl-PL","potentialAction":[{"@type":"ReadAction","target":["https:\/\/racom.com.pl\/index.php\/produkt\/herbata-czarna-ekspresowa-dilmah-ceylon-gold-100-torebek-z-zawieszka\/"]}]},{"@type":"ImageObject","inLanguage":"pl-PL","@id":"https:\/\/racom.com.pl\/index.php\/produkt\/herbata-czarna-ekspresowa-dilmah-ceylon-gold-100-torebek-z-zawieszka\/#primaryimage","url":"https:\/\/racom.com.pl\/wp-content\/uploads\/2025\/07\/allegro_687aadeabd5484.57725262_37e9f42144a786b335b72b62330e.jpg","contentUrl":"https:\/\/racom.com.pl\/wp-content\/uploads\/2025\/07\/allegro_687aadeabd5484.57725262_37e9f42144a786b335b72b62330e.jpg","width":604,"height":574},{"@type":"BreadcrumbList","@id":"https:\/\/racom.com.pl\/index.php\/produkt\/herbata-czarna-ekspresowa-dilmah-ceylon-gold-100-torebek-z-zawieszka\/#breadcrumb","itemListElement":[{"@type":"ListItem","position":1,"name":"Strona g\u0142\u00f3wna","item":"https:\/\/racom.com.pl\/"},{"@type":"ListItem","position":2,"name":"Sklep","item":"https:\/\/racom.com.pl\/"},{"@type":"ListItem","position":3,"name":"Herbata czarna ekspresowa Dilmah Ceylon GOLD 100 torebek z zawieszk\u0105"}]},{"@type":"WebSite","@id":"https:\/\/racom.com.pl\/#website","url":"https:\/\/racom.com.pl\/","name":"Mix Market - Supermarket z wszystkim co potrzeba do domu i nie tylko","description":"","publisher":{"@id":"https:\/\/racom.com.pl\/#organization"},"potentialAction":[{"@type":"SearchAction","target":{"@type":"EntryPoint","urlTemplate":"https:\/\/racom.com.pl\/?s={search_term_string}"},"query-input":{"@type":"PropertyValueSpecification","valueRequired":true,"valueName":"search_term_string"}}],"inLanguage":"pl-PL"},{"@type":"Organization","@id":"https:\/\/racom.com.pl\/#organization","name":"Mix Market - Supermarket z wszystkim co potrzeba do domu i nie tylko","url":"https:\/\/racom.com.pl\/","logo":{"@type":"ImageObject","inLanguage":"pl-PL","@id":"https:\/\/racom.com.pl\/#\/schema\/logo\/image\/","url":"https:\/\/racom.com.pl\/wp-content\/uploads\/2025\/07\/mixmarket_logo.png","contentUrl":"https:\/\/racom.com.pl\/wp-content\/uploads\/2025\/07\/mixmarket_logo.png","width":1024,"height":1024,"caption":"Mix Market - Supermarket z wszystkim co potrzeba do domu i nie tylko"},"image":{"@id":"https:\/\/racom.com.pl\/#\/schema\/logo\/image\/"}}]}},"_links":{"self":[{"href":"https:\/\/racom.com.pl\/index.php\/wp-json\/wp\/v2\/product\/2225","targetHints":{"allow":["GET"]}}],"collection":[{"href":"https:\/\/racom.com.pl\/index.php\/wp-json\/wp\/v2\/product"}],"about":[{"href":"https:\/\/racom.com.pl\/index.php\/wp-json\/wp\/v2\/types\/product"}],"replies":[{"embeddable":true,"href":"https:\/\/racom.com.pl\/index.php\/wp-json\/wp\/v2\/comments?post=2225"}],"wp:featuredmedia":[{"embeddable":true,"href":"https:\/\/racom.com.pl\/index.php\/wp-json\/wp\/v2\/media\/2229"}],"wp:attachment":[{"href":"https:\/\/racom.com.pl\/index.php\/wp-json\/wp\/v2\/media?parent=2225"}],"wp:term":[{"taxonomy":"product_brand","embeddable":true,"href":"https:\/\/racom.com.pl\/index.php\/wp-json\/wp\/v2\/product_brand?post=2225"},{"taxonomy":"product_cat","embeddable":true,"href":"https:\/\/racom.com.pl\/index.php\/wp-json\/wp\/v2\/product_cat?post=2225"},{"taxonomy":"product_tag","embeddable":true,"href":"https:\/\/racom.com.pl\/index.php\/wp-json\/wp\/v2\/product_tag?post=2225"}],"curies":[{"name":"wp","href":"https:\/\/api.w.org\/{rel}","templated":true}]}}