{"id":2371,"date":"2025-07-18T22:53:17","date_gmt":"2025-07-18T20:53:17","guid":{"rendered":"http:\/\/192.168.2.106\/index.php\/produkt\/syrop-gastronomiczny-niskocukrowy-o-smaku-malinowym-excellence-5l\/"},"modified":"2025-07-18T22:53:17","modified_gmt":"2025-07-18T20:53:17","slug":"syrop-gastronomiczny-niskocukrowy-o-smaku-malinowym-excellence-5l","status":"publish","type":"product","link":"https:\/\/racom.com.pl\/index.php\/produkt\/syrop-gastronomiczny-niskocukrowy-o-smaku-malinowym-excellence-5l\/","title":{"rendered":"Syrop Gastronomiczny niskocukrowy o smaku MALINOWYM Excellence 5L"},"content":{"rendered":"<h2>Syrop Gastronomiczny niskocukrowy o smaku MALINOWYM Excellence 5L<\/h2>\n<p>Syrop o smaku malinowym to najpopularniejszy i najch\u0119tniej wybierany produkt. \u0141\u0105cz\u0105c nasz\u0105 tradycyjn\u0105 receptur\u0119 oraz doskona\u0142y smak malin, stworzyli\u015bmy wydajny syrop, kt\u00f3ry uwielbiaj\u0105 tak dzieci jak i doro\u015bli. Dla tych najbardziej wymagaj\u0105cych po\u0142\u0105czyli\u015bmy soki owocowe ze s\u0142odzikiem, dzi\u0119ki czemu uda\u0142o si\u0119 nam uzyska\u0107 s\u0142odki smak, bez dodatku du\u017cej ilo\u015bci cukru.<\/p>\n<p><b>Sk\u0142adniki:<\/b> woda, soki 34,5% (z czarnej marchwi, malinowy 4%) odtworzone z zag\u0119szczonych sok\u00f3w, cukier (B)* i\/lub syrop glukozowo-fruktozowy (C)*, regulator kwasowo\u015bci (kwas cytrynowy), substancje s\u0142odz\u0105ce (cyklaminiany, sacharyny, aspartam, acesulfam K), stabilizator (s\u00f3l sodowa karboksymetylocelulozy), substancje konserwuj\u0105ce (sorbinian potasu, benzoesan sodu), aromat, przeciwutleniacz (kwas askorbinowy).<\/p>\n<p>*Litery B i\/lub C umieszczone przy numerze partii produkcyjnej oznaczaj\u0105 u\u017cyty do produkcji sk\u0142adnik.<\/p>\n<p>Przechowywa\u0107 w suchym, ch\u0142odnym i zacienionym miejscu, w temperaturze powy\u017cej 0C.<\/p>\n<p>Syrop spo\u017cywa\u0107 rozcie\u0144czony w stosunku 1:9 (1 cz\u0119\u015b\u0107 syropu do 9 cz\u0119\u015bci wody lub herbaty).<\/p>\n<p><b>Warto\u015b\u0107 od\u017cywcza:<\/b> w 100 ml syropu<\/p>\n<ul>\n<li><b>Warto\u015b\u0107 energetyczna:<\/b> 102 kJ \/ 24 kcal<\/li>\n<li><b>T\u0142uszcz:<\/b> 0 g<\/li>\n<li><b>&#8211; w tym kwasy t\u0142uszczowe nasycone:<\/b> 0 g<\/li>\n<li><b>W\u0119glowodany:<\/b> 4,9 g<\/li>\n<li><b>&#8211; w tym cukry:<\/b> 4,3 g<\/li>\n<li><b>Bia\u0142ko:<\/b> 0 g<\/li>\n<li><b>S\u00f3l:<\/b> 0,04 g<\/li>\n<\/ul>\n","protected":false},"excerpt":{"rendered":"<p>Syrop Gastronomiczny niskocukrowy o smaku MALINOWYM Excellence 5L Syrop o smaku malinowym to najpopularniejszy i najch\u0119tniej wybierany produkt. \u0141\u0105cz\u0105c nasz\u0105 tradycyjn\u0105 receptur\u0119 oraz doskona\u0142y smak malin, stworzyli\u015bmy wydajny syrop, kt\u00f3ry uwielbiaj\u0105 tak dzieci jak i doro\u015bli. Dla tych najbardziej wymagaj\u0105cych po\u0142\u0105czyli\u015bmy soki owocowe ze s\u0142odzikiem, dzi\u0119ki czemu uda\u0142o si\u0119 nam uzyska\u0107 s\u0142odki smak, bez dodatku [&hellip;]<\/p>\n","protected":false},"featured_media":2375,"comment_status":"open","ping_status":"closed","template":"","meta":[],"product_brand":[148],"product_cat":[116],"product_tag":[],"class_list":{"0":"post-2371","1":"product","2":"type-product","3":"status-publish","4":"has-post-thumbnail","6":"product_brand-excellence","7":"product_cat-napoje-i-akcesoria","9":"first","10":"instock","11":"taxable","12":"shipping-taxable","13":"purchasable","14":"product-type-simple"},"yoast_head":"<!-- This site is optimized with the Yoast SEO plugin v27.3 - https:\/\/yoast.com\/product\/yoast-seo-wordpress\/ -->\n<title>Syrop Gastronomiczny niskocukrowy o smaku MALINOWYM Excellence 5L - Mix Market - Supermarket z wszystkim co potrzeba<\/title>\n<meta name=\"robots\" content=\"index, follow, max-snippet:-1, max-image-preview:large, max-video-preview:-1\" \/>\n<link rel=\"canonical\" href=\"https:\/\/racom.com.pl\/index.php\/produkt\/syrop-gastronomiczny-niskocukrowy-o-smaku-malinowym-excellence-5l\/\" \/>\n<meta property=\"og:locale\" content=\"pl_PL\" \/>\n<meta property=\"og:type\" content=\"article\" \/>\n<meta property=\"og:title\" content=\"Syrop Gastronomiczny niskocukrowy o smaku MALINOWYM Excellence 5L - Mix Market - Supermarket z wszystkim co potrzeba\" \/>\n<meta property=\"og:description\" content=\"Syrop Gastronomiczny niskocukrowy o smaku MALINOWYM Excellence 5L Syrop o smaku malinowym to najpopularniejszy i najch\u0119tniej wybierany produkt. \u0141\u0105cz\u0105c nasz\u0105 tradycyjn\u0105 receptur\u0119 oraz doskona\u0142y smak malin, stworzyli\u015bmy wydajny syrop, kt\u00f3ry uwielbiaj\u0105 tak dzieci jak i doro\u015bli. Dla tych najbardziej wymagaj\u0105cych po\u0142\u0105czyli\u015bmy soki owocowe ze s\u0142odzikiem, dzi\u0119ki czemu uda\u0142o si\u0119 nam uzyska\u0107 s\u0142odki smak, bez dodatku [&hellip;]\" \/>\n<meta property=\"og:url\" content=\"https:\/\/racom.com.pl\/index.php\/produkt\/syrop-gastronomiczny-niskocukrowy-o-smaku-malinowym-excellence-5l\/\" \/>\n<meta property=\"og:site_name\" content=\"Mix Market - Supermarket z wszystkim co potrzeba\" \/>\n<meta property=\"og:image\" content=\"https:\/\/racom.com.pl\/wp-content\/uploads\/2025\/07\/allegro_687ab45586e5b7.02917528_e1ff27774b65a12ab5398ff0f1ce.jpg\" \/>\n\t<meta property=\"og:image:width\" content=\"1370\" \/>\n\t<meta property=\"og:image:height\" content=\"300\" \/>\n\t<meta property=\"og:image:type\" content=\"image\/jpeg\" \/>\n<meta name=\"twitter:card\" content=\"summary_large_image\" \/>\n<meta name=\"twitter:label1\" content=\"Szacowany czas czytania\" \/>\n\t<meta name=\"twitter:data1\" content=\"1 minuta\" \/>\n<script type=\"application\/ld+json\" class=\"yoast-schema-graph\">{\"@context\":\"https:\\\/\\\/schema.org\",\"@graph\":[{\"@type\":\"WebPage\",\"@id\":\"https:\\\/\\\/racom.com.pl\\\/index.php\\\/produkt\\\/syrop-gastronomiczny-niskocukrowy-o-smaku-malinowym-excellence-5l\\\/\",\"url\":\"https:\\\/\\\/racom.com.pl\\\/index.php\\\/produkt\\\/syrop-gastronomiczny-niskocukrowy-o-smaku-malinowym-excellence-5l\\\/\",\"name\":\"Syrop Gastronomiczny niskocukrowy o smaku MALINOWYM Excellence 5L - Mix Market - Supermarket z wszystkim co potrzeba\",\"isPartOf\":{\"@id\":\"https:\\\/\\\/racom.com.pl\\\/#website\"},\"primaryImageOfPage\":{\"@id\":\"https:\\\/\\\/racom.com.pl\\\/index.php\\\/produkt\\\/syrop-gastronomiczny-niskocukrowy-o-smaku-malinowym-excellence-5l\\\/#primaryimage\"},\"image\":{\"@id\":\"https:\\\/\\\/racom.com.pl\\\/index.php\\\/produkt\\\/syrop-gastronomiczny-niskocukrowy-o-smaku-malinowym-excellence-5l\\\/#primaryimage\"},\"thumbnailUrl\":\"https:\\\/\\\/racom.com.pl\\\/wp-content\\\/uploads\\\/2025\\\/07\\\/allegro_687ab45586e5b7.02917528_e1ff27774b65a12ab5398ff0f1ce.jpg\",\"datePublished\":\"2025-07-18T20:53:17+00:00\",\"breadcrumb\":{\"@id\":\"https:\\\/\\\/racom.com.pl\\\/index.php\\\/produkt\\\/syrop-gastronomiczny-niskocukrowy-o-smaku-malinowym-excellence-5l\\\/#breadcrumb\"},\"inLanguage\":\"pl-PL\",\"potentialAction\":[{\"@type\":\"ReadAction\",\"target\":[\"https:\\\/\\\/racom.com.pl\\\/index.php\\\/produkt\\\/syrop-gastronomiczny-niskocukrowy-o-smaku-malinowym-excellence-5l\\\/\"]}]},{\"@type\":\"ImageObject\",\"inLanguage\":\"pl-PL\",\"@id\":\"https:\\\/\\\/racom.com.pl\\\/index.php\\\/produkt\\\/syrop-gastronomiczny-niskocukrowy-o-smaku-malinowym-excellence-5l\\\/#primaryimage\",\"url\":\"https:\\\/\\\/racom.com.pl\\\/wp-content\\\/uploads\\\/2025\\\/07\\\/allegro_687ab45586e5b7.02917528_e1ff27774b65a12ab5398ff0f1ce.jpg\",\"contentUrl\":\"https:\\\/\\\/racom.com.pl\\\/wp-content\\\/uploads\\\/2025\\\/07\\\/allegro_687ab45586e5b7.02917528_e1ff27774b65a12ab5398ff0f1ce.jpg\",\"width\":1370,\"height\":300},{\"@type\":\"BreadcrumbList\",\"@id\":\"https:\\\/\\\/racom.com.pl\\\/index.php\\\/produkt\\\/syrop-gastronomiczny-niskocukrowy-o-smaku-malinowym-excellence-5l\\\/#breadcrumb\",\"itemListElement\":[{\"@type\":\"ListItem\",\"position\":1,\"name\":\"Strona g\u0142\u00f3wna\",\"item\":\"https:\\\/\\\/racom.com.pl\\\/\"},{\"@type\":\"ListItem\",\"position\":2,\"name\":\"Sklep\",\"item\":\"https:\\\/\\\/racom.com.pl\\\/\"},{\"@type\":\"ListItem\",\"position\":3,\"name\":\"Syrop Gastronomiczny niskocukrowy o smaku MALINOWYM Excellence 5L\"}]},{\"@type\":\"WebSite\",\"@id\":\"https:\\\/\\\/racom.com.pl\\\/#website\",\"url\":\"https:\\\/\\\/racom.com.pl\\\/\",\"name\":\"Mix Market - Supermarket z wszystkim co potrzeba do domu i nie tylko\",\"description\":\"\",\"publisher\":{\"@id\":\"https:\\\/\\\/racom.com.pl\\\/#organization\"},\"potentialAction\":[{\"@type\":\"SearchAction\",\"target\":{\"@type\":\"EntryPoint\",\"urlTemplate\":\"https:\\\/\\\/racom.com.pl\\\/?s={search_term_string}\"},\"query-input\":{\"@type\":\"PropertyValueSpecification\",\"valueRequired\":true,\"valueName\":\"search_term_string\"}}],\"inLanguage\":\"pl-PL\"},{\"@type\":\"Organization\",\"@id\":\"https:\\\/\\\/racom.com.pl\\\/#organization\",\"name\":\"Mix Market - Supermarket z wszystkim co potrzeba do domu i nie tylko\",\"url\":\"https:\\\/\\\/racom.com.pl\\\/\",\"logo\":{\"@type\":\"ImageObject\",\"inLanguage\":\"pl-PL\",\"@id\":\"https:\\\/\\\/racom.com.pl\\\/#\\\/schema\\\/logo\\\/image\\\/\",\"url\":\"https:\\\/\\\/racom.com.pl\\\/wp-content\\\/uploads\\\/2025\\\/07\\\/mixmarket_logo.png\",\"contentUrl\":\"https:\\\/\\\/racom.com.pl\\\/wp-content\\\/uploads\\\/2025\\\/07\\\/mixmarket_logo.png\",\"width\":1024,\"height\":1024,\"caption\":\"Mix Market - Supermarket z wszystkim co potrzeba do domu i nie tylko\"},\"image\":{\"@id\":\"https:\\\/\\\/racom.com.pl\\\/#\\\/schema\\\/logo\\\/image\\\/\"}}]}<\/script>\n<!-- \/ Yoast SEO plugin. -->","yoast_head_json":{"title":"Syrop Gastronomiczny niskocukrowy o smaku MALINOWYM Excellence 5L - Mix Market - Supermarket z wszystkim co potrzeba","robots":{"index":"index","follow":"follow","max-snippet":"max-snippet:-1","max-image-preview":"max-image-preview:large","max-video-preview":"max-video-preview:-1"},"canonical":"https:\/\/racom.com.pl\/index.php\/produkt\/syrop-gastronomiczny-niskocukrowy-o-smaku-malinowym-excellence-5l\/","og_locale":"pl_PL","og_type":"article","og_title":"Syrop Gastronomiczny niskocukrowy o smaku MALINOWYM Excellence 5L - Mix Market - Supermarket z wszystkim co potrzeba","og_description":"Syrop Gastronomiczny niskocukrowy o smaku MALINOWYM Excellence 5L Syrop o smaku malinowym to najpopularniejszy i najch\u0119tniej wybierany produkt. \u0141\u0105cz\u0105c nasz\u0105 tradycyjn\u0105 receptur\u0119 oraz doskona\u0142y smak malin, stworzyli\u015bmy wydajny syrop, kt\u00f3ry uwielbiaj\u0105 tak dzieci jak i doro\u015bli. Dla tych najbardziej wymagaj\u0105cych po\u0142\u0105czyli\u015bmy soki owocowe ze s\u0142odzikiem, dzi\u0119ki czemu uda\u0142o si\u0119 nam uzyska\u0107 s\u0142odki smak, bez dodatku [&hellip;]","og_url":"https:\/\/racom.com.pl\/index.php\/produkt\/syrop-gastronomiczny-niskocukrowy-o-smaku-malinowym-excellence-5l\/","og_site_name":"Mix Market - Supermarket z wszystkim co potrzeba","og_image":[{"width":1370,"height":300,"url":"https:\/\/racom.com.pl\/wp-content\/uploads\/2025\/07\/allegro_687ab45586e5b7.02917528_e1ff27774b65a12ab5398ff0f1ce.jpg","type":"image\/jpeg"}],"twitter_card":"summary_large_image","twitter_misc":{"Szacowany czas czytania":"1 minuta"},"schema":{"@context":"https:\/\/schema.org","@graph":[{"@type":"WebPage","@id":"https:\/\/racom.com.pl\/index.php\/produkt\/syrop-gastronomiczny-niskocukrowy-o-smaku-malinowym-excellence-5l\/","url":"https:\/\/racom.com.pl\/index.php\/produkt\/syrop-gastronomiczny-niskocukrowy-o-smaku-malinowym-excellence-5l\/","name":"Syrop Gastronomiczny niskocukrowy o smaku MALINOWYM Excellence 5L - Mix Market - Supermarket z wszystkim co potrzeba","isPartOf":{"@id":"https:\/\/racom.com.pl\/#website"},"primaryImageOfPage":{"@id":"https:\/\/racom.com.pl\/index.php\/produkt\/syrop-gastronomiczny-niskocukrowy-o-smaku-malinowym-excellence-5l\/#primaryimage"},"image":{"@id":"https:\/\/racom.com.pl\/index.php\/produkt\/syrop-gastronomiczny-niskocukrowy-o-smaku-malinowym-excellence-5l\/#primaryimage"},"thumbnailUrl":"https:\/\/racom.com.pl\/wp-content\/uploads\/2025\/07\/allegro_687ab45586e5b7.02917528_e1ff27774b65a12ab5398ff0f1ce.jpg","datePublished":"2025-07-18T20:53:17+00:00","breadcrumb":{"@id":"https:\/\/racom.com.pl\/index.php\/produkt\/syrop-gastronomiczny-niskocukrowy-o-smaku-malinowym-excellence-5l\/#breadcrumb"},"inLanguage":"pl-PL","potentialAction":[{"@type":"ReadAction","target":["https:\/\/racom.com.pl\/index.php\/produkt\/syrop-gastronomiczny-niskocukrowy-o-smaku-malinowym-excellence-5l\/"]}]},{"@type":"ImageObject","inLanguage":"pl-PL","@id":"https:\/\/racom.com.pl\/index.php\/produkt\/syrop-gastronomiczny-niskocukrowy-o-smaku-malinowym-excellence-5l\/#primaryimage","url":"https:\/\/racom.com.pl\/wp-content\/uploads\/2025\/07\/allegro_687ab45586e5b7.02917528_e1ff27774b65a12ab5398ff0f1ce.jpg","contentUrl":"https:\/\/racom.com.pl\/wp-content\/uploads\/2025\/07\/allegro_687ab45586e5b7.02917528_e1ff27774b65a12ab5398ff0f1ce.jpg","width":1370,"height":300},{"@type":"BreadcrumbList","@id":"https:\/\/racom.com.pl\/index.php\/produkt\/syrop-gastronomiczny-niskocukrowy-o-smaku-malinowym-excellence-5l\/#breadcrumb","itemListElement":[{"@type":"ListItem","position":1,"name":"Strona g\u0142\u00f3wna","item":"https:\/\/racom.com.pl\/"},{"@type":"ListItem","position":2,"name":"Sklep","item":"https:\/\/racom.com.pl\/"},{"@type":"ListItem","position":3,"name":"Syrop Gastronomiczny niskocukrowy o smaku MALINOWYM Excellence 5L"}]},{"@type":"WebSite","@id":"https:\/\/racom.com.pl\/#website","url":"https:\/\/racom.com.pl\/","name":"Mix Market - Supermarket z wszystkim co potrzeba do domu i nie tylko","description":"","publisher":{"@id":"https:\/\/racom.com.pl\/#organization"},"potentialAction":[{"@type":"SearchAction","target":{"@type":"EntryPoint","urlTemplate":"https:\/\/racom.com.pl\/?s={search_term_string}"},"query-input":{"@type":"PropertyValueSpecification","valueRequired":true,"valueName":"search_term_string"}}],"inLanguage":"pl-PL"},{"@type":"Organization","@id":"https:\/\/racom.com.pl\/#organization","name":"Mix Market - Supermarket z wszystkim co potrzeba do domu i nie tylko","url":"https:\/\/racom.com.pl\/","logo":{"@type":"ImageObject","inLanguage":"pl-PL","@id":"https:\/\/racom.com.pl\/#\/schema\/logo\/image\/","url":"https:\/\/racom.com.pl\/wp-content\/uploads\/2025\/07\/mixmarket_logo.png","contentUrl":"https:\/\/racom.com.pl\/wp-content\/uploads\/2025\/07\/mixmarket_logo.png","width":1024,"height":1024,"caption":"Mix Market - Supermarket z wszystkim co potrzeba do domu i nie tylko"},"image":{"@id":"https:\/\/racom.com.pl\/#\/schema\/logo\/image\/"}}]}},"_links":{"self":[{"href":"https:\/\/racom.com.pl\/index.php\/wp-json\/wp\/v2\/product\/2371","targetHints":{"allow":["GET"]}}],"collection":[{"href":"https:\/\/racom.com.pl\/index.php\/wp-json\/wp\/v2\/product"}],"about":[{"href":"https:\/\/racom.com.pl\/index.php\/wp-json\/wp\/v2\/types\/product"}],"replies":[{"embeddable":true,"href":"https:\/\/racom.com.pl\/index.php\/wp-json\/wp\/v2\/comments?post=2371"}],"wp:featuredmedia":[{"embeddable":true,"href":"https:\/\/racom.com.pl\/index.php\/wp-json\/wp\/v2\/media\/2375"}],"wp:attachment":[{"href":"https:\/\/racom.com.pl\/index.php\/wp-json\/wp\/v2\/media?parent=2371"}],"wp:term":[{"taxonomy":"product_brand","embeddable":true,"href":"https:\/\/racom.com.pl\/index.php\/wp-json\/wp\/v2\/product_brand?post=2371"},{"taxonomy":"product_cat","embeddable":true,"href":"https:\/\/racom.com.pl\/index.php\/wp-json\/wp\/v2\/product_cat?post=2371"},{"taxonomy":"product_tag","embeddable":true,"href":"https:\/\/racom.com.pl\/index.php\/wp-json\/wp\/v2\/product_tag?post=2371"}],"curies":[{"name":"wp","href":"https:\/\/api.w.org\/{rel}","templated":true}]}}