{"id":2376,"date":"2025-07-18T22:53:47","date_gmt":"2025-07-18T20:53:47","guid":{"rendered":"http:\/\/192.168.2.106\/index.php\/produkt\/syrop-imbirowy-duza-butelka-excellence-o-smaku-imbirowym-3l\/"},"modified":"2025-07-18T22:53:47","modified_gmt":"2025-07-18T20:53:47","slug":"syrop-imbirowy-duza-butelka-excellence-o-smaku-imbirowym-3l","status":"publish","type":"product","link":"https:\/\/racom.com.pl\/index.php\/produkt\/syrop-imbirowy-duza-butelka-excellence-o-smaku-imbirowym-3l\/","title":{"rendered":"Syrop IMBIROWY du\u017ca butelka Excellence o smaku IMBIROWYM 3L"},"content":{"rendered":"<h2>Syrop IMBIROWY du\u017ca butelka Excellence o smaku IMBIROWYM 3L<\/h2>\n<p><b>Sk\u0142adniki:<\/b> Cukier (B)* i\/lub syrop glukozowo-fruktozowy (C)*, woda, zag\u0119szczone soki (marchwiowy, aroniowy), barwnik (karmel amoniakalno-siarczynowy), regulator kwasowo\u015bci (kwas cytrynowy), naturalny aromat, ekstrakt imbirowy 0,03%, substancje konserwuj\u0105ce (sorbinian potasu, benzoesan sodu), witamina C (kwas L-askorbinowy).<\/p>\n<p>*Litery B i\/lub C umieszczone przy numerze partii produkcyjnej oznaczaj\u0105 u\u017cyty do produkcji sk\u0142adnik.<\/p>\n<p>Przechowywa\u0107 w suchym, ch\u0142odnym i zacienionym miejscu, w temperaturze powy\u017cej 0C. Chroni\u0107 przed bezpo\u015brednim dzia\u0142aniem promieni s\u0142onecznych. Przechowywa\u0107 w spos\u00f3b niedost\u0119pny dla ma\u0142ych dzieci.<\/p>\n<p>Spo\u017cywa\u0107 trzy razy dziennie po 25 ml suplementu diety w p\u0142ynie (25 ml tj. ok 5 \u0142y\u017ceczek). 25 ml syropu zawiera 20 mg witaminy C (25% RWS**), a dzienna porcja 75 ml zawiera 60 mg witaminy C (75% RWS**). Nie nale\u017cy przekracza\u0107 zalecanej porcji w ci\u0105gu dnia.<\/p>\n<p>Aby mie\u0107 dobre zdrowie, trzeba o nie dba\u0107 regularnie. Suplement diety nie mo\u017ce by\u0107 stosowany jako substytut zr\u00f3\u017cnicowanej diety.<\/p>\n<p><b>Warto\u015b\u0107 od\u017cywcza w 100 ml syropu<\/b><\/p>\n<ul>\n<li>Witamina C 80 mg \/ 100% RWS**<\/li>\n<\/ul>\n<p><b>dzienna porcja 75 ml<\/b><\/p>\n<ul>\n<li>Witamina C 60 mg \/ 75 % RWS**<\/li>\n<\/ul>\n<p><b>w 25 ml syropu<\/b><\/p>\n<ul>\n<li>Witamina C 20 mg \/ 25% RWS**<\/li>\n<\/ul>\n","protected":false},"excerpt":{"rendered":"<p>Syrop IMBIROWY du\u017ca butelka Excellence o smaku IMBIROWYM 3L Sk\u0142adniki: Cukier (B)* i\/lub syrop glukozowo-fruktozowy (C)*, woda, zag\u0119szczone soki (marchwiowy, aroniowy), barwnik (karmel amoniakalno-siarczynowy), regulator kwasowo\u015bci (kwas cytrynowy), naturalny aromat, ekstrakt imbirowy 0,03%, substancje konserwuj\u0105ce (sorbinian potasu, benzoesan sodu), witamina C (kwas L-askorbinowy). *Litery B i\/lub C umieszczone przy numerze partii produkcyjnej oznaczaj\u0105 u\u017cyty do [&hellip;]<\/p>\n","protected":false},"featured_media":2379,"comment_status":"open","ping_status":"closed","template":"","meta":[],"product_brand":[148],"product_cat":[116],"product_tag":[],"class_list":{"0":"post-2376","1":"product","2":"type-product","3":"status-publish","4":"has-post-thumbnail","6":"product_brand-excellence","7":"product_cat-napoje-i-akcesoria","9":"first","10":"instock","11":"taxable","12":"shipping-taxable","13":"purchasable","14":"product-type-simple"},"yoast_head":"<!-- This site is optimized with the Yoast SEO plugin v27.3 - https:\/\/yoast.com\/product\/yoast-seo-wordpress\/ -->\n<title>Syrop IMBIROWY du\u017ca butelka Excellence o smaku IMBIROWYM 3L - Mix Market - Supermarket z wszystkim co potrzeba<\/title>\n<meta name=\"robots\" content=\"index, follow, max-snippet:-1, max-image-preview:large, max-video-preview:-1\" \/>\n<link rel=\"canonical\" href=\"https:\/\/racom.com.pl\/index.php\/produkt\/syrop-imbirowy-duza-butelka-excellence-o-smaku-imbirowym-3l\/\" \/>\n<meta property=\"og:locale\" content=\"pl_PL\" \/>\n<meta property=\"og:type\" content=\"article\" \/>\n<meta property=\"og:title\" content=\"Syrop IMBIROWY du\u017ca butelka Excellence o smaku IMBIROWYM 3L - Mix Market - Supermarket z wszystkim co potrzeba\" \/>\n<meta property=\"og:description\" content=\"Syrop IMBIROWY du\u017ca butelka Excellence o smaku IMBIROWYM 3L Sk\u0142adniki: Cukier (B)* i\/lub syrop glukozowo-fruktozowy (C)*, woda, zag\u0119szczone soki (marchwiowy, aroniowy), barwnik (karmel amoniakalno-siarczynowy), regulator kwasowo\u015bci (kwas cytrynowy), naturalny aromat, ekstrakt imbirowy 0,03%, substancje konserwuj\u0105ce (sorbinian potasu, benzoesan sodu), witamina C (kwas L-askorbinowy). *Litery B i\/lub C umieszczone przy numerze partii produkcyjnej oznaczaj\u0105 u\u017cyty do [&hellip;]\" \/>\n<meta property=\"og:url\" content=\"https:\/\/racom.com.pl\/index.php\/produkt\/syrop-imbirowy-duza-butelka-excellence-o-smaku-imbirowym-3l\/\" \/>\n<meta property=\"og:site_name\" content=\"Mix Market - Supermarket z wszystkim co potrzeba\" \/>\n<meta property=\"og:image\" content=\"https:\/\/racom.com.pl\/wp-content\/uploads\/2025\/07\/allegro_687ab471cfb4e6.71694820_845ca43f44b18f822b1e348ee86c.jpg\" \/>\n\t<meta property=\"og:image:width\" content=\"2365\" \/>\n\t<meta property=\"og:image:height\" content=\"2365\" \/>\n\t<meta property=\"og:image:type\" content=\"image\/jpeg\" \/>\n<meta name=\"twitter:card\" content=\"summary_large_image\" \/>\n<meta name=\"twitter:label1\" content=\"Szacowany czas czytania\" \/>\n\t<meta name=\"twitter:data1\" content=\"1 minuta\" \/>\n<script type=\"application\/ld+json\" class=\"yoast-schema-graph\">{\"@context\":\"https:\\\/\\\/schema.org\",\"@graph\":[{\"@type\":\"WebPage\",\"@id\":\"https:\\\/\\\/racom.com.pl\\\/index.php\\\/produkt\\\/syrop-imbirowy-duza-butelka-excellence-o-smaku-imbirowym-3l\\\/\",\"url\":\"https:\\\/\\\/racom.com.pl\\\/index.php\\\/produkt\\\/syrop-imbirowy-duza-butelka-excellence-o-smaku-imbirowym-3l\\\/\",\"name\":\"Syrop IMBIROWY du\u017ca butelka Excellence o smaku IMBIROWYM 3L - Mix Market - Supermarket z wszystkim co potrzeba\",\"isPartOf\":{\"@id\":\"https:\\\/\\\/racom.com.pl\\\/#website\"},\"primaryImageOfPage\":{\"@id\":\"https:\\\/\\\/racom.com.pl\\\/index.php\\\/produkt\\\/syrop-imbirowy-duza-butelka-excellence-o-smaku-imbirowym-3l\\\/#primaryimage\"},\"image\":{\"@id\":\"https:\\\/\\\/racom.com.pl\\\/index.php\\\/produkt\\\/syrop-imbirowy-duza-butelka-excellence-o-smaku-imbirowym-3l\\\/#primaryimage\"},\"thumbnailUrl\":\"https:\\\/\\\/racom.com.pl\\\/wp-content\\\/uploads\\\/2025\\\/07\\\/allegro_687ab471cfb4e6.71694820_845ca43f44b18f822b1e348ee86c.jpg\",\"datePublished\":\"2025-07-18T20:53:47+00:00\",\"breadcrumb\":{\"@id\":\"https:\\\/\\\/racom.com.pl\\\/index.php\\\/produkt\\\/syrop-imbirowy-duza-butelka-excellence-o-smaku-imbirowym-3l\\\/#breadcrumb\"},\"inLanguage\":\"pl-PL\",\"potentialAction\":[{\"@type\":\"ReadAction\",\"target\":[\"https:\\\/\\\/racom.com.pl\\\/index.php\\\/produkt\\\/syrop-imbirowy-duza-butelka-excellence-o-smaku-imbirowym-3l\\\/\"]}]},{\"@type\":\"ImageObject\",\"inLanguage\":\"pl-PL\",\"@id\":\"https:\\\/\\\/racom.com.pl\\\/index.php\\\/produkt\\\/syrop-imbirowy-duza-butelka-excellence-o-smaku-imbirowym-3l\\\/#primaryimage\",\"url\":\"https:\\\/\\\/racom.com.pl\\\/wp-content\\\/uploads\\\/2025\\\/07\\\/allegro_687ab471cfb4e6.71694820_845ca43f44b18f822b1e348ee86c.jpg\",\"contentUrl\":\"https:\\\/\\\/racom.com.pl\\\/wp-content\\\/uploads\\\/2025\\\/07\\\/allegro_687ab471cfb4e6.71694820_845ca43f44b18f822b1e348ee86c.jpg\",\"width\":2365,\"height\":2365},{\"@type\":\"BreadcrumbList\",\"@id\":\"https:\\\/\\\/racom.com.pl\\\/index.php\\\/produkt\\\/syrop-imbirowy-duza-butelka-excellence-o-smaku-imbirowym-3l\\\/#breadcrumb\",\"itemListElement\":[{\"@type\":\"ListItem\",\"position\":1,\"name\":\"Strona g\u0142\u00f3wna\",\"item\":\"https:\\\/\\\/racom.com.pl\\\/\"},{\"@type\":\"ListItem\",\"position\":2,\"name\":\"Sklep\",\"item\":\"https:\\\/\\\/racom.com.pl\\\/\"},{\"@type\":\"ListItem\",\"position\":3,\"name\":\"Syrop IMBIROWY du\u017ca butelka Excellence o smaku IMBIROWYM 3L\"}]},{\"@type\":\"WebSite\",\"@id\":\"https:\\\/\\\/racom.com.pl\\\/#website\",\"url\":\"https:\\\/\\\/racom.com.pl\\\/\",\"name\":\"Mix Market - Supermarket z wszystkim co potrzeba do domu i nie tylko\",\"description\":\"\",\"publisher\":{\"@id\":\"https:\\\/\\\/racom.com.pl\\\/#organization\"},\"potentialAction\":[{\"@type\":\"SearchAction\",\"target\":{\"@type\":\"EntryPoint\",\"urlTemplate\":\"https:\\\/\\\/racom.com.pl\\\/?s={search_term_string}\"},\"query-input\":{\"@type\":\"PropertyValueSpecification\",\"valueRequired\":true,\"valueName\":\"search_term_string\"}}],\"inLanguage\":\"pl-PL\"},{\"@type\":\"Organization\",\"@id\":\"https:\\\/\\\/racom.com.pl\\\/#organization\",\"name\":\"Mix Market - Supermarket z wszystkim co potrzeba do domu i nie tylko\",\"url\":\"https:\\\/\\\/racom.com.pl\\\/\",\"logo\":{\"@type\":\"ImageObject\",\"inLanguage\":\"pl-PL\",\"@id\":\"https:\\\/\\\/racom.com.pl\\\/#\\\/schema\\\/logo\\\/image\\\/\",\"url\":\"https:\\\/\\\/racom.com.pl\\\/wp-content\\\/uploads\\\/2025\\\/07\\\/mixmarket_logo.png\",\"contentUrl\":\"https:\\\/\\\/racom.com.pl\\\/wp-content\\\/uploads\\\/2025\\\/07\\\/mixmarket_logo.png\",\"width\":1024,\"height\":1024,\"caption\":\"Mix Market - Supermarket z wszystkim co potrzeba do domu i nie tylko\"},\"image\":{\"@id\":\"https:\\\/\\\/racom.com.pl\\\/#\\\/schema\\\/logo\\\/image\\\/\"}}]}<\/script>\n<!-- \/ Yoast SEO plugin. -->","yoast_head_json":{"title":"Syrop IMBIROWY du\u017ca butelka Excellence o smaku IMBIROWYM 3L - Mix Market - Supermarket z wszystkim co potrzeba","robots":{"index":"index","follow":"follow","max-snippet":"max-snippet:-1","max-image-preview":"max-image-preview:large","max-video-preview":"max-video-preview:-1"},"canonical":"https:\/\/racom.com.pl\/index.php\/produkt\/syrop-imbirowy-duza-butelka-excellence-o-smaku-imbirowym-3l\/","og_locale":"pl_PL","og_type":"article","og_title":"Syrop IMBIROWY du\u017ca butelka Excellence o smaku IMBIROWYM 3L - Mix Market - Supermarket z wszystkim co potrzeba","og_description":"Syrop IMBIROWY du\u017ca butelka Excellence o smaku IMBIROWYM 3L Sk\u0142adniki: Cukier (B)* i\/lub syrop glukozowo-fruktozowy (C)*, woda, zag\u0119szczone soki (marchwiowy, aroniowy), barwnik (karmel amoniakalno-siarczynowy), regulator kwasowo\u015bci (kwas cytrynowy), naturalny aromat, ekstrakt imbirowy 0,03%, substancje konserwuj\u0105ce (sorbinian potasu, benzoesan sodu), witamina C (kwas L-askorbinowy). *Litery B i\/lub C umieszczone przy numerze partii produkcyjnej oznaczaj\u0105 u\u017cyty do [&hellip;]","og_url":"https:\/\/racom.com.pl\/index.php\/produkt\/syrop-imbirowy-duza-butelka-excellence-o-smaku-imbirowym-3l\/","og_site_name":"Mix Market - Supermarket z wszystkim co potrzeba","og_image":[{"width":2365,"height":2365,"url":"https:\/\/racom.com.pl\/wp-content\/uploads\/2025\/07\/allegro_687ab471cfb4e6.71694820_845ca43f44b18f822b1e348ee86c.jpg","type":"image\/jpeg"}],"twitter_card":"summary_large_image","twitter_misc":{"Szacowany czas czytania":"1 minuta"},"schema":{"@context":"https:\/\/schema.org","@graph":[{"@type":"WebPage","@id":"https:\/\/racom.com.pl\/index.php\/produkt\/syrop-imbirowy-duza-butelka-excellence-o-smaku-imbirowym-3l\/","url":"https:\/\/racom.com.pl\/index.php\/produkt\/syrop-imbirowy-duza-butelka-excellence-o-smaku-imbirowym-3l\/","name":"Syrop IMBIROWY du\u017ca butelka Excellence o smaku IMBIROWYM 3L - Mix Market - Supermarket z wszystkim co potrzeba","isPartOf":{"@id":"https:\/\/racom.com.pl\/#website"},"primaryImageOfPage":{"@id":"https:\/\/racom.com.pl\/index.php\/produkt\/syrop-imbirowy-duza-butelka-excellence-o-smaku-imbirowym-3l\/#primaryimage"},"image":{"@id":"https:\/\/racom.com.pl\/index.php\/produkt\/syrop-imbirowy-duza-butelka-excellence-o-smaku-imbirowym-3l\/#primaryimage"},"thumbnailUrl":"https:\/\/racom.com.pl\/wp-content\/uploads\/2025\/07\/allegro_687ab471cfb4e6.71694820_845ca43f44b18f822b1e348ee86c.jpg","datePublished":"2025-07-18T20:53:47+00:00","breadcrumb":{"@id":"https:\/\/racom.com.pl\/index.php\/produkt\/syrop-imbirowy-duza-butelka-excellence-o-smaku-imbirowym-3l\/#breadcrumb"},"inLanguage":"pl-PL","potentialAction":[{"@type":"ReadAction","target":["https:\/\/racom.com.pl\/index.php\/produkt\/syrop-imbirowy-duza-butelka-excellence-o-smaku-imbirowym-3l\/"]}]},{"@type":"ImageObject","inLanguage":"pl-PL","@id":"https:\/\/racom.com.pl\/index.php\/produkt\/syrop-imbirowy-duza-butelka-excellence-o-smaku-imbirowym-3l\/#primaryimage","url":"https:\/\/racom.com.pl\/wp-content\/uploads\/2025\/07\/allegro_687ab471cfb4e6.71694820_845ca43f44b18f822b1e348ee86c.jpg","contentUrl":"https:\/\/racom.com.pl\/wp-content\/uploads\/2025\/07\/allegro_687ab471cfb4e6.71694820_845ca43f44b18f822b1e348ee86c.jpg","width":2365,"height":2365},{"@type":"BreadcrumbList","@id":"https:\/\/racom.com.pl\/index.php\/produkt\/syrop-imbirowy-duza-butelka-excellence-o-smaku-imbirowym-3l\/#breadcrumb","itemListElement":[{"@type":"ListItem","position":1,"name":"Strona g\u0142\u00f3wna","item":"https:\/\/racom.com.pl\/"},{"@type":"ListItem","position":2,"name":"Sklep","item":"https:\/\/racom.com.pl\/"},{"@type":"ListItem","position":3,"name":"Syrop IMBIROWY du\u017ca butelka Excellence o smaku IMBIROWYM 3L"}]},{"@type":"WebSite","@id":"https:\/\/racom.com.pl\/#website","url":"https:\/\/racom.com.pl\/","name":"Mix Market - Supermarket z wszystkim co potrzeba do domu i nie tylko","description":"","publisher":{"@id":"https:\/\/racom.com.pl\/#organization"},"potentialAction":[{"@type":"SearchAction","target":{"@type":"EntryPoint","urlTemplate":"https:\/\/racom.com.pl\/?s={search_term_string}"},"query-input":{"@type":"PropertyValueSpecification","valueRequired":true,"valueName":"search_term_string"}}],"inLanguage":"pl-PL"},{"@type":"Organization","@id":"https:\/\/racom.com.pl\/#organization","name":"Mix Market - Supermarket z wszystkim co potrzeba do domu i nie tylko","url":"https:\/\/racom.com.pl\/","logo":{"@type":"ImageObject","inLanguage":"pl-PL","@id":"https:\/\/racom.com.pl\/#\/schema\/logo\/image\/","url":"https:\/\/racom.com.pl\/wp-content\/uploads\/2025\/07\/mixmarket_logo.png","contentUrl":"https:\/\/racom.com.pl\/wp-content\/uploads\/2025\/07\/mixmarket_logo.png","width":1024,"height":1024,"caption":"Mix Market - Supermarket z wszystkim co potrzeba do domu i nie tylko"},"image":{"@id":"https:\/\/racom.com.pl\/#\/schema\/logo\/image\/"}}]}},"_links":{"self":[{"href":"https:\/\/racom.com.pl\/index.php\/wp-json\/wp\/v2\/product\/2376","targetHints":{"allow":["GET"]}}],"collection":[{"href":"https:\/\/racom.com.pl\/index.php\/wp-json\/wp\/v2\/product"}],"about":[{"href":"https:\/\/racom.com.pl\/index.php\/wp-json\/wp\/v2\/types\/product"}],"replies":[{"embeddable":true,"href":"https:\/\/racom.com.pl\/index.php\/wp-json\/wp\/v2\/comments?post=2376"}],"wp:featuredmedia":[{"embeddable":true,"href":"https:\/\/racom.com.pl\/index.php\/wp-json\/wp\/v2\/media\/2379"}],"wp:attachment":[{"href":"https:\/\/racom.com.pl\/index.php\/wp-json\/wp\/v2\/media?parent=2376"}],"wp:term":[{"taxonomy":"product_brand","embeddable":true,"href":"https:\/\/racom.com.pl\/index.php\/wp-json\/wp\/v2\/product_brand?post=2376"},{"taxonomy":"product_cat","embeddable":true,"href":"https:\/\/racom.com.pl\/index.php\/wp-json\/wp\/v2\/product_cat?post=2376"},{"taxonomy":"product_tag","embeddable":true,"href":"https:\/\/racom.com.pl\/index.php\/wp-json\/wp\/v2\/product_tag?post=2376"}],"curies":[{"name":"wp","href":"https:\/\/api.w.org\/{rel}","templated":true}]}}