{"id":2388,"date":"2025-07-18T22:56:14","date_gmt":"2025-07-18T20:56:14","guid":{"rendered":"http:\/\/192.168.2.106\/index.php\/produkt\/rosol-z-kury-knorr-professional-1-kg\/"},"modified":"2025-07-18T22:56:14","modified_gmt":"2025-07-18T20:56:14","slug":"rosol-z-kury-knorr-professional-1-kg","status":"publish","type":"product","link":"https:\/\/racom.com.pl\/index.php\/produkt\/rosol-z-kury-knorr-professional-1-kg\/","title":{"rendered":"Ros\u00f3\u0142 z kury Knorr Professional 1 kg"},"content":{"rendered":"<h2>Knorr Professional &#8211; Ros\u00f3\u0142 z kury (wiaderko) &#8211; 1kg<\/h2>\n<p><b>Spos\u00f3b przygotowania: &nbsp;<\/b>Rozpu\u015b\u0107 20g produktu w 1 litrze wrz\u0105cej wody, dok\u0142adnie wymieszaj.<\/p>\n<p><b>W\u0142a\u015bciwo\u015bci<\/b>:<\/p>\n<ul>\n<li>masa netto: 1kg<\/li>\n<li>wydajno\u015b\u0107: 50 litr\u00f3w<\/li>\n<li>ilo\u015b\u0107 porcji: 200 x 250ml<\/li>\n<li>dozowanie: 20g \/1 litr<\/li>\n<li>na gor\u0105c\u0105 wod\u0119<\/li>\n<li><b>nie zawiera oleju palmowego<\/b><\/li>\n<li><b>bez barwnik\u00f3w<\/b><\/li>\n<li><b>bez konserwant\u00f3w<\/b><\/li>\n<li><b>produkt bezglutenowy<\/b><\/li>\n<\/ul>\n<p><b>Sk\u0142adniki<\/b>: s\u00f3l, maltodekstryna, ekstrakt dro\u017cd\u017cowy, aromaty, cukier, t\u0142uszcz kurzy 3 % (t\u0142uszcz kurzy, przeciwutleniacz (ekstrakty z rozmarynu)), cebula w proszku, syrop karmelowy, przyprawy (kurkuma, pieprz bia\u0142y), mi\u0119so kurze w proszku 0,1 % (mi\u0119so kurze, s\u00f3l, przeciwutleniacz (ekstrakty z rozmarynu)).<\/p>\n<p><b>Data przydatno\u015bci do spo\u017cycia \/ najlepiej spo\u017cy\u0107 przed: <\/b>d\u0142uga, aktualna.<\/p>\n","protected":false},"excerpt":{"rendered":"<p>Knorr Professional &#8211; Ros\u00f3\u0142 z kury (wiaderko) &#8211; 1kg Spos\u00f3b przygotowania: &nbsp;Rozpu\u015b\u0107 20g produktu w 1 litrze wrz\u0105cej wody, dok\u0142adnie wymieszaj. W\u0142a\u015bciwo\u015bci: masa netto: 1kg wydajno\u015b\u0107: 50 litr\u00f3w ilo\u015b\u0107 porcji: 200 x 250ml dozowanie: 20g \/1 litr na gor\u0105c\u0105 wod\u0119 nie zawiera oleju palmowego bez barwnik\u00f3w bez konserwant\u00f3w produkt bezglutenowy Sk\u0142adniki: s\u00f3l, maltodekstryna, ekstrakt dro\u017cd\u017cowy, [&hellip;]<\/p>\n","protected":false},"featured_media":2390,"comment_status":"open","ping_status":"closed","template":"","meta":[],"product_brand":[112],"product_cat":[128],"product_tag":[],"class_list":{"0":"post-2388","1":"product","2":"type-product","3":"status-publish","4":"has-post-thumbnail","6":"product_brand-knorr","7":"product_cat-dania-gotowe","9":"first","10":"instock","11":"taxable","12":"shipping-taxable","13":"purchasable","14":"product-type-simple"},"yoast_head":"<!-- This site is optimized with the Yoast SEO plugin v27.3 - https:\/\/yoast.com\/product\/yoast-seo-wordpress\/ -->\n<title>Ros\u00f3\u0142 z kury Knorr Professional 1 kg - Mix Market - Supermarket z wszystkim co potrzeba<\/title>\n<meta name=\"robots\" content=\"index, follow, max-snippet:-1, max-image-preview:large, max-video-preview:-1\" \/>\n<link rel=\"canonical\" href=\"https:\/\/racom.com.pl\/index.php\/produkt\/rosol-z-kury-knorr-professional-1-kg\/\" \/>\n<meta property=\"og:locale\" content=\"pl_PL\" \/>\n<meta property=\"og:type\" content=\"article\" \/>\n<meta property=\"og:title\" content=\"Ros\u00f3\u0142 z kury Knorr Professional 1 kg - Mix Market - Supermarket z wszystkim co potrzeba\" \/>\n<meta property=\"og:description\" content=\"Knorr Professional &#8211; Ros\u00f3\u0142 z kury (wiaderko) &#8211; 1kg Spos\u00f3b przygotowania: &nbsp;Rozpu\u015b\u0107 20g produktu w 1 litrze wrz\u0105cej wody, dok\u0142adnie wymieszaj. W\u0142a\u015bciwo\u015bci: masa netto: 1kg wydajno\u015b\u0107: 50 litr\u00f3w ilo\u015b\u0107 porcji: 200 x 250ml dozowanie: 20g \/1 litr na gor\u0105c\u0105 wod\u0119 nie zawiera oleju palmowego bez barwnik\u00f3w bez konserwant\u00f3w produkt bezglutenowy Sk\u0142adniki: s\u00f3l, maltodekstryna, ekstrakt dro\u017cd\u017cowy, [&hellip;]\" \/>\n<meta property=\"og:url\" content=\"https:\/\/racom.com.pl\/index.php\/produkt\/rosol-z-kury-knorr-professional-1-kg\/\" \/>\n<meta property=\"og:site_name\" content=\"Mix Market - Supermarket z wszystkim co potrzeba\" \/>\n<meta property=\"og:image\" content=\"https:\/\/racom.com.pl\/wp-content\/uploads\/2025\/07\/allegro_687ab50983ec61.89665277_eecc218f437e85549805e5364c1f.jpg\" \/>\n\t<meta property=\"og:image:width\" content=\"2365\" \/>\n\t<meta property=\"og:image:height\" content=\"2365\" \/>\n\t<meta property=\"og:image:type\" content=\"image\/jpeg\" \/>\n<meta name=\"twitter:card\" content=\"summary_large_image\" \/>\n<meta name=\"twitter:label1\" content=\"Szacowany czas czytania\" \/>\n\t<meta name=\"twitter:data1\" content=\"1 minuta\" \/>\n<script type=\"application\/ld+json\" class=\"yoast-schema-graph\">{\"@context\":\"https:\\\/\\\/schema.org\",\"@graph\":[{\"@type\":\"WebPage\",\"@id\":\"https:\\\/\\\/racom.com.pl\\\/index.php\\\/produkt\\\/rosol-z-kury-knorr-professional-1-kg\\\/\",\"url\":\"https:\\\/\\\/racom.com.pl\\\/index.php\\\/produkt\\\/rosol-z-kury-knorr-professional-1-kg\\\/\",\"name\":\"Ros\u00f3\u0142 z kury Knorr Professional 1 kg - Mix Market - Supermarket z wszystkim co potrzeba\",\"isPartOf\":{\"@id\":\"https:\\\/\\\/racom.com.pl\\\/#website\"},\"primaryImageOfPage\":{\"@id\":\"https:\\\/\\\/racom.com.pl\\\/index.php\\\/produkt\\\/rosol-z-kury-knorr-professional-1-kg\\\/#primaryimage\"},\"image\":{\"@id\":\"https:\\\/\\\/racom.com.pl\\\/index.php\\\/produkt\\\/rosol-z-kury-knorr-professional-1-kg\\\/#primaryimage\"},\"thumbnailUrl\":\"https:\\\/\\\/racom.com.pl\\\/wp-content\\\/uploads\\\/2025\\\/07\\\/allegro_687ab50983ec61.89665277_eecc218f437e85549805e5364c1f.jpg\",\"datePublished\":\"2025-07-18T20:56:14+00:00\",\"breadcrumb\":{\"@id\":\"https:\\\/\\\/racom.com.pl\\\/index.php\\\/produkt\\\/rosol-z-kury-knorr-professional-1-kg\\\/#breadcrumb\"},\"inLanguage\":\"pl-PL\",\"potentialAction\":[{\"@type\":\"ReadAction\",\"target\":[\"https:\\\/\\\/racom.com.pl\\\/index.php\\\/produkt\\\/rosol-z-kury-knorr-professional-1-kg\\\/\"]}]},{\"@type\":\"ImageObject\",\"inLanguage\":\"pl-PL\",\"@id\":\"https:\\\/\\\/racom.com.pl\\\/index.php\\\/produkt\\\/rosol-z-kury-knorr-professional-1-kg\\\/#primaryimage\",\"url\":\"https:\\\/\\\/racom.com.pl\\\/wp-content\\\/uploads\\\/2025\\\/07\\\/allegro_687ab50983ec61.89665277_eecc218f437e85549805e5364c1f.jpg\",\"contentUrl\":\"https:\\\/\\\/racom.com.pl\\\/wp-content\\\/uploads\\\/2025\\\/07\\\/allegro_687ab50983ec61.89665277_eecc218f437e85549805e5364c1f.jpg\",\"width\":2365,\"height\":2365},{\"@type\":\"BreadcrumbList\",\"@id\":\"https:\\\/\\\/racom.com.pl\\\/index.php\\\/produkt\\\/rosol-z-kury-knorr-professional-1-kg\\\/#breadcrumb\",\"itemListElement\":[{\"@type\":\"ListItem\",\"position\":1,\"name\":\"Strona g\u0142\u00f3wna\",\"item\":\"https:\\\/\\\/racom.com.pl\\\/\"},{\"@type\":\"ListItem\",\"position\":2,\"name\":\"Sklep\",\"item\":\"https:\\\/\\\/racom.com.pl\\\/\"},{\"@type\":\"ListItem\",\"position\":3,\"name\":\"Ros\u00f3\u0142 z kury Knorr Professional 1 kg\"}]},{\"@type\":\"WebSite\",\"@id\":\"https:\\\/\\\/racom.com.pl\\\/#website\",\"url\":\"https:\\\/\\\/racom.com.pl\\\/\",\"name\":\"Mix Market - Supermarket z wszystkim co potrzeba do domu i nie tylko\",\"description\":\"\",\"publisher\":{\"@id\":\"https:\\\/\\\/racom.com.pl\\\/#organization\"},\"potentialAction\":[{\"@type\":\"SearchAction\",\"target\":{\"@type\":\"EntryPoint\",\"urlTemplate\":\"https:\\\/\\\/racom.com.pl\\\/?s={search_term_string}\"},\"query-input\":{\"@type\":\"PropertyValueSpecification\",\"valueRequired\":true,\"valueName\":\"search_term_string\"}}],\"inLanguage\":\"pl-PL\"},{\"@type\":\"Organization\",\"@id\":\"https:\\\/\\\/racom.com.pl\\\/#organization\",\"name\":\"Mix Market - Supermarket z wszystkim co potrzeba do domu i nie tylko\",\"url\":\"https:\\\/\\\/racom.com.pl\\\/\",\"logo\":{\"@type\":\"ImageObject\",\"inLanguage\":\"pl-PL\",\"@id\":\"https:\\\/\\\/racom.com.pl\\\/#\\\/schema\\\/logo\\\/image\\\/\",\"url\":\"https:\\\/\\\/racom.com.pl\\\/wp-content\\\/uploads\\\/2025\\\/07\\\/mixmarket_logo.png\",\"contentUrl\":\"https:\\\/\\\/racom.com.pl\\\/wp-content\\\/uploads\\\/2025\\\/07\\\/mixmarket_logo.png\",\"width\":1024,\"height\":1024,\"caption\":\"Mix Market - Supermarket z wszystkim co potrzeba do domu i nie tylko\"},\"image\":{\"@id\":\"https:\\\/\\\/racom.com.pl\\\/#\\\/schema\\\/logo\\\/image\\\/\"}}]}<\/script>\n<!-- \/ Yoast SEO plugin. -->","yoast_head_json":{"title":"Ros\u00f3\u0142 z kury Knorr Professional 1 kg - Mix Market - Supermarket z wszystkim co potrzeba","robots":{"index":"index","follow":"follow","max-snippet":"max-snippet:-1","max-image-preview":"max-image-preview:large","max-video-preview":"max-video-preview:-1"},"canonical":"https:\/\/racom.com.pl\/index.php\/produkt\/rosol-z-kury-knorr-professional-1-kg\/","og_locale":"pl_PL","og_type":"article","og_title":"Ros\u00f3\u0142 z kury Knorr Professional 1 kg - Mix Market - Supermarket z wszystkim co potrzeba","og_description":"Knorr Professional &#8211; Ros\u00f3\u0142 z kury (wiaderko) &#8211; 1kg Spos\u00f3b przygotowania: &nbsp;Rozpu\u015b\u0107 20g produktu w 1 litrze wrz\u0105cej wody, dok\u0142adnie wymieszaj. W\u0142a\u015bciwo\u015bci: masa netto: 1kg wydajno\u015b\u0107: 50 litr\u00f3w ilo\u015b\u0107 porcji: 200 x 250ml dozowanie: 20g \/1 litr na gor\u0105c\u0105 wod\u0119 nie zawiera oleju palmowego bez barwnik\u00f3w bez konserwant\u00f3w produkt bezglutenowy Sk\u0142adniki: s\u00f3l, maltodekstryna, ekstrakt dro\u017cd\u017cowy, [&hellip;]","og_url":"https:\/\/racom.com.pl\/index.php\/produkt\/rosol-z-kury-knorr-professional-1-kg\/","og_site_name":"Mix Market - Supermarket z wszystkim co potrzeba","og_image":[{"width":2365,"height":2365,"url":"https:\/\/racom.com.pl\/wp-content\/uploads\/2025\/07\/allegro_687ab50983ec61.89665277_eecc218f437e85549805e5364c1f.jpg","type":"image\/jpeg"}],"twitter_card":"summary_large_image","twitter_misc":{"Szacowany czas czytania":"1 minuta"},"schema":{"@context":"https:\/\/schema.org","@graph":[{"@type":"WebPage","@id":"https:\/\/racom.com.pl\/index.php\/produkt\/rosol-z-kury-knorr-professional-1-kg\/","url":"https:\/\/racom.com.pl\/index.php\/produkt\/rosol-z-kury-knorr-professional-1-kg\/","name":"Ros\u00f3\u0142 z kury Knorr Professional 1 kg - Mix Market - Supermarket z wszystkim co potrzeba","isPartOf":{"@id":"https:\/\/racom.com.pl\/#website"},"primaryImageOfPage":{"@id":"https:\/\/racom.com.pl\/index.php\/produkt\/rosol-z-kury-knorr-professional-1-kg\/#primaryimage"},"image":{"@id":"https:\/\/racom.com.pl\/index.php\/produkt\/rosol-z-kury-knorr-professional-1-kg\/#primaryimage"},"thumbnailUrl":"https:\/\/racom.com.pl\/wp-content\/uploads\/2025\/07\/allegro_687ab50983ec61.89665277_eecc218f437e85549805e5364c1f.jpg","datePublished":"2025-07-18T20:56:14+00:00","breadcrumb":{"@id":"https:\/\/racom.com.pl\/index.php\/produkt\/rosol-z-kury-knorr-professional-1-kg\/#breadcrumb"},"inLanguage":"pl-PL","potentialAction":[{"@type":"ReadAction","target":["https:\/\/racom.com.pl\/index.php\/produkt\/rosol-z-kury-knorr-professional-1-kg\/"]}]},{"@type":"ImageObject","inLanguage":"pl-PL","@id":"https:\/\/racom.com.pl\/index.php\/produkt\/rosol-z-kury-knorr-professional-1-kg\/#primaryimage","url":"https:\/\/racom.com.pl\/wp-content\/uploads\/2025\/07\/allegro_687ab50983ec61.89665277_eecc218f437e85549805e5364c1f.jpg","contentUrl":"https:\/\/racom.com.pl\/wp-content\/uploads\/2025\/07\/allegro_687ab50983ec61.89665277_eecc218f437e85549805e5364c1f.jpg","width":2365,"height":2365},{"@type":"BreadcrumbList","@id":"https:\/\/racom.com.pl\/index.php\/produkt\/rosol-z-kury-knorr-professional-1-kg\/#breadcrumb","itemListElement":[{"@type":"ListItem","position":1,"name":"Strona g\u0142\u00f3wna","item":"https:\/\/racom.com.pl\/"},{"@type":"ListItem","position":2,"name":"Sklep","item":"https:\/\/racom.com.pl\/"},{"@type":"ListItem","position":3,"name":"Ros\u00f3\u0142 z kury Knorr Professional 1 kg"}]},{"@type":"WebSite","@id":"https:\/\/racom.com.pl\/#website","url":"https:\/\/racom.com.pl\/","name":"Mix Market - Supermarket z wszystkim co potrzeba do domu i nie tylko","description":"","publisher":{"@id":"https:\/\/racom.com.pl\/#organization"},"potentialAction":[{"@type":"SearchAction","target":{"@type":"EntryPoint","urlTemplate":"https:\/\/racom.com.pl\/?s={search_term_string}"},"query-input":{"@type":"PropertyValueSpecification","valueRequired":true,"valueName":"search_term_string"}}],"inLanguage":"pl-PL"},{"@type":"Organization","@id":"https:\/\/racom.com.pl\/#organization","name":"Mix Market - Supermarket z wszystkim co potrzeba do domu i nie tylko","url":"https:\/\/racom.com.pl\/","logo":{"@type":"ImageObject","inLanguage":"pl-PL","@id":"https:\/\/racom.com.pl\/#\/schema\/logo\/image\/","url":"https:\/\/racom.com.pl\/wp-content\/uploads\/2025\/07\/mixmarket_logo.png","contentUrl":"https:\/\/racom.com.pl\/wp-content\/uploads\/2025\/07\/mixmarket_logo.png","width":1024,"height":1024,"caption":"Mix Market - Supermarket z wszystkim co potrzeba do domu i nie tylko"},"image":{"@id":"https:\/\/racom.com.pl\/#\/schema\/logo\/image\/"}}]}},"_links":{"self":[{"href":"https:\/\/racom.com.pl\/index.php\/wp-json\/wp\/v2\/product\/2388","targetHints":{"allow":["GET"]}}],"collection":[{"href":"https:\/\/racom.com.pl\/index.php\/wp-json\/wp\/v2\/product"}],"about":[{"href":"https:\/\/racom.com.pl\/index.php\/wp-json\/wp\/v2\/types\/product"}],"replies":[{"embeddable":true,"href":"https:\/\/racom.com.pl\/index.php\/wp-json\/wp\/v2\/comments?post=2388"}],"wp:featuredmedia":[{"embeddable":true,"href":"https:\/\/racom.com.pl\/index.php\/wp-json\/wp\/v2\/media\/2390"}],"wp:attachment":[{"href":"https:\/\/racom.com.pl\/index.php\/wp-json\/wp\/v2\/media?parent=2388"}],"wp:term":[{"taxonomy":"product_brand","embeddable":true,"href":"https:\/\/racom.com.pl\/index.php\/wp-json\/wp\/v2\/product_brand?post=2388"},{"taxonomy":"product_cat","embeddable":true,"href":"https:\/\/racom.com.pl\/index.php\/wp-json\/wp\/v2\/product_cat?post=2388"},{"taxonomy":"product_tag","embeddable":true,"href":"https:\/\/racom.com.pl\/index.php\/wp-json\/wp\/v2\/product_tag?post=2388"}],"curies":[{"name":"wp","href":"https:\/\/api.w.org\/{rel}","templated":true}]}}