{"id":251,"date":"2025-07-18T17:19:52","date_gmt":"2025-07-18T15:19:52","guid":{"rendered":"http:\/\/192.168.2.106\/index.php\/produkt\/toner-do-brother-tn2420-dcp-l2510d\/"},"modified":"2025-07-18T17:19:52","modified_gmt":"2025-07-18T15:19:52","slug":"toner-do-brother-tn2420-dcp-l2510d","status":"publish","type":"product","link":"https:\/\/racom.com.pl\/index.php\/produkt\/toner-do-brother-tn2420-dcp-l2510d\/","title":{"rendered":"TONER DO BROTHER TN2420 DCP-L2510D"},"content":{"rendered":"<p><b>NOWY TONER TN2420 DO BROTHER<\/b><\/p>\n<p>Fabrycznie nowy toner zamienny do drukarek i urz\u0105dze\u0144 wielofunkcyjnych marki Brother.<\/p>\n<p>Posiada certyfikaty ISO9001, ISO14001<\/p>\n<p>Oferowany toner nie posiada chipa, nale\u017cy go prze\u0142o\u017cy\u0107 z poprzedniego toneru.<\/p>\n<p>Oznaczenie producenta BT-TN2420 BK<\/p>\n<p>Toner <b>100% NOWY<\/b>, nieregenerowany, zapakowany hermetycznie,&nbsp; karton widoczny na zdj\u0119ciu, wydruk do <b>3000str<\/b> (pokrycie 5%)<\/p>\n<p>Kompatybilny z urz\u0105dzeniami Brother:<\/p>\n<ul>\n<li>DCP-L2510D<\/li>\n<li>DCP-L2531DW<\/li>\n<li>DCP-L2535DW<\/li>\n<li>DCP-L2550DW<\/li>\n<li>HL-L2395DW<\/li>\n<li>HL-L2310D<\/li>\n<li>HL-L2350DW<\/li>\n<li>HL-L2357DW<\/li>\n<li>HL-L2375DW<\/li>\n<li>HL-L2395DW<\/li>\n<li>MFC-L2710DW<\/li>\n<li>MFC-L2713DW<\/li>\n<li>MFC-L2715DW<\/li>\n<li>MFC-L2716DW<\/li>\n<li>MFC-L2730DW<\/li>\n<li>MFC-L2750DW<\/li>\n<li>MFC-L2751DW<\/li>\n<li>MFC-L2770DW<\/li>\n<li>MFC-L2771DW<\/li>\n<\/ul>\n<p>I inne z oznaczeniem toneru TN2420<\/p>\n","protected":false},"excerpt":{"rendered":"<p>NOWY TONER TN2420 DO BROTHER Fabrycznie nowy toner zamienny do drukarek i urz\u0105dze\u0144 wielofunkcyjnych marki Brother. Posiada certyfikaty ISO9001, ISO14001 Oferowany toner nie posiada chipa, nale\u017cy go prze\u0142o\u017cy\u0107 z poprzedniego toneru. Oznaczenie producenta BT-TN2420 BK Toner 100% NOWY, nieregenerowany, zapakowany hermetycznie,&nbsp; karton widoczny na zdj\u0119ciu, wydruk do 3000str (pokrycie 5%) Kompatybilny z urz\u0105dzeniami Brother: DCP-L2510D [&hellip;]<\/p>\n","protected":false},"featured_media":244,"comment_status":"open","ping_status":"closed","template":"","meta":[],"product_brand":[],"product_cat":[35],"product_tag":[],"class_list":{"0":"post-251","1":"product","2":"type-product","3":"status-publish","4":"has-post-thumbnail","6":"product_cat-drukarki-i-skanery","8":"first","9":"instock","10":"taxable","11":"shipping-taxable","12":"purchasable","13":"product-type-simple"},"yoast_head":"<!-- This site is optimized with the Yoast SEO plugin v27.3 - https:\/\/yoast.com\/product\/yoast-seo-wordpress\/ -->\n<title>TONER DO BROTHER TN2420 DCP-L2510D - Mix Market - Supermarket z wszystkim co potrzeba<\/title>\n<meta name=\"robots\" content=\"index, follow, max-snippet:-1, max-image-preview:large, max-video-preview:-1\" \/>\n<link rel=\"canonical\" href=\"https:\/\/racom.com.pl\/index.php\/produkt\/toner-do-brother-tn2420-dcp-l2510d\/\" \/>\n<meta property=\"og:locale\" content=\"pl_PL\" \/>\n<meta property=\"og:type\" content=\"article\" \/>\n<meta property=\"og:title\" content=\"TONER DO BROTHER TN2420 DCP-L2510D - Mix Market - Supermarket z wszystkim co potrzeba\" \/>\n<meta property=\"og:description\" content=\"NOWY TONER TN2420 DO BROTHER Fabrycznie nowy toner zamienny do drukarek i urz\u0105dze\u0144 wielofunkcyjnych marki Brother. Posiada certyfikaty ISO9001, ISO14001 Oferowany toner nie posiada chipa, nale\u017cy go prze\u0142o\u017cy\u0107 z poprzedniego toneru. Oznaczenie producenta BT-TN2420 BK Toner 100% NOWY, nieregenerowany, zapakowany hermetycznie,&nbsp; karton widoczny na zdj\u0119ciu, wydruk do 3000str (pokrycie 5%) Kompatybilny z urz\u0105dzeniami Brother: DCP-L2510D [&hellip;]\" \/>\n<meta property=\"og:url\" content=\"https:\/\/racom.com.pl\/index.php\/produkt\/toner-do-brother-tn2420-dcp-l2510d\/\" \/>\n<meta property=\"og:site_name\" content=\"Mix Market - Supermarket z wszystkim co potrzeba\" \/>\n<meta property=\"og:image\" content=\"https:\/\/racom.com.pl\/wp-content\/uploads\/2025\/07\/allegro_687a66019cf271.96052223_706b5d8c438ea9b50c931047442e.jpg\" \/>\n\t<meta property=\"og:image:width\" content=\"504\" \/>\n\t<meta property=\"og:image:height\" content=\"396\" \/>\n\t<meta property=\"og:image:type\" content=\"image\/jpeg\" \/>\n<meta name=\"twitter:card\" content=\"summary_large_image\" \/>\n<script type=\"application\/ld+json\" class=\"yoast-schema-graph\">{\"@context\":\"https:\\\/\\\/schema.org\",\"@graph\":[{\"@type\":\"WebPage\",\"@id\":\"https:\\\/\\\/racom.com.pl\\\/index.php\\\/produkt\\\/toner-do-brother-tn2420-dcp-l2510d\\\/\",\"url\":\"https:\\\/\\\/racom.com.pl\\\/index.php\\\/produkt\\\/toner-do-brother-tn2420-dcp-l2510d\\\/\",\"name\":\"TONER DO BROTHER TN2420 DCP-L2510D - Mix Market - Supermarket z wszystkim co potrzeba\",\"isPartOf\":{\"@id\":\"https:\\\/\\\/racom.com.pl\\\/#website\"},\"primaryImageOfPage\":{\"@id\":\"https:\\\/\\\/racom.com.pl\\\/index.php\\\/produkt\\\/toner-do-brother-tn2420-dcp-l2510d\\\/#primaryimage\"},\"image\":{\"@id\":\"https:\\\/\\\/racom.com.pl\\\/index.php\\\/produkt\\\/toner-do-brother-tn2420-dcp-l2510d\\\/#primaryimage\"},\"thumbnailUrl\":\"https:\\\/\\\/racom.com.pl\\\/wp-content\\\/uploads\\\/2025\\\/07\\\/allegro_687a66019cf271.96052223_706b5d8c438ea9b50c931047442e.jpg\",\"datePublished\":\"2025-07-18T15:19:52+00:00\",\"breadcrumb\":{\"@id\":\"https:\\\/\\\/racom.com.pl\\\/index.php\\\/produkt\\\/toner-do-brother-tn2420-dcp-l2510d\\\/#breadcrumb\"},\"inLanguage\":\"pl-PL\",\"potentialAction\":[{\"@type\":\"ReadAction\",\"target\":[\"https:\\\/\\\/racom.com.pl\\\/index.php\\\/produkt\\\/toner-do-brother-tn2420-dcp-l2510d\\\/\"]}]},{\"@type\":\"ImageObject\",\"inLanguage\":\"pl-PL\",\"@id\":\"https:\\\/\\\/racom.com.pl\\\/index.php\\\/produkt\\\/toner-do-brother-tn2420-dcp-l2510d\\\/#primaryimage\",\"url\":\"https:\\\/\\\/racom.com.pl\\\/wp-content\\\/uploads\\\/2025\\\/07\\\/allegro_687a66019cf271.96052223_706b5d8c438ea9b50c931047442e.jpg\",\"contentUrl\":\"https:\\\/\\\/racom.com.pl\\\/wp-content\\\/uploads\\\/2025\\\/07\\\/allegro_687a66019cf271.96052223_706b5d8c438ea9b50c931047442e.jpg\",\"width\":504,\"height\":396},{\"@type\":\"BreadcrumbList\",\"@id\":\"https:\\\/\\\/racom.com.pl\\\/index.php\\\/produkt\\\/toner-do-brother-tn2420-dcp-l2510d\\\/#breadcrumb\",\"itemListElement\":[{\"@type\":\"ListItem\",\"position\":1,\"name\":\"Strona g\u0142\u00f3wna\",\"item\":\"https:\\\/\\\/racom.com.pl\\\/\"},{\"@type\":\"ListItem\",\"position\":2,\"name\":\"Sklep\",\"item\":\"https:\\\/\\\/racom.com.pl\\\/\"},{\"@type\":\"ListItem\",\"position\":3,\"name\":\"TONER DO BROTHER TN2420 DCP-L2510D\"}]},{\"@type\":\"WebSite\",\"@id\":\"https:\\\/\\\/racom.com.pl\\\/#website\",\"url\":\"https:\\\/\\\/racom.com.pl\\\/\",\"name\":\"Mix Market - Supermarket z wszystkim co potrzeba do domu i nie tylko\",\"description\":\"\",\"publisher\":{\"@id\":\"https:\\\/\\\/racom.com.pl\\\/#organization\"},\"potentialAction\":[{\"@type\":\"SearchAction\",\"target\":{\"@type\":\"EntryPoint\",\"urlTemplate\":\"https:\\\/\\\/racom.com.pl\\\/?s={search_term_string}\"},\"query-input\":{\"@type\":\"PropertyValueSpecification\",\"valueRequired\":true,\"valueName\":\"search_term_string\"}}],\"inLanguage\":\"pl-PL\"},{\"@type\":\"Organization\",\"@id\":\"https:\\\/\\\/racom.com.pl\\\/#organization\",\"name\":\"Mix Market - Supermarket z wszystkim co potrzeba do domu i nie tylko\",\"url\":\"https:\\\/\\\/racom.com.pl\\\/\",\"logo\":{\"@type\":\"ImageObject\",\"inLanguage\":\"pl-PL\",\"@id\":\"https:\\\/\\\/racom.com.pl\\\/#\\\/schema\\\/logo\\\/image\\\/\",\"url\":\"https:\\\/\\\/racom.com.pl\\\/wp-content\\\/uploads\\\/2025\\\/07\\\/mixmarket_logo.png\",\"contentUrl\":\"https:\\\/\\\/racom.com.pl\\\/wp-content\\\/uploads\\\/2025\\\/07\\\/mixmarket_logo.png\",\"width\":1024,\"height\":1024,\"caption\":\"Mix Market - Supermarket z wszystkim co potrzeba do domu i nie tylko\"},\"image\":{\"@id\":\"https:\\\/\\\/racom.com.pl\\\/#\\\/schema\\\/logo\\\/image\\\/\"}}]}<\/script>\n<!-- \/ Yoast SEO plugin. -->","yoast_head_json":{"title":"TONER DO BROTHER TN2420 DCP-L2510D - Mix Market - Supermarket z wszystkim co potrzeba","robots":{"index":"index","follow":"follow","max-snippet":"max-snippet:-1","max-image-preview":"max-image-preview:large","max-video-preview":"max-video-preview:-1"},"canonical":"https:\/\/racom.com.pl\/index.php\/produkt\/toner-do-brother-tn2420-dcp-l2510d\/","og_locale":"pl_PL","og_type":"article","og_title":"TONER DO BROTHER TN2420 DCP-L2510D - Mix Market - Supermarket z wszystkim co potrzeba","og_description":"NOWY TONER TN2420 DO BROTHER Fabrycznie nowy toner zamienny do drukarek i urz\u0105dze\u0144 wielofunkcyjnych marki Brother. Posiada certyfikaty ISO9001, ISO14001 Oferowany toner nie posiada chipa, nale\u017cy go prze\u0142o\u017cy\u0107 z poprzedniego toneru. Oznaczenie producenta BT-TN2420 BK Toner 100% NOWY, nieregenerowany, zapakowany hermetycznie,&nbsp; karton widoczny na zdj\u0119ciu, wydruk do 3000str (pokrycie 5%) Kompatybilny z urz\u0105dzeniami Brother: DCP-L2510D [&hellip;]","og_url":"https:\/\/racom.com.pl\/index.php\/produkt\/toner-do-brother-tn2420-dcp-l2510d\/","og_site_name":"Mix Market - Supermarket z wszystkim co potrzeba","og_image":[{"width":504,"height":396,"url":"https:\/\/racom.com.pl\/wp-content\/uploads\/2025\/07\/allegro_687a66019cf271.96052223_706b5d8c438ea9b50c931047442e.jpg","type":"image\/jpeg"}],"twitter_card":"summary_large_image","schema":{"@context":"https:\/\/schema.org","@graph":[{"@type":"WebPage","@id":"https:\/\/racom.com.pl\/index.php\/produkt\/toner-do-brother-tn2420-dcp-l2510d\/","url":"https:\/\/racom.com.pl\/index.php\/produkt\/toner-do-brother-tn2420-dcp-l2510d\/","name":"TONER DO BROTHER TN2420 DCP-L2510D - Mix Market - Supermarket z wszystkim co potrzeba","isPartOf":{"@id":"https:\/\/racom.com.pl\/#website"},"primaryImageOfPage":{"@id":"https:\/\/racom.com.pl\/index.php\/produkt\/toner-do-brother-tn2420-dcp-l2510d\/#primaryimage"},"image":{"@id":"https:\/\/racom.com.pl\/index.php\/produkt\/toner-do-brother-tn2420-dcp-l2510d\/#primaryimage"},"thumbnailUrl":"https:\/\/racom.com.pl\/wp-content\/uploads\/2025\/07\/allegro_687a66019cf271.96052223_706b5d8c438ea9b50c931047442e.jpg","datePublished":"2025-07-18T15:19:52+00:00","breadcrumb":{"@id":"https:\/\/racom.com.pl\/index.php\/produkt\/toner-do-brother-tn2420-dcp-l2510d\/#breadcrumb"},"inLanguage":"pl-PL","potentialAction":[{"@type":"ReadAction","target":["https:\/\/racom.com.pl\/index.php\/produkt\/toner-do-brother-tn2420-dcp-l2510d\/"]}]},{"@type":"ImageObject","inLanguage":"pl-PL","@id":"https:\/\/racom.com.pl\/index.php\/produkt\/toner-do-brother-tn2420-dcp-l2510d\/#primaryimage","url":"https:\/\/racom.com.pl\/wp-content\/uploads\/2025\/07\/allegro_687a66019cf271.96052223_706b5d8c438ea9b50c931047442e.jpg","contentUrl":"https:\/\/racom.com.pl\/wp-content\/uploads\/2025\/07\/allegro_687a66019cf271.96052223_706b5d8c438ea9b50c931047442e.jpg","width":504,"height":396},{"@type":"BreadcrumbList","@id":"https:\/\/racom.com.pl\/index.php\/produkt\/toner-do-brother-tn2420-dcp-l2510d\/#breadcrumb","itemListElement":[{"@type":"ListItem","position":1,"name":"Strona g\u0142\u00f3wna","item":"https:\/\/racom.com.pl\/"},{"@type":"ListItem","position":2,"name":"Sklep","item":"https:\/\/racom.com.pl\/"},{"@type":"ListItem","position":3,"name":"TONER DO BROTHER TN2420 DCP-L2510D"}]},{"@type":"WebSite","@id":"https:\/\/racom.com.pl\/#website","url":"https:\/\/racom.com.pl\/","name":"Mix Market - Supermarket z wszystkim co potrzeba do domu i nie tylko","description":"","publisher":{"@id":"https:\/\/racom.com.pl\/#organization"},"potentialAction":[{"@type":"SearchAction","target":{"@type":"EntryPoint","urlTemplate":"https:\/\/racom.com.pl\/?s={search_term_string}"},"query-input":{"@type":"PropertyValueSpecification","valueRequired":true,"valueName":"search_term_string"}}],"inLanguage":"pl-PL"},{"@type":"Organization","@id":"https:\/\/racom.com.pl\/#organization","name":"Mix Market - Supermarket z wszystkim co potrzeba do domu i nie tylko","url":"https:\/\/racom.com.pl\/","logo":{"@type":"ImageObject","inLanguage":"pl-PL","@id":"https:\/\/racom.com.pl\/#\/schema\/logo\/image\/","url":"https:\/\/racom.com.pl\/wp-content\/uploads\/2025\/07\/mixmarket_logo.png","contentUrl":"https:\/\/racom.com.pl\/wp-content\/uploads\/2025\/07\/mixmarket_logo.png","width":1024,"height":1024,"caption":"Mix Market - Supermarket z wszystkim co potrzeba do domu i nie tylko"},"image":{"@id":"https:\/\/racom.com.pl\/#\/schema\/logo\/image\/"}}]}},"_links":{"self":[{"href":"https:\/\/racom.com.pl\/index.php\/wp-json\/wp\/v2\/product\/251","targetHints":{"allow":["GET"]}}],"collection":[{"href":"https:\/\/racom.com.pl\/index.php\/wp-json\/wp\/v2\/product"}],"about":[{"href":"https:\/\/racom.com.pl\/index.php\/wp-json\/wp\/v2\/types\/product"}],"replies":[{"embeddable":true,"href":"https:\/\/racom.com.pl\/index.php\/wp-json\/wp\/v2\/comments?post=251"}],"wp:featuredmedia":[{"embeddable":true,"href":"https:\/\/racom.com.pl\/index.php\/wp-json\/wp\/v2\/media\/244"}],"wp:attachment":[{"href":"https:\/\/racom.com.pl\/index.php\/wp-json\/wp\/v2\/media?parent=251"}],"wp:term":[{"taxonomy":"product_brand","embeddable":true,"href":"https:\/\/racom.com.pl\/index.php\/wp-json\/wp\/v2\/product_brand?post=251"},{"taxonomy":"product_cat","embeddable":true,"href":"https:\/\/racom.com.pl\/index.php\/wp-json\/wp\/v2\/product_cat?post=251"},{"taxonomy":"product_tag","embeddable":true,"href":"https:\/\/racom.com.pl\/index.php\/wp-json\/wp\/v2\/product_tag?post=251"}],"curies":[{"name":"wp","href":"https:\/\/api.w.org\/{rel}","templated":true}]}}