{"id":2537,"date":"2025-07-18T23:30:50","date_gmt":"2025-07-18T21:30:50","guid":{"rendered":"http:\/\/192.168.2.106\/index.php\/produkt\/prymat-pieprz-ziolowy-duze-opakowanie-do-gastronomii-600-g\/"},"modified":"2025-07-18T23:30:50","modified_gmt":"2025-07-18T21:30:50","slug":"prymat-pieprz-ziolowy-duze-opakowanie-do-gastronomii-600-g","status":"publish","type":"product","link":"https:\/\/racom.com.pl\/index.php\/produkt\/prymat-pieprz-ziolowy-duze-opakowanie-do-gastronomii-600-g\/","title":{"rendered":"Prymat Pieprz zio\u0142owy Duze opakowanie do Gastronomii 600 g"},"content":{"rendered":"<h2>Prymat Gastroline Pieprz zio\u0142owy mielony 600g<\/h2>\n<p>Pieprz zio\u0142owy Prymat to oryginalna kompozycja przypraw i zi\u00f3\u0142 bardzo popularna w kuchni polskiej. Wyr\u00f3\u017cnia si\u0119 przyjemnym aromatem i specyficznym, ostrym smakiem. Wzbogaca smak potraw z mi\u0119sa, drobiu i ryb. S\u0142u\u017cy do aromatyzowania sos\u00f3w, zup oraz sa\u0142atek warzywnych.<\/p>\n<p>Ta doskona\u0142a mieszanka idealna jest do da\u0144 kuchni polskiej. Wyr\u00f3\u017cnia si\u0119 przyjemnym specyficznym, ostrym smakiem.<\/p>\n<p>Sk\u0142adniki: gorczyca bia\u0142a, owoc kolendry, kminek, papryka ostra, czosnek, kozieradka, majeranek.<\/p>\n<p><b>Data przydatno\u015bci do spo\u017cycia \/ najlepiej spo\u017cy\u0107 przed: <\/b>d\u0142uga, aktualna.<\/p>\n<ul>\n<li>Marka: Prymat Gastroline<\/li>\n<li>Producent: Prymat<\/li>\n<li>Opakowanie: torba<\/li>\n<li>Waga: 600 g<\/li>\n<\/ul>\n","protected":false},"excerpt":{"rendered":"<p>Prymat Gastroline Pieprz zio\u0142owy mielony 600g Pieprz zio\u0142owy Prymat to oryginalna kompozycja przypraw i zi\u00f3\u0142 bardzo popularna w kuchni polskiej. Wyr\u00f3\u017cnia si\u0119 przyjemnym aromatem i specyficznym, ostrym smakiem. Wzbogaca smak potraw z mi\u0119sa, drobiu i ryb. S\u0142u\u017cy do aromatyzowania sos\u00f3w, zup oraz sa\u0142atek warzywnych. Ta doskona\u0142a mieszanka idealna jest do da\u0144 kuchni polskiej. Wyr\u00f3\u017cnia si\u0119 [&hellip;]<\/p>\n","protected":false},"featured_media":2540,"comment_status":"open","ping_status":"closed","template":"","meta":[],"product_brand":[163],"product_cat":[125],"product_tag":[],"class_list":{"0":"post-2537","1":"product","2":"type-product","3":"status-publish","4":"has-post-thumbnail","6":"product_brand-prymat","7":"product_cat-przyprawy-i-ziola","9":"first","10":"instock","11":"taxable","12":"shipping-taxable","13":"purchasable","14":"product-type-simple"},"yoast_head":"<!-- This site is optimized with the Yoast SEO plugin v27.3 - https:\/\/yoast.com\/product\/yoast-seo-wordpress\/ -->\n<title>Prymat Pieprz zio\u0142owy Duze opakowanie do Gastronomii 600 g - Mix Market - Supermarket z wszystkim co potrzeba<\/title>\n<meta name=\"robots\" content=\"index, follow, max-snippet:-1, max-image-preview:large, max-video-preview:-1\" \/>\n<link rel=\"canonical\" href=\"https:\/\/racom.com.pl\/index.php\/produkt\/prymat-pieprz-ziolowy-duze-opakowanie-do-gastronomii-600-g\/\" \/>\n<meta property=\"og:locale\" content=\"pl_PL\" \/>\n<meta property=\"og:type\" content=\"article\" \/>\n<meta property=\"og:title\" content=\"Prymat Pieprz zio\u0142owy Duze opakowanie do Gastronomii 600 g - Mix Market - Supermarket z wszystkim co potrzeba\" \/>\n<meta property=\"og:description\" content=\"Prymat Gastroline Pieprz zio\u0142owy mielony 600g Pieprz zio\u0142owy Prymat to oryginalna kompozycja przypraw i zi\u00f3\u0142 bardzo popularna w kuchni polskiej. Wyr\u00f3\u017cnia si\u0119 przyjemnym aromatem i specyficznym, ostrym smakiem. Wzbogaca smak potraw z mi\u0119sa, drobiu i ryb. S\u0142u\u017cy do aromatyzowania sos\u00f3w, zup oraz sa\u0142atek warzywnych. Ta doskona\u0142a mieszanka idealna jest do da\u0144 kuchni polskiej. Wyr\u00f3\u017cnia si\u0119 [&hellip;]\" \/>\n<meta property=\"og:url\" content=\"https:\/\/racom.com.pl\/index.php\/produkt\/prymat-pieprz-ziolowy-duze-opakowanie-do-gastronomii-600-g\/\" \/>\n<meta property=\"og:site_name\" content=\"Mix Market - Supermarket z wszystkim co potrzeba\" \/>\n<meta property=\"og:image\" content=\"https:\/\/racom.com.pl\/wp-content\/uploads\/2025\/07\/allegro_687abd609bf672.45407572_d29b16c4481eb39a2357a55be358.jpg\" \/>\n\t<meta property=\"og:image:width\" content=\"2365\" \/>\n\t<meta property=\"og:image:height\" content=\"2365\" \/>\n\t<meta property=\"og:image:type\" content=\"image\/jpeg\" \/>\n<meta name=\"twitter:card\" content=\"summary_large_image\" \/>\n<meta name=\"twitter:label1\" content=\"Szacowany czas czytania\" \/>\n\t<meta name=\"twitter:data1\" content=\"1 minuta\" \/>\n<script type=\"application\/ld+json\" class=\"yoast-schema-graph\">{\"@context\":\"https:\\\/\\\/schema.org\",\"@graph\":[{\"@type\":\"WebPage\",\"@id\":\"https:\\\/\\\/racom.com.pl\\\/index.php\\\/produkt\\\/prymat-pieprz-ziolowy-duze-opakowanie-do-gastronomii-600-g\\\/\",\"url\":\"https:\\\/\\\/racom.com.pl\\\/index.php\\\/produkt\\\/prymat-pieprz-ziolowy-duze-opakowanie-do-gastronomii-600-g\\\/\",\"name\":\"Prymat Pieprz zio\u0142owy Duze opakowanie do Gastronomii 600 g - Mix Market - Supermarket z wszystkim co potrzeba\",\"isPartOf\":{\"@id\":\"https:\\\/\\\/racom.com.pl\\\/#website\"},\"primaryImageOfPage\":{\"@id\":\"https:\\\/\\\/racom.com.pl\\\/index.php\\\/produkt\\\/prymat-pieprz-ziolowy-duze-opakowanie-do-gastronomii-600-g\\\/#primaryimage\"},\"image\":{\"@id\":\"https:\\\/\\\/racom.com.pl\\\/index.php\\\/produkt\\\/prymat-pieprz-ziolowy-duze-opakowanie-do-gastronomii-600-g\\\/#primaryimage\"},\"thumbnailUrl\":\"https:\\\/\\\/racom.com.pl\\\/wp-content\\\/uploads\\\/2025\\\/07\\\/allegro_687abd609bf672.45407572_d29b16c4481eb39a2357a55be358.jpg\",\"datePublished\":\"2025-07-18T21:30:50+00:00\",\"breadcrumb\":{\"@id\":\"https:\\\/\\\/racom.com.pl\\\/index.php\\\/produkt\\\/prymat-pieprz-ziolowy-duze-opakowanie-do-gastronomii-600-g\\\/#breadcrumb\"},\"inLanguage\":\"pl-PL\",\"potentialAction\":[{\"@type\":\"ReadAction\",\"target\":[\"https:\\\/\\\/racom.com.pl\\\/index.php\\\/produkt\\\/prymat-pieprz-ziolowy-duze-opakowanie-do-gastronomii-600-g\\\/\"]}]},{\"@type\":\"ImageObject\",\"inLanguage\":\"pl-PL\",\"@id\":\"https:\\\/\\\/racom.com.pl\\\/index.php\\\/produkt\\\/prymat-pieprz-ziolowy-duze-opakowanie-do-gastronomii-600-g\\\/#primaryimage\",\"url\":\"https:\\\/\\\/racom.com.pl\\\/wp-content\\\/uploads\\\/2025\\\/07\\\/allegro_687abd609bf672.45407572_d29b16c4481eb39a2357a55be358.jpg\",\"contentUrl\":\"https:\\\/\\\/racom.com.pl\\\/wp-content\\\/uploads\\\/2025\\\/07\\\/allegro_687abd609bf672.45407572_d29b16c4481eb39a2357a55be358.jpg\",\"width\":2365,\"height\":2365},{\"@type\":\"BreadcrumbList\",\"@id\":\"https:\\\/\\\/racom.com.pl\\\/index.php\\\/produkt\\\/prymat-pieprz-ziolowy-duze-opakowanie-do-gastronomii-600-g\\\/#breadcrumb\",\"itemListElement\":[{\"@type\":\"ListItem\",\"position\":1,\"name\":\"Strona g\u0142\u00f3wna\",\"item\":\"https:\\\/\\\/racom.com.pl\\\/\"},{\"@type\":\"ListItem\",\"position\":2,\"name\":\"Sklep\",\"item\":\"https:\\\/\\\/racom.com.pl\\\/\"},{\"@type\":\"ListItem\",\"position\":3,\"name\":\"Prymat Pieprz zio\u0142owy Duze opakowanie do Gastronomii 600 g\"}]},{\"@type\":\"WebSite\",\"@id\":\"https:\\\/\\\/racom.com.pl\\\/#website\",\"url\":\"https:\\\/\\\/racom.com.pl\\\/\",\"name\":\"Mix Market - Supermarket z wszystkim co potrzeba do domu i nie tylko\",\"description\":\"\",\"publisher\":{\"@id\":\"https:\\\/\\\/racom.com.pl\\\/#organization\"},\"potentialAction\":[{\"@type\":\"SearchAction\",\"target\":{\"@type\":\"EntryPoint\",\"urlTemplate\":\"https:\\\/\\\/racom.com.pl\\\/?s={search_term_string}\"},\"query-input\":{\"@type\":\"PropertyValueSpecification\",\"valueRequired\":true,\"valueName\":\"search_term_string\"}}],\"inLanguage\":\"pl-PL\"},{\"@type\":\"Organization\",\"@id\":\"https:\\\/\\\/racom.com.pl\\\/#organization\",\"name\":\"Mix Market - Supermarket z wszystkim co potrzeba do domu i nie tylko\",\"url\":\"https:\\\/\\\/racom.com.pl\\\/\",\"logo\":{\"@type\":\"ImageObject\",\"inLanguage\":\"pl-PL\",\"@id\":\"https:\\\/\\\/racom.com.pl\\\/#\\\/schema\\\/logo\\\/image\\\/\",\"url\":\"https:\\\/\\\/racom.com.pl\\\/wp-content\\\/uploads\\\/2025\\\/07\\\/mixmarket_logo.png\",\"contentUrl\":\"https:\\\/\\\/racom.com.pl\\\/wp-content\\\/uploads\\\/2025\\\/07\\\/mixmarket_logo.png\",\"width\":1024,\"height\":1024,\"caption\":\"Mix Market - Supermarket z wszystkim co potrzeba do domu i nie tylko\"},\"image\":{\"@id\":\"https:\\\/\\\/racom.com.pl\\\/#\\\/schema\\\/logo\\\/image\\\/\"}}]}<\/script>\n<!-- \/ Yoast SEO plugin. -->","yoast_head_json":{"title":"Prymat Pieprz zio\u0142owy Duze opakowanie do Gastronomii 600 g - Mix Market - Supermarket z wszystkim co potrzeba","robots":{"index":"index","follow":"follow","max-snippet":"max-snippet:-1","max-image-preview":"max-image-preview:large","max-video-preview":"max-video-preview:-1"},"canonical":"https:\/\/racom.com.pl\/index.php\/produkt\/prymat-pieprz-ziolowy-duze-opakowanie-do-gastronomii-600-g\/","og_locale":"pl_PL","og_type":"article","og_title":"Prymat Pieprz zio\u0142owy Duze opakowanie do Gastronomii 600 g - Mix Market - Supermarket z wszystkim co potrzeba","og_description":"Prymat Gastroline Pieprz zio\u0142owy mielony 600g Pieprz zio\u0142owy Prymat to oryginalna kompozycja przypraw i zi\u00f3\u0142 bardzo popularna w kuchni polskiej. Wyr\u00f3\u017cnia si\u0119 przyjemnym aromatem i specyficznym, ostrym smakiem. Wzbogaca smak potraw z mi\u0119sa, drobiu i ryb. S\u0142u\u017cy do aromatyzowania sos\u00f3w, zup oraz sa\u0142atek warzywnych. Ta doskona\u0142a mieszanka idealna jest do da\u0144 kuchni polskiej. Wyr\u00f3\u017cnia si\u0119 [&hellip;]","og_url":"https:\/\/racom.com.pl\/index.php\/produkt\/prymat-pieprz-ziolowy-duze-opakowanie-do-gastronomii-600-g\/","og_site_name":"Mix Market - Supermarket z wszystkim co potrzeba","og_image":[{"width":2365,"height":2365,"url":"https:\/\/racom.com.pl\/wp-content\/uploads\/2025\/07\/allegro_687abd609bf672.45407572_d29b16c4481eb39a2357a55be358.jpg","type":"image\/jpeg"}],"twitter_card":"summary_large_image","twitter_misc":{"Szacowany czas czytania":"1 minuta"},"schema":{"@context":"https:\/\/schema.org","@graph":[{"@type":"WebPage","@id":"https:\/\/racom.com.pl\/index.php\/produkt\/prymat-pieprz-ziolowy-duze-opakowanie-do-gastronomii-600-g\/","url":"https:\/\/racom.com.pl\/index.php\/produkt\/prymat-pieprz-ziolowy-duze-opakowanie-do-gastronomii-600-g\/","name":"Prymat Pieprz zio\u0142owy Duze opakowanie do Gastronomii 600 g - Mix Market - Supermarket z wszystkim co potrzeba","isPartOf":{"@id":"https:\/\/racom.com.pl\/#website"},"primaryImageOfPage":{"@id":"https:\/\/racom.com.pl\/index.php\/produkt\/prymat-pieprz-ziolowy-duze-opakowanie-do-gastronomii-600-g\/#primaryimage"},"image":{"@id":"https:\/\/racom.com.pl\/index.php\/produkt\/prymat-pieprz-ziolowy-duze-opakowanie-do-gastronomii-600-g\/#primaryimage"},"thumbnailUrl":"https:\/\/racom.com.pl\/wp-content\/uploads\/2025\/07\/allegro_687abd609bf672.45407572_d29b16c4481eb39a2357a55be358.jpg","datePublished":"2025-07-18T21:30:50+00:00","breadcrumb":{"@id":"https:\/\/racom.com.pl\/index.php\/produkt\/prymat-pieprz-ziolowy-duze-opakowanie-do-gastronomii-600-g\/#breadcrumb"},"inLanguage":"pl-PL","potentialAction":[{"@type":"ReadAction","target":["https:\/\/racom.com.pl\/index.php\/produkt\/prymat-pieprz-ziolowy-duze-opakowanie-do-gastronomii-600-g\/"]}]},{"@type":"ImageObject","inLanguage":"pl-PL","@id":"https:\/\/racom.com.pl\/index.php\/produkt\/prymat-pieprz-ziolowy-duze-opakowanie-do-gastronomii-600-g\/#primaryimage","url":"https:\/\/racom.com.pl\/wp-content\/uploads\/2025\/07\/allegro_687abd609bf672.45407572_d29b16c4481eb39a2357a55be358.jpg","contentUrl":"https:\/\/racom.com.pl\/wp-content\/uploads\/2025\/07\/allegro_687abd609bf672.45407572_d29b16c4481eb39a2357a55be358.jpg","width":2365,"height":2365},{"@type":"BreadcrumbList","@id":"https:\/\/racom.com.pl\/index.php\/produkt\/prymat-pieprz-ziolowy-duze-opakowanie-do-gastronomii-600-g\/#breadcrumb","itemListElement":[{"@type":"ListItem","position":1,"name":"Strona g\u0142\u00f3wna","item":"https:\/\/racom.com.pl\/"},{"@type":"ListItem","position":2,"name":"Sklep","item":"https:\/\/racom.com.pl\/"},{"@type":"ListItem","position":3,"name":"Prymat Pieprz zio\u0142owy Duze opakowanie do Gastronomii 600 g"}]},{"@type":"WebSite","@id":"https:\/\/racom.com.pl\/#website","url":"https:\/\/racom.com.pl\/","name":"Mix Market - Supermarket z wszystkim co potrzeba do domu i nie tylko","description":"","publisher":{"@id":"https:\/\/racom.com.pl\/#organization"},"potentialAction":[{"@type":"SearchAction","target":{"@type":"EntryPoint","urlTemplate":"https:\/\/racom.com.pl\/?s={search_term_string}"},"query-input":{"@type":"PropertyValueSpecification","valueRequired":true,"valueName":"search_term_string"}}],"inLanguage":"pl-PL"},{"@type":"Organization","@id":"https:\/\/racom.com.pl\/#organization","name":"Mix Market - Supermarket z wszystkim co potrzeba do domu i nie tylko","url":"https:\/\/racom.com.pl\/","logo":{"@type":"ImageObject","inLanguage":"pl-PL","@id":"https:\/\/racom.com.pl\/#\/schema\/logo\/image\/","url":"https:\/\/racom.com.pl\/wp-content\/uploads\/2025\/07\/mixmarket_logo.png","contentUrl":"https:\/\/racom.com.pl\/wp-content\/uploads\/2025\/07\/mixmarket_logo.png","width":1024,"height":1024,"caption":"Mix Market - Supermarket z wszystkim co potrzeba do domu i nie tylko"},"image":{"@id":"https:\/\/racom.com.pl\/#\/schema\/logo\/image\/"}}]}},"_links":{"self":[{"href":"https:\/\/racom.com.pl\/index.php\/wp-json\/wp\/v2\/product\/2537","targetHints":{"allow":["GET"]}}],"collection":[{"href":"https:\/\/racom.com.pl\/index.php\/wp-json\/wp\/v2\/product"}],"about":[{"href":"https:\/\/racom.com.pl\/index.php\/wp-json\/wp\/v2\/types\/product"}],"replies":[{"embeddable":true,"href":"https:\/\/racom.com.pl\/index.php\/wp-json\/wp\/v2\/comments?post=2537"}],"wp:featuredmedia":[{"embeddable":true,"href":"https:\/\/racom.com.pl\/index.php\/wp-json\/wp\/v2\/media\/2540"}],"wp:attachment":[{"href":"https:\/\/racom.com.pl\/index.php\/wp-json\/wp\/v2\/media?parent=2537"}],"wp:term":[{"taxonomy":"product_brand","embeddable":true,"href":"https:\/\/racom.com.pl\/index.php\/wp-json\/wp\/v2\/product_brand?post=2537"},{"taxonomy":"product_cat","embeddable":true,"href":"https:\/\/racom.com.pl\/index.php\/wp-json\/wp\/v2\/product_cat?post=2537"},{"taxonomy":"product_tag","embeddable":true,"href":"https:\/\/racom.com.pl\/index.php\/wp-json\/wp\/v2\/product_tag?post=2537"}],"curies":[{"name":"wp","href":"https:\/\/api.w.org\/{rel}","templated":true}]}}