{"id":2553,"date":"2025-07-18T23:34:31","date_gmt":"2025-07-18T21:34:31","guid":{"rendered":"http:\/\/192.168.2.106\/index.php\/produkt\/varvello-krem-balsamiczny-klasyczny-500-ml\/"},"modified":"2025-07-18T23:34:31","modified_gmt":"2025-07-18T21:34:31","slug":"varvello-krem-balsamiczny-klasyczny-500-ml","status":"publish","type":"product","link":"https:\/\/racom.com.pl\/index.php\/produkt\/varvello-krem-balsamiczny-klasyczny-500-ml\/","title":{"rendered":"Varvello Krem balsamiczny klasyczny 500 ml"},"content":{"rendered":"<p><b>Krem balsamiczny klasyczny 500ml<\/b><\/p>\n<p>Kremowy sos na bazie octu balsamicznego z Modeny o przyjemnym s\u0142odko-winnym smaku. Do dekorowania i poprawiania smaku deser\u00f3w, nadaje si\u0119 jako dodatek do owoc\u00f3w.<\/p>\n<p><b>Sk\u0142adniki:<\/b>skoncentrowany moszcz winogronowy&nbsp;<b>&#8222;Aceto Balsamico di Modena IGP&#8221; 39 %<\/b>&nbsp;(ocet winny, skoncentrowany moszcz winogronowy, barwniki: karmel), syrop glukozowo-fruktozowy, woda, zag\u0119szczacz: skrobia kukurydzy, ksantanowa guma<\/p>\n<p><b>Warto\u015bci od\u017cywcze na 100 g produktu:<\/b><\/p>\n<ul>\n<li><b>Warto\u015b\u0107 energetyczna:<\/b>&nbsp;763 kJ\/180 kcal<\/li>\n<li><b>t\u0142uszcz:<\/b>&nbsp;0,53 g<\/li>\n<li><b>w tym kwasy nasycone:<\/b>&nbsp;0 g<\/li>\n<li><b>W\u0119glowodany:<\/b>&nbsp;41 g<\/li>\n<li><b>w tym cukry:<\/b>&nbsp;37,21 g<\/li>\n<li><b>Bia\u0142ko:<\/b>&nbsp;0,70 g<\/li>\n<li><b>S\u00f3l:<\/b>&nbsp;1,14 g<\/li>\n<\/ul>\n<p>Po otwarciu przechowywa\u0107 w lod\u00f3wce.<\/p>\n<p><b>Produkt z W\u0142och.<\/b><\/p>\n","protected":false},"excerpt":{"rendered":"<p>Krem balsamiczny klasyczny 500ml Kremowy sos na bazie octu balsamicznego z Modeny o przyjemnym s\u0142odko-winnym smaku. Do dekorowania i poprawiania smaku deser\u00f3w, nadaje si\u0119 jako dodatek do owoc\u00f3w. Sk\u0142adniki:skoncentrowany moszcz winogronowy&nbsp;&#8222;Aceto Balsamico di Modena IGP&#8221; 39 %&nbsp;(ocet winny, skoncentrowany moszcz winogronowy, barwniki: karmel), syrop glukozowo-fruktozowy, woda, zag\u0119szczacz: skrobia kukurydzy, ksantanowa guma Warto\u015bci od\u017cywcze na 100 [&hellip;]<\/p>\n","protected":false},"featured_media":2556,"comment_status":"open","ping_status":"closed","template":"","meta":[],"product_brand":[165],"product_cat":[114],"product_tag":[],"class_list":{"0":"post-2553","1":"product","2":"type-product","3":"status-publish","4":"has-post-thumbnail","6":"product_brand-varvello","7":"product_cat-oliwa-olej-ocet","9":"first","10":"instock","11":"taxable","12":"shipping-taxable","13":"purchasable","14":"product-type-simple"},"yoast_head":"<!-- This site is optimized with the Yoast SEO plugin v27.3 - https:\/\/yoast.com\/product\/yoast-seo-wordpress\/ -->\n<title>Varvello Krem balsamiczny klasyczny 500 ml - Mix Market - Supermarket z wszystkim co potrzeba<\/title>\n<meta name=\"robots\" content=\"index, follow, max-snippet:-1, max-image-preview:large, max-video-preview:-1\" \/>\n<link rel=\"canonical\" href=\"https:\/\/racom.com.pl\/index.php\/produkt\/varvello-krem-balsamiczny-klasyczny-500-ml\/\" \/>\n<meta property=\"og:locale\" content=\"pl_PL\" \/>\n<meta property=\"og:type\" content=\"article\" \/>\n<meta property=\"og:title\" content=\"Varvello Krem balsamiczny klasyczny 500 ml - Mix Market - Supermarket z wszystkim co potrzeba\" \/>\n<meta property=\"og:description\" content=\"Krem balsamiczny klasyczny 500ml Kremowy sos na bazie octu balsamicznego z Modeny o przyjemnym s\u0142odko-winnym smaku. Do dekorowania i poprawiania smaku deser\u00f3w, nadaje si\u0119 jako dodatek do owoc\u00f3w. Sk\u0142adniki:skoncentrowany moszcz winogronowy&nbsp;&#8222;Aceto Balsamico di Modena IGP&#8221; 39 %&nbsp;(ocet winny, skoncentrowany moszcz winogronowy, barwniki: karmel), syrop glukozowo-fruktozowy, woda, zag\u0119szczacz: skrobia kukurydzy, ksantanowa guma Warto\u015bci od\u017cywcze na 100 [&hellip;]\" \/>\n<meta property=\"og:url\" content=\"https:\/\/racom.com.pl\/index.php\/produkt\/varvello-krem-balsamiczny-klasyczny-500-ml\/\" \/>\n<meta property=\"og:site_name\" content=\"Mix Market - Supermarket z wszystkim co potrzeba\" \/>\n<meta property=\"og:image\" content=\"https:\/\/racom.com.pl\/wp-content\/uploads\/2025\/07\/allegro_687abe034c3a93.26386345_25996ec1424da2a040342e48eb60.jpg\" \/>\n\t<meta property=\"og:image:width\" content=\"2365\" \/>\n\t<meta property=\"og:image:height\" content=\"2365\" \/>\n\t<meta property=\"og:image:type\" content=\"image\/jpeg\" \/>\n<meta name=\"twitter:card\" content=\"summary_large_image\" \/>\n<script type=\"application\/ld+json\" class=\"yoast-schema-graph\">{\"@context\":\"https:\\\/\\\/schema.org\",\"@graph\":[{\"@type\":\"WebPage\",\"@id\":\"https:\\\/\\\/racom.com.pl\\\/index.php\\\/produkt\\\/varvello-krem-balsamiczny-klasyczny-500-ml\\\/\",\"url\":\"https:\\\/\\\/racom.com.pl\\\/index.php\\\/produkt\\\/varvello-krem-balsamiczny-klasyczny-500-ml\\\/\",\"name\":\"Varvello Krem balsamiczny klasyczny 500 ml - Mix Market - Supermarket z wszystkim co potrzeba\",\"isPartOf\":{\"@id\":\"https:\\\/\\\/racom.com.pl\\\/#website\"},\"primaryImageOfPage\":{\"@id\":\"https:\\\/\\\/racom.com.pl\\\/index.php\\\/produkt\\\/varvello-krem-balsamiczny-klasyczny-500-ml\\\/#primaryimage\"},\"image\":{\"@id\":\"https:\\\/\\\/racom.com.pl\\\/index.php\\\/produkt\\\/varvello-krem-balsamiczny-klasyczny-500-ml\\\/#primaryimage\"},\"thumbnailUrl\":\"https:\\\/\\\/racom.com.pl\\\/wp-content\\\/uploads\\\/2025\\\/07\\\/allegro_687abe034c3a93.26386345_25996ec1424da2a040342e48eb60.jpg\",\"datePublished\":\"2025-07-18T21:34:31+00:00\",\"breadcrumb\":{\"@id\":\"https:\\\/\\\/racom.com.pl\\\/index.php\\\/produkt\\\/varvello-krem-balsamiczny-klasyczny-500-ml\\\/#breadcrumb\"},\"inLanguage\":\"pl-PL\",\"potentialAction\":[{\"@type\":\"ReadAction\",\"target\":[\"https:\\\/\\\/racom.com.pl\\\/index.php\\\/produkt\\\/varvello-krem-balsamiczny-klasyczny-500-ml\\\/\"]}]},{\"@type\":\"ImageObject\",\"inLanguage\":\"pl-PL\",\"@id\":\"https:\\\/\\\/racom.com.pl\\\/index.php\\\/produkt\\\/varvello-krem-balsamiczny-klasyczny-500-ml\\\/#primaryimage\",\"url\":\"https:\\\/\\\/racom.com.pl\\\/wp-content\\\/uploads\\\/2025\\\/07\\\/allegro_687abe034c3a93.26386345_25996ec1424da2a040342e48eb60.jpg\",\"contentUrl\":\"https:\\\/\\\/racom.com.pl\\\/wp-content\\\/uploads\\\/2025\\\/07\\\/allegro_687abe034c3a93.26386345_25996ec1424da2a040342e48eb60.jpg\",\"width\":2365,\"height\":2365},{\"@type\":\"BreadcrumbList\",\"@id\":\"https:\\\/\\\/racom.com.pl\\\/index.php\\\/produkt\\\/varvello-krem-balsamiczny-klasyczny-500-ml\\\/#breadcrumb\",\"itemListElement\":[{\"@type\":\"ListItem\",\"position\":1,\"name\":\"Strona g\u0142\u00f3wna\",\"item\":\"https:\\\/\\\/racom.com.pl\\\/\"},{\"@type\":\"ListItem\",\"position\":2,\"name\":\"Sklep\",\"item\":\"https:\\\/\\\/racom.com.pl\\\/\"},{\"@type\":\"ListItem\",\"position\":3,\"name\":\"Varvello Krem balsamiczny klasyczny 500 ml\"}]},{\"@type\":\"WebSite\",\"@id\":\"https:\\\/\\\/racom.com.pl\\\/#website\",\"url\":\"https:\\\/\\\/racom.com.pl\\\/\",\"name\":\"Mix Market - Supermarket z wszystkim co potrzeba do domu i nie tylko\",\"description\":\"\",\"publisher\":{\"@id\":\"https:\\\/\\\/racom.com.pl\\\/#organization\"},\"potentialAction\":[{\"@type\":\"SearchAction\",\"target\":{\"@type\":\"EntryPoint\",\"urlTemplate\":\"https:\\\/\\\/racom.com.pl\\\/?s={search_term_string}\"},\"query-input\":{\"@type\":\"PropertyValueSpecification\",\"valueRequired\":true,\"valueName\":\"search_term_string\"}}],\"inLanguage\":\"pl-PL\"},{\"@type\":\"Organization\",\"@id\":\"https:\\\/\\\/racom.com.pl\\\/#organization\",\"name\":\"Mix Market - Supermarket z wszystkim co potrzeba do domu i nie tylko\",\"url\":\"https:\\\/\\\/racom.com.pl\\\/\",\"logo\":{\"@type\":\"ImageObject\",\"inLanguage\":\"pl-PL\",\"@id\":\"https:\\\/\\\/racom.com.pl\\\/#\\\/schema\\\/logo\\\/image\\\/\",\"url\":\"https:\\\/\\\/racom.com.pl\\\/wp-content\\\/uploads\\\/2025\\\/07\\\/mixmarket_logo.png\",\"contentUrl\":\"https:\\\/\\\/racom.com.pl\\\/wp-content\\\/uploads\\\/2025\\\/07\\\/mixmarket_logo.png\",\"width\":1024,\"height\":1024,\"caption\":\"Mix Market - Supermarket z wszystkim co potrzeba do domu i nie tylko\"},\"image\":{\"@id\":\"https:\\\/\\\/racom.com.pl\\\/#\\\/schema\\\/logo\\\/image\\\/\"}}]}<\/script>\n<!-- \/ Yoast SEO plugin. -->","yoast_head_json":{"title":"Varvello Krem balsamiczny klasyczny 500 ml - Mix Market - Supermarket z wszystkim co potrzeba","robots":{"index":"index","follow":"follow","max-snippet":"max-snippet:-1","max-image-preview":"max-image-preview:large","max-video-preview":"max-video-preview:-1"},"canonical":"https:\/\/racom.com.pl\/index.php\/produkt\/varvello-krem-balsamiczny-klasyczny-500-ml\/","og_locale":"pl_PL","og_type":"article","og_title":"Varvello Krem balsamiczny klasyczny 500 ml - Mix Market - Supermarket z wszystkim co potrzeba","og_description":"Krem balsamiczny klasyczny 500ml Kremowy sos na bazie octu balsamicznego z Modeny o przyjemnym s\u0142odko-winnym smaku. Do dekorowania i poprawiania smaku deser\u00f3w, nadaje si\u0119 jako dodatek do owoc\u00f3w. Sk\u0142adniki:skoncentrowany moszcz winogronowy&nbsp;&#8222;Aceto Balsamico di Modena IGP&#8221; 39 %&nbsp;(ocet winny, skoncentrowany moszcz winogronowy, barwniki: karmel), syrop glukozowo-fruktozowy, woda, zag\u0119szczacz: skrobia kukurydzy, ksantanowa guma Warto\u015bci od\u017cywcze na 100 [&hellip;]","og_url":"https:\/\/racom.com.pl\/index.php\/produkt\/varvello-krem-balsamiczny-klasyczny-500-ml\/","og_site_name":"Mix Market - Supermarket z wszystkim co potrzeba","og_image":[{"width":2365,"height":2365,"url":"https:\/\/racom.com.pl\/wp-content\/uploads\/2025\/07\/allegro_687abe034c3a93.26386345_25996ec1424da2a040342e48eb60.jpg","type":"image\/jpeg"}],"twitter_card":"summary_large_image","schema":{"@context":"https:\/\/schema.org","@graph":[{"@type":"WebPage","@id":"https:\/\/racom.com.pl\/index.php\/produkt\/varvello-krem-balsamiczny-klasyczny-500-ml\/","url":"https:\/\/racom.com.pl\/index.php\/produkt\/varvello-krem-balsamiczny-klasyczny-500-ml\/","name":"Varvello Krem balsamiczny klasyczny 500 ml - Mix Market - Supermarket z wszystkim co potrzeba","isPartOf":{"@id":"https:\/\/racom.com.pl\/#website"},"primaryImageOfPage":{"@id":"https:\/\/racom.com.pl\/index.php\/produkt\/varvello-krem-balsamiczny-klasyczny-500-ml\/#primaryimage"},"image":{"@id":"https:\/\/racom.com.pl\/index.php\/produkt\/varvello-krem-balsamiczny-klasyczny-500-ml\/#primaryimage"},"thumbnailUrl":"https:\/\/racom.com.pl\/wp-content\/uploads\/2025\/07\/allegro_687abe034c3a93.26386345_25996ec1424da2a040342e48eb60.jpg","datePublished":"2025-07-18T21:34:31+00:00","breadcrumb":{"@id":"https:\/\/racom.com.pl\/index.php\/produkt\/varvello-krem-balsamiczny-klasyczny-500-ml\/#breadcrumb"},"inLanguage":"pl-PL","potentialAction":[{"@type":"ReadAction","target":["https:\/\/racom.com.pl\/index.php\/produkt\/varvello-krem-balsamiczny-klasyczny-500-ml\/"]}]},{"@type":"ImageObject","inLanguage":"pl-PL","@id":"https:\/\/racom.com.pl\/index.php\/produkt\/varvello-krem-balsamiczny-klasyczny-500-ml\/#primaryimage","url":"https:\/\/racom.com.pl\/wp-content\/uploads\/2025\/07\/allegro_687abe034c3a93.26386345_25996ec1424da2a040342e48eb60.jpg","contentUrl":"https:\/\/racom.com.pl\/wp-content\/uploads\/2025\/07\/allegro_687abe034c3a93.26386345_25996ec1424da2a040342e48eb60.jpg","width":2365,"height":2365},{"@type":"BreadcrumbList","@id":"https:\/\/racom.com.pl\/index.php\/produkt\/varvello-krem-balsamiczny-klasyczny-500-ml\/#breadcrumb","itemListElement":[{"@type":"ListItem","position":1,"name":"Strona g\u0142\u00f3wna","item":"https:\/\/racom.com.pl\/"},{"@type":"ListItem","position":2,"name":"Sklep","item":"https:\/\/racom.com.pl\/"},{"@type":"ListItem","position":3,"name":"Varvello Krem balsamiczny klasyczny 500 ml"}]},{"@type":"WebSite","@id":"https:\/\/racom.com.pl\/#website","url":"https:\/\/racom.com.pl\/","name":"Mix Market - Supermarket z wszystkim co potrzeba do domu i nie tylko","description":"","publisher":{"@id":"https:\/\/racom.com.pl\/#organization"},"potentialAction":[{"@type":"SearchAction","target":{"@type":"EntryPoint","urlTemplate":"https:\/\/racom.com.pl\/?s={search_term_string}"},"query-input":{"@type":"PropertyValueSpecification","valueRequired":true,"valueName":"search_term_string"}}],"inLanguage":"pl-PL"},{"@type":"Organization","@id":"https:\/\/racom.com.pl\/#organization","name":"Mix Market - Supermarket z wszystkim co potrzeba do domu i nie tylko","url":"https:\/\/racom.com.pl\/","logo":{"@type":"ImageObject","inLanguage":"pl-PL","@id":"https:\/\/racom.com.pl\/#\/schema\/logo\/image\/","url":"https:\/\/racom.com.pl\/wp-content\/uploads\/2025\/07\/mixmarket_logo.png","contentUrl":"https:\/\/racom.com.pl\/wp-content\/uploads\/2025\/07\/mixmarket_logo.png","width":1024,"height":1024,"caption":"Mix Market - Supermarket z wszystkim co potrzeba do domu i nie tylko"},"image":{"@id":"https:\/\/racom.com.pl\/#\/schema\/logo\/image\/"}}]}},"_links":{"self":[{"href":"https:\/\/racom.com.pl\/index.php\/wp-json\/wp\/v2\/product\/2553","targetHints":{"allow":["GET"]}}],"collection":[{"href":"https:\/\/racom.com.pl\/index.php\/wp-json\/wp\/v2\/product"}],"about":[{"href":"https:\/\/racom.com.pl\/index.php\/wp-json\/wp\/v2\/types\/product"}],"replies":[{"embeddable":true,"href":"https:\/\/racom.com.pl\/index.php\/wp-json\/wp\/v2\/comments?post=2553"}],"wp:featuredmedia":[{"embeddable":true,"href":"https:\/\/racom.com.pl\/index.php\/wp-json\/wp\/v2\/media\/2556"}],"wp:attachment":[{"href":"https:\/\/racom.com.pl\/index.php\/wp-json\/wp\/v2\/media?parent=2553"}],"wp:term":[{"taxonomy":"product_brand","embeddable":true,"href":"https:\/\/racom.com.pl\/index.php\/wp-json\/wp\/v2\/product_brand?post=2553"},{"taxonomy":"product_cat","embeddable":true,"href":"https:\/\/racom.com.pl\/index.php\/wp-json\/wp\/v2\/product_cat?post=2553"},{"taxonomy":"product_tag","embeddable":true,"href":"https:\/\/racom.com.pl\/index.php\/wp-json\/wp\/v2\/product_tag?post=2553"}],"curies":[{"name":"wp","href":"https:\/\/api.w.org\/{rel}","templated":true}]}}