{"id":2579,"date":"2025-07-18T23:38:30","date_gmt":"2025-07-18T21:38:30","guid":{"rendered":"http:\/\/192.168.2.106\/index.php\/produkt\/ekland-mv201-herbata-cytrynowa-instant-1kg\/"},"modified":"2025-07-18T23:38:30","modified_gmt":"2025-07-18T21:38:30","slug":"ekland-mv201-herbata-cytrynowa-instant-1kg","status":"publish","type":"product","link":"https:\/\/racom.com.pl\/index.php\/produkt\/ekland-mv201-herbata-cytrynowa-instant-1kg\/","title":{"rendered":"Ekland MV201 herbata cytrynowa instant [1kg]"},"content":{"rendered":"<h2>Ekland MV201 herbata cytrynowa instant 1kg<\/h2>\n<p>Ekland MV201 herbata cytrynowa instant 1kg &#8211; idealny wyb\u00f3r dla w\u0142a\u015bcicieli automat\u00f3w vendingowych. To granulowany nap\u00f3j, kt\u00f3ry rozpuszcza si\u0119 bez trudu zar\u00f3wno w gor\u0105cej, jak i zimnej wodzie. Bez wzgl\u0119du na wilgotno\u015b\u0107 otoczenia, zawsze pozostaje on lu\u017any i sypki, co wp\u0142ywa wyj\u0105tkowo korzystnie na jako\u015b\u0107 serwowanego napoju. Delikatne po\u0142\u0105czenie smaku herbaty z wyrazistym aromatem cytryny sprawia, \u017ce ta herbata przypadnie do gustu nawet najbardziej wymagaj\u0105cym podniebieniom.<\/p>\n<p>Maszyny vendingowe z powodzeniem mog\u0105 korzysta\u0107 z herbaty Ekland MV201, a zalecane dozowanie wynosi 10-12g na kubek o pojemno\u015bci 180 ml.<\/p>\n","protected":false},"excerpt":{"rendered":"<p>Ekland MV201 herbata cytrynowa instant 1kg Ekland MV201 herbata cytrynowa instant 1kg &#8211; idealny wyb\u00f3r dla w\u0142a\u015bcicieli automat\u00f3w vendingowych. To granulowany nap\u00f3j, kt\u00f3ry rozpuszcza si\u0119 bez trudu zar\u00f3wno w gor\u0105cej, jak i zimnej wodzie. Bez wzgl\u0119du na wilgotno\u015b\u0107 otoczenia, zawsze pozostaje on lu\u017any i sypki, co wp\u0142ywa wyj\u0105tkowo korzystnie na jako\u015b\u0107 serwowanego napoju. Delikatne po\u0142\u0105czenie [&hellip;]<\/p>\n","protected":false},"featured_media":2582,"comment_status":"open","ping_status":"closed","template":"","meta":[],"product_brand":[169],"product_cat":[141],"product_tag":[],"class_list":{"0":"post-2579","1":"product","2":"type-product","3":"status-publish","4":"has-post-thumbnail","6":"product_brand-ekland","7":"product_cat-herbata-i-napary","9":"first","10":"instock","11":"taxable","12":"shipping-taxable","13":"purchasable","14":"product-type-simple"},"yoast_head":"<!-- This site is optimized with the Yoast SEO plugin v27.3 - https:\/\/yoast.com\/product\/yoast-seo-wordpress\/ -->\n<title>Ekland MV201 herbata cytrynowa instant [1kg] - Mix Market - Supermarket z wszystkim co potrzeba<\/title>\n<meta name=\"robots\" content=\"index, follow, max-snippet:-1, max-image-preview:large, max-video-preview:-1\" \/>\n<link rel=\"canonical\" href=\"https:\/\/racom.com.pl\/index.php\/produkt\/ekland-mv201-herbata-cytrynowa-instant-1kg\/\" \/>\n<meta property=\"og:locale\" content=\"pl_PL\" \/>\n<meta property=\"og:type\" content=\"article\" \/>\n<meta property=\"og:title\" content=\"Ekland MV201 herbata cytrynowa instant [1kg] - Mix Market - Supermarket z wszystkim co potrzeba\" \/>\n<meta property=\"og:description\" content=\"Ekland MV201 herbata cytrynowa instant 1kg Ekland MV201 herbata cytrynowa instant 1kg &#8211; idealny wyb\u00f3r dla w\u0142a\u015bcicieli automat\u00f3w vendingowych. To granulowany nap\u00f3j, kt\u00f3ry rozpuszcza si\u0119 bez trudu zar\u00f3wno w gor\u0105cej, jak i zimnej wodzie. Bez wzgl\u0119du na wilgotno\u015b\u0107 otoczenia, zawsze pozostaje on lu\u017any i sypki, co wp\u0142ywa wyj\u0105tkowo korzystnie na jako\u015b\u0107 serwowanego napoju. Delikatne po\u0142\u0105czenie [&hellip;]\" \/>\n<meta property=\"og:url\" content=\"https:\/\/racom.com.pl\/index.php\/produkt\/ekland-mv201-herbata-cytrynowa-instant-1kg\/\" \/>\n<meta property=\"og:site_name\" content=\"Mix Market - Supermarket z wszystkim co potrzeba\" \/>\n<meta property=\"og:image\" content=\"https:\/\/racom.com.pl\/wp-content\/uploads\/2025\/07\/allegro_687abef0a56782.04209029_3cc4194442838e23d4bdb82ef063.jpg\" \/>\n\t<meta property=\"og:image:width\" content=\"2365\" \/>\n\t<meta property=\"og:image:height\" content=\"2365\" \/>\n\t<meta property=\"og:image:type\" content=\"image\/jpeg\" \/>\n<meta name=\"twitter:card\" content=\"summary_large_image\" \/>\n<meta name=\"twitter:label1\" content=\"Szacowany czas czytania\" \/>\n\t<meta name=\"twitter:data1\" content=\"1 minuta\" \/>\n<script type=\"application\/ld+json\" class=\"yoast-schema-graph\">{\"@context\":\"https:\\\/\\\/schema.org\",\"@graph\":[{\"@type\":\"WebPage\",\"@id\":\"https:\\\/\\\/racom.com.pl\\\/index.php\\\/produkt\\\/ekland-mv201-herbata-cytrynowa-instant-1kg\\\/\",\"url\":\"https:\\\/\\\/racom.com.pl\\\/index.php\\\/produkt\\\/ekland-mv201-herbata-cytrynowa-instant-1kg\\\/\",\"name\":\"Ekland MV201 herbata cytrynowa instant [1kg] - Mix Market - Supermarket z wszystkim co potrzeba\",\"isPartOf\":{\"@id\":\"https:\\\/\\\/racom.com.pl\\\/#website\"},\"primaryImageOfPage\":{\"@id\":\"https:\\\/\\\/racom.com.pl\\\/index.php\\\/produkt\\\/ekland-mv201-herbata-cytrynowa-instant-1kg\\\/#primaryimage\"},\"image\":{\"@id\":\"https:\\\/\\\/racom.com.pl\\\/index.php\\\/produkt\\\/ekland-mv201-herbata-cytrynowa-instant-1kg\\\/#primaryimage\"},\"thumbnailUrl\":\"https:\\\/\\\/racom.com.pl\\\/wp-content\\\/uploads\\\/2025\\\/07\\\/allegro_687abef0a56782.04209029_3cc4194442838e23d4bdb82ef063.jpg\",\"datePublished\":\"2025-07-18T21:38:30+00:00\",\"breadcrumb\":{\"@id\":\"https:\\\/\\\/racom.com.pl\\\/index.php\\\/produkt\\\/ekland-mv201-herbata-cytrynowa-instant-1kg\\\/#breadcrumb\"},\"inLanguage\":\"pl-PL\",\"potentialAction\":[{\"@type\":\"ReadAction\",\"target\":[\"https:\\\/\\\/racom.com.pl\\\/index.php\\\/produkt\\\/ekland-mv201-herbata-cytrynowa-instant-1kg\\\/\"]}]},{\"@type\":\"ImageObject\",\"inLanguage\":\"pl-PL\",\"@id\":\"https:\\\/\\\/racom.com.pl\\\/index.php\\\/produkt\\\/ekland-mv201-herbata-cytrynowa-instant-1kg\\\/#primaryimage\",\"url\":\"https:\\\/\\\/racom.com.pl\\\/wp-content\\\/uploads\\\/2025\\\/07\\\/allegro_687abef0a56782.04209029_3cc4194442838e23d4bdb82ef063.jpg\",\"contentUrl\":\"https:\\\/\\\/racom.com.pl\\\/wp-content\\\/uploads\\\/2025\\\/07\\\/allegro_687abef0a56782.04209029_3cc4194442838e23d4bdb82ef063.jpg\",\"width\":2365,\"height\":2365},{\"@type\":\"BreadcrumbList\",\"@id\":\"https:\\\/\\\/racom.com.pl\\\/index.php\\\/produkt\\\/ekland-mv201-herbata-cytrynowa-instant-1kg\\\/#breadcrumb\",\"itemListElement\":[{\"@type\":\"ListItem\",\"position\":1,\"name\":\"Strona g\u0142\u00f3wna\",\"item\":\"https:\\\/\\\/racom.com.pl\\\/\"},{\"@type\":\"ListItem\",\"position\":2,\"name\":\"Sklep\",\"item\":\"https:\\\/\\\/racom.com.pl\\\/\"},{\"@type\":\"ListItem\",\"position\":3,\"name\":\"Ekland MV201 herbata cytrynowa instant [1kg]\"}]},{\"@type\":\"WebSite\",\"@id\":\"https:\\\/\\\/racom.com.pl\\\/#website\",\"url\":\"https:\\\/\\\/racom.com.pl\\\/\",\"name\":\"Mix Market - Supermarket z wszystkim co potrzeba do domu i nie tylko\",\"description\":\"\",\"publisher\":{\"@id\":\"https:\\\/\\\/racom.com.pl\\\/#organization\"},\"potentialAction\":[{\"@type\":\"SearchAction\",\"target\":{\"@type\":\"EntryPoint\",\"urlTemplate\":\"https:\\\/\\\/racom.com.pl\\\/?s={search_term_string}\"},\"query-input\":{\"@type\":\"PropertyValueSpecification\",\"valueRequired\":true,\"valueName\":\"search_term_string\"}}],\"inLanguage\":\"pl-PL\"},{\"@type\":\"Organization\",\"@id\":\"https:\\\/\\\/racom.com.pl\\\/#organization\",\"name\":\"Mix Market - Supermarket z wszystkim co potrzeba do domu i nie tylko\",\"url\":\"https:\\\/\\\/racom.com.pl\\\/\",\"logo\":{\"@type\":\"ImageObject\",\"inLanguage\":\"pl-PL\",\"@id\":\"https:\\\/\\\/racom.com.pl\\\/#\\\/schema\\\/logo\\\/image\\\/\",\"url\":\"https:\\\/\\\/racom.com.pl\\\/wp-content\\\/uploads\\\/2025\\\/07\\\/mixmarket_logo.png\",\"contentUrl\":\"https:\\\/\\\/racom.com.pl\\\/wp-content\\\/uploads\\\/2025\\\/07\\\/mixmarket_logo.png\",\"width\":1024,\"height\":1024,\"caption\":\"Mix Market - Supermarket z wszystkim co potrzeba do domu i nie tylko\"},\"image\":{\"@id\":\"https:\\\/\\\/racom.com.pl\\\/#\\\/schema\\\/logo\\\/image\\\/\"}}]}<\/script>\n<!-- \/ Yoast SEO plugin. -->","yoast_head_json":{"title":"Ekland MV201 herbata cytrynowa instant [1kg] - Mix Market - Supermarket z wszystkim co potrzeba","robots":{"index":"index","follow":"follow","max-snippet":"max-snippet:-1","max-image-preview":"max-image-preview:large","max-video-preview":"max-video-preview:-1"},"canonical":"https:\/\/racom.com.pl\/index.php\/produkt\/ekland-mv201-herbata-cytrynowa-instant-1kg\/","og_locale":"pl_PL","og_type":"article","og_title":"Ekland MV201 herbata cytrynowa instant [1kg] - Mix Market - Supermarket z wszystkim co potrzeba","og_description":"Ekland MV201 herbata cytrynowa instant 1kg Ekland MV201 herbata cytrynowa instant 1kg &#8211; idealny wyb\u00f3r dla w\u0142a\u015bcicieli automat\u00f3w vendingowych. To granulowany nap\u00f3j, kt\u00f3ry rozpuszcza si\u0119 bez trudu zar\u00f3wno w gor\u0105cej, jak i zimnej wodzie. Bez wzgl\u0119du na wilgotno\u015b\u0107 otoczenia, zawsze pozostaje on lu\u017any i sypki, co wp\u0142ywa wyj\u0105tkowo korzystnie na jako\u015b\u0107 serwowanego napoju. Delikatne po\u0142\u0105czenie [&hellip;]","og_url":"https:\/\/racom.com.pl\/index.php\/produkt\/ekland-mv201-herbata-cytrynowa-instant-1kg\/","og_site_name":"Mix Market - Supermarket z wszystkim co potrzeba","og_image":[{"width":2365,"height":2365,"url":"https:\/\/racom.com.pl\/wp-content\/uploads\/2025\/07\/allegro_687abef0a56782.04209029_3cc4194442838e23d4bdb82ef063.jpg","type":"image\/jpeg"}],"twitter_card":"summary_large_image","twitter_misc":{"Szacowany czas czytania":"1 minuta"},"schema":{"@context":"https:\/\/schema.org","@graph":[{"@type":"WebPage","@id":"https:\/\/racom.com.pl\/index.php\/produkt\/ekland-mv201-herbata-cytrynowa-instant-1kg\/","url":"https:\/\/racom.com.pl\/index.php\/produkt\/ekland-mv201-herbata-cytrynowa-instant-1kg\/","name":"Ekland MV201 herbata cytrynowa instant [1kg] - Mix Market - Supermarket z wszystkim co potrzeba","isPartOf":{"@id":"https:\/\/racom.com.pl\/#website"},"primaryImageOfPage":{"@id":"https:\/\/racom.com.pl\/index.php\/produkt\/ekland-mv201-herbata-cytrynowa-instant-1kg\/#primaryimage"},"image":{"@id":"https:\/\/racom.com.pl\/index.php\/produkt\/ekland-mv201-herbata-cytrynowa-instant-1kg\/#primaryimage"},"thumbnailUrl":"https:\/\/racom.com.pl\/wp-content\/uploads\/2025\/07\/allegro_687abef0a56782.04209029_3cc4194442838e23d4bdb82ef063.jpg","datePublished":"2025-07-18T21:38:30+00:00","breadcrumb":{"@id":"https:\/\/racom.com.pl\/index.php\/produkt\/ekland-mv201-herbata-cytrynowa-instant-1kg\/#breadcrumb"},"inLanguage":"pl-PL","potentialAction":[{"@type":"ReadAction","target":["https:\/\/racom.com.pl\/index.php\/produkt\/ekland-mv201-herbata-cytrynowa-instant-1kg\/"]}]},{"@type":"ImageObject","inLanguage":"pl-PL","@id":"https:\/\/racom.com.pl\/index.php\/produkt\/ekland-mv201-herbata-cytrynowa-instant-1kg\/#primaryimage","url":"https:\/\/racom.com.pl\/wp-content\/uploads\/2025\/07\/allegro_687abef0a56782.04209029_3cc4194442838e23d4bdb82ef063.jpg","contentUrl":"https:\/\/racom.com.pl\/wp-content\/uploads\/2025\/07\/allegro_687abef0a56782.04209029_3cc4194442838e23d4bdb82ef063.jpg","width":2365,"height":2365},{"@type":"BreadcrumbList","@id":"https:\/\/racom.com.pl\/index.php\/produkt\/ekland-mv201-herbata-cytrynowa-instant-1kg\/#breadcrumb","itemListElement":[{"@type":"ListItem","position":1,"name":"Strona g\u0142\u00f3wna","item":"https:\/\/racom.com.pl\/"},{"@type":"ListItem","position":2,"name":"Sklep","item":"https:\/\/racom.com.pl\/"},{"@type":"ListItem","position":3,"name":"Ekland MV201 herbata cytrynowa instant [1kg]"}]},{"@type":"WebSite","@id":"https:\/\/racom.com.pl\/#website","url":"https:\/\/racom.com.pl\/","name":"Mix Market - Supermarket z wszystkim co potrzeba do domu i nie tylko","description":"","publisher":{"@id":"https:\/\/racom.com.pl\/#organization"},"potentialAction":[{"@type":"SearchAction","target":{"@type":"EntryPoint","urlTemplate":"https:\/\/racom.com.pl\/?s={search_term_string}"},"query-input":{"@type":"PropertyValueSpecification","valueRequired":true,"valueName":"search_term_string"}}],"inLanguage":"pl-PL"},{"@type":"Organization","@id":"https:\/\/racom.com.pl\/#organization","name":"Mix Market - Supermarket z wszystkim co potrzeba do domu i nie tylko","url":"https:\/\/racom.com.pl\/","logo":{"@type":"ImageObject","inLanguage":"pl-PL","@id":"https:\/\/racom.com.pl\/#\/schema\/logo\/image\/","url":"https:\/\/racom.com.pl\/wp-content\/uploads\/2025\/07\/mixmarket_logo.png","contentUrl":"https:\/\/racom.com.pl\/wp-content\/uploads\/2025\/07\/mixmarket_logo.png","width":1024,"height":1024,"caption":"Mix Market - Supermarket z wszystkim co potrzeba do domu i nie tylko"},"image":{"@id":"https:\/\/racom.com.pl\/#\/schema\/logo\/image\/"}}]}},"_links":{"self":[{"href":"https:\/\/racom.com.pl\/index.php\/wp-json\/wp\/v2\/product\/2579","targetHints":{"allow":["GET"]}}],"collection":[{"href":"https:\/\/racom.com.pl\/index.php\/wp-json\/wp\/v2\/product"}],"about":[{"href":"https:\/\/racom.com.pl\/index.php\/wp-json\/wp\/v2\/types\/product"}],"replies":[{"embeddable":true,"href":"https:\/\/racom.com.pl\/index.php\/wp-json\/wp\/v2\/comments?post=2579"}],"wp:featuredmedia":[{"embeddable":true,"href":"https:\/\/racom.com.pl\/index.php\/wp-json\/wp\/v2\/media\/2582"}],"wp:attachment":[{"href":"https:\/\/racom.com.pl\/index.php\/wp-json\/wp\/v2\/media?parent=2579"}],"wp:term":[{"taxonomy":"product_brand","embeddable":true,"href":"https:\/\/racom.com.pl\/index.php\/wp-json\/wp\/v2\/product_brand?post=2579"},{"taxonomy":"product_cat","embeddable":true,"href":"https:\/\/racom.com.pl\/index.php\/wp-json\/wp\/v2\/product_cat?post=2579"},{"taxonomy":"product_tag","embeddable":true,"href":"https:\/\/racom.com.pl\/index.php\/wp-json\/wp\/v2\/product_tag?post=2579"}],"curies":[{"name":"wp","href":"https:\/\/api.w.org\/{rel}","templated":true}]}}