{"id":2640,"date":"2025-07-18T23:53:01","date_gmt":"2025-07-18T21:53:01","guid":{"rendered":"http:\/\/192.168.2.106\/index.php\/produkt\/profi-pasztet-z-pomidorami-w-puszce-160g-zgrzewka-zestaw-12-sztuk\/"},"modified":"2025-07-18T23:53:01","modified_gmt":"2025-07-18T21:53:01","slug":"profi-pasztet-z-pomidorami-w-puszce-160g-zgrzewka-zestaw-12-sztuk","status":"publish","type":"product","link":"https:\/\/racom.com.pl\/index.php\/produkt\/profi-pasztet-z-pomidorami-w-puszce-160g-zgrzewka-zestaw-12-sztuk\/","title":{"rendered":"PROFI Pasztet z POMIDORAMI w puszce 160g ZGRZEWKA Zestaw 12 sztuk"},"content":{"rendered":"<h2>PROFI Pasztet z pomidorami 160g w metalowej puszce.<\/h2>\n<h2>Opakowanie zbiorcze 12 szt.<\/h2>\n<p><b>Delikatny, aksamitny w&nbsp;smaku pasztet z&nbsp;dodatkiem pomidor\u00f3w. Uwielbiany przez dzieci.<\/b><\/p>\n<p>Nowe opakowanie to nie tylko bezpiecze\u0144stwo&nbsp;przechowywania i transportu, ale i nowa, wi\u0119ksza gramatura \u2013 160g. Pasztet w metalowych puszkach dost\u0119pny jest w czterech wariantach: firmowy, z pomidorami, z papryk\u0105 i z pieczarkami.<\/p>\n<p>Wszystkie pasztety Profi nie zawieraj\u0105 konserwant\u00f3w, a swoj\u0105 jako\u015b\u0107 zawdzi\u0119czaj\u0105 utrwaleniu wysok\u0105 temperatur\u0105 w zamkni\u0119tym opakowaniu, zupe\u0142nie jak w tradycyjnych przetworach.<\/p>\n<p>W kuchni Profi podchodzimy do receptur pasztet\u00f3w z najwi\u0119ksz\u0105 staranno\u015bci\u0105 i tradycj\u0105. Nieustannie dopracowujemy i ulepszamy przepisy, aby sprosta\u0107 oczekiwaniom konsument\u00f3w.<\/p>\n<p>Nad przygotowaniem produkt\u00f3w czuwa zaanga\u017cowane i odpowiedzialne grono profesjonalist\u00f3w. Podstaw\u0105 naszych wyrob\u00f3w jest wysoka jako\u015b\u0107 i doskona\u0142y, oryginalny smak. Dzi\u0119ki temu marka PROFI jest numerem 1 w kategorii pasztet\u00f3w.<\/p>\n","protected":false},"excerpt":{"rendered":"<p>PROFI Pasztet z pomidorami 160g w metalowej puszce. Opakowanie zbiorcze 12 szt. Delikatny, aksamitny w&nbsp;smaku pasztet z&nbsp;dodatkiem pomidor\u00f3w. Uwielbiany przez dzieci. Nowe opakowanie to nie tylko bezpiecze\u0144stwo&nbsp;przechowywania i transportu, ale i nowa, wi\u0119ksza gramatura \u2013 160g. Pasztet w metalowych puszkach dost\u0119pny jest w czterech wariantach: firmowy, z pomidorami, z papryk\u0105 i z pieczarkami. Wszystkie pasztety [&hellip;]<\/p>\n","protected":false},"featured_media":2644,"comment_status":"open","ping_status":"closed","template":"","meta":[],"product_brand":[177],"product_cat":[164],"product_tag":[],"class_list":{"0":"post-2640","1":"product","2":"type-product","3":"status-publish","4":"has-post-thumbnail","6":"product_brand-profi","7":"product_cat-mieso-i-wedliny","9":"first","10":"instock","11":"taxable","12":"shipping-taxable","13":"purchasable","14":"product-type-simple"},"yoast_head":"<!-- This site is optimized with the Yoast SEO plugin v27.3 - https:\/\/yoast.com\/product\/yoast-seo-wordpress\/ -->\n<title>PROFI Pasztet z POMIDORAMI w puszce 160g ZGRZEWKA Zestaw 12 sztuk - Mix Market - Supermarket z wszystkim co potrzeba<\/title>\n<meta name=\"robots\" content=\"index, follow, max-snippet:-1, max-image-preview:large, max-video-preview:-1\" \/>\n<link rel=\"canonical\" href=\"https:\/\/racom.com.pl\/index.php\/produkt\/profi-pasztet-z-pomidorami-w-puszce-160g-zgrzewka-zestaw-12-sztuk\/\" \/>\n<meta property=\"og:locale\" content=\"pl_PL\" \/>\n<meta property=\"og:type\" content=\"article\" \/>\n<meta property=\"og:title\" content=\"PROFI Pasztet z POMIDORAMI w puszce 160g ZGRZEWKA Zestaw 12 sztuk - Mix Market - Supermarket z wszystkim co potrzeba\" \/>\n<meta property=\"og:description\" content=\"PROFI Pasztet z pomidorami 160g w metalowej puszce. Opakowanie zbiorcze 12 szt. Delikatny, aksamitny w&nbsp;smaku pasztet z&nbsp;dodatkiem pomidor\u00f3w. Uwielbiany przez dzieci. Nowe opakowanie to nie tylko bezpiecze\u0144stwo&nbsp;przechowywania i transportu, ale i nowa, wi\u0119ksza gramatura \u2013 160g. Pasztet w metalowych puszkach dost\u0119pny jest w czterech wariantach: firmowy, z pomidorami, z papryk\u0105 i z pieczarkami. Wszystkie pasztety [&hellip;]\" \/>\n<meta property=\"og:url\" content=\"https:\/\/racom.com.pl\/index.php\/produkt\/profi-pasztet-z-pomidorami-w-puszce-160g-zgrzewka-zestaw-12-sztuk\/\" \/>\n<meta property=\"og:site_name\" content=\"Mix Market - Supermarket z wszystkim co potrzeba\" \/>\n<meta property=\"og:image\" content=\"https:\/\/racom.com.pl\/wp-content\/uploads\/2025\/07\/allegro_687ac270d42417.33450613_ecdf07e94957825b6db49b124010.jpg\" \/>\n\t<meta property=\"og:image:width\" content=\"500\" \/>\n\t<meta property=\"og:image:height\" content=\"500\" \/>\n\t<meta property=\"og:image:type\" content=\"image\/jpeg\" \/>\n<meta name=\"twitter:card\" content=\"summary_large_image\" \/>\n<meta name=\"twitter:label1\" content=\"Szacowany czas czytania\" \/>\n\t<meta name=\"twitter:data1\" content=\"1 minuta\" \/>\n<script type=\"application\/ld+json\" class=\"yoast-schema-graph\">{\"@context\":\"https:\\\/\\\/schema.org\",\"@graph\":[{\"@type\":\"WebPage\",\"@id\":\"https:\\\/\\\/racom.com.pl\\\/index.php\\\/produkt\\\/profi-pasztet-z-pomidorami-w-puszce-160g-zgrzewka-zestaw-12-sztuk\\\/\",\"url\":\"https:\\\/\\\/racom.com.pl\\\/index.php\\\/produkt\\\/profi-pasztet-z-pomidorami-w-puszce-160g-zgrzewka-zestaw-12-sztuk\\\/\",\"name\":\"PROFI Pasztet z POMIDORAMI w puszce 160g ZGRZEWKA Zestaw 12 sztuk - Mix Market - Supermarket z wszystkim co potrzeba\",\"isPartOf\":{\"@id\":\"https:\\\/\\\/racom.com.pl\\\/#website\"},\"primaryImageOfPage\":{\"@id\":\"https:\\\/\\\/racom.com.pl\\\/index.php\\\/produkt\\\/profi-pasztet-z-pomidorami-w-puszce-160g-zgrzewka-zestaw-12-sztuk\\\/#primaryimage\"},\"image\":{\"@id\":\"https:\\\/\\\/racom.com.pl\\\/index.php\\\/produkt\\\/profi-pasztet-z-pomidorami-w-puszce-160g-zgrzewka-zestaw-12-sztuk\\\/#primaryimage\"},\"thumbnailUrl\":\"https:\\\/\\\/racom.com.pl\\\/wp-content\\\/uploads\\\/2025\\\/07\\\/allegro_687ac270d42417.33450613_ecdf07e94957825b6db49b124010.jpg\",\"datePublished\":\"2025-07-18T21:53:01+00:00\",\"breadcrumb\":{\"@id\":\"https:\\\/\\\/racom.com.pl\\\/index.php\\\/produkt\\\/profi-pasztet-z-pomidorami-w-puszce-160g-zgrzewka-zestaw-12-sztuk\\\/#breadcrumb\"},\"inLanguage\":\"pl-PL\",\"potentialAction\":[{\"@type\":\"ReadAction\",\"target\":[\"https:\\\/\\\/racom.com.pl\\\/index.php\\\/produkt\\\/profi-pasztet-z-pomidorami-w-puszce-160g-zgrzewka-zestaw-12-sztuk\\\/\"]}]},{\"@type\":\"ImageObject\",\"inLanguage\":\"pl-PL\",\"@id\":\"https:\\\/\\\/racom.com.pl\\\/index.php\\\/produkt\\\/profi-pasztet-z-pomidorami-w-puszce-160g-zgrzewka-zestaw-12-sztuk\\\/#primaryimage\",\"url\":\"https:\\\/\\\/racom.com.pl\\\/wp-content\\\/uploads\\\/2025\\\/07\\\/allegro_687ac270d42417.33450613_ecdf07e94957825b6db49b124010.jpg\",\"contentUrl\":\"https:\\\/\\\/racom.com.pl\\\/wp-content\\\/uploads\\\/2025\\\/07\\\/allegro_687ac270d42417.33450613_ecdf07e94957825b6db49b124010.jpg\",\"width\":500,\"height\":500},{\"@type\":\"BreadcrumbList\",\"@id\":\"https:\\\/\\\/racom.com.pl\\\/index.php\\\/produkt\\\/profi-pasztet-z-pomidorami-w-puszce-160g-zgrzewka-zestaw-12-sztuk\\\/#breadcrumb\",\"itemListElement\":[{\"@type\":\"ListItem\",\"position\":1,\"name\":\"Strona g\u0142\u00f3wna\",\"item\":\"https:\\\/\\\/racom.com.pl\\\/\"},{\"@type\":\"ListItem\",\"position\":2,\"name\":\"Sklep\",\"item\":\"https:\\\/\\\/racom.com.pl\\\/\"},{\"@type\":\"ListItem\",\"position\":3,\"name\":\"PROFI Pasztet z POMIDORAMI w puszce 160g ZGRZEWKA Zestaw 12 sztuk\"}]},{\"@type\":\"WebSite\",\"@id\":\"https:\\\/\\\/racom.com.pl\\\/#website\",\"url\":\"https:\\\/\\\/racom.com.pl\\\/\",\"name\":\"Mix Market - Supermarket z wszystkim co potrzeba do domu i nie tylko\",\"description\":\"\",\"publisher\":{\"@id\":\"https:\\\/\\\/racom.com.pl\\\/#organization\"},\"potentialAction\":[{\"@type\":\"SearchAction\",\"target\":{\"@type\":\"EntryPoint\",\"urlTemplate\":\"https:\\\/\\\/racom.com.pl\\\/?s={search_term_string}\"},\"query-input\":{\"@type\":\"PropertyValueSpecification\",\"valueRequired\":true,\"valueName\":\"search_term_string\"}}],\"inLanguage\":\"pl-PL\"},{\"@type\":\"Organization\",\"@id\":\"https:\\\/\\\/racom.com.pl\\\/#organization\",\"name\":\"Mix Market - Supermarket z wszystkim co potrzeba do domu i nie tylko\",\"url\":\"https:\\\/\\\/racom.com.pl\\\/\",\"logo\":{\"@type\":\"ImageObject\",\"inLanguage\":\"pl-PL\",\"@id\":\"https:\\\/\\\/racom.com.pl\\\/#\\\/schema\\\/logo\\\/image\\\/\",\"url\":\"https:\\\/\\\/racom.com.pl\\\/wp-content\\\/uploads\\\/2025\\\/07\\\/mixmarket_logo.png\",\"contentUrl\":\"https:\\\/\\\/racom.com.pl\\\/wp-content\\\/uploads\\\/2025\\\/07\\\/mixmarket_logo.png\",\"width\":1024,\"height\":1024,\"caption\":\"Mix Market - Supermarket z wszystkim co potrzeba do domu i nie tylko\"},\"image\":{\"@id\":\"https:\\\/\\\/racom.com.pl\\\/#\\\/schema\\\/logo\\\/image\\\/\"}}]}<\/script>\n<!-- \/ Yoast SEO plugin. -->","yoast_head_json":{"title":"PROFI Pasztet z POMIDORAMI w puszce 160g ZGRZEWKA Zestaw 12 sztuk - Mix Market - Supermarket z wszystkim co potrzeba","robots":{"index":"index","follow":"follow","max-snippet":"max-snippet:-1","max-image-preview":"max-image-preview:large","max-video-preview":"max-video-preview:-1"},"canonical":"https:\/\/racom.com.pl\/index.php\/produkt\/profi-pasztet-z-pomidorami-w-puszce-160g-zgrzewka-zestaw-12-sztuk\/","og_locale":"pl_PL","og_type":"article","og_title":"PROFI Pasztet z POMIDORAMI w puszce 160g ZGRZEWKA Zestaw 12 sztuk - Mix Market - Supermarket z wszystkim co potrzeba","og_description":"PROFI Pasztet z pomidorami 160g w metalowej puszce. Opakowanie zbiorcze 12 szt. Delikatny, aksamitny w&nbsp;smaku pasztet z&nbsp;dodatkiem pomidor\u00f3w. Uwielbiany przez dzieci. Nowe opakowanie to nie tylko bezpiecze\u0144stwo&nbsp;przechowywania i transportu, ale i nowa, wi\u0119ksza gramatura \u2013 160g. Pasztet w metalowych puszkach dost\u0119pny jest w czterech wariantach: firmowy, z pomidorami, z papryk\u0105 i z pieczarkami. Wszystkie pasztety [&hellip;]","og_url":"https:\/\/racom.com.pl\/index.php\/produkt\/profi-pasztet-z-pomidorami-w-puszce-160g-zgrzewka-zestaw-12-sztuk\/","og_site_name":"Mix Market - Supermarket z wszystkim co potrzeba","og_image":[{"width":500,"height":500,"url":"https:\/\/racom.com.pl\/wp-content\/uploads\/2025\/07\/allegro_687ac270d42417.33450613_ecdf07e94957825b6db49b124010.jpg","type":"image\/jpeg"}],"twitter_card":"summary_large_image","twitter_misc":{"Szacowany czas czytania":"1 minuta"},"schema":{"@context":"https:\/\/schema.org","@graph":[{"@type":"WebPage","@id":"https:\/\/racom.com.pl\/index.php\/produkt\/profi-pasztet-z-pomidorami-w-puszce-160g-zgrzewka-zestaw-12-sztuk\/","url":"https:\/\/racom.com.pl\/index.php\/produkt\/profi-pasztet-z-pomidorami-w-puszce-160g-zgrzewka-zestaw-12-sztuk\/","name":"PROFI Pasztet z POMIDORAMI w puszce 160g ZGRZEWKA Zestaw 12 sztuk - Mix Market - Supermarket z wszystkim co potrzeba","isPartOf":{"@id":"https:\/\/racom.com.pl\/#website"},"primaryImageOfPage":{"@id":"https:\/\/racom.com.pl\/index.php\/produkt\/profi-pasztet-z-pomidorami-w-puszce-160g-zgrzewka-zestaw-12-sztuk\/#primaryimage"},"image":{"@id":"https:\/\/racom.com.pl\/index.php\/produkt\/profi-pasztet-z-pomidorami-w-puszce-160g-zgrzewka-zestaw-12-sztuk\/#primaryimage"},"thumbnailUrl":"https:\/\/racom.com.pl\/wp-content\/uploads\/2025\/07\/allegro_687ac270d42417.33450613_ecdf07e94957825b6db49b124010.jpg","datePublished":"2025-07-18T21:53:01+00:00","breadcrumb":{"@id":"https:\/\/racom.com.pl\/index.php\/produkt\/profi-pasztet-z-pomidorami-w-puszce-160g-zgrzewka-zestaw-12-sztuk\/#breadcrumb"},"inLanguage":"pl-PL","potentialAction":[{"@type":"ReadAction","target":["https:\/\/racom.com.pl\/index.php\/produkt\/profi-pasztet-z-pomidorami-w-puszce-160g-zgrzewka-zestaw-12-sztuk\/"]}]},{"@type":"ImageObject","inLanguage":"pl-PL","@id":"https:\/\/racom.com.pl\/index.php\/produkt\/profi-pasztet-z-pomidorami-w-puszce-160g-zgrzewka-zestaw-12-sztuk\/#primaryimage","url":"https:\/\/racom.com.pl\/wp-content\/uploads\/2025\/07\/allegro_687ac270d42417.33450613_ecdf07e94957825b6db49b124010.jpg","contentUrl":"https:\/\/racom.com.pl\/wp-content\/uploads\/2025\/07\/allegro_687ac270d42417.33450613_ecdf07e94957825b6db49b124010.jpg","width":500,"height":500},{"@type":"BreadcrumbList","@id":"https:\/\/racom.com.pl\/index.php\/produkt\/profi-pasztet-z-pomidorami-w-puszce-160g-zgrzewka-zestaw-12-sztuk\/#breadcrumb","itemListElement":[{"@type":"ListItem","position":1,"name":"Strona g\u0142\u00f3wna","item":"https:\/\/racom.com.pl\/"},{"@type":"ListItem","position":2,"name":"Sklep","item":"https:\/\/racom.com.pl\/"},{"@type":"ListItem","position":3,"name":"PROFI Pasztet z POMIDORAMI w puszce 160g ZGRZEWKA Zestaw 12 sztuk"}]},{"@type":"WebSite","@id":"https:\/\/racom.com.pl\/#website","url":"https:\/\/racom.com.pl\/","name":"Mix Market - Supermarket z wszystkim co potrzeba do domu i nie tylko","description":"","publisher":{"@id":"https:\/\/racom.com.pl\/#organization"},"potentialAction":[{"@type":"SearchAction","target":{"@type":"EntryPoint","urlTemplate":"https:\/\/racom.com.pl\/?s={search_term_string}"},"query-input":{"@type":"PropertyValueSpecification","valueRequired":true,"valueName":"search_term_string"}}],"inLanguage":"pl-PL"},{"@type":"Organization","@id":"https:\/\/racom.com.pl\/#organization","name":"Mix Market - Supermarket z wszystkim co potrzeba do domu i nie tylko","url":"https:\/\/racom.com.pl\/","logo":{"@type":"ImageObject","inLanguage":"pl-PL","@id":"https:\/\/racom.com.pl\/#\/schema\/logo\/image\/","url":"https:\/\/racom.com.pl\/wp-content\/uploads\/2025\/07\/mixmarket_logo.png","contentUrl":"https:\/\/racom.com.pl\/wp-content\/uploads\/2025\/07\/mixmarket_logo.png","width":1024,"height":1024,"caption":"Mix Market - Supermarket z wszystkim co potrzeba do domu i nie tylko"},"image":{"@id":"https:\/\/racom.com.pl\/#\/schema\/logo\/image\/"}}]}},"_links":{"self":[{"href":"https:\/\/racom.com.pl\/index.php\/wp-json\/wp\/v2\/product\/2640","targetHints":{"allow":["GET"]}}],"collection":[{"href":"https:\/\/racom.com.pl\/index.php\/wp-json\/wp\/v2\/product"}],"about":[{"href":"https:\/\/racom.com.pl\/index.php\/wp-json\/wp\/v2\/types\/product"}],"replies":[{"embeddable":true,"href":"https:\/\/racom.com.pl\/index.php\/wp-json\/wp\/v2\/comments?post=2640"}],"wp:featuredmedia":[{"embeddable":true,"href":"https:\/\/racom.com.pl\/index.php\/wp-json\/wp\/v2\/media\/2644"}],"wp:attachment":[{"href":"https:\/\/racom.com.pl\/index.php\/wp-json\/wp\/v2\/media?parent=2640"}],"wp:term":[{"taxonomy":"product_brand","embeddable":true,"href":"https:\/\/racom.com.pl\/index.php\/wp-json\/wp\/v2\/product_brand?post=2640"},{"taxonomy":"product_cat","embeddable":true,"href":"https:\/\/racom.com.pl\/index.php\/wp-json\/wp\/v2\/product_cat?post=2640"},{"taxonomy":"product_tag","embeddable":true,"href":"https:\/\/racom.com.pl\/index.php\/wp-json\/wp\/v2\/product_tag?post=2640"}],"curies":[{"name":"wp","href":"https:\/\/api.w.org\/{rel}","templated":true}]}}