{"id":267,"date":"2025-07-18T17:20:46","date_gmt":"2025-07-18T15:20:46","guid":{"rendered":"http:\/\/192.168.2.106\/index.php\/produkt\/podkladka-orico-250-cm-x-300-cm-gamingowa-obszyta\/"},"modified":"2025-07-18T17:20:46","modified_gmt":"2025-07-18T15:20:46","slug":"podkladka-orico-250-cm-x-300-cm-gamingowa-obszyta","status":"publish","type":"product","link":"https:\/\/racom.com.pl\/index.php\/produkt\/podkladka-orico-250-cm-x-300-cm-gamingowa-obszyta\/","title":{"rendered":"Podk\u0142adka Orico 250 cm x 300 cm Gamingowa Obszyta"},"content":{"rendered":"<p><b>Podk\u0142adka pod mysz Orico MPA3025-BK<\/b><\/p>\n<p>Komfortowo graj w gry, pracuj lub tw\u00f3rz kolejne projekty graficzne. Podk\u0142adka pod mysz marki Orico zosta\u0142a wykonana z doskona\u0142ej jako\u015bci materia\u0142\u00f3w, dzi\u0119ki czemu jest niezwykle wytrzyma\u0142a i odporna na zu\u017cycie. Antypo\u015blizgowy sp\u00f3d sprawia, \u017ce nie b\u0119dzie przesuwa\u0107 si\u0119 na biurku. Du\u017cy nadruk przyci\u0105ga wzrok i nie blaknie, nawet je\u015bli wyczy\u015bcisz produkt w wodzie. Podk\u0142adka zapewnia niesamowicie p\u0142ynn\u0105 i przyjemn\u0105 obs\u0142ug\u0119 myszy.<\/p>\n<p><b>Naturalna guma<\/b><\/p>\n<p>Do produkcji podk\u0142adki wykorzystano naturaln\u0105 gum\u0119, kt\u00f3ra zapewnia niezr\u00f3wnany komfort u\u017cytkowania. Niezwykle mi\u0119kka i przyjemna w dotyku &#8211; poch\u0142ania pot i jest odporna na dzia\u0142anie wysokich temperatur. Wyr\u00f3\u017cnia j\u0105 tak\u017ce du\u017ca elastyczno\u015b\u0107. U\u017cywaj\u0105c podk\u0142adki marki Orico, nie musisz te\u017c obawia\u0107 si\u0119 nieprzyjemnego zapachu.<\/p>\n<p><b>Niezwykle wytrzyma\u0142a<\/b><\/p>\n<p>Zastosowanie doskona\u0142ej jako\u015bci materia\u0142\u00f3w to tylko jeden pow\u00f3d, dla kt\u00f3rego podk\u0142adka jest tak wytrzyma\u0142a. Wyr\u00f3\u017cnia j\u0105 tak\u017ce niesamowicie solidne, staranne wykonanie. Jej brzegi zosta\u0142y precyzyjnie obszyte, co znacznie zmniejsza ryzyko jej uszkodzenia. Ta wyj\u0105tkowa podk\u0142adka b\u0119dzie doskonale Ci s\u0142u\u017cy\u0107 przez d\u0142ugie lata!<\/p>\n<p><b>Ciesz si\u0119 szybko\u015bci\u0105 i precyzj\u0105<\/b><\/p>\n<p>Cz\u0119sto grasz w gry? Zajmujesz si\u0119 grafik\u0105 komputerow\u0105? Podk\u0142adka marki Orico b\u0119dzie dla Ciebie doskona\u0142ym wyborem! Dzi\u0119ki zastosowaniu wysokiej klasy materia\u0142\u00f3w mo\u017cesz cieszy\u0107 si\u0119 dok\u0142adniejszym pozycjonowaniem myszy i jej szybsz\u0105, p\u0142ynniejsz\u0105 obs\u0142ug\u0105. Teraz nawet najbardziej dynamiczna rozgrywka nie b\u0119dzie stanowi\u0107 dla Ciebie wi\u0119kszego wyzwania!<\/p>\n<p><b>Trwa\u0142y druk termiczny<\/b><\/p>\n<p>Ozdob\u0119 podk\u0142adki stanowi doskona\u0142ej jako\u015bci nadruk, kt\u00f3ry nadaje jej niepowtarzalny charakter. Powsta\u0142 przy wykorzystaniu technologii druku termicznego zapewniaj\u0105cej idealne odwzorowanie obrazu, kt\u00f3ry jest niesamowicie wyra\u017any. Dzi\u0119ki zastosowanym rozwi\u0105zaniom produkt nie zawiera pektyny i jest przyjazny dla \u015brodowiska. Nadruk jest przy tym niezwykle trwa\u0142y i odporny na \u015bcieranie.<\/p>\n<p><b>\u0141atwa w utrzymaniu<\/b><\/p>\n<p>Twoja podk\u0142adka si\u0119 pobrudzi\u0142a? A mo\u017ce wyla\u0142o si\u0119 na ni\u0105 troch\u0119 kawy? \u017baden problem! Mo\u017cesz z \u0142atwo\u015bci\u0105 j\u0105 wyczy\u015bci\u0107 za pomoc\u0105 wody. Mycie produktu nie powoduje jego blakni\u0119cia ani odpadania materia\u0142u. Wszystko to sprawia, \u017ce bez trudu zachowasz podk\u0142adk\u0119 w doskona\u0142ym stanie przez d\u0142ugi czas!<\/p>\n<p><b>Antypo\u015blizgowa<\/b><\/p>\n<p>Masz do\u015b\u0107 niepraktycznych podk\u0142adek, kt\u00f3re nierzadko przesuwaj\u0105 si\u0119 po powierzchni biurka? Z Orico mo\u017cesz po\u017cegna\u0107 podobne problemy! Antypo\u015blizgowy sp\u00f3d nie tylko zapewnia produktowi niezr\u00f3wnan\u0105 stabilno\u015b\u0107, ale te\u017c poch\u0142ania ewentualne wstrz\u0105sy. Ju\u017c nie musisz si\u0119 obawia\u0107, \u017ce podk\u0142adka ze\u015blizgnie si\u0119 z biurka!<\/p>\n<p><b>Specyfikacja<\/b><\/p>\n<ul>\n<li><b>Producent:<\/b> Orico<\/li>\n<li><b>Model:<\/b> MPA3025-BK<\/li>\n<li><b>Materia\u0142:<\/b> Guma + multispandex + pianka pami\u0119ciowa<\/li>\n<li><b>Wymiary:<\/b> 300 x 250 x 4 mm<\/li>\n<\/ul>\n","protected":false},"excerpt":{"rendered":"<p>Podk\u0142adka pod mysz Orico MPA3025-BK Komfortowo graj w gry, pracuj lub tw\u00f3rz kolejne projekty graficzne. Podk\u0142adka pod mysz marki Orico zosta\u0142a wykonana z doskona\u0142ej jako\u015bci materia\u0142\u00f3w, dzi\u0119ki czemu jest niezwykle wytrzyma\u0142a i odporna na zu\u017cycie. Antypo\u015blizgowy sp\u00f3d sprawia, \u017ce nie b\u0119dzie przesuwa\u0107 si\u0119 na biurku. Du\u017cy nadruk przyci\u0105ga wzrok i nie blaknie, nawet je\u015bli wyczy\u015bcisz [&hellip;]<\/p>\n","protected":false},"featured_media":271,"comment_status":"open","ping_status":"closed","template":"","meta":[],"product_brand":[25],"product_cat":[21],"product_tag":[],"class_list":{"0":"post-267","1":"product","2":"type-product","3":"status-publish","4":"has-post-thumbnail","6":"product_brand-orico","7":"product_cat-urzadzenia-wskazujace","9":"first","10":"instock","11":"taxable","12":"shipping-taxable","13":"purchasable","14":"product-type-simple"},"yoast_head":"<!-- This site is optimized with the Yoast SEO plugin v27.3 - https:\/\/yoast.com\/product\/yoast-seo-wordpress\/ -->\n<title>Podk\u0142adka Orico 250 cm x 300 cm Gamingowa Obszyta - Mix Market - Supermarket z wszystkim co potrzeba<\/title>\n<meta name=\"robots\" content=\"index, follow, max-snippet:-1, max-image-preview:large, max-video-preview:-1\" \/>\n<link rel=\"canonical\" href=\"https:\/\/racom.com.pl\/index.php\/produkt\/podkladka-orico-250-cm-x-300-cm-gamingowa-obszyta\/\" \/>\n<meta property=\"og:locale\" content=\"pl_PL\" \/>\n<meta property=\"og:type\" content=\"article\" \/>\n<meta property=\"og:title\" content=\"Podk\u0142adka Orico 250 cm x 300 cm Gamingowa Obszyta - Mix Market - Supermarket z wszystkim co potrzeba\" \/>\n<meta property=\"og:description\" content=\"Podk\u0142adka pod mysz Orico MPA3025-BK Komfortowo graj w gry, pracuj lub tw\u00f3rz kolejne projekty graficzne. Podk\u0142adka pod mysz marki Orico zosta\u0142a wykonana z doskona\u0142ej jako\u015bci materia\u0142\u00f3w, dzi\u0119ki czemu jest niezwykle wytrzyma\u0142a i odporna na zu\u017cycie. Antypo\u015blizgowy sp\u00f3d sprawia, \u017ce nie b\u0119dzie przesuwa\u0107 si\u0119 na biurku. Du\u017cy nadruk przyci\u0105ga wzrok i nie blaknie, nawet je\u015bli wyczy\u015bcisz [&hellip;]\" \/>\n<meta property=\"og:url\" content=\"https:\/\/racom.com.pl\/index.php\/produkt\/podkladka-orico-250-cm-x-300-cm-gamingowa-obszyta\/\" \/>\n<meta property=\"og:site_name\" content=\"Mix Market - Supermarket z wszystkim co potrzeba\" \/>\n<meta property=\"og:image\" content=\"https:\/\/racom.com.pl\/wp-content\/uploads\/2025\/07\/allegro_687a665ee7e7f2.29079095_aa0c5c194d95bffbb63b041e01c5.jpg\" \/>\n\t<meta property=\"og:image:width\" content=\"800\" \/>\n\t<meta property=\"og:image:height\" content=\"800\" \/>\n\t<meta property=\"og:image:type\" content=\"image\/jpeg\" \/>\n<meta name=\"twitter:card\" content=\"summary_large_image\" \/>\n<meta name=\"twitter:label1\" content=\"Szacowany czas czytania\" \/>\n\t<meta name=\"twitter:data1\" content=\"2 minuty\" \/>\n<script type=\"application\/ld+json\" class=\"yoast-schema-graph\">{\"@context\":\"https:\\\/\\\/schema.org\",\"@graph\":[{\"@type\":\"WebPage\",\"@id\":\"https:\\\/\\\/racom.com.pl\\\/index.php\\\/produkt\\\/podkladka-orico-250-cm-x-300-cm-gamingowa-obszyta\\\/\",\"url\":\"https:\\\/\\\/racom.com.pl\\\/index.php\\\/produkt\\\/podkladka-orico-250-cm-x-300-cm-gamingowa-obszyta\\\/\",\"name\":\"Podk\u0142adka Orico 250 cm x 300 cm Gamingowa Obszyta - Mix Market - Supermarket z wszystkim co potrzeba\",\"isPartOf\":{\"@id\":\"https:\\\/\\\/racom.com.pl\\\/#website\"},\"primaryImageOfPage\":{\"@id\":\"https:\\\/\\\/racom.com.pl\\\/index.php\\\/produkt\\\/podkladka-orico-250-cm-x-300-cm-gamingowa-obszyta\\\/#primaryimage\"},\"image\":{\"@id\":\"https:\\\/\\\/racom.com.pl\\\/index.php\\\/produkt\\\/podkladka-orico-250-cm-x-300-cm-gamingowa-obszyta\\\/#primaryimage\"},\"thumbnailUrl\":\"https:\\\/\\\/racom.com.pl\\\/wp-content\\\/uploads\\\/2025\\\/07\\\/allegro_687a665ee7e7f2.29079095_aa0c5c194d95bffbb63b041e01c5.jpg\",\"datePublished\":\"2025-07-18T15:20:46+00:00\",\"breadcrumb\":{\"@id\":\"https:\\\/\\\/racom.com.pl\\\/index.php\\\/produkt\\\/podkladka-orico-250-cm-x-300-cm-gamingowa-obszyta\\\/#breadcrumb\"},\"inLanguage\":\"pl-PL\",\"potentialAction\":[{\"@type\":\"ReadAction\",\"target\":[\"https:\\\/\\\/racom.com.pl\\\/index.php\\\/produkt\\\/podkladka-orico-250-cm-x-300-cm-gamingowa-obszyta\\\/\"]}]},{\"@type\":\"ImageObject\",\"inLanguage\":\"pl-PL\",\"@id\":\"https:\\\/\\\/racom.com.pl\\\/index.php\\\/produkt\\\/podkladka-orico-250-cm-x-300-cm-gamingowa-obszyta\\\/#primaryimage\",\"url\":\"https:\\\/\\\/racom.com.pl\\\/wp-content\\\/uploads\\\/2025\\\/07\\\/allegro_687a665ee7e7f2.29079095_aa0c5c194d95bffbb63b041e01c5.jpg\",\"contentUrl\":\"https:\\\/\\\/racom.com.pl\\\/wp-content\\\/uploads\\\/2025\\\/07\\\/allegro_687a665ee7e7f2.29079095_aa0c5c194d95bffbb63b041e01c5.jpg\",\"width\":800,\"height\":800},{\"@type\":\"BreadcrumbList\",\"@id\":\"https:\\\/\\\/racom.com.pl\\\/index.php\\\/produkt\\\/podkladka-orico-250-cm-x-300-cm-gamingowa-obszyta\\\/#breadcrumb\",\"itemListElement\":[{\"@type\":\"ListItem\",\"position\":1,\"name\":\"Strona g\u0142\u00f3wna\",\"item\":\"https:\\\/\\\/racom.com.pl\\\/\"},{\"@type\":\"ListItem\",\"position\":2,\"name\":\"Sklep\",\"item\":\"https:\\\/\\\/racom.com.pl\\\/\"},{\"@type\":\"ListItem\",\"position\":3,\"name\":\"Podk\u0142adka Orico 250 cm x 300 cm Gamingowa Obszyta\"}]},{\"@type\":\"WebSite\",\"@id\":\"https:\\\/\\\/racom.com.pl\\\/#website\",\"url\":\"https:\\\/\\\/racom.com.pl\\\/\",\"name\":\"Mix Market - Supermarket z wszystkim co potrzeba do domu i nie tylko\",\"description\":\"\",\"publisher\":{\"@id\":\"https:\\\/\\\/racom.com.pl\\\/#organization\"},\"potentialAction\":[{\"@type\":\"SearchAction\",\"target\":{\"@type\":\"EntryPoint\",\"urlTemplate\":\"https:\\\/\\\/racom.com.pl\\\/?s={search_term_string}\"},\"query-input\":{\"@type\":\"PropertyValueSpecification\",\"valueRequired\":true,\"valueName\":\"search_term_string\"}}],\"inLanguage\":\"pl-PL\"},{\"@type\":\"Organization\",\"@id\":\"https:\\\/\\\/racom.com.pl\\\/#organization\",\"name\":\"Mix Market - Supermarket z wszystkim co potrzeba do domu i nie tylko\",\"url\":\"https:\\\/\\\/racom.com.pl\\\/\",\"logo\":{\"@type\":\"ImageObject\",\"inLanguage\":\"pl-PL\",\"@id\":\"https:\\\/\\\/racom.com.pl\\\/#\\\/schema\\\/logo\\\/image\\\/\",\"url\":\"https:\\\/\\\/racom.com.pl\\\/wp-content\\\/uploads\\\/2025\\\/07\\\/mixmarket_logo.png\",\"contentUrl\":\"https:\\\/\\\/racom.com.pl\\\/wp-content\\\/uploads\\\/2025\\\/07\\\/mixmarket_logo.png\",\"width\":1024,\"height\":1024,\"caption\":\"Mix Market - Supermarket z wszystkim co potrzeba do domu i nie tylko\"},\"image\":{\"@id\":\"https:\\\/\\\/racom.com.pl\\\/#\\\/schema\\\/logo\\\/image\\\/\"}}]}<\/script>\n<!-- \/ Yoast SEO plugin. -->","yoast_head_json":{"title":"Podk\u0142adka Orico 250 cm x 300 cm Gamingowa Obszyta - Mix Market - Supermarket z wszystkim co potrzeba","robots":{"index":"index","follow":"follow","max-snippet":"max-snippet:-1","max-image-preview":"max-image-preview:large","max-video-preview":"max-video-preview:-1"},"canonical":"https:\/\/racom.com.pl\/index.php\/produkt\/podkladka-orico-250-cm-x-300-cm-gamingowa-obszyta\/","og_locale":"pl_PL","og_type":"article","og_title":"Podk\u0142adka Orico 250 cm x 300 cm Gamingowa Obszyta - Mix Market - Supermarket z wszystkim co potrzeba","og_description":"Podk\u0142adka pod mysz Orico MPA3025-BK Komfortowo graj w gry, pracuj lub tw\u00f3rz kolejne projekty graficzne. Podk\u0142adka pod mysz marki Orico zosta\u0142a wykonana z doskona\u0142ej jako\u015bci materia\u0142\u00f3w, dzi\u0119ki czemu jest niezwykle wytrzyma\u0142a i odporna na zu\u017cycie. Antypo\u015blizgowy sp\u00f3d sprawia, \u017ce nie b\u0119dzie przesuwa\u0107 si\u0119 na biurku. Du\u017cy nadruk przyci\u0105ga wzrok i nie blaknie, nawet je\u015bli wyczy\u015bcisz [&hellip;]","og_url":"https:\/\/racom.com.pl\/index.php\/produkt\/podkladka-orico-250-cm-x-300-cm-gamingowa-obszyta\/","og_site_name":"Mix Market - Supermarket z wszystkim co potrzeba","og_image":[{"width":800,"height":800,"url":"https:\/\/racom.com.pl\/wp-content\/uploads\/2025\/07\/allegro_687a665ee7e7f2.29079095_aa0c5c194d95bffbb63b041e01c5.jpg","type":"image\/jpeg"}],"twitter_card":"summary_large_image","twitter_misc":{"Szacowany czas czytania":"2 minuty"},"schema":{"@context":"https:\/\/schema.org","@graph":[{"@type":"WebPage","@id":"https:\/\/racom.com.pl\/index.php\/produkt\/podkladka-orico-250-cm-x-300-cm-gamingowa-obszyta\/","url":"https:\/\/racom.com.pl\/index.php\/produkt\/podkladka-orico-250-cm-x-300-cm-gamingowa-obszyta\/","name":"Podk\u0142adka Orico 250 cm x 300 cm Gamingowa Obszyta - Mix Market - Supermarket z wszystkim co potrzeba","isPartOf":{"@id":"https:\/\/racom.com.pl\/#website"},"primaryImageOfPage":{"@id":"https:\/\/racom.com.pl\/index.php\/produkt\/podkladka-orico-250-cm-x-300-cm-gamingowa-obszyta\/#primaryimage"},"image":{"@id":"https:\/\/racom.com.pl\/index.php\/produkt\/podkladka-orico-250-cm-x-300-cm-gamingowa-obszyta\/#primaryimage"},"thumbnailUrl":"https:\/\/racom.com.pl\/wp-content\/uploads\/2025\/07\/allegro_687a665ee7e7f2.29079095_aa0c5c194d95bffbb63b041e01c5.jpg","datePublished":"2025-07-18T15:20:46+00:00","breadcrumb":{"@id":"https:\/\/racom.com.pl\/index.php\/produkt\/podkladka-orico-250-cm-x-300-cm-gamingowa-obszyta\/#breadcrumb"},"inLanguage":"pl-PL","potentialAction":[{"@type":"ReadAction","target":["https:\/\/racom.com.pl\/index.php\/produkt\/podkladka-orico-250-cm-x-300-cm-gamingowa-obszyta\/"]}]},{"@type":"ImageObject","inLanguage":"pl-PL","@id":"https:\/\/racom.com.pl\/index.php\/produkt\/podkladka-orico-250-cm-x-300-cm-gamingowa-obszyta\/#primaryimage","url":"https:\/\/racom.com.pl\/wp-content\/uploads\/2025\/07\/allegro_687a665ee7e7f2.29079095_aa0c5c194d95bffbb63b041e01c5.jpg","contentUrl":"https:\/\/racom.com.pl\/wp-content\/uploads\/2025\/07\/allegro_687a665ee7e7f2.29079095_aa0c5c194d95bffbb63b041e01c5.jpg","width":800,"height":800},{"@type":"BreadcrumbList","@id":"https:\/\/racom.com.pl\/index.php\/produkt\/podkladka-orico-250-cm-x-300-cm-gamingowa-obszyta\/#breadcrumb","itemListElement":[{"@type":"ListItem","position":1,"name":"Strona g\u0142\u00f3wna","item":"https:\/\/racom.com.pl\/"},{"@type":"ListItem","position":2,"name":"Sklep","item":"https:\/\/racom.com.pl\/"},{"@type":"ListItem","position":3,"name":"Podk\u0142adka Orico 250 cm x 300 cm Gamingowa Obszyta"}]},{"@type":"WebSite","@id":"https:\/\/racom.com.pl\/#website","url":"https:\/\/racom.com.pl\/","name":"Mix Market - Supermarket z wszystkim co potrzeba do domu i nie tylko","description":"","publisher":{"@id":"https:\/\/racom.com.pl\/#organization"},"potentialAction":[{"@type":"SearchAction","target":{"@type":"EntryPoint","urlTemplate":"https:\/\/racom.com.pl\/?s={search_term_string}"},"query-input":{"@type":"PropertyValueSpecification","valueRequired":true,"valueName":"search_term_string"}}],"inLanguage":"pl-PL"},{"@type":"Organization","@id":"https:\/\/racom.com.pl\/#organization","name":"Mix Market - Supermarket z wszystkim co potrzeba do domu i nie tylko","url":"https:\/\/racom.com.pl\/","logo":{"@type":"ImageObject","inLanguage":"pl-PL","@id":"https:\/\/racom.com.pl\/#\/schema\/logo\/image\/","url":"https:\/\/racom.com.pl\/wp-content\/uploads\/2025\/07\/mixmarket_logo.png","contentUrl":"https:\/\/racom.com.pl\/wp-content\/uploads\/2025\/07\/mixmarket_logo.png","width":1024,"height":1024,"caption":"Mix Market - Supermarket z wszystkim co potrzeba do domu i nie tylko"},"image":{"@id":"https:\/\/racom.com.pl\/#\/schema\/logo\/image\/"}}]}},"_links":{"self":[{"href":"https:\/\/racom.com.pl\/index.php\/wp-json\/wp\/v2\/product\/267","targetHints":{"allow":["GET"]}}],"collection":[{"href":"https:\/\/racom.com.pl\/index.php\/wp-json\/wp\/v2\/product"}],"about":[{"href":"https:\/\/racom.com.pl\/index.php\/wp-json\/wp\/v2\/types\/product"}],"replies":[{"embeddable":true,"href":"https:\/\/racom.com.pl\/index.php\/wp-json\/wp\/v2\/comments?post=267"}],"wp:featuredmedia":[{"embeddable":true,"href":"https:\/\/racom.com.pl\/index.php\/wp-json\/wp\/v2\/media\/271"}],"wp:attachment":[{"href":"https:\/\/racom.com.pl\/index.php\/wp-json\/wp\/v2\/media?parent=267"}],"wp:term":[{"taxonomy":"product_brand","embeddable":true,"href":"https:\/\/racom.com.pl\/index.php\/wp-json\/wp\/v2\/product_brand?post=267"},{"taxonomy":"product_cat","embeddable":true,"href":"https:\/\/racom.com.pl\/index.php\/wp-json\/wp\/v2\/product_cat?post=267"},{"taxonomy":"product_tag","embeddable":true,"href":"https:\/\/racom.com.pl\/index.php\/wp-json\/wp\/v2\/product_tag?post=267"}],"curies":[{"name":"wp","href":"https:\/\/api.w.org\/{rel}","templated":true}]}}