{"id":2784,"date":"2025-07-19T15:43:56","date_gmt":"2025-07-19T13:43:56","guid":{"rendered":"http:\/\/192.168.2.106\/index.php\/produkt\/herbata-czarna-z-bergamotka-ahmad-earl-grey-ex100-bez-zawieszki\/"},"modified":"2025-07-19T15:43:56","modified_gmt":"2025-07-19T13:43:56","slug":"herbata-czarna-z-bergamotka-ahmad-earl-grey-ex100-bez-zawieszki","status":"publish","type":"product","link":"https:\/\/racom.com.pl\/index.php\/produkt\/herbata-czarna-z-bergamotka-ahmad-earl-grey-ex100-bez-zawieszki\/","title":{"rendered":"Herbata CZARNA z bergamotk\u0105 Ahmad Earl Grey Ex100 bez zawieszki"},"content":{"rendered":"<h2>Ahmad Earl Grey Ex100 bez zawieszki<\/h2>\n<p><b>Ahmad Earl Grey<\/b>&nbsp;to angielska arystokratka w\u015br\u00f3d herbat. Mieszanka najlepszych gatunk\u00f3w wzbogacona cytrusowym aromatem bergamotki, kt\u00f3ra daje silny, energetyczny aromat i pe\u0142ni\u0119 smaku. Idealny dodatek do podwieczorku.<\/p>\n<p><b>Informacje:<\/b><\/p>\n<ul>\n<li>Rodzaj herbaty: herbata ekspresowa bez zawieszek<\/li>\n<li>Sk\u0142ad: herbata czarna, aromat bergamoty<\/li>\n<li>Pochodzenie: Sri Lanka<\/li>\n<li>Masa netto: 200g (100x2g)<\/li>\n<\/ul>\n<ul>\n<li><b>Najlepiej spo\u017cy\u0107 przed:<\/b>&nbsp;2026-09-15<\/li>\n<\/ul>\n<ul>\n<li><b>PRODUCENT \/ MARKA:&nbsp;<\/b>AHMAD TEA<\/li>\n<li><b>KATEGORIA:&nbsp;<\/b>HERBATA\/Herbata ekspresowa\/Czarna<\/li>\n<\/ul>\n","protected":false},"excerpt":{"rendered":"<p>Ahmad Earl Grey Ex100 bez zawieszki Ahmad Earl Grey&nbsp;to angielska arystokratka w\u015br\u00f3d herbat. Mieszanka najlepszych gatunk\u00f3w wzbogacona cytrusowym aromatem bergamotki, kt\u00f3ra daje silny, energetyczny aromat i pe\u0142ni\u0119 smaku. Idealny dodatek do podwieczorku. Informacje: Rodzaj herbaty: herbata ekspresowa bez zawieszek Sk\u0142ad: herbata czarna, aromat bergamoty Pochodzenie: Sri Lanka Masa netto: 200g (100x2g) Najlepiej spo\u017cy\u0107 przed:&nbsp;2026-09-15 PRODUCENT [&hellip;]<\/p>\n","protected":false},"featured_media":2786,"comment_status":"open","ping_status":"closed","template":"","meta":[],"product_brand":[142],"product_cat":[141],"product_tag":[],"class_list":{"0":"post-2784","1":"product","2":"type-product","3":"status-publish","4":"has-post-thumbnail","6":"product_brand-ahmad-tea","7":"product_cat-herbata-i-napary","9":"first","10":"instock","11":"taxable","12":"shipping-taxable","13":"purchasable","14":"product-type-simple"},"yoast_head":"<!-- This site is optimized with the Yoast SEO plugin v27.3 - https:\/\/yoast.com\/product\/yoast-seo-wordpress\/ -->\n<title>Herbata CZARNA z bergamotk\u0105 Ahmad Earl Grey Ex100 bez zawieszki - Mix Market - Supermarket z wszystkim co potrzeba<\/title>\n<meta name=\"robots\" content=\"index, follow, max-snippet:-1, max-image-preview:large, max-video-preview:-1\" \/>\n<link rel=\"canonical\" href=\"https:\/\/racom.com.pl\/index.php\/produkt\/herbata-czarna-z-bergamotka-ahmad-earl-grey-ex100-bez-zawieszki\/\" \/>\n<meta property=\"og:locale\" content=\"pl_PL\" \/>\n<meta property=\"og:type\" content=\"article\" \/>\n<meta property=\"og:title\" content=\"Herbata CZARNA z bergamotk\u0105 Ahmad Earl Grey Ex100 bez zawieszki - Mix Market - Supermarket z wszystkim co potrzeba\" \/>\n<meta property=\"og:description\" content=\"Ahmad Earl Grey Ex100 bez zawieszki Ahmad Earl Grey&nbsp;to angielska arystokratka w\u015br\u00f3d herbat. Mieszanka najlepszych gatunk\u00f3w wzbogacona cytrusowym aromatem bergamotki, kt\u00f3ra daje silny, energetyczny aromat i pe\u0142ni\u0119 smaku. Idealny dodatek do podwieczorku. Informacje: Rodzaj herbaty: herbata ekspresowa bez zawieszek Sk\u0142ad: herbata czarna, aromat bergamoty Pochodzenie: Sri Lanka Masa netto: 200g (100x2g) Najlepiej spo\u017cy\u0107 przed:&nbsp;2026-09-15 PRODUCENT [&hellip;]\" \/>\n<meta property=\"og:url\" content=\"https:\/\/racom.com.pl\/index.php\/produkt\/herbata-czarna-z-bergamotka-ahmad-earl-grey-ex100-bez-zawieszki\/\" \/>\n<meta property=\"og:site_name\" content=\"Mix Market - Supermarket z wszystkim co potrzeba\" \/>\n<meta property=\"og:image\" content=\"https:\/\/racom.com.pl\/wp-content\/uploads\/2025\/07\/allegro_687ba123e5f4f5.21728700_4648d978430fb07bf21956077e4b.jpg\" \/>\n\t<meta property=\"og:image:width\" content=\"600\" \/>\n\t<meta property=\"og:image:height\" content=\"600\" \/>\n\t<meta property=\"og:image:type\" content=\"image\/jpeg\" \/>\n<meta name=\"twitter:card\" content=\"summary_large_image\" \/>\n<script type=\"application\/ld+json\" class=\"yoast-schema-graph\">{\"@context\":\"https:\\\/\\\/schema.org\",\"@graph\":[{\"@type\":\"WebPage\",\"@id\":\"https:\\\/\\\/racom.com.pl\\\/index.php\\\/produkt\\\/herbata-czarna-z-bergamotka-ahmad-earl-grey-ex100-bez-zawieszki\\\/\",\"url\":\"https:\\\/\\\/racom.com.pl\\\/index.php\\\/produkt\\\/herbata-czarna-z-bergamotka-ahmad-earl-grey-ex100-bez-zawieszki\\\/\",\"name\":\"Herbata CZARNA z bergamotk\u0105 Ahmad Earl Grey Ex100 bez zawieszki - Mix Market - Supermarket z wszystkim co potrzeba\",\"isPartOf\":{\"@id\":\"https:\\\/\\\/racom.com.pl\\\/#website\"},\"primaryImageOfPage\":{\"@id\":\"https:\\\/\\\/racom.com.pl\\\/index.php\\\/produkt\\\/herbata-czarna-z-bergamotka-ahmad-earl-grey-ex100-bez-zawieszki\\\/#primaryimage\"},\"image\":{\"@id\":\"https:\\\/\\\/racom.com.pl\\\/index.php\\\/produkt\\\/herbata-czarna-z-bergamotka-ahmad-earl-grey-ex100-bez-zawieszki\\\/#primaryimage\"},\"thumbnailUrl\":\"https:\\\/\\\/racom.com.pl\\\/wp-content\\\/uploads\\\/2025\\\/07\\\/allegro_687ba123e5f4f5.21728700_4648d978430fb07bf21956077e4b.jpg\",\"datePublished\":\"2025-07-19T13:43:56+00:00\",\"breadcrumb\":{\"@id\":\"https:\\\/\\\/racom.com.pl\\\/index.php\\\/produkt\\\/herbata-czarna-z-bergamotka-ahmad-earl-grey-ex100-bez-zawieszki\\\/#breadcrumb\"},\"inLanguage\":\"pl-PL\",\"potentialAction\":[{\"@type\":\"ReadAction\",\"target\":[\"https:\\\/\\\/racom.com.pl\\\/index.php\\\/produkt\\\/herbata-czarna-z-bergamotka-ahmad-earl-grey-ex100-bez-zawieszki\\\/\"]}]},{\"@type\":\"ImageObject\",\"inLanguage\":\"pl-PL\",\"@id\":\"https:\\\/\\\/racom.com.pl\\\/index.php\\\/produkt\\\/herbata-czarna-z-bergamotka-ahmad-earl-grey-ex100-bez-zawieszki\\\/#primaryimage\",\"url\":\"https:\\\/\\\/racom.com.pl\\\/wp-content\\\/uploads\\\/2025\\\/07\\\/allegro_687ba123e5f4f5.21728700_4648d978430fb07bf21956077e4b.jpg\",\"contentUrl\":\"https:\\\/\\\/racom.com.pl\\\/wp-content\\\/uploads\\\/2025\\\/07\\\/allegro_687ba123e5f4f5.21728700_4648d978430fb07bf21956077e4b.jpg\",\"width\":600,\"height\":600},{\"@type\":\"BreadcrumbList\",\"@id\":\"https:\\\/\\\/racom.com.pl\\\/index.php\\\/produkt\\\/herbata-czarna-z-bergamotka-ahmad-earl-grey-ex100-bez-zawieszki\\\/#breadcrumb\",\"itemListElement\":[{\"@type\":\"ListItem\",\"position\":1,\"name\":\"Strona g\u0142\u00f3wna\",\"item\":\"https:\\\/\\\/racom.com.pl\\\/\"},{\"@type\":\"ListItem\",\"position\":2,\"name\":\"Sklep\",\"item\":\"https:\\\/\\\/racom.com.pl\\\/\"},{\"@type\":\"ListItem\",\"position\":3,\"name\":\"Herbata CZARNA z bergamotk\u0105 Ahmad Earl Grey Ex100 bez zawieszki\"}]},{\"@type\":\"WebSite\",\"@id\":\"https:\\\/\\\/racom.com.pl\\\/#website\",\"url\":\"https:\\\/\\\/racom.com.pl\\\/\",\"name\":\"Mix Market - Supermarket z wszystkim co potrzeba do domu i nie tylko\",\"description\":\"\",\"publisher\":{\"@id\":\"https:\\\/\\\/racom.com.pl\\\/#organization\"},\"potentialAction\":[{\"@type\":\"SearchAction\",\"target\":{\"@type\":\"EntryPoint\",\"urlTemplate\":\"https:\\\/\\\/racom.com.pl\\\/?s={search_term_string}\"},\"query-input\":{\"@type\":\"PropertyValueSpecification\",\"valueRequired\":true,\"valueName\":\"search_term_string\"}}],\"inLanguage\":\"pl-PL\"},{\"@type\":\"Organization\",\"@id\":\"https:\\\/\\\/racom.com.pl\\\/#organization\",\"name\":\"Mix Market - Supermarket z wszystkim co potrzeba do domu i nie tylko\",\"url\":\"https:\\\/\\\/racom.com.pl\\\/\",\"logo\":{\"@type\":\"ImageObject\",\"inLanguage\":\"pl-PL\",\"@id\":\"https:\\\/\\\/racom.com.pl\\\/#\\\/schema\\\/logo\\\/image\\\/\",\"url\":\"https:\\\/\\\/racom.com.pl\\\/wp-content\\\/uploads\\\/2025\\\/07\\\/mixmarket_logo.png\",\"contentUrl\":\"https:\\\/\\\/racom.com.pl\\\/wp-content\\\/uploads\\\/2025\\\/07\\\/mixmarket_logo.png\",\"width\":1024,\"height\":1024,\"caption\":\"Mix Market - Supermarket z wszystkim co potrzeba do domu i nie tylko\"},\"image\":{\"@id\":\"https:\\\/\\\/racom.com.pl\\\/#\\\/schema\\\/logo\\\/image\\\/\"}}]}<\/script>\n<!-- \/ Yoast SEO plugin. -->","yoast_head_json":{"title":"Herbata CZARNA z bergamotk\u0105 Ahmad Earl Grey Ex100 bez zawieszki - Mix Market - Supermarket z wszystkim co potrzeba","robots":{"index":"index","follow":"follow","max-snippet":"max-snippet:-1","max-image-preview":"max-image-preview:large","max-video-preview":"max-video-preview:-1"},"canonical":"https:\/\/racom.com.pl\/index.php\/produkt\/herbata-czarna-z-bergamotka-ahmad-earl-grey-ex100-bez-zawieszki\/","og_locale":"pl_PL","og_type":"article","og_title":"Herbata CZARNA z bergamotk\u0105 Ahmad Earl Grey Ex100 bez zawieszki - Mix Market - Supermarket z wszystkim co potrzeba","og_description":"Ahmad Earl Grey Ex100 bez zawieszki Ahmad Earl Grey&nbsp;to angielska arystokratka w\u015br\u00f3d herbat. Mieszanka najlepszych gatunk\u00f3w wzbogacona cytrusowym aromatem bergamotki, kt\u00f3ra daje silny, energetyczny aromat i pe\u0142ni\u0119 smaku. Idealny dodatek do podwieczorku. Informacje: Rodzaj herbaty: herbata ekspresowa bez zawieszek Sk\u0142ad: herbata czarna, aromat bergamoty Pochodzenie: Sri Lanka Masa netto: 200g (100x2g) Najlepiej spo\u017cy\u0107 przed:&nbsp;2026-09-15 PRODUCENT [&hellip;]","og_url":"https:\/\/racom.com.pl\/index.php\/produkt\/herbata-czarna-z-bergamotka-ahmad-earl-grey-ex100-bez-zawieszki\/","og_site_name":"Mix Market - Supermarket z wszystkim co potrzeba","og_image":[{"width":600,"height":600,"url":"https:\/\/racom.com.pl\/wp-content\/uploads\/2025\/07\/allegro_687ba123e5f4f5.21728700_4648d978430fb07bf21956077e4b.jpg","type":"image\/jpeg"}],"twitter_card":"summary_large_image","schema":{"@context":"https:\/\/schema.org","@graph":[{"@type":"WebPage","@id":"https:\/\/racom.com.pl\/index.php\/produkt\/herbata-czarna-z-bergamotka-ahmad-earl-grey-ex100-bez-zawieszki\/","url":"https:\/\/racom.com.pl\/index.php\/produkt\/herbata-czarna-z-bergamotka-ahmad-earl-grey-ex100-bez-zawieszki\/","name":"Herbata CZARNA z bergamotk\u0105 Ahmad Earl Grey Ex100 bez zawieszki - Mix Market - Supermarket z wszystkim co potrzeba","isPartOf":{"@id":"https:\/\/racom.com.pl\/#website"},"primaryImageOfPage":{"@id":"https:\/\/racom.com.pl\/index.php\/produkt\/herbata-czarna-z-bergamotka-ahmad-earl-grey-ex100-bez-zawieszki\/#primaryimage"},"image":{"@id":"https:\/\/racom.com.pl\/index.php\/produkt\/herbata-czarna-z-bergamotka-ahmad-earl-grey-ex100-bez-zawieszki\/#primaryimage"},"thumbnailUrl":"https:\/\/racom.com.pl\/wp-content\/uploads\/2025\/07\/allegro_687ba123e5f4f5.21728700_4648d978430fb07bf21956077e4b.jpg","datePublished":"2025-07-19T13:43:56+00:00","breadcrumb":{"@id":"https:\/\/racom.com.pl\/index.php\/produkt\/herbata-czarna-z-bergamotka-ahmad-earl-grey-ex100-bez-zawieszki\/#breadcrumb"},"inLanguage":"pl-PL","potentialAction":[{"@type":"ReadAction","target":["https:\/\/racom.com.pl\/index.php\/produkt\/herbata-czarna-z-bergamotka-ahmad-earl-grey-ex100-bez-zawieszki\/"]}]},{"@type":"ImageObject","inLanguage":"pl-PL","@id":"https:\/\/racom.com.pl\/index.php\/produkt\/herbata-czarna-z-bergamotka-ahmad-earl-grey-ex100-bez-zawieszki\/#primaryimage","url":"https:\/\/racom.com.pl\/wp-content\/uploads\/2025\/07\/allegro_687ba123e5f4f5.21728700_4648d978430fb07bf21956077e4b.jpg","contentUrl":"https:\/\/racom.com.pl\/wp-content\/uploads\/2025\/07\/allegro_687ba123e5f4f5.21728700_4648d978430fb07bf21956077e4b.jpg","width":600,"height":600},{"@type":"BreadcrumbList","@id":"https:\/\/racom.com.pl\/index.php\/produkt\/herbata-czarna-z-bergamotka-ahmad-earl-grey-ex100-bez-zawieszki\/#breadcrumb","itemListElement":[{"@type":"ListItem","position":1,"name":"Strona g\u0142\u00f3wna","item":"https:\/\/racom.com.pl\/"},{"@type":"ListItem","position":2,"name":"Sklep","item":"https:\/\/racom.com.pl\/"},{"@type":"ListItem","position":3,"name":"Herbata CZARNA z bergamotk\u0105 Ahmad Earl Grey Ex100 bez zawieszki"}]},{"@type":"WebSite","@id":"https:\/\/racom.com.pl\/#website","url":"https:\/\/racom.com.pl\/","name":"Mix Market - Supermarket z wszystkim co potrzeba do domu i nie tylko","description":"","publisher":{"@id":"https:\/\/racom.com.pl\/#organization"},"potentialAction":[{"@type":"SearchAction","target":{"@type":"EntryPoint","urlTemplate":"https:\/\/racom.com.pl\/?s={search_term_string}"},"query-input":{"@type":"PropertyValueSpecification","valueRequired":true,"valueName":"search_term_string"}}],"inLanguage":"pl-PL"},{"@type":"Organization","@id":"https:\/\/racom.com.pl\/#organization","name":"Mix Market - Supermarket z wszystkim co potrzeba do domu i nie tylko","url":"https:\/\/racom.com.pl\/","logo":{"@type":"ImageObject","inLanguage":"pl-PL","@id":"https:\/\/racom.com.pl\/#\/schema\/logo\/image\/","url":"https:\/\/racom.com.pl\/wp-content\/uploads\/2025\/07\/mixmarket_logo.png","contentUrl":"https:\/\/racom.com.pl\/wp-content\/uploads\/2025\/07\/mixmarket_logo.png","width":1024,"height":1024,"caption":"Mix Market - Supermarket z wszystkim co potrzeba do domu i nie tylko"},"image":{"@id":"https:\/\/racom.com.pl\/#\/schema\/logo\/image\/"}}]}},"_links":{"self":[{"href":"https:\/\/racom.com.pl\/index.php\/wp-json\/wp\/v2\/product\/2784","targetHints":{"allow":["GET"]}}],"collection":[{"href":"https:\/\/racom.com.pl\/index.php\/wp-json\/wp\/v2\/product"}],"about":[{"href":"https:\/\/racom.com.pl\/index.php\/wp-json\/wp\/v2\/types\/product"}],"replies":[{"embeddable":true,"href":"https:\/\/racom.com.pl\/index.php\/wp-json\/wp\/v2\/comments?post=2784"}],"wp:featuredmedia":[{"embeddable":true,"href":"https:\/\/racom.com.pl\/index.php\/wp-json\/wp\/v2\/media\/2786"}],"wp:attachment":[{"href":"https:\/\/racom.com.pl\/index.php\/wp-json\/wp\/v2\/media?parent=2784"}],"wp:term":[{"taxonomy":"product_brand","embeddable":true,"href":"https:\/\/racom.com.pl\/index.php\/wp-json\/wp\/v2\/product_brand?post=2784"},{"taxonomy":"product_cat","embeddable":true,"href":"https:\/\/racom.com.pl\/index.php\/wp-json\/wp\/v2\/product_cat?post=2784"},{"taxonomy":"product_tag","embeddable":true,"href":"https:\/\/racom.com.pl\/index.php\/wp-json\/wp\/v2\/product_tag?post=2784"}],"curies":[{"name":"wp","href":"https:\/\/api.w.org\/{rel}","templated":true}]}}