{"id":2798,"date":"2025-07-19T15:48:51","date_gmt":"2025-07-19T13:48:51","guid":{"rendered":"http:\/\/192.168.2.106\/index.php\/produkt\/rioba-cukierki-mini-o-smaku-owocowym-owocowe-1kg-3\/"},"modified":"2025-07-19T15:48:51","modified_gmt":"2025-07-19T13:48:51","slug":"rioba-cukierki-mini-o-smaku-owocowym-owocowe-1kg-3","status":"publish","type":"product","link":"https:\/\/racom.com.pl\/index.php\/produkt\/rioba-cukierki-mini-o-smaku-owocowym-owocowe-1kg-3\/","title":{"rendered":"RIOBA Cukierki MINI o smaku owocowym OWOCOWE 1KG"},"content":{"rendered":"<h2>Rioba Cukierki mini o smaku owocowym 1kg<\/h2>\n<p>Cukierki Rioba, mini owocowe<\/p>\n<p>Lubisz s\u0142odkie ma\u0142e co nieco, szczeg\u00f3lnie na deser, ale i w przerwach mi\u0119dzy posi\u0142kami? I te\u017c wtedy, gdy poziom cukru niebezpiecznie si\u0119 obni\u017ca i trzeba poratowa\u0107 si\u0119 odrobin\u0105 s\u0142odko\u015bci? Warto w takich sytuacjach mie\u0107 pod r\u0119k\u0105 cukierki mi\u0119towe Rioba. Malutkie i niepozorne, ale pe\u0142ne smaku. Pyszne, aromatyczne \u0142akocie, na kt\u00f3re jest czas o ka\u017cdej porze.<\/p>\n<p>Cukierki owocowe Rioba &#8211; dobre na ka\u017cd\u0105 okazj\u0119<\/p>\n<p>Cukier Rioba o smaku mi\u0119towym stanowi\u0105 wspania\u0142y pocz\u0119stunek, wi\u0119c je\u015bli b\u0119dziesz organizowa\u0142 spotkanie ze znajomymi lub rodzin\u0105, nie zapomnij, aby znalaz\u0142y si\u0119 na stole. R\u00f3wnie dobrze sprawdzaj\u0105 si\u0119 w wielu miejscach: w poczekalniach u lekarza, recepcjach czy firmach. Wsz\u0119dzie umil\u0105 czas swoim pysznym mi\u0119towym aromatem. Jednocze\u015bnie, \u015bwietnie prezentuje si\u0119 tak\u017ce jako nienachalna ozdoba. Jak widzisz, zawsze jest dobry czas na cukierki Rioba &#8211; mini przek\u0105ski, kt\u00f3re poprawiaj\u0105 humor i dodaj\u0105 energii.<\/p>\n<p>Specyfikacja:<\/p>\n<p>\u25cf Opakowanie: 1 kg<\/p>\n","protected":false},"excerpt":{"rendered":"<p>Rioba Cukierki mini o smaku owocowym 1kg Cukierki Rioba, mini owocowe Lubisz s\u0142odkie ma\u0142e co nieco, szczeg\u00f3lnie na deser, ale i w przerwach mi\u0119dzy posi\u0142kami? I te\u017c wtedy, gdy poziom cukru niebezpiecznie si\u0119 obni\u017ca i trzeba poratowa\u0107 si\u0119 odrobin\u0105 s\u0142odko\u015bci? Warto w takich sytuacjach mie\u0107 pod r\u0119k\u0105 cukierki mi\u0119towe Rioba. Malutkie i niepozorne, ale pe\u0142ne [&hellip;]<\/p>\n","protected":false},"featured_media":2047,"comment_status":"open","ping_status":"closed","template":"","meta":[],"product_brand":[117],"product_cat":[120],"product_tag":[],"class_list":{"0":"post-2798","1":"product","2":"type-product","3":"status-publish","4":"has-post-thumbnail","6":"product_brand-rioba","7":"product_cat-slodycze-przekaski-desery","9":"first","10":"instock","11":"taxable","12":"shipping-taxable","13":"purchasable","14":"product-type-simple"},"yoast_head":"<!-- This site is optimized with the Yoast SEO plugin v27.3 - https:\/\/yoast.com\/product\/yoast-seo-wordpress\/ -->\n<title>RIOBA Cukierki MINI o smaku owocowym OWOCOWE 1KG - Mix Market - Supermarket z wszystkim co potrzeba<\/title>\n<meta name=\"robots\" content=\"index, follow, max-snippet:-1, max-image-preview:large, max-video-preview:-1\" \/>\n<link rel=\"canonical\" href=\"https:\/\/racom.com.pl\/index.php\/produkt\/rioba-cukierki-mini-o-smaku-owocowym-owocowe-1kg-3\/\" \/>\n<meta property=\"og:locale\" content=\"pl_PL\" \/>\n<meta property=\"og:type\" content=\"article\" \/>\n<meta property=\"og:title\" content=\"RIOBA Cukierki MINI o smaku owocowym OWOCOWE 1KG - Mix Market - Supermarket z wszystkim co potrzeba\" \/>\n<meta property=\"og:description\" content=\"Rioba Cukierki mini o smaku owocowym 1kg Cukierki Rioba, mini owocowe Lubisz s\u0142odkie ma\u0142e co nieco, szczeg\u00f3lnie na deser, ale i w przerwach mi\u0119dzy posi\u0142kami? I te\u017c wtedy, gdy poziom cukru niebezpiecznie si\u0119 obni\u017ca i trzeba poratowa\u0107 si\u0119 odrobin\u0105 s\u0142odko\u015bci? Warto w takich sytuacjach mie\u0107 pod r\u0119k\u0105 cukierki mi\u0119towe Rioba. Malutkie i niepozorne, ale pe\u0142ne [&hellip;]\" \/>\n<meta property=\"og:url\" content=\"https:\/\/racom.com.pl\/index.php\/produkt\/rioba-cukierki-mini-o-smaku-owocowym-owocowe-1kg-3\/\" \/>\n<meta property=\"og:site_name\" content=\"Mix Market - Supermarket z wszystkim co potrzeba\" \/>\n<meta property=\"og:image\" content=\"https:\/\/racom.com.pl\/wp-content\/uploads\/2025\/07\/allegro_687aa070a20aa8.41279246_2e4400c74e0785d6f7405bbc7262.jpg\" \/>\n\t<meta property=\"og:image:width\" content=\"440\" \/>\n\t<meta property=\"og:image:height\" content=\"440\" \/>\n\t<meta property=\"og:image:type\" content=\"image\/jpeg\" \/>\n<meta name=\"twitter:card\" content=\"summary_large_image\" \/>\n<meta name=\"twitter:label1\" content=\"Szacowany czas czytania\" \/>\n\t<meta name=\"twitter:data1\" content=\"1 minuta\" \/>\n<script type=\"application\/ld+json\" class=\"yoast-schema-graph\">{\"@context\":\"https:\\\/\\\/schema.org\",\"@graph\":[{\"@type\":\"WebPage\",\"@id\":\"https:\\\/\\\/racom.com.pl\\\/index.php\\\/produkt\\\/rioba-cukierki-mini-o-smaku-owocowym-owocowe-1kg-3\\\/\",\"url\":\"https:\\\/\\\/racom.com.pl\\\/index.php\\\/produkt\\\/rioba-cukierki-mini-o-smaku-owocowym-owocowe-1kg-3\\\/\",\"name\":\"RIOBA Cukierki MINI o smaku owocowym OWOCOWE 1KG - Mix Market - Supermarket z wszystkim co potrzeba\",\"isPartOf\":{\"@id\":\"https:\\\/\\\/racom.com.pl\\\/#website\"},\"primaryImageOfPage\":{\"@id\":\"https:\\\/\\\/racom.com.pl\\\/index.php\\\/produkt\\\/rioba-cukierki-mini-o-smaku-owocowym-owocowe-1kg-3\\\/#primaryimage\"},\"image\":{\"@id\":\"https:\\\/\\\/racom.com.pl\\\/index.php\\\/produkt\\\/rioba-cukierki-mini-o-smaku-owocowym-owocowe-1kg-3\\\/#primaryimage\"},\"thumbnailUrl\":\"https:\\\/\\\/racom.com.pl\\\/wp-content\\\/uploads\\\/2025\\\/07\\\/allegro_687aa070a20aa8.41279246_2e4400c74e0785d6f7405bbc7262.jpg\",\"datePublished\":\"2025-07-19T13:48:51+00:00\",\"breadcrumb\":{\"@id\":\"https:\\\/\\\/racom.com.pl\\\/index.php\\\/produkt\\\/rioba-cukierki-mini-o-smaku-owocowym-owocowe-1kg-3\\\/#breadcrumb\"},\"inLanguage\":\"pl-PL\",\"potentialAction\":[{\"@type\":\"ReadAction\",\"target\":[\"https:\\\/\\\/racom.com.pl\\\/index.php\\\/produkt\\\/rioba-cukierki-mini-o-smaku-owocowym-owocowe-1kg-3\\\/\"]}]},{\"@type\":\"ImageObject\",\"inLanguage\":\"pl-PL\",\"@id\":\"https:\\\/\\\/racom.com.pl\\\/index.php\\\/produkt\\\/rioba-cukierki-mini-o-smaku-owocowym-owocowe-1kg-3\\\/#primaryimage\",\"url\":\"https:\\\/\\\/racom.com.pl\\\/wp-content\\\/uploads\\\/2025\\\/07\\\/allegro_687aa070a20aa8.41279246_2e4400c74e0785d6f7405bbc7262.jpg\",\"contentUrl\":\"https:\\\/\\\/racom.com.pl\\\/wp-content\\\/uploads\\\/2025\\\/07\\\/allegro_687aa070a20aa8.41279246_2e4400c74e0785d6f7405bbc7262.jpg\",\"width\":440,\"height\":440},{\"@type\":\"BreadcrumbList\",\"@id\":\"https:\\\/\\\/racom.com.pl\\\/index.php\\\/produkt\\\/rioba-cukierki-mini-o-smaku-owocowym-owocowe-1kg-3\\\/#breadcrumb\",\"itemListElement\":[{\"@type\":\"ListItem\",\"position\":1,\"name\":\"Strona g\u0142\u00f3wna\",\"item\":\"https:\\\/\\\/racom.com.pl\\\/\"},{\"@type\":\"ListItem\",\"position\":2,\"name\":\"Sklep\",\"item\":\"https:\\\/\\\/racom.com.pl\\\/\"},{\"@type\":\"ListItem\",\"position\":3,\"name\":\"RIOBA Cukierki MINI o smaku owocowym OWOCOWE 1KG\"}]},{\"@type\":\"WebSite\",\"@id\":\"https:\\\/\\\/racom.com.pl\\\/#website\",\"url\":\"https:\\\/\\\/racom.com.pl\\\/\",\"name\":\"Mix Market - Supermarket z wszystkim co potrzeba do domu i nie tylko\",\"description\":\"\",\"publisher\":{\"@id\":\"https:\\\/\\\/racom.com.pl\\\/#organization\"},\"potentialAction\":[{\"@type\":\"SearchAction\",\"target\":{\"@type\":\"EntryPoint\",\"urlTemplate\":\"https:\\\/\\\/racom.com.pl\\\/?s={search_term_string}\"},\"query-input\":{\"@type\":\"PropertyValueSpecification\",\"valueRequired\":true,\"valueName\":\"search_term_string\"}}],\"inLanguage\":\"pl-PL\"},{\"@type\":\"Organization\",\"@id\":\"https:\\\/\\\/racom.com.pl\\\/#organization\",\"name\":\"Mix Market - Supermarket z wszystkim co potrzeba do domu i nie tylko\",\"url\":\"https:\\\/\\\/racom.com.pl\\\/\",\"logo\":{\"@type\":\"ImageObject\",\"inLanguage\":\"pl-PL\",\"@id\":\"https:\\\/\\\/racom.com.pl\\\/#\\\/schema\\\/logo\\\/image\\\/\",\"url\":\"https:\\\/\\\/racom.com.pl\\\/wp-content\\\/uploads\\\/2025\\\/07\\\/mixmarket_logo.png\",\"contentUrl\":\"https:\\\/\\\/racom.com.pl\\\/wp-content\\\/uploads\\\/2025\\\/07\\\/mixmarket_logo.png\",\"width\":1024,\"height\":1024,\"caption\":\"Mix Market - Supermarket z wszystkim co potrzeba do domu i nie tylko\"},\"image\":{\"@id\":\"https:\\\/\\\/racom.com.pl\\\/#\\\/schema\\\/logo\\\/image\\\/\"}}]}<\/script>\n<!-- \/ Yoast SEO plugin. -->","yoast_head_json":{"title":"RIOBA Cukierki MINI o smaku owocowym OWOCOWE 1KG - Mix Market - Supermarket z wszystkim co potrzeba","robots":{"index":"index","follow":"follow","max-snippet":"max-snippet:-1","max-image-preview":"max-image-preview:large","max-video-preview":"max-video-preview:-1"},"canonical":"https:\/\/racom.com.pl\/index.php\/produkt\/rioba-cukierki-mini-o-smaku-owocowym-owocowe-1kg-3\/","og_locale":"pl_PL","og_type":"article","og_title":"RIOBA Cukierki MINI o smaku owocowym OWOCOWE 1KG - Mix Market - Supermarket z wszystkim co potrzeba","og_description":"Rioba Cukierki mini o smaku owocowym 1kg Cukierki Rioba, mini owocowe Lubisz s\u0142odkie ma\u0142e co nieco, szczeg\u00f3lnie na deser, ale i w przerwach mi\u0119dzy posi\u0142kami? I te\u017c wtedy, gdy poziom cukru niebezpiecznie si\u0119 obni\u017ca i trzeba poratowa\u0107 si\u0119 odrobin\u0105 s\u0142odko\u015bci? Warto w takich sytuacjach mie\u0107 pod r\u0119k\u0105 cukierki mi\u0119towe Rioba. Malutkie i niepozorne, ale pe\u0142ne [&hellip;]","og_url":"https:\/\/racom.com.pl\/index.php\/produkt\/rioba-cukierki-mini-o-smaku-owocowym-owocowe-1kg-3\/","og_site_name":"Mix Market - Supermarket z wszystkim co potrzeba","og_image":[{"width":440,"height":440,"url":"https:\/\/racom.com.pl\/wp-content\/uploads\/2025\/07\/allegro_687aa070a20aa8.41279246_2e4400c74e0785d6f7405bbc7262.jpg","type":"image\/jpeg"}],"twitter_card":"summary_large_image","twitter_misc":{"Szacowany czas czytania":"1 minuta"},"schema":{"@context":"https:\/\/schema.org","@graph":[{"@type":"WebPage","@id":"https:\/\/racom.com.pl\/index.php\/produkt\/rioba-cukierki-mini-o-smaku-owocowym-owocowe-1kg-3\/","url":"https:\/\/racom.com.pl\/index.php\/produkt\/rioba-cukierki-mini-o-smaku-owocowym-owocowe-1kg-3\/","name":"RIOBA Cukierki MINI o smaku owocowym OWOCOWE 1KG - Mix Market - Supermarket z wszystkim co potrzeba","isPartOf":{"@id":"https:\/\/racom.com.pl\/#website"},"primaryImageOfPage":{"@id":"https:\/\/racom.com.pl\/index.php\/produkt\/rioba-cukierki-mini-o-smaku-owocowym-owocowe-1kg-3\/#primaryimage"},"image":{"@id":"https:\/\/racom.com.pl\/index.php\/produkt\/rioba-cukierki-mini-o-smaku-owocowym-owocowe-1kg-3\/#primaryimage"},"thumbnailUrl":"https:\/\/racom.com.pl\/wp-content\/uploads\/2025\/07\/allegro_687aa070a20aa8.41279246_2e4400c74e0785d6f7405bbc7262.jpg","datePublished":"2025-07-19T13:48:51+00:00","breadcrumb":{"@id":"https:\/\/racom.com.pl\/index.php\/produkt\/rioba-cukierki-mini-o-smaku-owocowym-owocowe-1kg-3\/#breadcrumb"},"inLanguage":"pl-PL","potentialAction":[{"@type":"ReadAction","target":["https:\/\/racom.com.pl\/index.php\/produkt\/rioba-cukierki-mini-o-smaku-owocowym-owocowe-1kg-3\/"]}]},{"@type":"ImageObject","inLanguage":"pl-PL","@id":"https:\/\/racom.com.pl\/index.php\/produkt\/rioba-cukierki-mini-o-smaku-owocowym-owocowe-1kg-3\/#primaryimage","url":"https:\/\/racom.com.pl\/wp-content\/uploads\/2025\/07\/allegro_687aa070a20aa8.41279246_2e4400c74e0785d6f7405bbc7262.jpg","contentUrl":"https:\/\/racom.com.pl\/wp-content\/uploads\/2025\/07\/allegro_687aa070a20aa8.41279246_2e4400c74e0785d6f7405bbc7262.jpg","width":440,"height":440},{"@type":"BreadcrumbList","@id":"https:\/\/racom.com.pl\/index.php\/produkt\/rioba-cukierki-mini-o-smaku-owocowym-owocowe-1kg-3\/#breadcrumb","itemListElement":[{"@type":"ListItem","position":1,"name":"Strona g\u0142\u00f3wna","item":"https:\/\/racom.com.pl\/"},{"@type":"ListItem","position":2,"name":"Sklep","item":"https:\/\/racom.com.pl\/"},{"@type":"ListItem","position":3,"name":"RIOBA Cukierki MINI o smaku owocowym OWOCOWE 1KG"}]},{"@type":"WebSite","@id":"https:\/\/racom.com.pl\/#website","url":"https:\/\/racom.com.pl\/","name":"Mix Market - Supermarket z wszystkim co potrzeba do domu i nie tylko","description":"","publisher":{"@id":"https:\/\/racom.com.pl\/#organization"},"potentialAction":[{"@type":"SearchAction","target":{"@type":"EntryPoint","urlTemplate":"https:\/\/racom.com.pl\/?s={search_term_string}"},"query-input":{"@type":"PropertyValueSpecification","valueRequired":true,"valueName":"search_term_string"}}],"inLanguage":"pl-PL"},{"@type":"Organization","@id":"https:\/\/racom.com.pl\/#organization","name":"Mix Market - Supermarket z wszystkim co potrzeba do domu i nie tylko","url":"https:\/\/racom.com.pl\/","logo":{"@type":"ImageObject","inLanguage":"pl-PL","@id":"https:\/\/racom.com.pl\/#\/schema\/logo\/image\/","url":"https:\/\/racom.com.pl\/wp-content\/uploads\/2025\/07\/mixmarket_logo.png","contentUrl":"https:\/\/racom.com.pl\/wp-content\/uploads\/2025\/07\/mixmarket_logo.png","width":1024,"height":1024,"caption":"Mix Market - Supermarket z wszystkim co potrzeba do domu i nie tylko"},"image":{"@id":"https:\/\/racom.com.pl\/#\/schema\/logo\/image\/"}}]}},"_links":{"self":[{"href":"https:\/\/racom.com.pl\/index.php\/wp-json\/wp\/v2\/product\/2798","targetHints":{"allow":["GET"]}}],"collection":[{"href":"https:\/\/racom.com.pl\/index.php\/wp-json\/wp\/v2\/product"}],"about":[{"href":"https:\/\/racom.com.pl\/index.php\/wp-json\/wp\/v2\/types\/product"}],"replies":[{"embeddable":true,"href":"https:\/\/racom.com.pl\/index.php\/wp-json\/wp\/v2\/comments?post=2798"}],"wp:featuredmedia":[{"embeddable":true,"href":"https:\/\/racom.com.pl\/index.php\/wp-json\/wp\/v2\/media\/2047"}],"wp:attachment":[{"href":"https:\/\/racom.com.pl\/index.php\/wp-json\/wp\/v2\/media?parent=2798"}],"wp:term":[{"taxonomy":"product_brand","embeddable":true,"href":"https:\/\/racom.com.pl\/index.php\/wp-json\/wp\/v2\/product_brand?post=2798"},{"taxonomy":"product_cat","embeddable":true,"href":"https:\/\/racom.com.pl\/index.php\/wp-json\/wp\/v2\/product_cat?post=2798"},{"taxonomy":"product_tag","embeddable":true,"href":"https:\/\/racom.com.pl\/index.php\/wp-json\/wp\/v2\/product_tag?post=2798"}],"curies":[{"name":"wp","href":"https:\/\/api.w.org\/{rel}","templated":true}]}}