{"id":280,"date":"2025-07-18T17:21:27","date_gmt":"2025-07-18T15:21:27","guid":{"rendered":"http:\/\/192.168.2.106\/index.php\/produkt\/ladowarka-ogniw-li-ion-tp4056-mikro-usb-5v\/"},"modified":"2025-07-18T17:21:27","modified_gmt":"2025-07-18T15:21:27","slug":"ladowarka-ogniw-li-ion-tp4056-mikro-usb-5v","status":"publish","type":"product","link":"https:\/\/racom.com.pl\/index.php\/produkt\/ladowarka-ogniw-li-ion-tp4056-mikro-usb-5v\/","title":{"rendered":"\u0141ADOWARKA OGNIW LI-ION TP4056 MIKRO USB 5V"},"content":{"rendered":"<h2>\u0141adowarka ogniw Li-ion TP4056 5V<\/h2>\n<p>Dane techniczne:<\/p>\n<p>zasilanie: 4,5-5,5V (wbudowane USB, z kt\u00f3rego tak\u017ce mo\u017cna zasila\u0107 uk\u0142ad)<\/p>\n<p>maksymalny pr\u0105d: 1A<\/p>\n<p>napi\u0119cie na\u0142adowania: 4,2V +\/- 1,5%<\/p>\n<p>sygnalizacja \u0142adowania (czerwony) i na\u0142adowania (niebieski)<\/p>\n<p>wymiary: 18x24x4mm<\/p>\n<p>mo\u017cliwo\u015b\u0107 regulacji pr\u0105du \u0142adowania przez zmiane rezystora<\/p>\n<p>Zastosowanie :<\/p>\n<p>modu\u0142 mo\u017ce pos\u0142u\u017cyc do \u0142adowania ogniw li-on np. baterii power bank\u00f3w o napi\u0119ciu ni\u017cszym ni\u017c 5V, \u0142adowania akumulator\u00f3w telefon\u00f3w, moze pos\u0142u\u017cy\u0107 do budowy PowerBanku na ogniwach Li-ion.<\/p>\n<ul>\n<li><b>Kod produktu:<\/b>&nbsp;A475<\/li>\n<\/ul>\n","protected":false},"excerpt":{"rendered":"<p>\u0141adowarka ogniw Li-ion TP4056 5V Dane techniczne: zasilanie: 4,5-5,5V (wbudowane USB, z kt\u00f3rego tak\u017ce mo\u017cna zasila\u0107 uk\u0142ad) maksymalny pr\u0105d: 1A napi\u0119cie na\u0142adowania: 4,2V +\/- 1,5% sygnalizacja \u0142adowania (czerwony) i na\u0142adowania (niebieski) wymiary: 18x24x4mm mo\u017cliwo\u015b\u0107 regulacji pr\u0105du \u0142adowania przez zmiane rezystora Zastosowanie : modu\u0142 mo\u017ce pos\u0142u\u017cyc do \u0142adowania ogniw li-on np. baterii power bank\u00f3w o napi\u0119ciu [&hellip;]<\/p>\n","protected":false},"featured_media":282,"comment_status":"open","ping_status":"closed","template":"","meta":[],"product_brand":[],"product_cat":[22],"product_tag":[],"class_list":{"0":"post-280","1":"product","2":"type-product","3":"status-publish","4":"has-post-thumbnail","6":"product_cat-elektronika","8":"first","9":"instock","10":"taxable","11":"shipping-taxable","12":"purchasable","13":"product-type-simple"},"yoast_head":"<!-- This site is optimized with the Yoast SEO plugin v27.3 - https:\/\/yoast.com\/product\/yoast-seo-wordpress\/ -->\n<title>\u0141ADOWARKA OGNIW LI-ION TP4056 MIKRO USB 5V - Mix Market - Supermarket z wszystkim co potrzeba<\/title>\n<meta name=\"robots\" content=\"index, follow, max-snippet:-1, max-image-preview:large, max-video-preview:-1\" \/>\n<link rel=\"canonical\" href=\"https:\/\/racom.com.pl\/index.php\/produkt\/ladowarka-ogniw-li-ion-tp4056-mikro-usb-5v\/\" \/>\n<meta property=\"og:locale\" content=\"pl_PL\" \/>\n<meta property=\"og:type\" content=\"article\" \/>\n<meta property=\"og:title\" content=\"\u0141ADOWARKA OGNIW LI-ION TP4056 MIKRO USB 5V - Mix Market - Supermarket z wszystkim co potrzeba\" \/>\n<meta property=\"og:description\" content=\"\u0141adowarka ogniw Li-ion TP4056 5V Dane techniczne: zasilanie: 4,5-5,5V (wbudowane USB, z kt\u00f3rego tak\u017ce mo\u017cna zasila\u0107 uk\u0142ad) maksymalny pr\u0105d: 1A napi\u0119cie na\u0142adowania: 4,2V +\/- 1,5% sygnalizacja \u0142adowania (czerwony) i na\u0142adowania (niebieski) wymiary: 18x24x4mm mo\u017cliwo\u015b\u0107 regulacji pr\u0105du \u0142adowania przez zmiane rezystora Zastosowanie : modu\u0142 mo\u017ce pos\u0142u\u017cyc do \u0142adowania ogniw li-on np. baterii power bank\u00f3w o napi\u0119ciu [&hellip;]\" \/>\n<meta property=\"og:url\" content=\"https:\/\/racom.com.pl\/index.php\/produkt\/ladowarka-ogniw-li-ion-tp4056-mikro-usb-5v\/\" \/>\n<meta property=\"og:site_name\" content=\"Mix Market - Supermarket z wszystkim co potrzeba\" \/>\n<meta property=\"og:image\" content=\"https:\/\/racom.com.pl\/wp-content\/uploads\/2025\/07\/allegro_687a667f7c1686.19335957_7a13c7584bcba750569f6d722685.jpg\" \/>\n\t<meta property=\"og:image:width\" content=\"430\" \/>\n\t<meta property=\"og:image:height\" content=\"307\" \/>\n\t<meta property=\"og:image:type\" content=\"image\/jpeg\" \/>\n<meta name=\"twitter:card\" content=\"summary_large_image\" \/>\n<script type=\"application\/ld+json\" class=\"yoast-schema-graph\">{\"@context\":\"https:\\\/\\\/schema.org\",\"@graph\":[{\"@type\":\"WebPage\",\"@id\":\"https:\\\/\\\/racom.com.pl\\\/index.php\\\/produkt\\\/ladowarka-ogniw-li-ion-tp4056-mikro-usb-5v\\\/\",\"url\":\"https:\\\/\\\/racom.com.pl\\\/index.php\\\/produkt\\\/ladowarka-ogniw-li-ion-tp4056-mikro-usb-5v\\\/\",\"name\":\"\u0141ADOWARKA OGNIW LI-ION TP4056 MIKRO USB 5V - Mix Market - Supermarket z wszystkim co potrzeba\",\"isPartOf\":{\"@id\":\"https:\\\/\\\/racom.com.pl\\\/#website\"},\"primaryImageOfPage\":{\"@id\":\"https:\\\/\\\/racom.com.pl\\\/index.php\\\/produkt\\\/ladowarka-ogniw-li-ion-tp4056-mikro-usb-5v\\\/#primaryimage\"},\"image\":{\"@id\":\"https:\\\/\\\/racom.com.pl\\\/index.php\\\/produkt\\\/ladowarka-ogniw-li-ion-tp4056-mikro-usb-5v\\\/#primaryimage\"},\"thumbnailUrl\":\"https:\\\/\\\/racom.com.pl\\\/wp-content\\\/uploads\\\/2025\\\/07\\\/allegro_687a667f7c1686.19335957_7a13c7584bcba750569f6d722685.jpg\",\"datePublished\":\"2025-07-18T15:21:27+00:00\",\"breadcrumb\":{\"@id\":\"https:\\\/\\\/racom.com.pl\\\/index.php\\\/produkt\\\/ladowarka-ogniw-li-ion-tp4056-mikro-usb-5v\\\/#breadcrumb\"},\"inLanguage\":\"pl-PL\",\"potentialAction\":[{\"@type\":\"ReadAction\",\"target\":[\"https:\\\/\\\/racom.com.pl\\\/index.php\\\/produkt\\\/ladowarka-ogniw-li-ion-tp4056-mikro-usb-5v\\\/\"]}]},{\"@type\":\"ImageObject\",\"inLanguage\":\"pl-PL\",\"@id\":\"https:\\\/\\\/racom.com.pl\\\/index.php\\\/produkt\\\/ladowarka-ogniw-li-ion-tp4056-mikro-usb-5v\\\/#primaryimage\",\"url\":\"https:\\\/\\\/racom.com.pl\\\/wp-content\\\/uploads\\\/2025\\\/07\\\/allegro_687a667f7c1686.19335957_7a13c7584bcba750569f6d722685.jpg\",\"contentUrl\":\"https:\\\/\\\/racom.com.pl\\\/wp-content\\\/uploads\\\/2025\\\/07\\\/allegro_687a667f7c1686.19335957_7a13c7584bcba750569f6d722685.jpg\",\"width\":430,\"height\":307},{\"@type\":\"BreadcrumbList\",\"@id\":\"https:\\\/\\\/racom.com.pl\\\/index.php\\\/produkt\\\/ladowarka-ogniw-li-ion-tp4056-mikro-usb-5v\\\/#breadcrumb\",\"itemListElement\":[{\"@type\":\"ListItem\",\"position\":1,\"name\":\"Strona g\u0142\u00f3wna\",\"item\":\"https:\\\/\\\/racom.com.pl\\\/\"},{\"@type\":\"ListItem\",\"position\":2,\"name\":\"Sklep\",\"item\":\"https:\\\/\\\/racom.com.pl\\\/\"},{\"@type\":\"ListItem\",\"position\":3,\"name\":\"\u0141ADOWARKA OGNIW LI-ION TP4056 MIKRO USB 5V\"}]},{\"@type\":\"WebSite\",\"@id\":\"https:\\\/\\\/racom.com.pl\\\/#website\",\"url\":\"https:\\\/\\\/racom.com.pl\\\/\",\"name\":\"Mix Market - Supermarket z wszystkim co potrzeba do domu i nie tylko\",\"description\":\"\",\"publisher\":{\"@id\":\"https:\\\/\\\/racom.com.pl\\\/#organization\"},\"potentialAction\":[{\"@type\":\"SearchAction\",\"target\":{\"@type\":\"EntryPoint\",\"urlTemplate\":\"https:\\\/\\\/racom.com.pl\\\/?s={search_term_string}\"},\"query-input\":{\"@type\":\"PropertyValueSpecification\",\"valueRequired\":true,\"valueName\":\"search_term_string\"}}],\"inLanguage\":\"pl-PL\"},{\"@type\":\"Organization\",\"@id\":\"https:\\\/\\\/racom.com.pl\\\/#organization\",\"name\":\"Mix Market - Supermarket z wszystkim co potrzeba do domu i nie tylko\",\"url\":\"https:\\\/\\\/racom.com.pl\\\/\",\"logo\":{\"@type\":\"ImageObject\",\"inLanguage\":\"pl-PL\",\"@id\":\"https:\\\/\\\/racom.com.pl\\\/#\\\/schema\\\/logo\\\/image\\\/\",\"url\":\"https:\\\/\\\/racom.com.pl\\\/wp-content\\\/uploads\\\/2025\\\/07\\\/mixmarket_logo.png\",\"contentUrl\":\"https:\\\/\\\/racom.com.pl\\\/wp-content\\\/uploads\\\/2025\\\/07\\\/mixmarket_logo.png\",\"width\":1024,\"height\":1024,\"caption\":\"Mix Market - Supermarket z wszystkim co potrzeba do domu i nie tylko\"},\"image\":{\"@id\":\"https:\\\/\\\/racom.com.pl\\\/#\\\/schema\\\/logo\\\/image\\\/\"}}]}<\/script>\n<!-- \/ Yoast SEO plugin. -->","yoast_head_json":{"title":"\u0141ADOWARKA OGNIW LI-ION TP4056 MIKRO USB 5V - Mix Market - Supermarket z wszystkim co potrzeba","robots":{"index":"index","follow":"follow","max-snippet":"max-snippet:-1","max-image-preview":"max-image-preview:large","max-video-preview":"max-video-preview:-1"},"canonical":"https:\/\/racom.com.pl\/index.php\/produkt\/ladowarka-ogniw-li-ion-tp4056-mikro-usb-5v\/","og_locale":"pl_PL","og_type":"article","og_title":"\u0141ADOWARKA OGNIW LI-ION TP4056 MIKRO USB 5V - Mix Market - Supermarket z wszystkim co potrzeba","og_description":"\u0141adowarka ogniw Li-ion TP4056 5V Dane techniczne: zasilanie: 4,5-5,5V (wbudowane USB, z kt\u00f3rego tak\u017ce mo\u017cna zasila\u0107 uk\u0142ad) maksymalny pr\u0105d: 1A napi\u0119cie na\u0142adowania: 4,2V +\/- 1,5% sygnalizacja \u0142adowania (czerwony) i na\u0142adowania (niebieski) wymiary: 18x24x4mm mo\u017cliwo\u015b\u0107 regulacji pr\u0105du \u0142adowania przez zmiane rezystora Zastosowanie : modu\u0142 mo\u017ce pos\u0142u\u017cyc do \u0142adowania ogniw li-on np. baterii power bank\u00f3w o napi\u0119ciu [&hellip;]","og_url":"https:\/\/racom.com.pl\/index.php\/produkt\/ladowarka-ogniw-li-ion-tp4056-mikro-usb-5v\/","og_site_name":"Mix Market - Supermarket z wszystkim co potrzeba","og_image":[{"width":430,"height":307,"url":"https:\/\/racom.com.pl\/wp-content\/uploads\/2025\/07\/allegro_687a667f7c1686.19335957_7a13c7584bcba750569f6d722685.jpg","type":"image\/jpeg"}],"twitter_card":"summary_large_image","schema":{"@context":"https:\/\/schema.org","@graph":[{"@type":"WebPage","@id":"https:\/\/racom.com.pl\/index.php\/produkt\/ladowarka-ogniw-li-ion-tp4056-mikro-usb-5v\/","url":"https:\/\/racom.com.pl\/index.php\/produkt\/ladowarka-ogniw-li-ion-tp4056-mikro-usb-5v\/","name":"\u0141ADOWARKA OGNIW LI-ION TP4056 MIKRO USB 5V - Mix Market - Supermarket z wszystkim co potrzeba","isPartOf":{"@id":"https:\/\/racom.com.pl\/#website"},"primaryImageOfPage":{"@id":"https:\/\/racom.com.pl\/index.php\/produkt\/ladowarka-ogniw-li-ion-tp4056-mikro-usb-5v\/#primaryimage"},"image":{"@id":"https:\/\/racom.com.pl\/index.php\/produkt\/ladowarka-ogniw-li-ion-tp4056-mikro-usb-5v\/#primaryimage"},"thumbnailUrl":"https:\/\/racom.com.pl\/wp-content\/uploads\/2025\/07\/allegro_687a667f7c1686.19335957_7a13c7584bcba750569f6d722685.jpg","datePublished":"2025-07-18T15:21:27+00:00","breadcrumb":{"@id":"https:\/\/racom.com.pl\/index.php\/produkt\/ladowarka-ogniw-li-ion-tp4056-mikro-usb-5v\/#breadcrumb"},"inLanguage":"pl-PL","potentialAction":[{"@type":"ReadAction","target":["https:\/\/racom.com.pl\/index.php\/produkt\/ladowarka-ogniw-li-ion-tp4056-mikro-usb-5v\/"]}]},{"@type":"ImageObject","inLanguage":"pl-PL","@id":"https:\/\/racom.com.pl\/index.php\/produkt\/ladowarka-ogniw-li-ion-tp4056-mikro-usb-5v\/#primaryimage","url":"https:\/\/racom.com.pl\/wp-content\/uploads\/2025\/07\/allegro_687a667f7c1686.19335957_7a13c7584bcba750569f6d722685.jpg","contentUrl":"https:\/\/racom.com.pl\/wp-content\/uploads\/2025\/07\/allegro_687a667f7c1686.19335957_7a13c7584bcba750569f6d722685.jpg","width":430,"height":307},{"@type":"BreadcrumbList","@id":"https:\/\/racom.com.pl\/index.php\/produkt\/ladowarka-ogniw-li-ion-tp4056-mikro-usb-5v\/#breadcrumb","itemListElement":[{"@type":"ListItem","position":1,"name":"Strona g\u0142\u00f3wna","item":"https:\/\/racom.com.pl\/"},{"@type":"ListItem","position":2,"name":"Sklep","item":"https:\/\/racom.com.pl\/"},{"@type":"ListItem","position":3,"name":"\u0141ADOWARKA OGNIW LI-ION TP4056 MIKRO USB 5V"}]},{"@type":"WebSite","@id":"https:\/\/racom.com.pl\/#website","url":"https:\/\/racom.com.pl\/","name":"Mix Market - Supermarket z wszystkim co potrzeba do domu i nie tylko","description":"","publisher":{"@id":"https:\/\/racom.com.pl\/#organization"},"potentialAction":[{"@type":"SearchAction","target":{"@type":"EntryPoint","urlTemplate":"https:\/\/racom.com.pl\/?s={search_term_string}"},"query-input":{"@type":"PropertyValueSpecification","valueRequired":true,"valueName":"search_term_string"}}],"inLanguage":"pl-PL"},{"@type":"Organization","@id":"https:\/\/racom.com.pl\/#organization","name":"Mix Market - Supermarket z wszystkim co potrzeba do domu i nie tylko","url":"https:\/\/racom.com.pl\/","logo":{"@type":"ImageObject","inLanguage":"pl-PL","@id":"https:\/\/racom.com.pl\/#\/schema\/logo\/image\/","url":"https:\/\/racom.com.pl\/wp-content\/uploads\/2025\/07\/mixmarket_logo.png","contentUrl":"https:\/\/racom.com.pl\/wp-content\/uploads\/2025\/07\/mixmarket_logo.png","width":1024,"height":1024,"caption":"Mix Market - Supermarket z wszystkim co potrzeba do domu i nie tylko"},"image":{"@id":"https:\/\/racom.com.pl\/#\/schema\/logo\/image\/"}}]}},"_links":{"self":[{"href":"https:\/\/racom.com.pl\/index.php\/wp-json\/wp\/v2\/product\/280","targetHints":{"allow":["GET"]}}],"collection":[{"href":"https:\/\/racom.com.pl\/index.php\/wp-json\/wp\/v2\/product"}],"about":[{"href":"https:\/\/racom.com.pl\/index.php\/wp-json\/wp\/v2\/types\/product"}],"replies":[{"embeddable":true,"href":"https:\/\/racom.com.pl\/index.php\/wp-json\/wp\/v2\/comments?post=280"}],"wp:featuredmedia":[{"embeddable":true,"href":"https:\/\/racom.com.pl\/index.php\/wp-json\/wp\/v2\/media\/282"}],"wp:attachment":[{"href":"https:\/\/racom.com.pl\/index.php\/wp-json\/wp\/v2\/media?parent=280"}],"wp:term":[{"taxonomy":"product_brand","embeddable":true,"href":"https:\/\/racom.com.pl\/index.php\/wp-json\/wp\/v2\/product_brand?post=280"},{"taxonomy":"product_cat","embeddable":true,"href":"https:\/\/racom.com.pl\/index.php\/wp-json\/wp\/v2\/product_cat?post=280"},{"taxonomy":"product_tag","embeddable":true,"href":"https:\/\/racom.com.pl\/index.php\/wp-json\/wp\/v2\/product_tag?post=280"}],"curies":[{"name":"wp","href":"https:\/\/api.w.org\/{rel}","templated":true}]}}