{"id":2841,"date":"2025-07-19T16:05:19","date_gmt":"2025-07-19T14:05:19","guid":{"rendered":"http:\/\/192.168.2.106\/index.php\/produkt\/fanex-dla-metro-chef-sos-1000-wysp-do-burgera-frytek-zapiekanki-950g\/"},"modified":"2025-07-19T16:05:19","modified_gmt":"2025-07-19T14:05:19","slug":"fanex-dla-metro-chef-sos-1000-wysp-do-burgera-frytek-zapiekanki-950g","status":"publish","type":"product","link":"https:\/\/racom.com.pl\/index.php\/produkt\/fanex-dla-metro-chef-sos-1000-wysp-do-burgera-frytek-zapiekanki-950g\/","title":{"rendered":"FANEX dla Metro Chef SOS 1000 Wysp do BURGERA FRYTEK ZAPIEKANKI 950g"},"content":{"rendered":"<h2>MAKRO CHEF SOS 1000 WYSP 950 G<\/h2>\n<p>MAKRO CHEF SOS 1000 WYSP 950 G to produkt, kt\u00f3ry zosta\u0142 stworzony z my\u015bl\u0105 o wymagaj\u0105cych konsumentach. Jego receptura opiera si\u0119 na naturalnych sk\u0142adnikach, dzi\u0119ki czemu jest to produkt bezpieczny dla zdrowia. Sos ten nie zawiera sztucznych barwnik\u00f3w ani konserwant\u00f3w, co czyni go idealnym wyborem dla os\u00f3b, kt\u00f3re ceni\u0105 sobie naturalno\u015b\u0107 i zdrowy styl \u017cycia.<\/p>\n<p>Sk\u0142ad MAKRO CHEF SOS 1000 WYSP 950 G:<\/p>\n<ul>\n<li>woda<\/li>\n<li>cukier<\/li>\n<li>ocet spirytusowy<\/li>\n<li>skrobia modyfikowana<\/li>\n<li>s\u00f3l<\/li>\n<li>przyprawy<\/li>\n<li>aromaty<\/li>\n<li>koncentrat pomidorowy<\/li>\n<li>olej rzepakowy<\/li>\n<li>substancja zag\u0119szczaj\u0105ca: guma ksantanowa<\/li>\n<\/ul>\n<p>Dzi\u0119ki temu sk\u0142adowi sos ten jest nie tylko pyszny, ale r\u00f3wnie\u017c zdrowy i bezpieczny dla Twojego organizmu. MAKRO CHEF SOS 1000 WYSP 950 G to produkt, kt\u00f3ry z pewno\u015bci\u0105 spe\u0142ni oczekiwania nawet najbardziej wymagaj\u0105cych konsument\u00f3w.<\/p>\n<p>Nie czekaj d\u0142u\u017cej i ju\u017c dzi\u015b wypr\u00f3buj MAKRO CHEF SOS 1000 WYSP 950 G! Z pewno\u015bci\u0105 zrobi on wra\u017cenie na Twoich go\u015bciach i sprawi, \u017ce Twoje dania b\u0119d\u0105 wyj\u0105tkowe. Kup MAKRO CHEF SOS 1000 WYSP 950 G i przekonaj si\u0119, jak wiele mo\u017ce zrobi\u0107 dla Twoich potraw!<\/p>\n<ul>\n<li><b>Producent:<\/b>&nbsp; FANEX SP. Z O.O.<\/li>\n<\/ul>\n","protected":false},"excerpt":{"rendered":"<p>MAKRO CHEF SOS 1000 WYSP 950 G MAKRO CHEF SOS 1000 WYSP 950 G to produkt, kt\u00f3ry zosta\u0142 stworzony z my\u015bl\u0105 o wymagaj\u0105cych konsumentach. Jego receptura opiera si\u0119 na naturalnych sk\u0142adnikach, dzi\u0119ki czemu jest to produkt bezpieczny dla zdrowia. Sos ten nie zawiera sztucznych barwnik\u00f3w ani konserwant\u00f3w, co czyni go idealnym wyborem dla os\u00f3b, kt\u00f3re [&hellip;]<\/p>\n","protected":false},"featured_media":2845,"comment_status":"open","ping_status":"closed","template":"","meta":[],"product_brand":[202],"product_cat":[109],"product_tag":[],"class_list":{"0":"post-2841","1":"product","2":"type-product","3":"status-publish","4":"has-post-thumbnail","6":"product_brand-metro-chef","7":"product_cat-sosy-kanapkowe-i-dressingi","9":"first","10":"instock","11":"taxable","12":"shipping-taxable","13":"purchasable","14":"product-type-simple"},"yoast_head":"<!-- This site is optimized with the Yoast SEO plugin v27.3 - https:\/\/yoast.com\/product\/yoast-seo-wordpress\/ -->\n<title>FANEX dla Metro Chef SOS 1000 Wysp do BURGERA FRYTEK ZAPIEKANKI 950g - Mix Market - Supermarket z wszystkim co potrzeba<\/title>\n<meta name=\"robots\" content=\"index, follow, max-snippet:-1, max-image-preview:large, max-video-preview:-1\" \/>\n<link rel=\"canonical\" href=\"https:\/\/racom.com.pl\/index.php\/produkt\/fanex-dla-metro-chef-sos-1000-wysp-do-burgera-frytek-zapiekanki-950g\/\" \/>\n<meta property=\"og:locale\" content=\"pl_PL\" \/>\n<meta property=\"og:type\" content=\"article\" \/>\n<meta property=\"og:title\" content=\"FANEX dla Metro Chef SOS 1000 Wysp do BURGERA FRYTEK ZAPIEKANKI 950g - Mix Market - Supermarket z wszystkim co potrzeba\" \/>\n<meta property=\"og:description\" content=\"MAKRO CHEF SOS 1000 WYSP 950 G MAKRO CHEF SOS 1000 WYSP 950 G to produkt, kt\u00f3ry zosta\u0142 stworzony z my\u015bl\u0105 o wymagaj\u0105cych konsumentach. Jego receptura opiera si\u0119 na naturalnych sk\u0142adnikach, dzi\u0119ki czemu jest to produkt bezpieczny dla zdrowia. Sos ten nie zawiera sztucznych barwnik\u00f3w ani konserwant\u00f3w, co czyni go idealnym wyborem dla os\u00f3b, kt\u00f3re [&hellip;]\" \/>\n<meta property=\"og:url\" content=\"https:\/\/racom.com.pl\/index.php\/produkt\/fanex-dla-metro-chef-sos-1000-wysp-do-burgera-frytek-zapiekanki-950g\/\" \/>\n<meta property=\"og:site_name\" content=\"Mix Market - Supermarket z wszystkim co potrzeba\" \/>\n<meta property=\"og:image\" content=\"https:\/\/racom.com.pl\/wp-content\/uploads\/2025\/07\/allegro_687ba6851849d0.39649647_ac7123f54fc4a63a2f39b7e41518.jpg\" \/>\n\t<meta property=\"og:image:width\" content=\"2560\" \/>\n\t<meta property=\"og:image:height\" content=\"2560\" \/>\n\t<meta property=\"og:image:type\" content=\"image\/jpeg\" \/>\n<meta name=\"twitter:card\" content=\"summary_large_image\" \/>\n<meta name=\"twitter:label1\" content=\"Szacowany czas czytania\" \/>\n\t<meta name=\"twitter:data1\" content=\"1 minuta\" \/>\n<script type=\"application\/ld+json\" class=\"yoast-schema-graph\">{\"@context\":\"https:\\\/\\\/schema.org\",\"@graph\":[{\"@type\":\"WebPage\",\"@id\":\"https:\\\/\\\/racom.com.pl\\\/index.php\\\/produkt\\\/fanex-dla-metro-chef-sos-1000-wysp-do-burgera-frytek-zapiekanki-950g\\\/\",\"url\":\"https:\\\/\\\/racom.com.pl\\\/index.php\\\/produkt\\\/fanex-dla-metro-chef-sos-1000-wysp-do-burgera-frytek-zapiekanki-950g\\\/\",\"name\":\"FANEX dla Metro Chef SOS 1000 Wysp do BURGERA FRYTEK ZAPIEKANKI 950g - Mix Market - Supermarket z wszystkim co potrzeba\",\"isPartOf\":{\"@id\":\"https:\\\/\\\/racom.com.pl\\\/#website\"},\"primaryImageOfPage\":{\"@id\":\"https:\\\/\\\/racom.com.pl\\\/index.php\\\/produkt\\\/fanex-dla-metro-chef-sos-1000-wysp-do-burgera-frytek-zapiekanki-950g\\\/#primaryimage\"},\"image\":{\"@id\":\"https:\\\/\\\/racom.com.pl\\\/index.php\\\/produkt\\\/fanex-dla-metro-chef-sos-1000-wysp-do-burgera-frytek-zapiekanki-950g\\\/#primaryimage\"},\"thumbnailUrl\":\"https:\\\/\\\/racom.com.pl\\\/wp-content\\\/uploads\\\/2025\\\/07\\\/allegro_687ba6851849d0.39649647_ac7123f54fc4a63a2f39b7e41518.jpg\",\"datePublished\":\"2025-07-19T14:05:19+00:00\",\"breadcrumb\":{\"@id\":\"https:\\\/\\\/racom.com.pl\\\/index.php\\\/produkt\\\/fanex-dla-metro-chef-sos-1000-wysp-do-burgera-frytek-zapiekanki-950g\\\/#breadcrumb\"},\"inLanguage\":\"pl-PL\",\"potentialAction\":[{\"@type\":\"ReadAction\",\"target\":[\"https:\\\/\\\/racom.com.pl\\\/index.php\\\/produkt\\\/fanex-dla-metro-chef-sos-1000-wysp-do-burgera-frytek-zapiekanki-950g\\\/\"]}]},{\"@type\":\"ImageObject\",\"inLanguage\":\"pl-PL\",\"@id\":\"https:\\\/\\\/racom.com.pl\\\/index.php\\\/produkt\\\/fanex-dla-metro-chef-sos-1000-wysp-do-burgera-frytek-zapiekanki-950g\\\/#primaryimage\",\"url\":\"https:\\\/\\\/racom.com.pl\\\/wp-content\\\/uploads\\\/2025\\\/07\\\/allegro_687ba6851849d0.39649647_ac7123f54fc4a63a2f39b7e41518.jpg\",\"contentUrl\":\"https:\\\/\\\/racom.com.pl\\\/wp-content\\\/uploads\\\/2025\\\/07\\\/allegro_687ba6851849d0.39649647_ac7123f54fc4a63a2f39b7e41518.jpg\",\"width\":2560,\"height\":2560},{\"@type\":\"BreadcrumbList\",\"@id\":\"https:\\\/\\\/racom.com.pl\\\/index.php\\\/produkt\\\/fanex-dla-metro-chef-sos-1000-wysp-do-burgera-frytek-zapiekanki-950g\\\/#breadcrumb\",\"itemListElement\":[{\"@type\":\"ListItem\",\"position\":1,\"name\":\"Strona g\u0142\u00f3wna\",\"item\":\"https:\\\/\\\/racom.com.pl\\\/\"},{\"@type\":\"ListItem\",\"position\":2,\"name\":\"Sklep\",\"item\":\"https:\\\/\\\/racom.com.pl\\\/\"},{\"@type\":\"ListItem\",\"position\":3,\"name\":\"FANEX dla Metro Chef SOS 1000 Wysp do BURGERA FRYTEK ZAPIEKANKI 950g\"}]},{\"@type\":\"WebSite\",\"@id\":\"https:\\\/\\\/racom.com.pl\\\/#website\",\"url\":\"https:\\\/\\\/racom.com.pl\\\/\",\"name\":\"Mix Market - Supermarket z wszystkim co potrzeba do domu i nie tylko\",\"description\":\"\",\"publisher\":{\"@id\":\"https:\\\/\\\/racom.com.pl\\\/#organization\"},\"potentialAction\":[{\"@type\":\"SearchAction\",\"target\":{\"@type\":\"EntryPoint\",\"urlTemplate\":\"https:\\\/\\\/racom.com.pl\\\/?s={search_term_string}\"},\"query-input\":{\"@type\":\"PropertyValueSpecification\",\"valueRequired\":true,\"valueName\":\"search_term_string\"}}],\"inLanguage\":\"pl-PL\"},{\"@type\":\"Organization\",\"@id\":\"https:\\\/\\\/racom.com.pl\\\/#organization\",\"name\":\"Mix Market - Supermarket z wszystkim co potrzeba do domu i nie tylko\",\"url\":\"https:\\\/\\\/racom.com.pl\\\/\",\"logo\":{\"@type\":\"ImageObject\",\"inLanguage\":\"pl-PL\",\"@id\":\"https:\\\/\\\/racom.com.pl\\\/#\\\/schema\\\/logo\\\/image\\\/\",\"url\":\"https:\\\/\\\/racom.com.pl\\\/wp-content\\\/uploads\\\/2025\\\/07\\\/mixmarket_logo.png\",\"contentUrl\":\"https:\\\/\\\/racom.com.pl\\\/wp-content\\\/uploads\\\/2025\\\/07\\\/mixmarket_logo.png\",\"width\":1024,\"height\":1024,\"caption\":\"Mix Market - Supermarket z wszystkim co potrzeba do domu i nie tylko\"},\"image\":{\"@id\":\"https:\\\/\\\/racom.com.pl\\\/#\\\/schema\\\/logo\\\/image\\\/\"}}]}<\/script>\n<!-- \/ Yoast SEO plugin. -->","yoast_head_json":{"title":"FANEX dla Metro Chef SOS 1000 Wysp do BURGERA FRYTEK ZAPIEKANKI 950g - Mix Market - Supermarket z wszystkim co potrzeba","robots":{"index":"index","follow":"follow","max-snippet":"max-snippet:-1","max-image-preview":"max-image-preview:large","max-video-preview":"max-video-preview:-1"},"canonical":"https:\/\/racom.com.pl\/index.php\/produkt\/fanex-dla-metro-chef-sos-1000-wysp-do-burgera-frytek-zapiekanki-950g\/","og_locale":"pl_PL","og_type":"article","og_title":"FANEX dla Metro Chef SOS 1000 Wysp do BURGERA FRYTEK ZAPIEKANKI 950g - Mix Market - Supermarket z wszystkim co potrzeba","og_description":"MAKRO CHEF SOS 1000 WYSP 950 G MAKRO CHEF SOS 1000 WYSP 950 G to produkt, kt\u00f3ry zosta\u0142 stworzony z my\u015bl\u0105 o wymagaj\u0105cych konsumentach. Jego receptura opiera si\u0119 na naturalnych sk\u0142adnikach, dzi\u0119ki czemu jest to produkt bezpieczny dla zdrowia. Sos ten nie zawiera sztucznych barwnik\u00f3w ani konserwant\u00f3w, co czyni go idealnym wyborem dla os\u00f3b, kt\u00f3re [&hellip;]","og_url":"https:\/\/racom.com.pl\/index.php\/produkt\/fanex-dla-metro-chef-sos-1000-wysp-do-burgera-frytek-zapiekanki-950g\/","og_site_name":"Mix Market - Supermarket z wszystkim co potrzeba","og_image":[{"width":2560,"height":2560,"url":"https:\/\/racom.com.pl\/wp-content\/uploads\/2025\/07\/allegro_687ba6851849d0.39649647_ac7123f54fc4a63a2f39b7e41518.jpg","type":"image\/jpeg"}],"twitter_card":"summary_large_image","twitter_misc":{"Szacowany czas czytania":"1 minuta"},"schema":{"@context":"https:\/\/schema.org","@graph":[{"@type":"WebPage","@id":"https:\/\/racom.com.pl\/index.php\/produkt\/fanex-dla-metro-chef-sos-1000-wysp-do-burgera-frytek-zapiekanki-950g\/","url":"https:\/\/racom.com.pl\/index.php\/produkt\/fanex-dla-metro-chef-sos-1000-wysp-do-burgera-frytek-zapiekanki-950g\/","name":"FANEX dla Metro Chef SOS 1000 Wysp do BURGERA FRYTEK ZAPIEKANKI 950g - Mix Market - Supermarket z wszystkim co potrzeba","isPartOf":{"@id":"https:\/\/racom.com.pl\/#website"},"primaryImageOfPage":{"@id":"https:\/\/racom.com.pl\/index.php\/produkt\/fanex-dla-metro-chef-sos-1000-wysp-do-burgera-frytek-zapiekanki-950g\/#primaryimage"},"image":{"@id":"https:\/\/racom.com.pl\/index.php\/produkt\/fanex-dla-metro-chef-sos-1000-wysp-do-burgera-frytek-zapiekanki-950g\/#primaryimage"},"thumbnailUrl":"https:\/\/racom.com.pl\/wp-content\/uploads\/2025\/07\/allegro_687ba6851849d0.39649647_ac7123f54fc4a63a2f39b7e41518.jpg","datePublished":"2025-07-19T14:05:19+00:00","breadcrumb":{"@id":"https:\/\/racom.com.pl\/index.php\/produkt\/fanex-dla-metro-chef-sos-1000-wysp-do-burgera-frytek-zapiekanki-950g\/#breadcrumb"},"inLanguage":"pl-PL","potentialAction":[{"@type":"ReadAction","target":["https:\/\/racom.com.pl\/index.php\/produkt\/fanex-dla-metro-chef-sos-1000-wysp-do-burgera-frytek-zapiekanki-950g\/"]}]},{"@type":"ImageObject","inLanguage":"pl-PL","@id":"https:\/\/racom.com.pl\/index.php\/produkt\/fanex-dla-metro-chef-sos-1000-wysp-do-burgera-frytek-zapiekanki-950g\/#primaryimage","url":"https:\/\/racom.com.pl\/wp-content\/uploads\/2025\/07\/allegro_687ba6851849d0.39649647_ac7123f54fc4a63a2f39b7e41518.jpg","contentUrl":"https:\/\/racom.com.pl\/wp-content\/uploads\/2025\/07\/allegro_687ba6851849d0.39649647_ac7123f54fc4a63a2f39b7e41518.jpg","width":2560,"height":2560},{"@type":"BreadcrumbList","@id":"https:\/\/racom.com.pl\/index.php\/produkt\/fanex-dla-metro-chef-sos-1000-wysp-do-burgera-frytek-zapiekanki-950g\/#breadcrumb","itemListElement":[{"@type":"ListItem","position":1,"name":"Strona g\u0142\u00f3wna","item":"https:\/\/racom.com.pl\/"},{"@type":"ListItem","position":2,"name":"Sklep","item":"https:\/\/racom.com.pl\/"},{"@type":"ListItem","position":3,"name":"FANEX dla Metro Chef SOS 1000 Wysp do BURGERA FRYTEK ZAPIEKANKI 950g"}]},{"@type":"WebSite","@id":"https:\/\/racom.com.pl\/#website","url":"https:\/\/racom.com.pl\/","name":"Mix Market - Supermarket z wszystkim co potrzeba do domu i nie tylko","description":"","publisher":{"@id":"https:\/\/racom.com.pl\/#organization"},"potentialAction":[{"@type":"SearchAction","target":{"@type":"EntryPoint","urlTemplate":"https:\/\/racom.com.pl\/?s={search_term_string}"},"query-input":{"@type":"PropertyValueSpecification","valueRequired":true,"valueName":"search_term_string"}}],"inLanguage":"pl-PL"},{"@type":"Organization","@id":"https:\/\/racom.com.pl\/#organization","name":"Mix Market - Supermarket z wszystkim co potrzeba do domu i nie tylko","url":"https:\/\/racom.com.pl\/","logo":{"@type":"ImageObject","inLanguage":"pl-PL","@id":"https:\/\/racom.com.pl\/#\/schema\/logo\/image\/","url":"https:\/\/racom.com.pl\/wp-content\/uploads\/2025\/07\/mixmarket_logo.png","contentUrl":"https:\/\/racom.com.pl\/wp-content\/uploads\/2025\/07\/mixmarket_logo.png","width":1024,"height":1024,"caption":"Mix Market - Supermarket z wszystkim co potrzeba do domu i nie tylko"},"image":{"@id":"https:\/\/racom.com.pl\/#\/schema\/logo\/image\/"}}]}},"_links":{"self":[{"href":"https:\/\/racom.com.pl\/index.php\/wp-json\/wp\/v2\/product\/2841","targetHints":{"allow":["GET"]}}],"collection":[{"href":"https:\/\/racom.com.pl\/index.php\/wp-json\/wp\/v2\/product"}],"about":[{"href":"https:\/\/racom.com.pl\/index.php\/wp-json\/wp\/v2\/types\/product"}],"replies":[{"embeddable":true,"href":"https:\/\/racom.com.pl\/index.php\/wp-json\/wp\/v2\/comments?post=2841"}],"wp:featuredmedia":[{"embeddable":true,"href":"https:\/\/racom.com.pl\/index.php\/wp-json\/wp\/v2\/media\/2845"}],"wp:attachment":[{"href":"https:\/\/racom.com.pl\/index.php\/wp-json\/wp\/v2\/media?parent=2841"}],"wp:term":[{"taxonomy":"product_brand","embeddable":true,"href":"https:\/\/racom.com.pl\/index.php\/wp-json\/wp\/v2\/product_brand?post=2841"},{"taxonomy":"product_cat","embeddable":true,"href":"https:\/\/racom.com.pl\/index.php\/wp-json\/wp\/v2\/product_cat?post=2841"},{"taxonomy":"product_tag","embeddable":true,"href":"https:\/\/racom.com.pl\/index.php\/wp-json\/wp\/v2\/product_tag?post=2841"}],"curies":[{"name":"wp","href":"https:\/\/api.w.org\/{rel}","templated":true}]}}