{"id":2856,"date":"2025-07-19T16:10:44","date_gmt":"2025-07-19T14:10:44","guid":{"rendered":"http:\/\/192.168.2.106\/index.php\/produkt\/zbyszko-3-summer-edition-napoj-gazowany-o-smaku-kiwi-175-l-x-6-sztuk\/"},"modified":"2025-07-19T16:10:44","modified_gmt":"2025-07-19T14:10:44","slug":"zbyszko-3-summer-edition-napoj-gazowany-o-smaku-kiwi-175-l-x-6-sztuk","status":"publish","type":"product","link":"https:\/\/racom.com.pl\/index.php\/produkt\/zbyszko-3-summer-edition-napoj-gazowany-o-smaku-kiwi-175-l-x-6-sztuk\/","title":{"rendered":"Zbyszko 3 Summer Edition Nap\u00f3j gazowany o smaku KIWI 1,75 l x 6 sztuk"},"content":{"rendered":"<h2>6x Zbyszko Summer Edition Nap\u00f3j gazowany o smaku KIWI1,75 l<\/h2>\n<p>Nap\u00f3j gazowany o smaku kiwi, pasteryzowany. Zawiera cukier i substancje s\u0142odz\u0105ce.<\/p>\n<p><b>Oferta dotyczy zgrzewki 6szt<\/b><\/p>\n<p>Sk\u0142adniki:<\/p>\n<p>woda, sok jab\u0142kowy z zag\u0119szczonego soku jablkowego (19%), cukier i\/lub syrop glukozowo-fruktozowy, dwutlenek w\u0119gla, sok kiwi z zag\u0119szczonego soku kiwi (1%), regulator kwasowo\u015bci: kwas cytrynowy, aromaty, stabilizatory: guma arabska, estry glicerolu i \u017cywicy ro\u015blinnej, barwniki: tartrazyna, \u017c\u00f3\u0142cie\u0144 pomara\u0144czowy, b\u0142\u0119kit brylantowy, substancje s\u0142odz\u0105ce: acesulfam K, sacharyny<\/p>\n<p>Warto\u015bci od\u017cywcze:<\/p>\n<ul>\n<li><b>Warto\u015b\u0107 energetyczna:<\/b> 78 kJ\/ 18 kcal<\/li>\n<li><b>T\u0142uszcz:<\/b> 0 g<\/li>\n<li><b>Kwasy t\u0142uszczowe nasycone:<\/b> 0 g<\/li>\n<li><b>W\u0119glowodany:<\/b> 4,6 g<\/li>\n<li><b>Cukry:<\/b> 4,6 g<\/li>\n<li><b>Bia\u0142ko:<\/b> 0 g<\/li>\n<li><b>S\u00f3l:<\/b> 0 g<\/li>\n<\/ul>\n","protected":false},"excerpt":{"rendered":"<p>6x Zbyszko Summer Edition Nap\u00f3j gazowany o smaku KIWI1,75 l Nap\u00f3j gazowany o smaku kiwi, pasteryzowany. Zawiera cukier i substancje s\u0142odz\u0105ce. Oferta dotyczy zgrzewki 6szt Sk\u0142adniki: woda, sok jab\u0142kowy z zag\u0119szczonego soku jablkowego (19%), cukier i\/lub syrop glukozowo-fruktozowy, dwutlenek w\u0119gla, sok kiwi z zag\u0119szczonego soku kiwi (1%), regulator kwasowo\u015bci: kwas cytrynowy, aromaty, stabilizatory: guma arabska, [&hellip;]<\/p>\n","protected":false},"featured_media":2860,"comment_status":"open","ping_status":"closed","template":"","meta":[],"product_brand":[200],"product_cat":[116],"product_tag":[],"class_list":{"0":"post-2856","1":"product","2":"type-product","3":"status-publish","4":"has-post-thumbnail","6":"product_brand-zbyszko","7":"product_cat-napoje-i-akcesoria","9":"first","10":"instock","11":"taxable","12":"shipping-taxable","13":"purchasable","14":"product-type-simple"},"yoast_head":"<!-- This site is optimized with the Yoast SEO plugin v27.3 - https:\/\/yoast.com\/product\/yoast-seo-wordpress\/ -->\n<title>Zbyszko 3 Summer Edition Nap\u00f3j gazowany o smaku KIWI 1,75 l x 6 sztuk - Mix Market - Supermarket z wszystkim co potrzeba<\/title>\n<meta name=\"robots\" content=\"index, follow, max-snippet:-1, max-image-preview:large, max-video-preview:-1\" \/>\n<link rel=\"canonical\" href=\"https:\/\/racom.com.pl\/index.php\/produkt\/zbyszko-3-summer-edition-napoj-gazowany-o-smaku-kiwi-175-l-x-6-sztuk\/\" \/>\n<meta property=\"og:locale\" content=\"pl_PL\" \/>\n<meta property=\"og:type\" content=\"article\" \/>\n<meta property=\"og:title\" content=\"Zbyszko 3 Summer Edition Nap\u00f3j gazowany o smaku KIWI 1,75 l x 6 sztuk - Mix Market - Supermarket z wszystkim co potrzeba\" \/>\n<meta property=\"og:description\" content=\"6x Zbyszko Summer Edition Nap\u00f3j gazowany o smaku KIWI1,75 l Nap\u00f3j gazowany o smaku kiwi, pasteryzowany. Zawiera cukier i substancje s\u0142odz\u0105ce. Oferta dotyczy zgrzewki 6szt Sk\u0142adniki: woda, sok jab\u0142kowy z zag\u0119szczonego soku jablkowego (19%), cukier i\/lub syrop glukozowo-fruktozowy, dwutlenek w\u0119gla, sok kiwi z zag\u0119szczonego soku kiwi (1%), regulator kwasowo\u015bci: kwas cytrynowy, aromaty, stabilizatory: guma arabska, [&hellip;]\" \/>\n<meta property=\"og:url\" content=\"https:\/\/racom.com.pl\/index.php\/produkt\/zbyszko-3-summer-edition-napoj-gazowany-o-smaku-kiwi-175-l-x-6-sztuk\/\" \/>\n<meta property=\"og:site_name\" content=\"Mix Market - Supermarket z wszystkim co potrzeba\" \/>\n<meta property=\"og:image\" content=\"https:\/\/racom.com.pl\/wp-content\/uploads\/2025\/07\/allegro_687ba7c81de515.21963745_e4a07fac4e27b13970ef794a427d.jpg\" \/>\n\t<meta property=\"og:image:width\" content=\"2560\" \/>\n\t<meta property=\"og:image:height\" content=\"2560\" \/>\n\t<meta property=\"og:image:type\" content=\"image\/jpeg\" \/>\n<meta name=\"twitter:card\" content=\"summary_large_image\" \/>\n<meta name=\"twitter:label1\" content=\"Szacowany czas czytania\" \/>\n\t<meta name=\"twitter:data1\" content=\"1 minuta\" \/>\n<script type=\"application\/ld+json\" class=\"yoast-schema-graph\">{\"@context\":\"https:\\\/\\\/schema.org\",\"@graph\":[{\"@type\":\"WebPage\",\"@id\":\"https:\\\/\\\/racom.com.pl\\\/index.php\\\/produkt\\\/zbyszko-3-summer-edition-napoj-gazowany-o-smaku-kiwi-175-l-x-6-sztuk\\\/\",\"url\":\"https:\\\/\\\/racom.com.pl\\\/index.php\\\/produkt\\\/zbyszko-3-summer-edition-napoj-gazowany-o-smaku-kiwi-175-l-x-6-sztuk\\\/\",\"name\":\"Zbyszko 3 Summer Edition Nap\u00f3j gazowany o smaku KIWI 1,75 l x 6 sztuk - Mix Market - Supermarket z wszystkim co potrzeba\",\"isPartOf\":{\"@id\":\"https:\\\/\\\/racom.com.pl\\\/#website\"},\"primaryImageOfPage\":{\"@id\":\"https:\\\/\\\/racom.com.pl\\\/index.php\\\/produkt\\\/zbyszko-3-summer-edition-napoj-gazowany-o-smaku-kiwi-175-l-x-6-sztuk\\\/#primaryimage\"},\"image\":{\"@id\":\"https:\\\/\\\/racom.com.pl\\\/index.php\\\/produkt\\\/zbyszko-3-summer-edition-napoj-gazowany-o-smaku-kiwi-175-l-x-6-sztuk\\\/#primaryimage\"},\"thumbnailUrl\":\"https:\\\/\\\/racom.com.pl\\\/wp-content\\\/uploads\\\/2025\\\/07\\\/allegro_687ba7c81de515.21963745_e4a07fac4e27b13970ef794a427d.jpg\",\"datePublished\":\"2025-07-19T14:10:44+00:00\",\"breadcrumb\":{\"@id\":\"https:\\\/\\\/racom.com.pl\\\/index.php\\\/produkt\\\/zbyszko-3-summer-edition-napoj-gazowany-o-smaku-kiwi-175-l-x-6-sztuk\\\/#breadcrumb\"},\"inLanguage\":\"pl-PL\",\"potentialAction\":[{\"@type\":\"ReadAction\",\"target\":[\"https:\\\/\\\/racom.com.pl\\\/index.php\\\/produkt\\\/zbyszko-3-summer-edition-napoj-gazowany-o-smaku-kiwi-175-l-x-6-sztuk\\\/\"]}]},{\"@type\":\"ImageObject\",\"inLanguage\":\"pl-PL\",\"@id\":\"https:\\\/\\\/racom.com.pl\\\/index.php\\\/produkt\\\/zbyszko-3-summer-edition-napoj-gazowany-o-smaku-kiwi-175-l-x-6-sztuk\\\/#primaryimage\",\"url\":\"https:\\\/\\\/racom.com.pl\\\/wp-content\\\/uploads\\\/2025\\\/07\\\/allegro_687ba7c81de515.21963745_e4a07fac4e27b13970ef794a427d.jpg\",\"contentUrl\":\"https:\\\/\\\/racom.com.pl\\\/wp-content\\\/uploads\\\/2025\\\/07\\\/allegro_687ba7c81de515.21963745_e4a07fac4e27b13970ef794a427d.jpg\",\"width\":2560,\"height\":2560},{\"@type\":\"BreadcrumbList\",\"@id\":\"https:\\\/\\\/racom.com.pl\\\/index.php\\\/produkt\\\/zbyszko-3-summer-edition-napoj-gazowany-o-smaku-kiwi-175-l-x-6-sztuk\\\/#breadcrumb\",\"itemListElement\":[{\"@type\":\"ListItem\",\"position\":1,\"name\":\"Strona g\u0142\u00f3wna\",\"item\":\"https:\\\/\\\/racom.com.pl\\\/\"},{\"@type\":\"ListItem\",\"position\":2,\"name\":\"Sklep\",\"item\":\"https:\\\/\\\/racom.com.pl\\\/\"},{\"@type\":\"ListItem\",\"position\":3,\"name\":\"Zbyszko 3 Summer Edition Nap\u00f3j gazowany o smaku KIWI 1,75 l x 6 sztuk\"}]},{\"@type\":\"WebSite\",\"@id\":\"https:\\\/\\\/racom.com.pl\\\/#website\",\"url\":\"https:\\\/\\\/racom.com.pl\\\/\",\"name\":\"Mix Market - Supermarket z wszystkim co potrzeba do domu i nie tylko\",\"description\":\"\",\"publisher\":{\"@id\":\"https:\\\/\\\/racom.com.pl\\\/#organization\"},\"potentialAction\":[{\"@type\":\"SearchAction\",\"target\":{\"@type\":\"EntryPoint\",\"urlTemplate\":\"https:\\\/\\\/racom.com.pl\\\/?s={search_term_string}\"},\"query-input\":{\"@type\":\"PropertyValueSpecification\",\"valueRequired\":true,\"valueName\":\"search_term_string\"}}],\"inLanguage\":\"pl-PL\"},{\"@type\":\"Organization\",\"@id\":\"https:\\\/\\\/racom.com.pl\\\/#organization\",\"name\":\"Mix Market - Supermarket z wszystkim co potrzeba do domu i nie tylko\",\"url\":\"https:\\\/\\\/racom.com.pl\\\/\",\"logo\":{\"@type\":\"ImageObject\",\"inLanguage\":\"pl-PL\",\"@id\":\"https:\\\/\\\/racom.com.pl\\\/#\\\/schema\\\/logo\\\/image\\\/\",\"url\":\"https:\\\/\\\/racom.com.pl\\\/wp-content\\\/uploads\\\/2025\\\/07\\\/mixmarket_logo.png\",\"contentUrl\":\"https:\\\/\\\/racom.com.pl\\\/wp-content\\\/uploads\\\/2025\\\/07\\\/mixmarket_logo.png\",\"width\":1024,\"height\":1024,\"caption\":\"Mix Market - Supermarket z wszystkim co potrzeba do domu i nie tylko\"},\"image\":{\"@id\":\"https:\\\/\\\/racom.com.pl\\\/#\\\/schema\\\/logo\\\/image\\\/\"}}]}<\/script>\n<!-- \/ Yoast SEO plugin. -->","yoast_head_json":{"title":"Zbyszko 3 Summer Edition Nap\u00f3j gazowany o smaku KIWI 1,75 l x 6 sztuk - Mix Market - Supermarket z wszystkim co potrzeba","robots":{"index":"index","follow":"follow","max-snippet":"max-snippet:-1","max-image-preview":"max-image-preview:large","max-video-preview":"max-video-preview:-1"},"canonical":"https:\/\/racom.com.pl\/index.php\/produkt\/zbyszko-3-summer-edition-napoj-gazowany-o-smaku-kiwi-175-l-x-6-sztuk\/","og_locale":"pl_PL","og_type":"article","og_title":"Zbyszko 3 Summer Edition Nap\u00f3j gazowany o smaku KIWI 1,75 l x 6 sztuk - Mix Market - Supermarket z wszystkim co potrzeba","og_description":"6x Zbyszko Summer Edition Nap\u00f3j gazowany o smaku KIWI1,75 l Nap\u00f3j gazowany o smaku kiwi, pasteryzowany. Zawiera cukier i substancje s\u0142odz\u0105ce. Oferta dotyczy zgrzewki 6szt Sk\u0142adniki: woda, sok jab\u0142kowy z zag\u0119szczonego soku jablkowego (19%), cukier i\/lub syrop glukozowo-fruktozowy, dwutlenek w\u0119gla, sok kiwi z zag\u0119szczonego soku kiwi (1%), regulator kwasowo\u015bci: kwas cytrynowy, aromaty, stabilizatory: guma arabska, [&hellip;]","og_url":"https:\/\/racom.com.pl\/index.php\/produkt\/zbyszko-3-summer-edition-napoj-gazowany-o-smaku-kiwi-175-l-x-6-sztuk\/","og_site_name":"Mix Market - Supermarket z wszystkim co potrzeba","og_image":[{"width":2560,"height":2560,"url":"https:\/\/racom.com.pl\/wp-content\/uploads\/2025\/07\/allegro_687ba7c81de515.21963745_e4a07fac4e27b13970ef794a427d.jpg","type":"image\/jpeg"}],"twitter_card":"summary_large_image","twitter_misc":{"Szacowany czas czytania":"1 minuta"},"schema":{"@context":"https:\/\/schema.org","@graph":[{"@type":"WebPage","@id":"https:\/\/racom.com.pl\/index.php\/produkt\/zbyszko-3-summer-edition-napoj-gazowany-o-smaku-kiwi-175-l-x-6-sztuk\/","url":"https:\/\/racom.com.pl\/index.php\/produkt\/zbyszko-3-summer-edition-napoj-gazowany-o-smaku-kiwi-175-l-x-6-sztuk\/","name":"Zbyszko 3 Summer Edition Nap\u00f3j gazowany o smaku KIWI 1,75 l x 6 sztuk - Mix Market - Supermarket z wszystkim co potrzeba","isPartOf":{"@id":"https:\/\/racom.com.pl\/#website"},"primaryImageOfPage":{"@id":"https:\/\/racom.com.pl\/index.php\/produkt\/zbyszko-3-summer-edition-napoj-gazowany-o-smaku-kiwi-175-l-x-6-sztuk\/#primaryimage"},"image":{"@id":"https:\/\/racom.com.pl\/index.php\/produkt\/zbyszko-3-summer-edition-napoj-gazowany-o-smaku-kiwi-175-l-x-6-sztuk\/#primaryimage"},"thumbnailUrl":"https:\/\/racom.com.pl\/wp-content\/uploads\/2025\/07\/allegro_687ba7c81de515.21963745_e4a07fac4e27b13970ef794a427d.jpg","datePublished":"2025-07-19T14:10:44+00:00","breadcrumb":{"@id":"https:\/\/racom.com.pl\/index.php\/produkt\/zbyszko-3-summer-edition-napoj-gazowany-o-smaku-kiwi-175-l-x-6-sztuk\/#breadcrumb"},"inLanguage":"pl-PL","potentialAction":[{"@type":"ReadAction","target":["https:\/\/racom.com.pl\/index.php\/produkt\/zbyszko-3-summer-edition-napoj-gazowany-o-smaku-kiwi-175-l-x-6-sztuk\/"]}]},{"@type":"ImageObject","inLanguage":"pl-PL","@id":"https:\/\/racom.com.pl\/index.php\/produkt\/zbyszko-3-summer-edition-napoj-gazowany-o-smaku-kiwi-175-l-x-6-sztuk\/#primaryimage","url":"https:\/\/racom.com.pl\/wp-content\/uploads\/2025\/07\/allegro_687ba7c81de515.21963745_e4a07fac4e27b13970ef794a427d.jpg","contentUrl":"https:\/\/racom.com.pl\/wp-content\/uploads\/2025\/07\/allegro_687ba7c81de515.21963745_e4a07fac4e27b13970ef794a427d.jpg","width":2560,"height":2560},{"@type":"BreadcrumbList","@id":"https:\/\/racom.com.pl\/index.php\/produkt\/zbyszko-3-summer-edition-napoj-gazowany-o-smaku-kiwi-175-l-x-6-sztuk\/#breadcrumb","itemListElement":[{"@type":"ListItem","position":1,"name":"Strona g\u0142\u00f3wna","item":"https:\/\/racom.com.pl\/"},{"@type":"ListItem","position":2,"name":"Sklep","item":"https:\/\/racom.com.pl\/"},{"@type":"ListItem","position":3,"name":"Zbyszko 3 Summer Edition Nap\u00f3j gazowany o smaku KIWI 1,75 l x 6 sztuk"}]},{"@type":"WebSite","@id":"https:\/\/racom.com.pl\/#website","url":"https:\/\/racom.com.pl\/","name":"Mix Market - Supermarket z wszystkim co potrzeba do domu i nie tylko","description":"","publisher":{"@id":"https:\/\/racom.com.pl\/#organization"},"potentialAction":[{"@type":"SearchAction","target":{"@type":"EntryPoint","urlTemplate":"https:\/\/racom.com.pl\/?s={search_term_string}"},"query-input":{"@type":"PropertyValueSpecification","valueRequired":true,"valueName":"search_term_string"}}],"inLanguage":"pl-PL"},{"@type":"Organization","@id":"https:\/\/racom.com.pl\/#organization","name":"Mix Market - Supermarket z wszystkim co potrzeba do domu i nie tylko","url":"https:\/\/racom.com.pl\/","logo":{"@type":"ImageObject","inLanguage":"pl-PL","@id":"https:\/\/racom.com.pl\/#\/schema\/logo\/image\/","url":"https:\/\/racom.com.pl\/wp-content\/uploads\/2025\/07\/mixmarket_logo.png","contentUrl":"https:\/\/racom.com.pl\/wp-content\/uploads\/2025\/07\/mixmarket_logo.png","width":1024,"height":1024,"caption":"Mix Market - Supermarket z wszystkim co potrzeba do domu i nie tylko"},"image":{"@id":"https:\/\/racom.com.pl\/#\/schema\/logo\/image\/"}}]}},"_links":{"self":[{"href":"https:\/\/racom.com.pl\/index.php\/wp-json\/wp\/v2\/product\/2856","targetHints":{"allow":["GET"]}}],"collection":[{"href":"https:\/\/racom.com.pl\/index.php\/wp-json\/wp\/v2\/product"}],"about":[{"href":"https:\/\/racom.com.pl\/index.php\/wp-json\/wp\/v2\/types\/product"}],"replies":[{"embeddable":true,"href":"https:\/\/racom.com.pl\/index.php\/wp-json\/wp\/v2\/comments?post=2856"}],"wp:featuredmedia":[{"embeddable":true,"href":"https:\/\/racom.com.pl\/index.php\/wp-json\/wp\/v2\/media\/2860"}],"wp:attachment":[{"href":"https:\/\/racom.com.pl\/index.php\/wp-json\/wp\/v2\/media?parent=2856"}],"wp:term":[{"taxonomy":"product_brand","embeddable":true,"href":"https:\/\/racom.com.pl\/index.php\/wp-json\/wp\/v2\/product_brand?post=2856"},{"taxonomy":"product_cat","embeddable":true,"href":"https:\/\/racom.com.pl\/index.php\/wp-json\/wp\/v2\/product_cat?post=2856"},{"taxonomy":"product_tag","embeddable":true,"href":"https:\/\/racom.com.pl\/index.php\/wp-json\/wp\/v2\/product_tag?post=2856"}],"curies":[{"name":"wp","href":"https:\/\/api.w.org\/{rel}","templated":true}]}}