{"id":2861,"date":"2025-07-19T16:12:42","date_gmt":"2025-07-19T14:12:42","guid":{"rendered":"http:\/\/192.168.2.106\/index.php\/produkt\/ziola-prowansalskie-metro-chef-bogaty-smak-i-aromat-75g\/"},"modified":"2025-07-19T16:12:42","modified_gmt":"2025-07-19T14:12:42","slug":"ziola-prowansalskie-metro-chef-bogaty-smak-i-aromat-75g","status":"publish","type":"product","link":"https:\/\/racom.com.pl\/index.php\/produkt\/ziola-prowansalskie-metro-chef-bogaty-smak-i-aromat-75g\/","title":{"rendered":"Zio\u0142a Prowansalskie Metro chef Bogaty Smak i Aromat 75g"},"content":{"rendered":"<h2>METRO Chef Zio\u0142a prowansalskie 75g<\/h2>\n<p>Zio\u0142a prowansalskie to aromatyczna mieszanka zi\u00f3\u0142, charakterystyczna dla kuchni po\u0142udniowej Francji. Sk\u0142adaj\u0105 si\u0119 z r\u00f3\u017cnorodnych zi\u00f3\u0142, takich jak tymianek, rozmaryn, oregano, majeranek, bazylia, sza\u0142wia i lawenda. Ta wyj\u0105tkowa kompozycja doda smaku i zapach\u00f3w \u015br\u00f3dziemnomorskiego regionu do Twoich potraw.<\/p>\n<p>Zio\u0142a prowansalskie idealnie nadaj\u0105 si\u0119 do potraw takich jak kurczak, ryby, warzywa, zupy, sosy, a tak\u017ce do wypiek\u00f3w i marynat. Ich intensywny, zio\u0142owy bukiet wzbogaci smak ka\u017cdej potrawy, tworz\u0105c wyj\u0105tkowy, przyjemny doznania smakowe.<\/p>\n<p>Opakowanie zio\u0142\u00f3w prowansalskich to doskona\u0142y dodatek do Twojej kuchni, kt\u00f3ry pozwoli Ci eksperymentowa\u0107 z kulinarnymi inspiracjami po\u0142udniowej Francji. Wystarczy doda\u0107 niewielk\u0105 ilo\u015b\u0107 tej aromatycznej mieszanki, aby podkre\u015bli\u0107 smak i aromat Twoich ulubionych da\u0144. Ciesz si\u0119 magiczn\u0105 podr\u00f3\u017c\u0105 po smakach \u015br\u00f3dziemnomorskiej kuchni dzi\u0119ki zio\u0142om prowansalskim.<\/p>\n<ul>\n<li><b>Waga netto:<\/b> Kraj pochodzenia<\/li>\n<li><b>75:<\/b> Austria<\/li>\n<li>Warto\u015b\u0107 od\u017cywcza\/ 100g\n<p>Warto\u015b\u0107 energetyczna 1464.3 kJ<\/p>\n<p>Warto\u015b\u0107 energetyczna 350 kcal<\/p>\n<p>T\u0142uszcz 11 g<\/p>\n<p>Kwasy t\u0142uszczowe nasycone 2.1 g<\/p>\n<p>W\u0119glowodany 45 g<\/p>\n<p>Cukry 44 g<\/p>\n<p>Bia\u0142ko 8.3 g<\/p>\n<p>s\u00f3d 0 g<\/p>\n<p>S\u00f3l 0.13 g<\/p>\n<\/li>\n<\/ul>\n","protected":false},"excerpt":{"rendered":"<p>METRO Chef Zio\u0142a prowansalskie 75g Zio\u0142a prowansalskie to aromatyczna mieszanka zi\u00f3\u0142, charakterystyczna dla kuchni po\u0142udniowej Francji. Sk\u0142adaj\u0105 si\u0119 z r\u00f3\u017cnorodnych zi\u00f3\u0142, takich jak tymianek, rozmaryn, oregano, majeranek, bazylia, sza\u0142wia i lawenda. Ta wyj\u0105tkowa kompozycja doda smaku i zapach\u00f3w \u015br\u00f3dziemnomorskiego regionu do Twoich potraw. Zio\u0142a prowansalskie idealnie nadaj\u0105 si\u0119 do potraw takich jak kurczak, ryby, warzywa, [&hellip;]<\/p>\n","protected":false},"featured_media":2864,"comment_status":"open","ping_status":"closed","template":"","meta":[],"product_brand":[88],"product_cat":[125],"product_tag":[],"class_list":{"0":"post-2861","1":"product","2":"type-product","3":"status-publish","4":"has-post-thumbnail","6":"product_brand-bez-marki","7":"product_cat-przyprawy-i-ziola","9":"first","10":"instock","11":"taxable","12":"shipping-taxable","13":"purchasable","14":"product-type-simple"},"yoast_head":"<!-- This site is optimized with the Yoast SEO plugin v27.3 - https:\/\/yoast.com\/product\/yoast-seo-wordpress\/ -->\n<title>Zio\u0142a Prowansalskie Metro chef Bogaty Smak i Aromat 75g - Mix Market - Supermarket z wszystkim co potrzeba<\/title>\n<meta name=\"robots\" content=\"index, follow, max-snippet:-1, max-image-preview:large, max-video-preview:-1\" \/>\n<link rel=\"canonical\" href=\"https:\/\/racom.com.pl\/index.php\/produkt\/ziola-prowansalskie-metro-chef-bogaty-smak-i-aromat-75g\/\" \/>\n<meta property=\"og:locale\" content=\"pl_PL\" \/>\n<meta property=\"og:type\" content=\"article\" \/>\n<meta property=\"og:title\" content=\"Zio\u0142a Prowansalskie Metro chef Bogaty Smak i Aromat 75g - Mix Market - Supermarket z wszystkim co potrzeba\" \/>\n<meta property=\"og:description\" content=\"METRO Chef Zio\u0142a prowansalskie 75g Zio\u0142a prowansalskie to aromatyczna mieszanka zi\u00f3\u0142, charakterystyczna dla kuchni po\u0142udniowej Francji. Sk\u0142adaj\u0105 si\u0119 z r\u00f3\u017cnorodnych zi\u00f3\u0142, takich jak tymianek, rozmaryn, oregano, majeranek, bazylia, sza\u0142wia i lawenda. Ta wyj\u0105tkowa kompozycja doda smaku i zapach\u00f3w \u015br\u00f3dziemnomorskiego regionu do Twoich potraw. Zio\u0142a prowansalskie idealnie nadaj\u0105 si\u0119 do potraw takich jak kurczak, ryby, warzywa, [&hellip;]\" \/>\n<meta property=\"og:url\" content=\"https:\/\/racom.com.pl\/index.php\/produkt\/ziola-prowansalskie-metro-chef-bogaty-smak-i-aromat-75g\/\" \/>\n<meta property=\"og:site_name\" content=\"Mix Market - Supermarket z wszystkim co potrzeba\" \/>\n<meta property=\"og:image\" content=\"https:\/\/racom.com.pl\/wp-content\/uploads\/2025\/07\/allegro_687ba824ce05b9.10999215_86efb414452c9e827f5ebae826e0.jpg\" \/>\n\t<meta property=\"og:image:width\" content=\"400\" \/>\n\t<meta property=\"og:image:height\" content=\"400\" \/>\n\t<meta property=\"og:image:type\" content=\"image\/jpeg\" \/>\n<meta name=\"twitter:card\" content=\"summary_large_image\" \/>\n<meta name=\"twitter:label1\" content=\"Szacowany czas czytania\" \/>\n\t<meta name=\"twitter:data1\" content=\"1 minuta\" \/>\n<script type=\"application\/ld+json\" class=\"yoast-schema-graph\">{\"@context\":\"https:\\\/\\\/schema.org\",\"@graph\":[{\"@type\":\"WebPage\",\"@id\":\"https:\\\/\\\/racom.com.pl\\\/index.php\\\/produkt\\\/ziola-prowansalskie-metro-chef-bogaty-smak-i-aromat-75g\\\/\",\"url\":\"https:\\\/\\\/racom.com.pl\\\/index.php\\\/produkt\\\/ziola-prowansalskie-metro-chef-bogaty-smak-i-aromat-75g\\\/\",\"name\":\"Zio\u0142a Prowansalskie Metro chef Bogaty Smak i Aromat 75g - Mix Market - Supermarket z wszystkim co potrzeba\",\"isPartOf\":{\"@id\":\"https:\\\/\\\/racom.com.pl\\\/#website\"},\"primaryImageOfPage\":{\"@id\":\"https:\\\/\\\/racom.com.pl\\\/index.php\\\/produkt\\\/ziola-prowansalskie-metro-chef-bogaty-smak-i-aromat-75g\\\/#primaryimage\"},\"image\":{\"@id\":\"https:\\\/\\\/racom.com.pl\\\/index.php\\\/produkt\\\/ziola-prowansalskie-metro-chef-bogaty-smak-i-aromat-75g\\\/#primaryimage\"},\"thumbnailUrl\":\"https:\\\/\\\/racom.com.pl\\\/wp-content\\\/uploads\\\/2025\\\/07\\\/allegro_687ba824ce05b9.10999215_86efb414452c9e827f5ebae826e0.jpg\",\"datePublished\":\"2025-07-19T14:12:42+00:00\",\"breadcrumb\":{\"@id\":\"https:\\\/\\\/racom.com.pl\\\/index.php\\\/produkt\\\/ziola-prowansalskie-metro-chef-bogaty-smak-i-aromat-75g\\\/#breadcrumb\"},\"inLanguage\":\"pl-PL\",\"potentialAction\":[{\"@type\":\"ReadAction\",\"target\":[\"https:\\\/\\\/racom.com.pl\\\/index.php\\\/produkt\\\/ziola-prowansalskie-metro-chef-bogaty-smak-i-aromat-75g\\\/\"]}]},{\"@type\":\"ImageObject\",\"inLanguage\":\"pl-PL\",\"@id\":\"https:\\\/\\\/racom.com.pl\\\/index.php\\\/produkt\\\/ziola-prowansalskie-metro-chef-bogaty-smak-i-aromat-75g\\\/#primaryimage\",\"url\":\"https:\\\/\\\/racom.com.pl\\\/wp-content\\\/uploads\\\/2025\\\/07\\\/allegro_687ba824ce05b9.10999215_86efb414452c9e827f5ebae826e0.jpg\",\"contentUrl\":\"https:\\\/\\\/racom.com.pl\\\/wp-content\\\/uploads\\\/2025\\\/07\\\/allegro_687ba824ce05b9.10999215_86efb414452c9e827f5ebae826e0.jpg\",\"width\":400,\"height\":400},{\"@type\":\"BreadcrumbList\",\"@id\":\"https:\\\/\\\/racom.com.pl\\\/index.php\\\/produkt\\\/ziola-prowansalskie-metro-chef-bogaty-smak-i-aromat-75g\\\/#breadcrumb\",\"itemListElement\":[{\"@type\":\"ListItem\",\"position\":1,\"name\":\"Strona g\u0142\u00f3wna\",\"item\":\"https:\\\/\\\/racom.com.pl\\\/\"},{\"@type\":\"ListItem\",\"position\":2,\"name\":\"Sklep\",\"item\":\"https:\\\/\\\/racom.com.pl\\\/\"},{\"@type\":\"ListItem\",\"position\":3,\"name\":\"Zio\u0142a Prowansalskie Metro chef Bogaty Smak i Aromat 75g\"}]},{\"@type\":\"WebSite\",\"@id\":\"https:\\\/\\\/racom.com.pl\\\/#website\",\"url\":\"https:\\\/\\\/racom.com.pl\\\/\",\"name\":\"Mix Market - Supermarket z wszystkim co potrzeba do domu i nie tylko\",\"description\":\"\",\"publisher\":{\"@id\":\"https:\\\/\\\/racom.com.pl\\\/#organization\"},\"potentialAction\":[{\"@type\":\"SearchAction\",\"target\":{\"@type\":\"EntryPoint\",\"urlTemplate\":\"https:\\\/\\\/racom.com.pl\\\/?s={search_term_string}\"},\"query-input\":{\"@type\":\"PropertyValueSpecification\",\"valueRequired\":true,\"valueName\":\"search_term_string\"}}],\"inLanguage\":\"pl-PL\"},{\"@type\":\"Organization\",\"@id\":\"https:\\\/\\\/racom.com.pl\\\/#organization\",\"name\":\"Mix Market - Supermarket z wszystkim co potrzeba do domu i nie tylko\",\"url\":\"https:\\\/\\\/racom.com.pl\\\/\",\"logo\":{\"@type\":\"ImageObject\",\"inLanguage\":\"pl-PL\",\"@id\":\"https:\\\/\\\/racom.com.pl\\\/#\\\/schema\\\/logo\\\/image\\\/\",\"url\":\"https:\\\/\\\/racom.com.pl\\\/wp-content\\\/uploads\\\/2025\\\/07\\\/mixmarket_logo.png\",\"contentUrl\":\"https:\\\/\\\/racom.com.pl\\\/wp-content\\\/uploads\\\/2025\\\/07\\\/mixmarket_logo.png\",\"width\":1024,\"height\":1024,\"caption\":\"Mix Market - Supermarket z wszystkim co potrzeba do domu i nie tylko\"},\"image\":{\"@id\":\"https:\\\/\\\/racom.com.pl\\\/#\\\/schema\\\/logo\\\/image\\\/\"}}]}<\/script>\n<!-- \/ Yoast SEO plugin. -->","yoast_head_json":{"title":"Zio\u0142a Prowansalskie Metro chef Bogaty Smak i Aromat 75g - Mix Market - Supermarket z wszystkim co potrzeba","robots":{"index":"index","follow":"follow","max-snippet":"max-snippet:-1","max-image-preview":"max-image-preview:large","max-video-preview":"max-video-preview:-1"},"canonical":"https:\/\/racom.com.pl\/index.php\/produkt\/ziola-prowansalskie-metro-chef-bogaty-smak-i-aromat-75g\/","og_locale":"pl_PL","og_type":"article","og_title":"Zio\u0142a Prowansalskie Metro chef Bogaty Smak i Aromat 75g - Mix Market - Supermarket z wszystkim co potrzeba","og_description":"METRO Chef Zio\u0142a prowansalskie 75g Zio\u0142a prowansalskie to aromatyczna mieszanka zi\u00f3\u0142, charakterystyczna dla kuchni po\u0142udniowej Francji. Sk\u0142adaj\u0105 si\u0119 z r\u00f3\u017cnorodnych zi\u00f3\u0142, takich jak tymianek, rozmaryn, oregano, majeranek, bazylia, sza\u0142wia i lawenda. Ta wyj\u0105tkowa kompozycja doda smaku i zapach\u00f3w \u015br\u00f3dziemnomorskiego regionu do Twoich potraw. Zio\u0142a prowansalskie idealnie nadaj\u0105 si\u0119 do potraw takich jak kurczak, ryby, warzywa, [&hellip;]","og_url":"https:\/\/racom.com.pl\/index.php\/produkt\/ziola-prowansalskie-metro-chef-bogaty-smak-i-aromat-75g\/","og_site_name":"Mix Market - Supermarket z wszystkim co potrzeba","og_image":[{"width":400,"height":400,"url":"https:\/\/racom.com.pl\/wp-content\/uploads\/2025\/07\/allegro_687ba824ce05b9.10999215_86efb414452c9e827f5ebae826e0.jpg","type":"image\/jpeg"}],"twitter_card":"summary_large_image","twitter_misc":{"Szacowany czas czytania":"1 minuta"},"schema":{"@context":"https:\/\/schema.org","@graph":[{"@type":"WebPage","@id":"https:\/\/racom.com.pl\/index.php\/produkt\/ziola-prowansalskie-metro-chef-bogaty-smak-i-aromat-75g\/","url":"https:\/\/racom.com.pl\/index.php\/produkt\/ziola-prowansalskie-metro-chef-bogaty-smak-i-aromat-75g\/","name":"Zio\u0142a Prowansalskie Metro chef Bogaty Smak i Aromat 75g - Mix Market - Supermarket z wszystkim co potrzeba","isPartOf":{"@id":"https:\/\/racom.com.pl\/#website"},"primaryImageOfPage":{"@id":"https:\/\/racom.com.pl\/index.php\/produkt\/ziola-prowansalskie-metro-chef-bogaty-smak-i-aromat-75g\/#primaryimage"},"image":{"@id":"https:\/\/racom.com.pl\/index.php\/produkt\/ziola-prowansalskie-metro-chef-bogaty-smak-i-aromat-75g\/#primaryimage"},"thumbnailUrl":"https:\/\/racom.com.pl\/wp-content\/uploads\/2025\/07\/allegro_687ba824ce05b9.10999215_86efb414452c9e827f5ebae826e0.jpg","datePublished":"2025-07-19T14:12:42+00:00","breadcrumb":{"@id":"https:\/\/racom.com.pl\/index.php\/produkt\/ziola-prowansalskie-metro-chef-bogaty-smak-i-aromat-75g\/#breadcrumb"},"inLanguage":"pl-PL","potentialAction":[{"@type":"ReadAction","target":["https:\/\/racom.com.pl\/index.php\/produkt\/ziola-prowansalskie-metro-chef-bogaty-smak-i-aromat-75g\/"]}]},{"@type":"ImageObject","inLanguage":"pl-PL","@id":"https:\/\/racom.com.pl\/index.php\/produkt\/ziola-prowansalskie-metro-chef-bogaty-smak-i-aromat-75g\/#primaryimage","url":"https:\/\/racom.com.pl\/wp-content\/uploads\/2025\/07\/allegro_687ba824ce05b9.10999215_86efb414452c9e827f5ebae826e0.jpg","contentUrl":"https:\/\/racom.com.pl\/wp-content\/uploads\/2025\/07\/allegro_687ba824ce05b9.10999215_86efb414452c9e827f5ebae826e0.jpg","width":400,"height":400},{"@type":"BreadcrumbList","@id":"https:\/\/racom.com.pl\/index.php\/produkt\/ziola-prowansalskie-metro-chef-bogaty-smak-i-aromat-75g\/#breadcrumb","itemListElement":[{"@type":"ListItem","position":1,"name":"Strona g\u0142\u00f3wna","item":"https:\/\/racom.com.pl\/"},{"@type":"ListItem","position":2,"name":"Sklep","item":"https:\/\/racom.com.pl\/"},{"@type":"ListItem","position":3,"name":"Zio\u0142a Prowansalskie Metro chef Bogaty Smak i Aromat 75g"}]},{"@type":"WebSite","@id":"https:\/\/racom.com.pl\/#website","url":"https:\/\/racom.com.pl\/","name":"Mix Market - Supermarket z wszystkim co potrzeba do domu i nie tylko","description":"","publisher":{"@id":"https:\/\/racom.com.pl\/#organization"},"potentialAction":[{"@type":"SearchAction","target":{"@type":"EntryPoint","urlTemplate":"https:\/\/racom.com.pl\/?s={search_term_string}"},"query-input":{"@type":"PropertyValueSpecification","valueRequired":true,"valueName":"search_term_string"}}],"inLanguage":"pl-PL"},{"@type":"Organization","@id":"https:\/\/racom.com.pl\/#organization","name":"Mix Market - Supermarket z wszystkim co potrzeba do domu i nie tylko","url":"https:\/\/racom.com.pl\/","logo":{"@type":"ImageObject","inLanguage":"pl-PL","@id":"https:\/\/racom.com.pl\/#\/schema\/logo\/image\/","url":"https:\/\/racom.com.pl\/wp-content\/uploads\/2025\/07\/mixmarket_logo.png","contentUrl":"https:\/\/racom.com.pl\/wp-content\/uploads\/2025\/07\/mixmarket_logo.png","width":1024,"height":1024,"caption":"Mix Market - Supermarket z wszystkim co potrzeba do domu i nie tylko"},"image":{"@id":"https:\/\/racom.com.pl\/#\/schema\/logo\/image\/"}}]}},"_links":{"self":[{"href":"https:\/\/racom.com.pl\/index.php\/wp-json\/wp\/v2\/product\/2861","targetHints":{"allow":["GET"]}}],"collection":[{"href":"https:\/\/racom.com.pl\/index.php\/wp-json\/wp\/v2\/product"}],"about":[{"href":"https:\/\/racom.com.pl\/index.php\/wp-json\/wp\/v2\/types\/product"}],"replies":[{"embeddable":true,"href":"https:\/\/racom.com.pl\/index.php\/wp-json\/wp\/v2\/comments?post=2861"}],"wp:featuredmedia":[{"embeddable":true,"href":"https:\/\/racom.com.pl\/index.php\/wp-json\/wp\/v2\/media\/2864"}],"wp:attachment":[{"href":"https:\/\/racom.com.pl\/index.php\/wp-json\/wp\/v2\/media?parent=2861"}],"wp:term":[{"taxonomy":"product_brand","embeddable":true,"href":"https:\/\/racom.com.pl\/index.php\/wp-json\/wp\/v2\/product_brand?post=2861"},{"taxonomy":"product_cat","embeddable":true,"href":"https:\/\/racom.com.pl\/index.php\/wp-json\/wp\/v2\/product_cat?post=2861"},{"taxonomy":"product_tag","embeddable":true,"href":"https:\/\/racom.com.pl\/index.php\/wp-json\/wp\/v2\/product_tag?post=2861"}],"curies":[{"name":"wp","href":"https:\/\/api.w.org\/{rel}","templated":true}]}}