{"id":2869,"date":"2025-07-19T16:15:59","date_gmt":"2025-07-19T14:15:59","guid":{"rendered":"http:\/\/192.168.2.106\/index.php\/produkt\/cynamon-mielony-metro-chef-aromatyczna-przyprawa-150-g\/"},"modified":"2025-07-19T16:15:59","modified_gmt":"2025-07-19T14:15:59","slug":"cynamon-mielony-metro-chef-aromatyczna-przyprawa-150-g","status":"publish","type":"product","link":"https:\/\/racom.com.pl\/index.php\/produkt\/cynamon-mielony-metro-chef-aromatyczna-przyprawa-150-g\/","title":{"rendered":"Cynamon Mielony Metro CHEF Aromatyczna przyprawa 150 g"},"content":{"rendered":"<h2>Cynamon Mielony Metro CHEF Aromatyczna przyprawa 150 g<\/h2>\n<p>Cynamon mielony produkt o wadze 150 gram\u00f3w, kt\u00f3ry zawiera mielony cynamon. Ta charakterystyczna przyprawa jest znana ze swojego ciep\u0142ego i aromatycznego smaku. Doskonale nadaje si\u0119 do u\u017cywania w r\u00f3\u017cnych rodzajach da\u0144, od wypiek\u00f3w po napoje. Jego unikalny aromat mo\u017ce doda\u0107 g\u0142\u0119bi i intensywno\u015bci smaku wielu potrawom, tworz\u0105c niezapomniane doznania kulinarne.<\/p>\n<p>Mo\u017ce zawiera\u0107:&nbsp;Zbo\u017ca zawieraj\u0105ce gluten (tj. Pszenica; \u017cyto; j\u0119czmie\u0144; owies; orkisz; kamut lub ich odmiany hybrydowe) i&nbsp;produkty pochodne, Jaja i produkty pochodne, Soja i produkty pochodne, Mleko i produkty pochodne (w tym laktoza), Seler i&nbsp;produkty pochodne, Gorczyca i produkty pochodne, Nasiona sezamu i produkty pochodne<\/p>\n<p><b>Warto\u015b\u0107 od\u017cywcza w 100g<\/b><\/p>\n<p>Warto\u015b\u0107 energetyczna 833.7 kJ<\/p>\n<p>Warto\u015b\u0107 energetyczna 203.3 kcal<\/p>\n<p>T\u0142uszcz 0.5 g<\/p>\n<p>Kwasy t\u0142uszczowe nasycone 0.2 g<\/p>\n<p>W\u0119glowodany 17 g<\/p>\n<p>Cukry 0.5 g<\/p>\n<p>Bia\u0142ko 3 g<\/p>\n<p>s\u00f3d 0 g<\/p>\n<p>S\u00f3l 0 g<\/p>\n","protected":false},"excerpt":{"rendered":"<p>Cynamon Mielony Metro CHEF Aromatyczna przyprawa 150 g Cynamon mielony produkt o wadze 150 gram\u00f3w, kt\u00f3ry zawiera mielony cynamon. Ta charakterystyczna przyprawa jest znana ze swojego ciep\u0142ego i aromatycznego smaku. Doskonale nadaje si\u0119 do u\u017cywania w r\u00f3\u017cnych rodzajach da\u0144, od wypiek\u00f3w po napoje. Jego unikalny aromat mo\u017ce doda\u0107 g\u0142\u0119bi i intensywno\u015bci smaku wielu potrawom, tworz\u0105c [&hellip;]<\/p>\n","protected":false},"featured_media":2872,"comment_status":"open","ping_status":"closed","template":"","meta":[],"product_brand":[204],"product_cat":[125],"product_tag":[],"class_list":{"0":"post-2869","1":"product","2":"type-product","3":"status-publish","4":"has-post-thumbnail","6":"product_brand-chef","7":"product_cat-przyprawy-i-ziola","9":"first","10":"instock","11":"taxable","12":"shipping-taxable","13":"purchasable","14":"product-type-simple"},"yoast_head":"<!-- This site is optimized with the Yoast SEO plugin v27.3 - https:\/\/yoast.com\/product\/yoast-seo-wordpress\/ -->\n<title>Cynamon Mielony Metro CHEF Aromatyczna przyprawa 150 g - Mix Market - Supermarket z wszystkim co potrzeba<\/title>\n<meta name=\"robots\" content=\"index, follow, max-snippet:-1, max-image-preview:large, max-video-preview:-1\" \/>\n<link rel=\"canonical\" href=\"https:\/\/racom.com.pl\/index.php\/produkt\/cynamon-mielony-metro-chef-aromatyczna-przyprawa-150-g\/\" \/>\n<meta property=\"og:locale\" content=\"pl_PL\" \/>\n<meta property=\"og:type\" content=\"article\" \/>\n<meta property=\"og:title\" content=\"Cynamon Mielony Metro CHEF Aromatyczna przyprawa 150 g - Mix Market - Supermarket z wszystkim co potrzeba\" \/>\n<meta property=\"og:description\" content=\"Cynamon Mielony Metro CHEF Aromatyczna przyprawa 150 g Cynamon mielony produkt o wadze 150 gram\u00f3w, kt\u00f3ry zawiera mielony cynamon. Ta charakterystyczna przyprawa jest znana ze swojego ciep\u0142ego i aromatycznego smaku. Doskonale nadaje si\u0119 do u\u017cywania w r\u00f3\u017cnych rodzajach da\u0144, od wypiek\u00f3w po napoje. Jego unikalny aromat mo\u017ce doda\u0107 g\u0142\u0119bi i intensywno\u015bci smaku wielu potrawom, tworz\u0105c [&hellip;]\" \/>\n<meta property=\"og:url\" content=\"https:\/\/racom.com.pl\/index.php\/produkt\/cynamon-mielony-metro-chef-aromatyczna-przyprawa-150-g\/\" \/>\n<meta property=\"og:site_name\" content=\"Mix Market - Supermarket z wszystkim co potrzeba\" \/>\n<meta property=\"og:image\" content=\"https:\/\/racom.com.pl\/wp-content\/uploads\/2025\/07\/allegro_687ba905713e96.44300308_56c05c434a48bf0789c6ed0a239e.jpg\" \/>\n\t<meta property=\"og:image:width\" content=\"400\" \/>\n\t<meta property=\"og:image:height\" content=\"400\" \/>\n\t<meta property=\"og:image:type\" content=\"image\/jpeg\" \/>\n<meta name=\"twitter:card\" content=\"summary_large_image\" \/>\n<meta name=\"twitter:label1\" content=\"Szacowany czas czytania\" \/>\n\t<meta name=\"twitter:data1\" content=\"1 minuta\" \/>\n<script type=\"application\/ld+json\" class=\"yoast-schema-graph\">{\"@context\":\"https:\\\/\\\/schema.org\",\"@graph\":[{\"@type\":\"WebPage\",\"@id\":\"https:\\\/\\\/racom.com.pl\\\/index.php\\\/produkt\\\/cynamon-mielony-metro-chef-aromatyczna-przyprawa-150-g\\\/\",\"url\":\"https:\\\/\\\/racom.com.pl\\\/index.php\\\/produkt\\\/cynamon-mielony-metro-chef-aromatyczna-przyprawa-150-g\\\/\",\"name\":\"Cynamon Mielony Metro CHEF Aromatyczna przyprawa 150 g - Mix Market - Supermarket z wszystkim co potrzeba\",\"isPartOf\":{\"@id\":\"https:\\\/\\\/racom.com.pl\\\/#website\"},\"primaryImageOfPage\":{\"@id\":\"https:\\\/\\\/racom.com.pl\\\/index.php\\\/produkt\\\/cynamon-mielony-metro-chef-aromatyczna-przyprawa-150-g\\\/#primaryimage\"},\"image\":{\"@id\":\"https:\\\/\\\/racom.com.pl\\\/index.php\\\/produkt\\\/cynamon-mielony-metro-chef-aromatyczna-przyprawa-150-g\\\/#primaryimage\"},\"thumbnailUrl\":\"https:\\\/\\\/racom.com.pl\\\/wp-content\\\/uploads\\\/2025\\\/07\\\/allegro_687ba905713e96.44300308_56c05c434a48bf0789c6ed0a239e.jpg\",\"datePublished\":\"2025-07-19T14:15:59+00:00\",\"breadcrumb\":{\"@id\":\"https:\\\/\\\/racom.com.pl\\\/index.php\\\/produkt\\\/cynamon-mielony-metro-chef-aromatyczna-przyprawa-150-g\\\/#breadcrumb\"},\"inLanguage\":\"pl-PL\",\"potentialAction\":[{\"@type\":\"ReadAction\",\"target\":[\"https:\\\/\\\/racom.com.pl\\\/index.php\\\/produkt\\\/cynamon-mielony-metro-chef-aromatyczna-przyprawa-150-g\\\/\"]}]},{\"@type\":\"ImageObject\",\"inLanguage\":\"pl-PL\",\"@id\":\"https:\\\/\\\/racom.com.pl\\\/index.php\\\/produkt\\\/cynamon-mielony-metro-chef-aromatyczna-przyprawa-150-g\\\/#primaryimage\",\"url\":\"https:\\\/\\\/racom.com.pl\\\/wp-content\\\/uploads\\\/2025\\\/07\\\/allegro_687ba905713e96.44300308_56c05c434a48bf0789c6ed0a239e.jpg\",\"contentUrl\":\"https:\\\/\\\/racom.com.pl\\\/wp-content\\\/uploads\\\/2025\\\/07\\\/allegro_687ba905713e96.44300308_56c05c434a48bf0789c6ed0a239e.jpg\",\"width\":400,\"height\":400},{\"@type\":\"BreadcrumbList\",\"@id\":\"https:\\\/\\\/racom.com.pl\\\/index.php\\\/produkt\\\/cynamon-mielony-metro-chef-aromatyczna-przyprawa-150-g\\\/#breadcrumb\",\"itemListElement\":[{\"@type\":\"ListItem\",\"position\":1,\"name\":\"Strona g\u0142\u00f3wna\",\"item\":\"https:\\\/\\\/racom.com.pl\\\/\"},{\"@type\":\"ListItem\",\"position\":2,\"name\":\"Sklep\",\"item\":\"https:\\\/\\\/racom.com.pl\\\/\"},{\"@type\":\"ListItem\",\"position\":3,\"name\":\"Cynamon Mielony Metro CHEF Aromatyczna przyprawa 150 g\"}]},{\"@type\":\"WebSite\",\"@id\":\"https:\\\/\\\/racom.com.pl\\\/#website\",\"url\":\"https:\\\/\\\/racom.com.pl\\\/\",\"name\":\"Mix Market - Supermarket z wszystkim co potrzeba do domu i nie tylko\",\"description\":\"\",\"publisher\":{\"@id\":\"https:\\\/\\\/racom.com.pl\\\/#organization\"},\"potentialAction\":[{\"@type\":\"SearchAction\",\"target\":{\"@type\":\"EntryPoint\",\"urlTemplate\":\"https:\\\/\\\/racom.com.pl\\\/?s={search_term_string}\"},\"query-input\":{\"@type\":\"PropertyValueSpecification\",\"valueRequired\":true,\"valueName\":\"search_term_string\"}}],\"inLanguage\":\"pl-PL\"},{\"@type\":\"Organization\",\"@id\":\"https:\\\/\\\/racom.com.pl\\\/#organization\",\"name\":\"Mix Market - Supermarket z wszystkim co potrzeba do domu i nie tylko\",\"url\":\"https:\\\/\\\/racom.com.pl\\\/\",\"logo\":{\"@type\":\"ImageObject\",\"inLanguage\":\"pl-PL\",\"@id\":\"https:\\\/\\\/racom.com.pl\\\/#\\\/schema\\\/logo\\\/image\\\/\",\"url\":\"https:\\\/\\\/racom.com.pl\\\/wp-content\\\/uploads\\\/2025\\\/07\\\/mixmarket_logo.png\",\"contentUrl\":\"https:\\\/\\\/racom.com.pl\\\/wp-content\\\/uploads\\\/2025\\\/07\\\/mixmarket_logo.png\",\"width\":1024,\"height\":1024,\"caption\":\"Mix Market - Supermarket z wszystkim co potrzeba do domu i nie tylko\"},\"image\":{\"@id\":\"https:\\\/\\\/racom.com.pl\\\/#\\\/schema\\\/logo\\\/image\\\/\"}}]}<\/script>\n<!-- \/ Yoast SEO plugin. -->","yoast_head_json":{"title":"Cynamon Mielony Metro CHEF Aromatyczna przyprawa 150 g - Mix Market - Supermarket z wszystkim co potrzeba","robots":{"index":"index","follow":"follow","max-snippet":"max-snippet:-1","max-image-preview":"max-image-preview:large","max-video-preview":"max-video-preview:-1"},"canonical":"https:\/\/racom.com.pl\/index.php\/produkt\/cynamon-mielony-metro-chef-aromatyczna-przyprawa-150-g\/","og_locale":"pl_PL","og_type":"article","og_title":"Cynamon Mielony Metro CHEF Aromatyczna przyprawa 150 g - Mix Market - Supermarket z wszystkim co potrzeba","og_description":"Cynamon Mielony Metro CHEF Aromatyczna przyprawa 150 g Cynamon mielony produkt o wadze 150 gram\u00f3w, kt\u00f3ry zawiera mielony cynamon. Ta charakterystyczna przyprawa jest znana ze swojego ciep\u0142ego i aromatycznego smaku. Doskonale nadaje si\u0119 do u\u017cywania w r\u00f3\u017cnych rodzajach da\u0144, od wypiek\u00f3w po napoje. Jego unikalny aromat mo\u017ce doda\u0107 g\u0142\u0119bi i intensywno\u015bci smaku wielu potrawom, tworz\u0105c [&hellip;]","og_url":"https:\/\/racom.com.pl\/index.php\/produkt\/cynamon-mielony-metro-chef-aromatyczna-przyprawa-150-g\/","og_site_name":"Mix Market - Supermarket z wszystkim co potrzeba","og_image":[{"width":400,"height":400,"url":"https:\/\/racom.com.pl\/wp-content\/uploads\/2025\/07\/allegro_687ba905713e96.44300308_56c05c434a48bf0789c6ed0a239e.jpg","type":"image\/jpeg"}],"twitter_card":"summary_large_image","twitter_misc":{"Szacowany czas czytania":"1 minuta"},"schema":{"@context":"https:\/\/schema.org","@graph":[{"@type":"WebPage","@id":"https:\/\/racom.com.pl\/index.php\/produkt\/cynamon-mielony-metro-chef-aromatyczna-przyprawa-150-g\/","url":"https:\/\/racom.com.pl\/index.php\/produkt\/cynamon-mielony-metro-chef-aromatyczna-przyprawa-150-g\/","name":"Cynamon Mielony Metro CHEF Aromatyczna przyprawa 150 g - Mix Market - Supermarket z wszystkim co potrzeba","isPartOf":{"@id":"https:\/\/racom.com.pl\/#website"},"primaryImageOfPage":{"@id":"https:\/\/racom.com.pl\/index.php\/produkt\/cynamon-mielony-metro-chef-aromatyczna-przyprawa-150-g\/#primaryimage"},"image":{"@id":"https:\/\/racom.com.pl\/index.php\/produkt\/cynamon-mielony-metro-chef-aromatyczna-przyprawa-150-g\/#primaryimage"},"thumbnailUrl":"https:\/\/racom.com.pl\/wp-content\/uploads\/2025\/07\/allegro_687ba905713e96.44300308_56c05c434a48bf0789c6ed0a239e.jpg","datePublished":"2025-07-19T14:15:59+00:00","breadcrumb":{"@id":"https:\/\/racom.com.pl\/index.php\/produkt\/cynamon-mielony-metro-chef-aromatyczna-przyprawa-150-g\/#breadcrumb"},"inLanguage":"pl-PL","potentialAction":[{"@type":"ReadAction","target":["https:\/\/racom.com.pl\/index.php\/produkt\/cynamon-mielony-metro-chef-aromatyczna-przyprawa-150-g\/"]}]},{"@type":"ImageObject","inLanguage":"pl-PL","@id":"https:\/\/racom.com.pl\/index.php\/produkt\/cynamon-mielony-metro-chef-aromatyczna-przyprawa-150-g\/#primaryimage","url":"https:\/\/racom.com.pl\/wp-content\/uploads\/2025\/07\/allegro_687ba905713e96.44300308_56c05c434a48bf0789c6ed0a239e.jpg","contentUrl":"https:\/\/racom.com.pl\/wp-content\/uploads\/2025\/07\/allegro_687ba905713e96.44300308_56c05c434a48bf0789c6ed0a239e.jpg","width":400,"height":400},{"@type":"BreadcrumbList","@id":"https:\/\/racom.com.pl\/index.php\/produkt\/cynamon-mielony-metro-chef-aromatyczna-przyprawa-150-g\/#breadcrumb","itemListElement":[{"@type":"ListItem","position":1,"name":"Strona g\u0142\u00f3wna","item":"https:\/\/racom.com.pl\/"},{"@type":"ListItem","position":2,"name":"Sklep","item":"https:\/\/racom.com.pl\/"},{"@type":"ListItem","position":3,"name":"Cynamon Mielony Metro CHEF Aromatyczna przyprawa 150 g"}]},{"@type":"WebSite","@id":"https:\/\/racom.com.pl\/#website","url":"https:\/\/racom.com.pl\/","name":"Mix Market - Supermarket z wszystkim co potrzeba do domu i nie tylko","description":"","publisher":{"@id":"https:\/\/racom.com.pl\/#organization"},"potentialAction":[{"@type":"SearchAction","target":{"@type":"EntryPoint","urlTemplate":"https:\/\/racom.com.pl\/?s={search_term_string}"},"query-input":{"@type":"PropertyValueSpecification","valueRequired":true,"valueName":"search_term_string"}}],"inLanguage":"pl-PL"},{"@type":"Organization","@id":"https:\/\/racom.com.pl\/#organization","name":"Mix Market - Supermarket z wszystkim co potrzeba do domu i nie tylko","url":"https:\/\/racom.com.pl\/","logo":{"@type":"ImageObject","inLanguage":"pl-PL","@id":"https:\/\/racom.com.pl\/#\/schema\/logo\/image\/","url":"https:\/\/racom.com.pl\/wp-content\/uploads\/2025\/07\/mixmarket_logo.png","contentUrl":"https:\/\/racom.com.pl\/wp-content\/uploads\/2025\/07\/mixmarket_logo.png","width":1024,"height":1024,"caption":"Mix Market - Supermarket z wszystkim co potrzeba do domu i nie tylko"},"image":{"@id":"https:\/\/racom.com.pl\/#\/schema\/logo\/image\/"}}]}},"_links":{"self":[{"href":"https:\/\/racom.com.pl\/index.php\/wp-json\/wp\/v2\/product\/2869","targetHints":{"allow":["GET"]}}],"collection":[{"href":"https:\/\/racom.com.pl\/index.php\/wp-json\/wp\/v2\/product"}],"about":[{"href":"https:\/\/racom.com.pl\/index.php\/wp-json\/wp\/v2\/types\/product"}],"replies":[{"embeddable":true,"href":"https:\/\/racom.com.pl\/index.php\/wp-json\/wp\/v2\/comments?post=2869"}],"wp:featuredmedia":[{"embeddable":true,"href":"https:\/\/racom.com.pl\/index.php\/wp-json\/wp\/v2\/media\/2872"}],"wp:attachment":[{"href":"https:\/\/racom.com.pl\/index.php\/wp-json\/wp\/v2\/media?parent=2869"}],"wp:term":[{"taxonomy":"product_brand","embeddable":true,"href":"https:\/\/racom.com.pl\/index.php\/wp-json\/wp\/v2\/product_brand?post=2869"},{"taxonomy":"product_cat","embeddable":true,"href":"https:\/\/racom.com.pl\/index.php\/wp-json\/wp\/v2\/product_cat?post=2869"},{"taxonomy":"product_tag","embeddable":true,"href":"https:\/\/racom.com.pl\/index.php\/wp-json\/wp\/v2\/product_tag?post=2869"}],"curies":[{"name":"wp","href":"https:\/\/api.w.org\/{rel}","templated":true}]}}