{"id":2889,"date":"2025-07-19T16:48:31","date_gmt":"2025-07-19T14:48:31","guid":{"rendered":"http:\/\/192.168.2.106\/index.php\/produkt\/metro-chef-gozdziki-cale-do-grzanca-mies-sosow-gastro-350g\/"},"modified":"2025-07-19T16:48:31","modified_gmt":"2025-07-19T14:48:31","slug":"metro-chef-gozdziki-cale-do-grzanca-mies-sosow-gastro-350g","status":"publish","type":"product","link":"https:\/\/racom.com.pl\/index.php\/produkt\/metro-chef-gozdziki-cale-do-grzanca-mies-sosow-gastro-350g\/","title":{"rendered":"METRO Chef Go\u017adziki ca\u0142e do Grza\u0144ca Mi\u0119s sos\u00f3w gastro 350g"},"content":{"rendered":"<p><b>METRO Chef Go\u017adziki Ca\u0142e 350g<\/b><\/p>\n<p>Go\u017adziki to wyj\u0105tkowo aromatyczna przyprawa o intensywnym, korzennym smaku i charakterystycznym zapachu. Doskonale sprawdzaj\u0105 si\u0119 w kuchni do przyprawiania mi\u0119s, marynat, zup, deser\u00f3w oraz napoj\u00f3w, takich jak grzane wino czy herbata. Produkt marki <b>METRO Chef<\/b> to gwarancja wysokiej jako\u015bci i pe\u0142ni smaku zamkni\u0119tej w wygodnym opakowaniu.<\/p>\n<p><b>Waga:<\/b> 350g<\/p>\n<p><b>Sk\u0142ad:<\/b> 100% ca\u0142e go\u017adziki<\/p>\n<p> <b>Zastosowanie:<\/b> mi\u0119sa, marynaty, zupy, desery, napoje<\/p>\n<p>Dodaj g\u0142\u0119bi\u0119 aromatu swoim potrawom z go\u017adzikami METRO Chef!<\/p>\n","protected":false},"excerpt":{"rendered":"<p>METRO Chef Go\u017adziki Ca\u0142e 350g Go\u017adziki to wyj\u0105tkowo aromatyczna przyprawa o intensywnym, korzennym smaku i charakterystycznym zapachu. Doskonale sprawdzaj\u0105 si\u0119 w kuchni do przyprawiania mi\u0119s, marynat, zup, deser\u00f3w oraz napoj\u00f3w, takich jak grzane wino czy herbata. Produkt marki METRO Chef to gwarancja wysokiej jako\u015bci i pe\u0142ni smaku zamkni\u0119tej w wygodnym opakowaniu. Waga: 350g Sk\u0142ad: 100% [&hellip;]<\/p>\n","protected":false},"featured_media":2892,"comment_status":"open","ping_status":"closed","template":"","meta":[],"product_brand":[203],"product_cat":[125],"product_tag":[],"class_list":{"0":"post-2889","1":"product","2":"type-product","3":"status-publish","4":"has-post-thumbnail","6":"product_brand-makro","7":"product_cat-przyprawy-i-ziola","9":"first","10":"instock","11":"taxable","12":"shipping-taxable","13":"purchasable","14":"product-type-simple"},"yoast_head":"<!-- This site is optimized with the Yoast SEO plugin v27.3 - https:\/\/yoast.com\/product\/yoast-seo-wordpress\/ -->\n<title>METRO Chef Go\u017adziki ca\u0142e do Grza\u0144ca Mi\u0119s sos\u00f3w gastro 350g - Mix Market - Supermarket z wszystkim co potrzeba<\/title>\n<meta name=\"robots\" content=\"index, follow, max-snippet:-1, max-image-preview:large, max-video-preview:-1\" \/>\n<link rel=\"canonical\" href=\"https:\/\/racom.com.pl\/index.php\/produkt\/metro-chef-gozdziki-cale-do-grzanca-mies-sosow-gastro-350g\/\" \/>\n<meta property=\"og:locale\" content=\"pl_PL\" \/>\n<meta property=\"og:type\" content=\"article\" \/>\n<meta property=\"og:title\" content=\"METRO Chef Go\u017adziki ca\u0142e do Grza\u0144ca Mi\u0119s sos\u00f3w gastro 350g - Mix Market - Supermarket z wszystkim co potrzeba\" \/>\n<meta property=\"og:description\" content=\"METRO Chef Go\u017adziki Ca\u0142e 350g Go\u017adziki to wyj\u0105tkowo aromatyczna przyprawa o intensywnym, korzennym smaku i charakterystycznym zapachu. Doskonale sprawdzaj\u0105 si\u0119 w kuchni do przyprawiania mi\u0119s, marynat, zup, deser\u00f3w oraz napoj\u00f3w, takich jak grzane wino czy herbata. Produkt marki METRO Chef to gwarancja wysokiej jako\u015bci i pe\u0142ni smaku zamkni\u0119tej w wygodnym opakowaniu. Waga: 350g Sk\u0142ad: 100% [&hellip;]\" \/>\n<meta property=\"og:url\" content=\"https:\/\/racom.com.pl\/index.php\/produkt\/metro-chef-gozdziki-cale-do-grzanca-mies-sosow-gastro-350g\/\" \/>\n<meta property=\"og:site_name\" content=\"Mix Market - Supermarket z wszystkim co potrzeba\" \/>\n<meta property=\"og:image\" content=\"https:\/\/racom.com.pl\/wp-content\/uploads\/2025\/07\/allegro_687bb074cd3582.70669710_ff15a91c47a5940c5248f67565c3.jpg\" \/>\n\t<meta property=\"og:image:width\" content=\"400\" \/>\n\t<meta property=\"og:image:height\" content=\"400\" \/>\n\t<meta property=\"og:image:type\" content=\"image\/jpeg\" \/>\n<meta name=\"twitter:card\" content=\"summary_large_image\" \/>\n<script type=\"application\/ld+json\" class=\"yoast-schema-graph\">{\"@context\":\"https:\\\/\\\/schema.org\",\"@graph\":[{\"@type\":\"WebPage\",\"@id\":\"https:\\\/\\\/racom.com.pl\\\/index.php\\\/produkt\\\/metro-chef-gozdziki-cale-do-grzanca-mies-sosow-gastro-350g\\\/\",\"url\":\"https:\\\/\\\/racom.com.pl\\\/index.php\\\/produkt\\\/metro-chef-gozdziki-cale-do-grzanca-mies-sosow-gastro-350g\\\/\",\"name\":\"METRO Chef Go\u017adziki ca\u0142e do Grza\u0144ca Mi\u0119s sos\u00f3w gastro 350g - Mix Market - Supermarket z wszystkim co potrzeba\",\"isPartOf\":{\"@id\":\"https:\\\/\\\/racom.com.pl\\\/#website\"},\"primaryImageOfPage\":{\"@id\":\"https:\\\/\\\/racom.com.pl\\\/index.php\\\/produkt\\\/metro-chef-gozdziki-cale-do-grzanca-mies-sosow-gastro-350g\\\/#primaryimage\"},\"image\":{\"@id\":\"https:\\\/\\\/racom.com.pl\\\/index.php\\\/produkt\\\/metro-chef-gozdziki-cale-do-grzanca-mies-sosow-gastro-350g\\\/#primaryimage\"},\"thumbnailUrl\":\"https:\\\/\\\/racom.com.pl\\\/wp-content\\\/uploads\\\/2025\\\/07\\\/allegro_687bb074cd3582.70669710_ff15a91c47a5940c5248f67565c3.jpg\",\"datePublished\":\"2025-07-19T14:48:31+00:00\",\"breadcrumb\":{\"@id\":\"https:\\\/\\\/racom.com.pl\\\/index.php\\\/produkt\\\/metro-chef-gozdziki-cale-do-grzanca-mies-sosow-gastro-350g\\\/#breadcrumb\"},\"inLanguage\":\"pl-PL\",\"potentialAction\":[{\"@type\":\"ReadAction\",\"target\":[\"https:\\\/\\\/racom.com.pl\\\/index.php\\\/produkt\\\/metro-chef-gozdziki-cale-do-grzanca-mies-sosow-gastro-350g\\\/\"]}]},{\"@type\":\"ImageObject\",\"inLanguage\":\"pl-PL\",\"@id\":\"https:\\\/\\\/racom.com.pl\\\/index.php\\\/produkt\\\/metro-chef-gozdziki-cale-do-grzanca-mies-sosow-gastro-350g\\\/#primaryimage\",\"url\":\"https:\\\/\\\/racom.com.pl\\\/wp-content\\\/uploads\\\/2025\\\/07\\\/allegro_687bb074cd3582.70669710_ff15a91c47a5940c5248f67565c3.jpg\",\"contentUrl\":\"https:\\\/\\\/racom.com.pl\\\/wp-content\\\/uploads\\\/2025\\\/07\\\/allegro_687bb074cd3582.70669710_ff15a91c47a5940c5248f67565c3.jpg\",\"width\":400,\"height\":400},{\"@type\":\"BreadcrumbList\",\"@id\":\"https:\\\/\\\/racom.com.pl\\\/index.php\\\/produkt\\\/metro-chef-gozdziki-cale-do-grzanca-mies-sosow-gastro-350g\\\/#breadcrumb\",\"itemListElement\":[{\"@type\":\"ListItem\",\"position\":1,\"name\":\"Strona g\u0142\u00f3wna\",\"item\":\"https:\\\/\\\/racom.com.pl\\\/\"},{\"@type\":\"ListItem\",\"position\":2,\"name\":\"Sklep\",\"item\":\"https:\\\/\\\/racom.com.pl\\\/\"},{\"@type\":\"ListItem\",\"position\":3,\"name\":\"METRO Chef Go\u017adziki ca\u0142e do Grza\u0144ca Mi\u0119s sos\u00f3w gastro 350g\"}]},{\"@type\":\"WebSite\",\"@id\":\"https:\\\/\\\/racom.com.pl\\\/#website\",\"url\":\"https:\\\/\\\/racom.com.pl\\\/\",\"name\":\"Mix Market - Supermarket z wszystkim co potrzeba do domu i nie tylko\",\"description\":\"\",\"publisher\":{\"@id\":\"https:\\\/\\\/racom.com.pl\\\/#organization\"},\"potentialAction\":[{\"@type\":\"SearchAction\",\"target\":{\"@type\":\"EntryPoint\",\"urlTemplate\":\"https:\\\/\\\/racom.com.pl\\\/?s={search_term_string}\"},\"query-input\":{\"@type\":\"PropertyValueSpecification\",\"valueRequired\":true,\"valueName\":\"search_term_string\"}}],\"inLanguage\":\"pl-PL\"},{\"@type\":\"Organization\",\"@id\":\"https:\\\/\\\/racom.com.pl\\\/#organization\",\"name\":\"Mix Market - Supermarket z wszystkim co potrzeba do domu i nie tylko\",\"url\":\"https:\\\/\\\/racom.com.pl\\\/\",\"logo\":{\"@type\":\"ImageObject\",\"inLanguage\":\"pl-PL\",\"@id\":\"https:\\\/\\\/racom.com.pl\\\/#\\\/schema\\\/logo\\\/image\\\/\",\"url\":\"https:\\\/\\\/racom.com.pl\\\/wp-content\\\/uploads\\\/2025\\\/07\\\/mixmarket_logo.png\",\"contentUrl\":\"https:\\\/\\\/racom.com.pl\\\/wp-content\\\/uploads\\\/2025\\\/07\\\/mixmarket_logo.png\",\"width\":1024,\"height\":1024,\"caption\":\"Mix Market - Supermarket z wszystkim co potrzeba do domu i nie tylko\"},\"image\":{\"@id\":\"https:\\\/\\\/racom.com.pl\\\/#\\\/schema\\\/logo\\\/image\\\/\"}}]}<\/script>\n<!-- \/ Yoast SEO plugin. -->","yoast_head_json":{"title":"METRO Chef Go\u017adziki ca\u0142e do Grza\u0144ca Mi\u0119s sos\u00f3w gastro 350g - Mix Market - Supermarket z wszystkim co potrzeba","robots":{"index":"index","follow":"follow","max-snippet":"max-snippet:-1","max-image-preview":"max-image-preview:large","max-video-preview":"max-video-preview:-1"},"canonical":"https:\/\/racom.com.pl\/index.php\/produkt\/metro-chef-gozdziki-cale-do-grzanca-mies-sosow-gastro-350g\/","og_locale":"pl_PL","og_type":"article","og_title":"METRO Chef Go\u017adziki ca\u0142e do Grza\u0144ca Mi\u0119s sos\u00f3w gastro 350g - Mix Market - Supermarket z wszystkim co potrzeba","og_description":"METRO Chef Go\u017adziki Ca\u0142e 350g Go\u017adziki to wyj\u0105tkowo aromatyczna przyprawa o intensywnym, korzennym smaku i charakterystycznym zapachu. Doskonale sprawdzaj\u0105 si\u0119 w kuchni do przyprawiania mi\u0119s, marynat, zup, deser\u00f3w oraz napoj\u00f3w, takich jak grzane wino czy herbata. Produkt marki METRO Chef to gwarancja wysokiej jako\u015bci i pe\u0142ni smaku zamkni\u0119tej w wygodnym opakowaniu. Waga: 350g Sk\u0142ad: 100% [&hellip;]","og_url":"https:\/\/racom.com.pl\/index.php\/produkt\/metro-chef-gozdziki-cale-do-grzanca-mies-sosow-gastro-350g\/","og_site_name":"Mix Market - Supermarket z wszystkim co potrzeba","og_image":[{"width":400,"height":400,"url":"https:\/\/racom.com.pl\/wp-content\/uploads\/2025\/07\/allegro_687bb074cd3582.70669710_ff15a91c47a5940c5248f67565c3.jpg","type":"image\/jpeg"}],"twitter_card":"summary_large_image","schema":{"@context":"https:\/\/schema.org","@graph":[{"@type":"WebPage","@id":"https:\/\/racom.com.pl\/index.php\/produkt\/metro-chef-gozdziki-cale-do-grzanca-mies-sosow-gastro-350g\/","url":"https:\/\/racom.com.pl\/index.php\/produkt\/metro-chef-gozdziki-cale-do-grzanca-mies-sosow-gastro-350g\/","name":"METRO Chef Go\u017adziki ca\u0142e do Grza\u0144ca Mi\u0119s sos\u00f3w gastro 350g - Mix Market - Supermarket z wszystkim co potrzeba","isPartOf":{"@id":"https:\/\/racom.com.pl\/#website"},"primaryImageOfPage":{"@id":"https:\/\/racom.com.pl\/index.php\/produkt\/metro-chef-gozdziki-cale-do-grzanca-mies-sosow-gastro-350g\/#primaryimage"},"image":{"@id":"https:\/\/racom.com.pl\/index.php\/produkt\/metro-chef-gozdziki-cale-do-grzanca-mies-sosow-gastro-350g\/#primaryimage"},"thumbnailUrl":"https:\/\/racom.com.pl\/wp-content\/uploads\/2025\/07\/allegro_687bb074cd3582.70669710_ff15a91c47a5940c5248f67565c3.jpg","datePublished":"2025-07-19T14:48:31+00:00","breadcrumb":{"@id":"https:\/\/racom.com.pl\/index.php\/produkt\/metro-chef-gozdziki-cale-do-grzanca-mies-sosow-gastro-350g\/#breadcrumb"},"inLanguage":"pl-PL","potentialAction":[{"@type":"ReadAction","target":["https:\/\/racom.com.pl\/index.php\/produkt\/metro-chef-gozdziki-cale-do-grzanca-mies-sosow-gastro-350g\/"]}]},{"@type":"ImageObject","inLanguage":"pl-PL","@id":"https:\/\/racom.com.pl\/index.php\/produkt\/metro-chef-gozdziki-cale-do-grzanca-mies-sosow-gastro-350g\/#primaryimage","url":"https:\/\/racom.com.pl\/wp-content\/uploads\/2025\/07\/allegro_687bb074cd3582.70669710_ff15a91c47a5940c5248f67565c3.jpg","contentUrl":"https:\/\/racom.com.pl\/wp-content\/uploads\/2025\/07\/allegro_687bb074cd3582.70669710_ff15a91c47a5940c5248f67565c3.jpg","width":400,"height":400},{"@type":"BreadcrumbList","@id":"https:\/\/racom.com.pl\/index.php\/produkt\/metro-chef-gozdziki-cale-do-grzanca-mies-sosow-gastro-350g\/#breadcrumb","itemListElement":[{"@type":"ListItem","position":1,"name":"Strona g\u0142\u00f3wna","item":"https:\/\/racom.com.pl\/"},{"@type":"ListItem","position":2,"name":"Sklep","item":"https:\/\/racom.com.pl\/"},{"@type":"ListItem","position":3,"name":"METRO Chef Go\u017adziki ca\u0142e do Grza\u0144ca Mi\u0119s sos\u00f3w gastro 350g"}]},{"@type":"WebSite","@id":"https:\/\/racom.com.pl\/#website","url":"https:\/\/racom.com.pl\/","name":"Mix Market - Supermarket z wszystkim co potrzeba do domu i nie tylko","description":"","publisher":{"@id":"https:\/\/racom.com.pl\/#organization"},"potentialAction":[{"@type":"SearchAction","target":{"@type":"EntryPoint","urlTemplate":"https:\/\/racom.com.pl\/?s={search_term_string}"},"query-input":{"@type":"PropertyValueSpecification","valueRequired":true,"valueName":"search_term_string"}}],"inLanguage":"pl-PL"},{"@type":"Organization","@id":"https:\/\/racom.com.pl\/#organization","name":"Mix Market - Supermarket z wszystkim co potrzeba do domu i nie tylko","url":"https:\/\/racom.com.pl\/","logo":{"@type":"ImageObject","inLanguage":"pl-PL","@id":"https:\/\/racom.com.pl\/#\/schema\/logo\/image\/","url":"https:\/\/racom.com.pl\/wp-content\/uploads\/2025\/07\/mixmarket_logo.png","contentUrl":"https:\/\/racom.com.pl\/wp-content\/uploads\/2025\/07\/mixmarket_logo.png","width":1024,"height":1024,"caption":"Mix Market - Supermarket z wszystkim co potrzeba do domu i nie tylko"},"image":{"@id":"https:\/\/racom.com.pl\/#\/schema\/logo\/image\/"}}]}},"_links":{"self":[{"href":"https:\/\/racom.com.pl\/index.php\/wp-json\/wp\/v2\/product\/2889","targetHints":{"allow":["GET"]}}],"collection":[{"href":"https:\/\/racom.com.pl\/index.php\/wp-json\/wp\/v2\/product"}],"about":[{"href":"https:\/\/racom.com.pl\/index.php\/wp-json\/wp\/v2\/types\/product"}],"replies":[{"embeddable":true,"href":"https:\/\/racom.com.pl\/index.php\/wp-json\/wp\/v2\/comments?post=2889"}],"wp:featuredmedia":[{"embeddable":true,"href":"https:\/\/racom.com.pl\/index.php\/wp-json\/wp\/v2\/media\/2892"}],"wp:attachment":[{"href":"https:\/\/racom.com.pl\/index.php\/wp-json\/wp\/v2\/media?parent=2889"}],"wp:term":[{"taxonomy":"product_brand","embeddable":true,"href":"https:\/\/racom.com.pl\/index.php\/wp-json\/wp\/v2\/product_brand?post=2889"},{"taxonomy":"product_cat","embeddable":true,"href":"https:\/\/racom.com.pl\/index.php\/wp-json\/wp\/v2\/product_cat?post=2889"},{"taxonomy":"product_tag","embeddable":true,"href":"https:\/\/racom.com.pl\/index.php\/wp-json\/wp\/v2\/product_tag?post=2889"}],"curies":[{"name":"wp","href":"https:\/\/api.w.org\/{rel}","templated":true}]}}