{"id":2905,"date":"2025-07-19T16:54:30","date_gmt":"2025-07-19T14:54:30","guid":{"rendered":"http:\/\/192.168.2.106\/index.php\/produkt\/piwo-bezalkoholowe-miloslaw-ipa-browar-fortuna-500ml-puszka-zgrzewka-24szt\/"},"modified":"2025-07-19T16:54:30","modified_gmt":"2025-07-19T14:54:30","slug":"piwo-bezalkoholowe-miloslaw-ipa-browar-fortuna-500ml-puszka-zgrzewka-24szt","status":"publish","type":"product","link":"https:\/\/racom.com.pl\/index.php\/produkt\/piwo-bezalkoholowe-miloslaw-ipa-browar-fortuna-500ml-puszka-zgrzewka-24szt\/","title":{"rendered":"Piwo bezalkoholowe Mi\u0142os\u0142aw IPA Browar Fortuna 500ml puszka ZGRZEWKA 24szt"},"content":{"rendered":"<h2>Mi\u0142os\u0142aw Bezalkoholowe IPA 0% 500 ml<\/h2>\n<h2>Piwo bezalkoholowe Mi\u0142os\u0142aw&nbsp; 0% 500 ml puszka<\/h2>\n<p><b>OFERTA DOTYCZY ZGRZEWKI 24szt<\/b><\/p>\n<p>Mi\u0142os\u0142aw bezakoholowe to wyraziste IPA o chmielowym aromacie i smaku, ale bez alkoholu? Tak! To mo\u017cliwe, dzi\u0119ki autorskiej metodzie warzenia piwa bezalkoholowego. Mi\u0142os\u0142aw Bezalkoholowe IPA chmielimy na zimno kompozycj\u0105 a\u017c czterech odmian chmielu \u2013 Citra, Amarillo, Chinook, Lubelski, a dodatek herbaty Sencha Earl Grey dope\u0142nia cytrusowo-\u017cywiczny profil piwa.<\/p>\n<h2>Pojemno\u015b\u0107: 500ml<\/h2>\n<p><b>SK\u0141AD PIWA<\/b><\/p>\n<ul>\n<li>Piwo jasne, bezalkoholowe, g\u00f3rnej fermentacji. Pasteryzowane.<\/li>\n<li>M\u0119tno\u015b\u0107 i osad s\u0105 naturaln\u0105 cech\u0105 produktu.<\/li>\n<li>Sk\u0142adniki: woda, s\u0142\u00f3d j\u0119czmienny pilzne\u0144ski, pszenica, s\u0142\u00f3d \u017cytni, chmiel: Citra\u00ae, Amarillo\u00ae, Chinook, Lubelski, Cascade, herbata Sencha Earl Grey, dro\u017cd\u017ce.<\/li>\n<li>Warto\u015bci od\u017cywcze (w 100 ml): warto\u015b\u0107 energetyczna 96 kJ\/ 23 kcal, w\u0119glowodany 5,3 g, w tym cukry 2,2 g, bia\u0142ko &lt;0,5 g, s\u00f3l 0,02 g.<\/li>\n<li>Zawiera znikome ilo\u015bci t\u0142uszczu.<\/li>\n<\/ul>\n","protected":false},"excerpt":{"rendered":"<p>Mi\u0142os\u0142aw Bezalkoholowe IPA 0% 500 ml Piwo bezalkoholowe Mi\u0142os\u0142aw&nbsp; 0% 500 ml puszka OFERTA DOTYCZY ZGRZEWKI 24szt Mi\u0142os\u0142aw bezakoholowe to wyraziste IPA o chmielowym aromacie i smaku, ale bez alkoholu? Tak! To mo\u017cliwe, dzi\u0119ki autorskiej metodzie warzenia piwa bezalkoholowego. Mi\u0142os\u0142aw Bezalkoholowe IPA chmielimy na zimno kompozycj\u0105 a\u017c czterech odmian chmielu \u2013 Citra, Amarillo, Chinook, Lubelski, [&hellip;]<\/p>\n","protected":false},"featured_media":2908,"comment_status":"open","ping_status":"closed","template":"","meta":[],"product_brand":[190],"product_cat":[205],"product_tag":[],"class_list":{"0":"post-2905","1":"product","2":"type-product","3":"status-publish","4":"has-post-thumbnail","6":"product_brand-fortuna","7":"product_cat-alkohol-free","9":"first","10":"instock","11":"taxable","12":"shipping-taxable","13":"purchasable","14":"product-type-simple"},"yoast_head":"<!-- This site is optimized with the Yoast SEO plugin v27.3 - https:\/\/yoast.com\/product\/yoast-seo-wordpress\/ -->\n<title>Piwo bezalkoholowe Mi\u0142os\u0142aw IPA Browar Fortuna 500ml puszka ZGRZEWKA 24szt - Mix Market - Supermarket z wszystkim co potrzeba<\/title>\n<meta name=\"robots\" content=\"index, follow, max-snippet:-1, max-image-preview:large, max-video-preview:-1\" \/>\n<link rel=\"canonical\" href=\"https:\/\/racom.com.pl\/index.php\/produkt\/piwo-bezalkoholowe-miloslaw-ipa-browar-fortuna-500ml-puszka-zgrzewka-24szt\/\" \/>\n<meta property=\"og:locale\" content=\"pl_PL\" \/>\n<meta property=\"og:type\" content=\"article\" \/>\n<meta property=\"og:title\" content=\"Piwo bezalkoholowe Mi\u0142os\u0142aw IPA Browar Fortuna 500ml puszka ZGRZEWKA 24szt - Mix Market - Supermarket z wszystkim co potrzeba\" \/>\n<meta property=\"og:description\" content=\"Mi\u0142os\u0142aw Bezalkoholowe IPA 0% 500 ml Piwo bezalkoholowe Mi\u0142os\u0142aw&nbsp; 0% 500 ml puszka OFERTA DOTYCZY ZGRZEWKI 24szt Mi\u0142os\u0142aw bezakoholowe to wyraziste IPA o chmielowym aromacie i smaku, ale bez alkoholu? Tak! To mo\u017cliwe, dzi\u0119ki autorskiej metodzie warzenia piwa bezalkoholowego. Mi\u0142os\u0142aw Bezalkoholowe IPA chmielimy na zimno kompozycj\u0105 a\u017c czterech odmian chmielu \u2013 Citra, Amarillo, Chinook, Lubelski, [&hellip;]\" \/>\n<meta property=\"og:url\" content=\"https:\/\/racom.com.pl\/index.php\/produkt\/piwo-bezalkoholowe-miloslaw-ipa-browar-fortuna-500ml-puszka-zgrzewka-24szt\/\" \/>\n<meta property=\"og:site_name\" content=\"Mix Market - Supermarket z wszystkim co potrzeba\" \/>\n<meta property=\"og:image\" content=\"https:\/\/racom.com.pl\/wp-content\/uploads\/2025\/07\/allegro_687bb1e9af4cc6.09243252_53762af342d3a7ebc51be9ddc5a1.jpg\" \/>\n\t<meta property=\"og:image:width\" content=\"325\" \/>\n\t<meta property=\"og:image:height\" content=\"800\" \/>\n\t<meta property=\"og:image:type\" content=\"image\/jpeg\" \/>\n<meta name=\"twitter:card\" content=\"summary_large_image\" \/>\n<meta name=\"twitter:label1\" content=\"Szacowany czas czytania\" \/>\n\t<meta name=\"twitter:data1\" content=\"1 minuta\" \/>\n<script type=\"application\/ld+json\" class=\"yoast-schema-graph\">{\"@context\":\"https:\\\/\\\/schema.org\",\"@graph\":[{\"@type\":\"WebPage\",\"@id\":\"https:\\\/\\\/racom.com.pl\\\/index.php\\\/produkt\\\/piwo-bezalkoholowe-miloslaw-ipa-browar-fortuna-500ml-puszka-zgrzewka-24szt\\\/\",\"url\":\"https:\\\/\\\/racom.com.pl\\\/index.php\\\/produkt\\\/piwo-bezalkoholowe-miloslaw-ipa-browar-fortuna-500ml-puszka-zgrzewka-24szt\\\/\",\"name\":\"Piwo bezalkoholowe Mi\u0142os\u0142aw IPA Browar Fortuna 500ml puszka ZGRZEWKA 24szt - Mix Market - Supermarket z wszystkim co potrzeba\",\"isPartOf\":{\"@id\":\"https:\\\/\\\/racom.com.pl\\\/#website\"},\"primaryImageOfPage\":{\"@id\":\"https:\\\/\\\/racom.com.pl\\\/index.php\\\/produkt\\\/piwo-bezalkoholowe-miloslaw-ipa-browar-fortuna-500ml-puszka-zgrzewka-24szt\\\/#primaryimage\"},\"image\":{\"@id\":\"https:\\\/\\\/racom.com.pl\\\/index.php\\\/produkt\\\/piwo-bezalkoholowe-miloslaw-ipa-browar-fortuna-500ml-puszka-zgrzewka-24szt\\\/#primaryimage\"},\"thumbnailUrl\":\"https:\\\/\\\/racom.com.pl\\\/wp-content\\\/uploads\\\/2025\\\/07\\\/allegro_687bb1e9af4cc6.09243252_53762af342d3a7ebc51be9ddc5a1.jpg\",\"datePublished\":\"2025-07-19T14:54:30+00:00\",\"breadcrumb\":{\"@id\":\"https:\\\/\\\/racom.com.pl\\\/index.php\\\/produkt\\\/piwo-bezalkoholowe-miloslaw-ipa-browar-fortuna-500ml-puszka-zgrzewka-24szt\\\/#breadcrumb\"},\"inLanguage\":\"pl-PL\",\"potentialAction\":[{\"@type\":\"ReadAction\",\"target\":[\"https:\\\/\\\/racom.com.pl\\\/index.php\\\/produkt\\\/piwo-bezalkoholowe-miloslaw-ipa-browar-fortuna-500ml-puszka-zgrzewka-24szt\\\/\"]}]},{\"@type\":\"ImageObject\",\"inLanguage\":\"pl-PL\",\"@id\":\"https:\\\/\\\/racom.com.pl\\\/index.php\\\/produkt\\\/piwo-bezalkoholowe-miloslaw-ipa-browar-fortuna-500ml-puszka-zgrzewka-24szt\\\/#primaryimage\",\"url\":\"https:\\\/\\\/racom.com.pl\\\/wp-content\\\/uploads\\\/2025\\\/07\\\/allegro_687bb1e9af4cc6.09243252_53762af342d3a7ebc51be9ddc5a1.jpg\",\"contentUrl\":\"https:\\\/\\\/racom.com.pl\\\/wp-content\\\/uploads\\\/2025\\\/07\\\/allegro_687bb1e9af4cc6.09243252_53762af342d3a7ebc51be9ddc5a1.jpg\",\"width\":325,\"height\":800},{\"@type\":\"BreadcrumbList\",\"@id\":\"https:\\\/\\\/racom.com.pl\\\/index.php\\\/produkt\\\/piwo-bezalkoholowe-miloslaw-ipa-browar-fortuna-500ml-puszka-zgrzewka-24szt\\\/#breadcrumb\",\"itemListElement\":[{\"@type\":\"ListItem\",\"position\":1,\"name\":\"Strona g\u0142\u00f3wna\",\"item\":\"https:\\\/\\\/racom.com.pl\\\/\"},{\"@type\":\"ListItem\",\"position\":2,\"name\":\"Sklep\",\"item\":\"https:\\\/\\\/racom.com.pl\\\/\"},{\"@type\":\"ListItem\",\"position\":3,\"name\":\"Piwo bezalkoholowe Mi\u0142os\u0142aw IPA Browar Fortuna 500ml puszka ZGRZEWKA 24szt\"}]},{\"@type\":\"WebSite\",\"@id\":\"https:\\\/\\\/racom.com.pl\\\/#website\",\"url\":\"https:\\\/\\\/racom.com.pl\\\/\",\"name\":\"Mix Market - Supermarket z wszystkim co potrzeba do domu i nie tylko\",\"description\":\"\",\"publisher\":{\"@id\":\"https:\\\/\\\/racom.com.pl\\\/#organization\"},\"potentialAction\":[{\"@type\":\"SearchAction\",\"target\":{\"@type\":\"EntryPoint\",\"urlTemplate\":\"https:\\\/\\\/racom.com.pl\\\/?s={search_term_string}\"},\"query-input\":{\"@type\":\"PropertyValueSpecification\",\"valueRequired\":true,\"valueName\":\"search_term_string\"}}],\"inLanguage\":\"pl-PL\"},{\"@type\":\"Organization\",\"@id\":\"https:\\\/\\\/racom.com.pl\\\/#organization\",\"name\":\"Mix Market - Supermarket z wszystkim co potrzeba do domu i nie tylko\",\"url\":\"https:\\\/\\\/racom.com.pl\\\/\",\"logo\":{\"@type\":\"ImageObject\",\"inLanguage\":\"pl-PL\",\"@id\":\"https:\\\/\\\/racom.com.pl\\\/#\\\/schema\\\/logo\\\/image\\\/\",\"url\":\"https:\\\/\\\/racom.com.pl\\\/wp-content\\\/uploads\\\/2025\\\/07\\\/mixmarket_logo.png\",\"contentUrl\":\"https:\\\/\\\/racom.com.pl\\\/wp-content\\\/uploads\\\/2025\\\/07\\\/mixmarket_logo.png\",\"width\":1024,\"height\":1024,\"caption\":\"Mix Market - Supermarket z wszystkim co potrzeba do domu i nie tylko\"},\"image\":{\"@id\":\"https:\\\/\\\/racom.com.pl\\\/#\\\/schema\\\/logo\\\/image\\\/\"}}]}<\/script>\n<!-- \/ Yoast SEO plugin. -->","yoast_head_json":{"title":"Piwo bezalkoholowe Mi\u0142os\u0142aw IPA Browar Fortuna 500ml puszka ZGRZEWKA 24szt - Mix Market - Supermarket z wszystkim co potrzeba","robots":{"index":"index","follow":"follow","max-snippet":"max-snippet:-1","max-image-preview":"max-image-preview:large","max-video-preview":"max-video-preview:-1"},"canonical":"https:\/\/racom.com.pl\/index.php\/produkt\/piwo-bezalkoholowe-miloslaw-ipa-browar-fortuna-500ml-puszka-zgrzewka-24szt\/","og_locale":"pl_PL","og_type":"article","og_title":"Piwo bezalkoholowe Mi\u0142os\u0142aw IPA Browar Fortuna 500ml puszka ZGRZEWKA 24szt - Mix Market - Supermarket z wszystkim co potrzeba","og_description":"Mi\u0142os\u0142aw Bezalkoholowe IPA 0% 500 ml Piwo bezalkoholowe Mi\u0142os\u0142aw&nbsp; 0% 500 ml puszka OFERTA DOTYCZY ZGRZEWKI 24szt Mi\u0142os\u0142aw bezakoholowe to wyraziste IPA o chmielowym aromacie i smaku, ale bez alkoholu? Tak! To mo\u017cliwe, dzi\u0119ki autorskiej metodzie warzenia piwa bezalkoholowego. Mi\u0142os\u0142aw Bezalkoholowe IPA chmielimy na zimno kompozycj\u0105 a\u017c czterech odmian chmielu \u2013 Citra, Amarillo, Chinook, Lubelski, [&hellip;]","og_url":"https:\/\/racom.com.pl\/index.php\/produkt\/piwo-bezalkoholowe-miloslaw-ipa-browar-fortuna-500ml-puszka-zgrzewka-24szt\/","og_site_name":"Mix Market - Supermarket z wszystkim co potrzeba","og_image":[{"width":325,"height":800,"url":"https:\/\/racom.com.pl\/wp-content\/uploads\/2025\/07\/allegro_687bb1e9af4cc6.09243252_53762af342d3a7ebc51be9ddc5a1.jpg","type":"image\/jpeg"}],"twitter_card":"summary_large_image","twitter_misc":{"Szacowany czas czytania":"1 minuta"},"schema":{"@context":"https:\/\/schema.org","@graph":[{"@type":"WebPage","@id":"https:\/\/racom.com.pl\/index.php\/produkt\/piwo-bezalkoholowe-miloslaw-ipa-browar-fortuna-500ml-puszka-zgrzewka-24szt\/","url":"https:\/\/racom.com.pl\/index.php\/produkt\/piwo-bezalkoholowe-miloslaw-ipa-browar-fortuna-500ml-puszka-zgrzewka-24szt\/","name":"Piwo bezalkoholowe Mi\u0142os\u0142aw IPA Browar Fortuna 500ml puszka ZGRZEWKA 24szt - Mix Market - Supermarket z wszystkim co potrzeba","isPartOf":{"@id":"https:\/\/racom.com.pl\/#website"},"primaryImageOfPage":{"@id":"https:\/\/racom.com.pl\/index.php\/produkt\/piwo-bezalkoholowe-miloslaw-ipa-browar-fortuna-500ml-puszka-zgrzewka-24szt\/#primaryimage"},"image":{"@id":"https:\/\/racom.com.pl\/index.php\/produkt\/piwo-bezalkoholowe-miloslaw-ipa-browar-fortuna-500ml-puszka-zgrzewka-24szt\/#primaryimage"},"thumbnailUrl":"https:\/\/racom.com.pl\/wp-content\/uploads\/2025\/07\/allegro_687bb1e9af4cc6.09243252_53762af342d3a7ebc51be9ddc5a1.jpg","datePublished":"2025-07-19T14:54:30+00:00","breadcrumb":{"@id":"https:\/\/racom.com.pl\/index.php\/produkt\/piwo-bezalkoholowe-miloslaw-ipa-browar-fortuna-500ml-puszka-zgrzewka-24szt\/#breadcrumb"},"inLanguage":"pl-PL","potentialAction":[{"@type":"ReadAction","target":["https:\/\/racom.com.pl\/index.php\/produkt\/piwo-bezalkoholowe-miloslaw-ipa-browar-fortuna-500ml-puszka-zgrzewka-24szt\/"]}]},{"@type":"ImageObject","inLanguage":"pl-PL","@id":"https:\/\/racom.com.pl\/index.php\/produkt\/piwo-bezalkoholowe-miloslaw-ipa-browar-fortuna-500ml-puszka-zgrzewka-24szt\/#primaryimage","url":"https:\/\/racom.com.pl\/wp-content\/uploads\/2025\/07\/allegro_687bb1e9af4cc6.09243252_53762af342d3a7ebc51be9ddc5a1.jpg","contentUrl":"https:\/\/racom.com.pl\/wp-content\/uploads\/2025\/07\/allegro_687bb1e9af4cc6.09243252_53762af342d3a7ebc51be9ddc5a1.jpg","width":325,"height":800},{"@type":"BreadcrumbList","@id":"https:\/\/racom.com.pl\/index.php\/produkt\/piwo-bezalkoholowe-miloslaw-ipa-browar-fortuna-500ml-puszka-zgrzewka-24szt\/#breadcrumb","itemListElement":[{"@type":"ListItem","position":1,"name":"Strona g\u0142\u00f3wna","item":"https:\/\/racom.com.pl\/"},{"@type":"ListItem","position":2,"name":"Sklep","item":"https:\/\/racom.com.pl\/"},{"@type":"ListItem","position":3,"name":"Piwo bezalkoholowe Mi\u0142os\u0142aw IPA Browar Fortuna 500ml puszka ZGRZEWKA 24szt"}]},{"@type":"WebSite","@id":"https:\/\/racom.com.pl\/#website","url":"https:\/\/racom.com.pl\/","name":"Mix Market - Supermarket z wszystkim co potrzeba do domu i nie tylko","description":"","publisher":{"@id":"https:\/\/racom.com.pl\/#organization"},"potentialAction":[{"@type":"SearchAction","target":{"@type":"EntryPoint","urlTemplate":"https:\/\/racom.com.pl\/?s={search_term_string}"},"query-input":{"@type":"PropertyValueSpecification","valueRequired":true,"valueName":"search_term_string"}}],"inLanguage":"pl-PL"},{"@type":"Organization","@id":"https:\/\/racom.com.pl\/#organization","name":"Mix Market - Supermarket z wszystkim co potrzeba do domu i nie tylko","url":"https:\/\/racom.com.pl\/","logo":{"@type":"ImageObject","inLanguage":"pl-PL","@id":"https:\/\/racom.com.pl\/#\/schema\/logo\/image\/","url":"https:\/\/racom.com.pl\/wp-content\/uploads\/2025\/07\/mixmarket_logo.png","contentUrl":"https:\/\/racom.com.pl\/wp-content\/uploads\/2025\/07\/mixmarket_logo.png","width":1024,"height":1024,"caption":"Mix Market - Supermarket z wszystkim co potrzeba do domu i nie tylko"},"image":{"@id":"https:\/\/racom.com.pl\/#\/schema\/logo\/image\/"}}]}},"_links":{"self":[{"href":"https:\/\/racom.com.pl\/index.php\/wp-json\/wp\/v2\/product\/2905","targetHints":{"allow":["GET"]}}],"collection":[{"href":"https:\/\/racom.com.pl\/index.php\/wp-json\/wp\/v2\/product"}],"about":[{"href":"https:\/\/racom.com.pl\/index.php\/wp-json\/wp\/v2\/types\/product"}],"replies":[{"embeddable":true,"href":"https:\/\/racom.com.pl\/index.php\/wp-json\/wp\/v2\/comments?post=2905"}],"wp:featuredmedia":[{"embeddable":true,"href":"https:\/\/racom.com.pl\/index.php\/wp-json\/wp\/v2\/media\/2908"}],"wp:attachment":[{"href":"https:\/\/racom.com.pl\/index.php\/wp-json\/wp\/v2\/media?parent=2905"}],"wp:term":[{"taxonomy":"product_brand","embeddable":true,"href":"https:\/\/racom.com.pl\/index.php\/wp-json\/wp\/v2\/product_brand?post=2905"},{"taxonomy":"product_cat","embeddable":true,"href":"https:\/\/racom.com.pl\/index.php\/wp-json\/wp\/v2\/product_cat?post=2905"},{"taxonomy":"product_tag","embeddable":true,"href":"https:\/\/racom.com.pl\/index.php\/wp-json\/wp\/v2\/product_tag?post=2905"}],"curies":[{"name":"wp","href":"https:\/\/api.w.org\/{rel}","templated":true}]}}