{"id":2917,"date":"2025-07-19T16:58:38","date_gmt":"2025-07-19T14:58:38","guid":{"rendered":"http:\/\/192.168.2.106\/index.php\/produkt\/rioba-bita-smietana-w-sprayu-35-spray-nieslodzony-700ml\/"},"modified":"2025-07-19T16:58:38","modified_gmt":"2025-07-19T14:58:38","slug":"rioba-bita-smietana-w-sprayu-35-spray-nieslodzony-700ml","status":"publish","type":"product","link":"https:\/\/racom.com.pl\/index.php\/produkt\/rioba-bita-smietana-w-sprayu-35-spray-nieslodzony-700ml\/","title":{"rendered":"RIOBA Bita \u015bmietana w SPRAYU 35% Spray nies\u0142odzony 700ml"},"content":{"rendered":"<h2>Bita \u015bmietana 35% Spray nies\u0142odzony 700ml RIOBA<\/h2>\n<p>\u015amietanka w spray&#8217;u (35 % t\u0142uszczu) bez dodatku cukru, poddana obr\u00f3bce w ultra wysokiej temperaturze, zawiera naturalnie wyst\u0119puj\u0105ce cukry.<\/p>\n<p><b>Sk\u0142adniki:<\/b><\/p>\n<ul>\n<li>\u015bmietanka (z MLEKA) (97 %)<\/li>\n<li>gazy p\u0119dne (tlenek azotu, azot)<\/li>\n<li>emulgator: mono i diglicerydy kwas\u00f3w t\u0142uszczowych<\/li>\n<li>stabilizatory: fosforany sodu, karagen<\/li>\n<\/ul>\n<p><b>Warto\u015bci od\u017cywcze w 100g:<\/b><\/p>\n<ul>\n<li>Warto\u015b\u0107 energetyczna:&nbsp;1389 kJ \/&nbsp;337 kcal<\/li>\n<li>T\u0142uszcz:&nbsp;35 g<\/li>\n<li>w tym kwasy t\u0142uszczowe nasycone:&nbsp;25 g<\/li>\n<li>W\u0119glowodany:&nbsp;3 g<\/li>\n<li>w tym cukry:&nbsp;3 g<\/li>\n<li>Bia\u0142ko:&nbsp;2,5 g<\/li>\n<li>S\u00f3l:&nbsp;0,1 g<\/li>\n<\/ul>\n<p><b>Warunki przechowywania:<\/b><\/p>\n<ul>\n<li>Przechowywa\u0107 z dala od \u017ar\u00f3de\u0142 ciep\u0142a, gor\u0105cych powierzchni, \u017ar\u00f3de\u0142 iskrzenia, otwartego ognia i innych \u017ar\u00f3de\u0142 zap\u0142onu<\/li>\n<li>Chroni\u0107 przed \u015bwiat\u0142em s\u0142onecznym<\/li>\n<li>Chroni\u0107 przed dzie\u0107mi<\/li>\n<li>Przechowywa\u0107 w temperaturze od 2 \u00b0C do 24 \u00b0C<\/li>\n<li>Nie wystawia\u0107 na dzia\u0142anie temperatury przekraczaj\u0105cej 50 \u00b0C<\/li>\n<li>Otwart\u0105 puszk\u0119 przechowywa\u0107 w lod\u00f3wce<\/li>\n<\/ul>\n","protected":false},"excerpt":{"rendered":"<p>Bita \u015bmietana 35% Spray nies\u0142odzony 700ml RIOBA \u015amietanka w spray&#8217;u (35 % t\u0142uszczu) bez dodatku cukru, poddana obr\u00f3bce w ultra wysokiej temperaturze, zawiera naturalnie wyst\u0119puj\u0105ce cukry. Sk\u0142adniki: \u015bmietanka (z MLEKA) (97 %) gazy p\u0119dne (tlenek azotu, azot) emulgator: mono i diglicerydy kwas\u00f3w t\u0142uszczowych stabilizatory: fosforany sodu, karagen Warto\u015bci od\u017cywcze w 100g: Warto\u015b\u0107 energetyczna:&nbsp;1389 kJ \/&nbsp;337 [&hellip;]<\/p>\n","protected":false},"featured_media":2920,"comment_status":"open","ping_status":"closed","template":"","meta":[],"product_brand":[117],"product_cat":[179],"product_tag":[],"class_list":{"0":"post-2917","1":"product","2":"type-product","3":"status-publish","4":"has-post-thumbnail","6":"product_brand-rioba","7":"product_cat-nabial-i-jaja","9":"first","10":"instock","11":"taxable","12":"shipping-taxable","13":"purchasable","14":"product-type-simple"},"yoast_head":"<!-- This site is optimized with the Yoast SEO plugin v27.3 - https:\/\/yoast.com\/product\/yoast-seo-wordpress\/ -->\n<title>RIOBA Bita \u015bmietana w SPRAYU 35% Spray nies\u0142odzony 700ml - Mix Market - Supermarket z wszystkim co potrzeba<\/title>\n<meta name=\"robots\" content=\"index, follow, max-snippet:-1, max-image-preview:large, max-video-preview:-1\" \/>\n<link rel=\"canonical\" href=\"https:\/\/racom.com.pl\/index.php\/produkt\/rioba-bita-smietana-w-sprayu-35-spray-nieslodzony-700ml\/\" \/>\n<meta property=\"og:locale\" content=\"pl_PL\" \/>\n<meta property=\"og:type\" content=\"article\" \/>\n<meta property=\"og:title\" content=\"RIOBA Bita \u015bmietana w SPRAYU 35% Spray nies\u0142odzony 700ml - Mix Market - Supermarket z wszystkim co potrzeba\" \/>\n<meta property=\"og:description\" content=\"Bita \u015bmietana 35% Spray nies\u0142odzony 700ml RIOBA \u015amietanka w spray&#8217;u (35 % t\u0142uszczu) bez dodatku cukru, poddana obr\u00f3bce w ultra wysokiej temperaturze, zawiera naturalnie wyst\u0119puj\u0105ce cukry. Sk\u0142adniki: \u015bmietanka (z MLEKA) (97 %) gazy p\u0119dne (tlenek azotu, azot) emulgator: mono i diglicerydy kwas\u00f3w t\u0142uszczowych stabilizatory: fosforany sodu, karagen Warto\u015bci od\u017cywcze w 100g: Warto\u015b\u0107 energetyczna:&nbsp;1389 kJ \/&nbsp;337 [&hellip;]\" \/>\n<meta property=\"og:url\" content=\"https:\/\/racom.com.pl\/index.php\/produkt\/rioba-bita-smietana-w-sprayu-35-spray-nieslodzony-700ml\/\" \/>\n<meta property=\"og:site_name\" content=\"Mix Market - Supermarket z wszystkim co potrzeba\" \/>\n<meta property=\"og:image\" content=\"https:\/\/racom.com.pl\/wp-content\/uploads\/2025\/07\/allegro_687bb2ddcc5fc2.65866920_e5b474564c71a660ab51994a7377.jpg\" \/>\n\t<meta property=\"og:image:width\" content=\"400\" \/>\n\t<meta property=\"og:image:height\" content=\"400\" \/>\n\t<meta property=\"og:image:type\" content=\"image\/jpeg\" \/>\n<meta name=\"twitter:card\" content=\"summary_large_image\" \/>\n<meta name=\"twitter:label1\" content=\"Szacowany czas czytania\" \/>\n\t<meta name=\"twitter:data1\" content=\"1 minuta\" \/>\n<script type=\"application\/ld+json\" class=\"yoast-schema-graph\">{\"@context\":\"https:\\\/\\\/schema.org\",\"@graph\":[{\"@type\":\"WebPage\",\"@id\":\"https:\\\/\\\/racom.com.pl\\\/index.php\\\/produkt\\\/rioba-bita-smietana-w-sprayu-35-spray-nieslodzony-700ml\\\/\",\"url\":\"https:\\\/\\\/racom.com.pl\\\/index.php\\\/produkt\\\/rioba-bita-smietana-w-sprayu-35-spray-nieslodzony-700ml\\\/\",\"name\":\"RIOBA Bita \u015bmietana w SPRAYU 35% Spray nies\u0142odzony 700ml - Mix Market - Supermarket z wszystkim co potrzeba\",\"isPartOf\":{\"@id\":\"https:\\\/\\\/racom.com.pl\\\/#website\"},\"primaryImageOfPage\":{\"@id\":\"https:\\\/\\\/racom.com.pl\\\/index.php\\\/produkt\\\/rioba-bita-smietana-w-sprayu-35-spray-nieslodzony-700ml\\\/#primaryimage\"},\"image\":{\"@id\":\"https:\\\/\\\/racom.com.pl\\\/index.php\\\/produkt\\\/rioba-bita-smietana-w-sprayu-35-spray-nieslodzony-700ml\\\/#primaryimage\"},\"thumbnailUrl\":\"https:\\\/\\\/racom.com.pl\\\/wp-content\\\/uploads\\\/2025\\\/07\\\/allegro_687bb2ddcc5fc2.65866920_e5b474564c71a660ab51994a7377.jpg\",\"datePublished\":\"2025-07-19T14:58:38+00:00\",\"breadcrumb\":{\"@id\":\"https:\\\/\\\/racom.com.pl\\\/index.php\\\/produkt\\\/rioba-bita-smietana-w-sprayu-35-spray-nieslodzony-700ml\\\/#breadcrumb\"},\"inLanguage\":\"pl-PL\",\"potentialAction\":[{\"@type\":\"ReadAction\",\"target\":[\"https:\\\/\\\/racom.com.pl\\\/index.php\\\/produkt\\\/rioba-bita-smietana-w-sprayu-35-spray-nieslodzony-700ml\\\/\"]}]},{\"@type\":\"ImageObject\",\"inLanguage\":\"pl-PL\",\"@id\":\"https:\\\/\\\/racom.com.pl\\\/index.php\\\/produkt\\\/rioba-bita-smietana-w-sprayu-35-spray-nieslodzony-700ml\\\/#primaryimage\",\"url\":\"https:\\\/\\\/racom.com.pl\\\/wp-content\\\/uploads\\\/2025\\\/07\\\/allegro_687bb2ddcc5fc2.65866920_e5b474564c71a660ab51994a7377.jpg\",\"contentUrl\":\"https:\\\/\\\/racom.com.pl\\\/wp-content\\\/uploads\\\/2025\\\/07\\\/allegro_687bb2ddcc5fc2.65866920_e5b474564c71a660ab51994a7377.jpg\",\"width\":400,\"height\":400},{\"@type\":\"BreadcrumbList\",\"@id\":\"https:\\\/\\\/racom.com.pl\\\/index.php\\\/produkt\\\/rioba-bita-smietana-w-sprayu-35-spray-nieslodzony-700ml\\\/#breadcrumb\",\"itemListElement\":[{\"@type\":\"ListItem\",\"position\":1,\"name\":\"Strona g\u0142\u00f3wna\",\"item\":\"https:\\\/\\\/racom.com.pl\\\/\"},{\"@type\":\"ListItem\",\"position\":2,\"name\":\"Sklep\",\"item\":\"https:\\\/\\\/racom.com.pl\\\/\"},{\"@type\":\"ListItem\",\"position\":3,\"name\":\"RIOBA Bita \u015bmietana w SPRAYU 35% Spray nies\u0142odzony 700ml\"}]},{\"@type\":\"WebSite\",\"@id\":\"https:\\\/\\\/racom.com.pl\\\/#website\",\"url\":\"https:\\\/\\\/racom.com.pl\\\/\",\"name\":\"Mix Market - Supermarket z wszystkim co potrzeba do domu i nie tylko\",\"description\":\"\",\"publisher\":{\"@id\":\"https:\\\/\\\/racom.com.pl\\\/#organization\"},\"potentialAction\":[{\"@type\":\"SearchAction\",\"target\":{\"@type\":\"EntryPoint\",\"urlTemplate\":\"https:\\\/\\\/racom.com.pl\\\/?s={search_term_string}\"},\"query-input\":{\"@type\":\"PropertyValueSpecification\",\"valueRequired\":true,\"valueName\":\"search_term_string\"}}],\"inLanguage\":\"pl-PL\"},{\"@type\":\"Organization\",\"@id\":\"https:\\\/\\\/racom.com.pl\\\/#organization\",\"name\":\"Mix Market - Supermarket z wszystkim co potrzeba do domu i nie tylko\",\"url\":\"https:\\\/\\\/racom.com.pl\\\/\",\"logo\":{\"@type\":\"ImageObject\",\"inLanguage\":\"pl-PL\",\"@id\":\"https:\\\/\\\/racom.com.pl\\\/#\\\/schema\\\/logo\\\/image\\\/\",\"url\":\"https:\\\/\\\/racom.com.pl\\\/wp-content\\\/uploads\\\/2025\\\/07\\\/mixmarket_logo.png\",\"contentUrl\":\"https:\\\/\\\/racom.com.pl\\\/wp-content\\\/uploads\\\/2025\\\/07\\\/mixmarket_logo.png\",\"width\":1024,\"height\":1024,\"caption\":\"Mix Market - Supermarket z wszystkim co potrzeba do domu i nie tylko\"},\"image\":{\"@id\":\"https:\\\/\\\/racom.com.pl\\\/#\\\/schema\\\/logo\\\/image\\\/\"}}]}<\/script>\n<!-- \/ Yoast SEO plugin. -->","yoast_head_json":{"title":"RIOBA Bita \u015bmietana w SPRAYU 35% Spray nies\u0142odzony 700ml - Mix Market - Supermarket z wszystkim co potrzeba","robots":{"index":"index","follow":"follow","max-snippet":"max-snippet:-1","max-image-preview":"max-image-preview:large","max-video-preview":"max-video-preview:-1"},"canonical":"https:\/\/racom.com.pl\/index.php\/produkt\/rioba-bita-smietana-w-sprayu-35-spray-nieslodzony-700ml\/","og_locale":"pl_PL","og_type":"article","og_title":"RIOBA Bita \u015bmietana w SPRAYU 35% Spray nies\u0142odzony 700ml - Mix Market - Supermarket z wszystkim co potrzeba","og_description":"Bita \u015bmietana 35% Spray nies\u0142odzony 700ml RIOBA \u015amietanka w spray&#8217;u (35 % t\u0142uszczu) bez dodatku cukru, poddana obr\u00f3bce w ultra wysokiej temperaturze, zawiera naturalnie wyst\u0119puj\u0105ce cukry. Sk\u0142adniki: \u015bmietanka (z MLEKA) (97 %) gazy p\u0119dne (tlenek azotu, azot) emulgator: mono i diglicerydy kwas\u00f3w t\u0142uszczowych stabilizatory: fosforany sodu, karagen Warto\u015bci od\u017cywcze w 100g: Warto\u015b\u0107 energetyczna:&nbsp;1389 kJ \/&nbsp;337 [&hellip;]","og_url":"https:\/\/racom.com.pl\/index.php\/produkt\/rioba-bita-smietana-w-sprayu-35-spray-nieslodzony-700ml\/","og_site_name":"Mix Market - Supermarket z wszystkim co potrzeba","og_image":[{"width":400,"height":400,"url":"https:\/\/racom.com.pl\/wp-content\/uploads\/2025\/07\/allegro_687bb2ddcc5fc2.65866920_e5b474564c71a660ab51994a7377.jpg","type":"image\/jpeg"}],"twitter_card":"summary_large_image","twitter_misc":{"Szacowany czas czytania":"1 minuta"},"schema":{"@context":"https:\/\/schema.org","@graph":[{"@type":"WebPage","@id":"https:\/\/racom.com.pl\/index.php\/produkt\/rioba-bita-smietana-w-sprayu-35-spray-nieslodzony-700ml\/","url":"https:\/\/racom.com.pl\/index.php\/produkt\/rioba-bita-smietana-w-sprayu-35-spray-nieslodzony-700ml\/","name":"RIOBA Bita \u015bmietana w SPRAYU 35% Spray nies\u0142odzony 700ml - Mix Market - Supermarket z wszystkim co potrzeba","isPartOf":{"@id":"https:\/\/racom.com.pl\/#website"},"primaryImageOfPage":{"@id":"https:\/\/racom.com.pl\/index.php\/produkt\/rioba-bita-smietana-w-sprayu-35-spray-nieslodzony-700ml\/#primaryimage"},"image":{"@id":"https:\/\/racom.com.pl\/index.php\/produkt\/rioba-bita-smietana-w-sprayu-35-spray-nieslodzony-700ml\/#primaryimage"},"thumbnailUrl":"https:\/\/racom.com.pl\/wp-content\/uploads\/2025\/07\/allegro_687bb2ddcc5fc2.65866920_e5b474564c71a660ab51994a7377.jpg","datePublished":"2025-07-19T14:58:38+00:00","breadcrumb":{"@id":"https:\/\/racom.com.pl\/index.php\/produkt\/rioba-bita-smietana-w-sprayu-35-spray-nieslodzony-700ml\/#breadcrumb"},"inLanguage":"pl-PL","potentialAction":[{"@type":"ReadAction","target":["https:\/\/racom.com.pl\/index.php\/produkt\/rioba-bita-smietana-w-sprayu-35-spray-nieslodzony-700ml\/"]}]},{"@type":"ImageObject","inLanguage":"pl-PL","@id":"https:\/\/racom.com.pl\/index.php\/produkt\/rioba-bita-smietana-w-sprayu-35-spray-nieslodzony-700ml\/#primaryimage","url":"https:\/\/racom.com.pl\/wp-content\/uploads\/2025\/07\/allegro_687bb2ddcc5fc2.65866920_e5b474564c71a660ab51994a7377.jpg","contentUrl":"https:\/\/racom.com.pl\/wp-content\/uploads\/2025\/07\/allegro_687bb2ddcc5fc2.65866920_e5b474564c71a660ab51994a7377.jpg","width":400,"height":400},{"@type":"BreadcrumbList","@id":"https:\/\/racom.com.pl\/index.php\/produkt\/rioba-bita-smietana-w-sprayu-35-spray-nieslodzony-700ml\/#breadcrumb","itemListElement":[{"@type":"ListItem","position":1,"name":"Strona g\u0142\u00f3wna","item":"https:\/\/racom.com.pl\/"},{"@type":"ListItem","position":2,"name":"Sklep","item":"https:\/\/racom.com.pl\/"},{"@type":"ListItem","position":3,"name":"RIOBA Bita \u015bmietana w SPRAYU 35% Spray nies\u0142odzony 700ml"}]},{"@type":"WebSite","@id":"https:\/\/racom.com.pl\/#website","url":"https:\/\/racom.com.pl\/","name":"Mix Market - Supermarket z wszystkim co potrzeba do domu i nie tylko","description":"","publisher":{"@id":"https:\/\/racom.com.pl\/#organization"},"potentialAction":[{"@type":"SearchAction","target":{"@type":"EntryPoint","urlTemplate":"https:\/\/racom.com.pl\/?s={search_term_string}"},"query-input":{"@type":"PropertyValueSpecification","valueRequired":true,"valueName":"search_term_string"}}],"inLanguage":"pl-PL"},{"@type":"Organization","@id":"https:\/\/racom.com.pl\/#organization","name":"Mix Market - Supermarket z wszystkim co potrzeba do domu i nie tylko","url":"https:\/\/racom.com.pl\/","logo":{"@type":"ImageObject","inLanguage":"pl-PL","@id":"https:\/\/racom.com.pl\/#\/schema\/logo\/image\/","url":"https:\/\/racom.com.pl\/wp-content\/uploads\/2025\/07\/mixmarket_logo.png","contentUrl":"https:\/\/racom.com.pl\/wp-content\/uploads\/2025\/07\/mixmarket_logo.png","width":1024,"height":1024,"caption":"Mix Market - Supermarket z wszystkim co potrzeba do domu i nie tylko"},"image":{"@id":"https:\/\/racom.com.pl\/#\/schema\/logo\/image\/"}}]}},"_links":{"self":[{"href":"https:\/\/racom.com.pl\/index.php\/wp-json\/wp\/v2\/product\/2917","targetHints":{"allow":["GET"]}}],"collection":[{"href":"https:\/\/racom.com.pl\/index.php\/wp-json\/wp\/v2\/product"}],"about":[{"href":"https:\/\/racom.com.pl\/index.php\/wp-json\/wp\/v2\/types\/product"}],"replies":[{"embeddable":true,"href":"https:\/\/racom.com.pl\/index.php\/wp-json\/wp\/v2\/comments?post=2917"}],"wp:featuredmedia":[{"embeddable":true,"href":"https:\/\/racom.com.pl\/index.php\/wp-json\/wp\/v2\/media\/2920"}],"wp:attachment":[{"href":"https:\/\/racom.com.pl\/index.php\/wp-json\/wp\/v2\/media?parent=2917"}],"wp:term":[{"taxonomy":"product_brand","embeddable":true,"href":"https:\/\/racom.com.pl\/index.php\/wp-json\/wp\/v2\/product_brand?post=2917"},{"taxonomy":"product_cat","embeddable":true,"href":"https:\/\/racom.com.pl\/index.php\/wp-json\/wp\/v2\/product_cat?post=2917"},{"taxonomy":"product_tag","embeddable":true,"href":"https:\/\/racom.com.pl\/index.php\/wp-json\/wp\/v2\/product_tag?post=2917"}],"curies":[{"name":"wp","href":"https:\/\/api.w.org\/{rel}","templated":true}]}}