{"id":3266,"date":"2025-07-19T20:34:44","date_gmt":"2025-07-19T18:34:44","guid":{"rendered":"http:\/\/192.168.2.106\/index.php\/produkt\/3x-oprawa-led-regulowana-podtynkowa-5w-neutral\/"},"modified":"2025-07-19T20:34:44","modified_gmt":"2025-07-19T18:34:44","slug":"3x-oprawa-led-regulowana-podtynkowa-5w-neutral","status":"publish","type":"product","link":"https:\/\/racom.com.pl\/index.php\/produkt\/3x-oprawa-led-regulowana-podtynkowa-5w-neutral\/","title":{"rendered":"3x OPRAWA LED REGULOWANA PODTYNKOWA 5W NEUTRAL"},"content":{"rendered":"<h2>Okr\u0105g\u0142y downlight podtynkowy LED E6 z regulowanym k\u0105tem (3 szt.) 5 W bia\u0142y naturalny<\/h2>\n<p>Maksymalna moc: 5W<\/p>\n<p>Temperatura barwowa: 4000K<\/p>\n<p>Kolor \u015bwiat\u0142a: Barwa Neutralna<\/p>\n<p>Zasilanie: 230V 50-60Hz<\/p>\n<p>Strumie\u0144 \u015bwietlny: 370lm<\/p>\n<p>Wydajno\u015b\u0107 \u015bwietlna: 53W<\/p>\n<p>Szczelno\u015b\u0107: IP20<\/p>\n<p>Metoda instalacji: Monta\u017c podtynkowy<\/p>\n<p>Otw\u00f3r monta\u017cowy : \u03a670-75mm<\/p>\n<p>Rozmiar: \u03a685*H42mm<\/p>\n<p>Model: Okr\u0105g\u0142y<\/p>\n<p>Opis produktu: Lampa mo\u017ce by\u0107 ustawiona pod 60 r\u00f3\u017cnymi k\u0105tami<\/p>\n<p><b>ZESTAW ZAWIERA 3 OPRAWY Z ZINTEGROWANYM LED<\/b><\/p>\n<p>Zestaw 3 opraw sufitowych z wbudowanym panelem LED o mocy 5W ka\u017cdy. Oprawy posiadaj\u0105 mo\u017cliwo\u015b\u0107 regulacji k\u0105ta nachylenia.<\/p>\n<p>\u015awietnie nadaj\u0105 si\u0119 do sypialni, kuchni, korytarza czy biura. Monta\u017c odbywa si\u0119 na tej samej zasadzie co instalacja opraw halogenowych starego i nowego typu. Donwlight posiada 2 mocne spr\u0119\u017cyny, kt\u00f3re bez stosowania ko\u0142k\u00f3w czy wkr\u0119t\u00f3w przytwierdz\u0105 opraw\u0119 do sufitu (np w karton-gips).<\/p>\n<p>Do pod\u0142\u0105czenia nie potrzebujesz \u017cadnych zasilaczy\/przetwornic. Oprawa jest zasilana bezpo\u015brednio z instalacji elektrycznej 230V.<\/p>\n","protected":false},"excerpt":{"rendered":"<p>Okr\u0105g\u0142y downlight podtynkowy LED E6 z regulowanym k\u0105tem (3 szt.) 5 W bia\u0142y naturalny Maksymalna moc: 5W Temperatura barwowa: 4000K Kolor \u015bwiat\u0142a: Barwa Neutralna Zasilanie: 230V 50-60Hz Strumie\u0144 \u015bwietlny: 370lm Wydajno\u015b\u0107 \u015bwietlna: 53W Szczelno\u015b\u0107: IP20 Metoda instalacji: Monta\u017c podtynkowy Otw\u00f3r monta\u017cowy : \u03a670-75mm Rozmiar: \u03a685*H42mm Model: Okr\u0105g\u0142y Opis produktu: Lampa mo\u017ce by\u0107 ustawiona pod 60 [&hellip;]<\/p>\n","protected":false},"featured_media":3271,"comment_status":"open","ping_status":"closed","template":"","meta":[],"product_brand":[88],"product_cat":[226],"product_tag":[],"class_list":{"0":"post-3266","1":"product","2":"type-product","3":"status-publish","4":"has-post-thumbnail","6":"product_brand-bez-marki","7":"product_cat-oprawy-oswietleniowe","9":"first","10":"instock","11":"taxable","12":"shipping-taxable","13":"purchasable","14":"product-type-simple"},"yoast_head":"<!-- This site is optimized with the Yoast SEO plugin v27.3 - https:\/\/yoast.com\/product\/yoast-seo-wordpress\/ -->\n<title>3x OPRAWA LED REGULOWANA PODTYNKOWA 5W NEUTRAL - Mix Market - Supermarket z wszystkim co potrzeba<\/title>\n<meta name=\"robots\" content=\"index, follow, max-snippet:-1, max-image-preview:large, max-video-preview:-1\" \/>\n<link rel=\"canonical\" href=\"https:\/\/racom.com.pl\/index.php\/produkt\/3x-oprawa-led-regulowana-podtynkowa-5w-neutral\/\" \/>\n<meta property=\"og:locale\" content=\"pl_PL\" \/>\n<meta property=\"og:type\" content=\"article\" \/>\n<meta property=\"og:title\" content=\"3x OPRAWA LED REGULOWANA PODTYNKOWA 5W NEUTRAL - Mix Market - Supermarket z wszystkim co potrzeba\" \/>\n<meta property=\"og:description\" content=\"Okr\u0105g\u0142y downlight podtynkowy LED E6 z regulowanym k\u0105tem (3 szt.) 5 W bia\u0142y naturalny Maksymalna moc: 5W Temperatura barwowa: 4000K Kolor \u015bwiat\u0142a: Barwa Neutralna Zasilanie: 230V 50-60Hz Strumie\u0144 \u015bwietlny: 370lm Wydajno\u015b\u0107 \u015bwietlna: 53W Szczelno\u015b\u0107: IP20 Metoda instalacji: Monta\u017c podtynkowy Otw\u00f3r monta\u017cowy : \u03a670-75mm Rozmiar: \u03a685*H42mm Model: Okr\u0105g\u0142y Opis produktu: Lampa mo\u017ce by\u0107 ustawiona pod 60 [&hellip;]\" \/>\n<meta property=\"og:url\" content=\"https:\/\/racom.com.pl\/index.php\/produkt\/3x-oprawa-led-regulowana-podtynkowa-5w-neutral\/\" \/>\n<meta property=\"og:site_name\" content=\"Mix Market - Supermarket z wszystkim co potrzeba\" \/>\n<meta property=\"og:image\" content=\"https:\/\/racom.com.pl\/wp-content\/uploads\/2025\/07\/allegro_687be5ad260609.59545411_30afe90846739fa70fcfc992d31a.jpg\" \/>\n\t<meta property=\"og:image:width\" content=\"1500\" \/>\n\t<meta property=\"og:image:height\" content=\"1500\" \/>\n\t<meta property=\"og:image:type\" content=\"image\/jpeg\" \/>\n<meta name=\"twitter:card\" content=\"summary_large_image\" \/>\n<meta name=\"twitter:label1\" content=\"Szacowany czas czytania\" \/>\n\t<meta name=\"twitter:data1\" content=\"1 minuta\" \/>\n<script type=\"application\/ld+json\" class=\"yoast-schema-graph\">{\"@context\":\"https:\\\/\\\/schema.org\",\"@graph\":[{\"@type\":\"WebPage\",\"@id\":\"https:\\\/\\\/racom.com.pl\\\/index.php\\\/produkt\\\/3x-oprawa-led-regulowana-podtynkowa-5w-neutral\\\/\",\"url\":\"https:\\\/\\\/racom.com.pl\\\/index.php\\\/produkt\\\/3x-oprawa-led-regulowana-podtynkowa-5w-neutral\\\/\",\"name\":\"3x OPRAWA LED REGULOWANA PODTYNKOWA 5W NEUTRAL - Mix Market - Supermarket z wszystkim co potrzeba\",\"isPartOf\":{\"@id\":\"https:\\\/\\\/racom.com.pl\\\/#website\"},\"primaryImageOfPage\":{\"@id\":\"https:\\\/\\\/racom.com.pl\\\/index.php\\\/produkt\\\/3x-oprawa-led-regulowana-podtynkowa-5w-neutral\\\/#primaryimage\"},\"image\":{\"@id\":\"https:\\\/\\\/racom.com.pl\\\/index.php\\\/produkt\\\/3x-oprawa-led-regulowana-podtynkowa-5w-neutral\\\/#primaryimage\"},\"thumbnailUrl\":\"https:\\\/\\\/racom.com.pl\\\/wp-content\\\/uploads\\\/2025\\\/07\\\/allegro_687be5ad260609.59545411_30afe90846739fa70fcfc992d31a.jpg\",\"datePublished\":\"2025-07-19T18:34:44+00:00\",\"breadcrumb\":{\"@id\":\"https:\\\/\\\/racom.com.pl\\\/index.php\\\/produkt\\\/3x-oprawa-led-regulowana-podtynkowa-5w-neutral\\\/#breadcrumb\"},\"inLanguage\":\"pl-PL\",\"potentialAction\":[{\"@type\":\"ReadAction\",\"target\":[\"https:\\\/\\\/racom.com.pl\\\/index.php\\\/produkt\\\/3x-oprawa-led-regulowana-podtynkowa-5w-neutral\\\/\"]}]},{\"@type\":\"ImageObject\",\"inLanguage\":\"pl-PL\",\"@id\":\"https:\\\/\\\/racom.com.pl\\\/index.php\\\/produkt\\\/3x-oprawa-led-regulowana-podtynkowa-5w-neutral\\\/#primaryimage\",\"url\":\"https:\\\/\\\/racom.com.pl\\\/wp-content\\\/uploads\\\/2025\\\/07\\\/allegro_687be5ad260609.59545411_30afe90846739fa70fcfc992d31a.jpg\",\"contentUrl\":\"https:\\\/\\\/racom.com.pl\\\/wp-content\\\/uploads\\\/2025\\\/07\\\/allegro_687be5ad260609.59545411_30afe90846739fa70fcfc992d31a.jpg\",\"width\":1500,\"height\":1500},{\"@type\":\"BreadcrumbList\",\"@id\":\"https:\\\/\\\/racom.com.pl\\\/index.php\\\/produkt\\\/3x-oprawa-led-regulowana-podtynkowa-5w-neutral\\\/#breadcrumb\",\"itemListElement\":[{\"@type\":\"ListItem\",\"position\":1,\"name\":\"Strona g\u0142\u00f3wna\",\"item\":\"https:\\\/\\\/racom.com.pl\\\/\"},{\"@type\":\"ListItem\",\"position\":2,\"name\":\"Sklep\",\"item\":\"https:\\\/\\\/racom.com.pl\\\/\"},{\"@type\":\"ListItem\",\"position\":3,\"name\":\"3x OPRAWA LED REGULOWANA PODTYNKOWA 5W NEUTRAL\"}]},{\"@type\":\"WebSite\",\"@id\":\"https:\\\/\\\/racom.com.pl\\\/#website\",\"url\":\"https:\\\/\\\/racom.com.pl\\\/\",\"name\":\"Mix Market - Supermarket z wszystkim co potrzeba do domu i nie tylko\",\"description\":\"\",\"publisher\":{\"@id\":\"https:\\\/\\\/racom.com.pl\\\/#organization\"},\"potentialAction\":[{\"@type\":\"SearchAction\",\"target\":{\"@type\":\"EntryPoint\",\"urlTemplate\":\"https:\\\/\\\/racom.com.pl\\\/?s={search_term_string}\"},\"query-input\":{\"@type\":\"PropertyValueSpecification\",\"valueRequired\":true,\"valueName\":\"search_term_string\"}}],\"inLanguage\":\"pl-PL\"},{\"@type\":\"Organization\",\"@id\":\"https:\\\/\\\/racom.com.pl\\\/#organization\",\"name\":\"Mix Market - Supermarket z wszystkim co potrzeba do domu i nie tylko\",\"url\":\"https:\\\/\\\/racom.com.pl\\\/\",\"logo\":{\"@type\":\"ImageObject\",\"inLanguage\":\"pl-PL\",\"@id\":\"https:\\\/\\\/racom.com.pl\\\/#\\\/schema\\\/logo\\\/image\\\/\",\"url\":\"https:\\\/\\\/racom.com.pl\\\/wp-content\\\/uploads\\\/2025\\\/07\\\/mixmarket_logo.png\",\"contentUrl\":\"https:\\\/\\\/racom.com.pl\\\/wp-content\\\/uploads\\\/2025\\\/07\\\/mixmarket_logo.png\",\"width\":1024,\"height\":1024,\"caption\":\"Mix Market - Supermarket z wszystkim co potrzeba do domu i nie tylko\"},\"image\":{\"@id\":\"https:\\\/\\\/racom.com.pl\\\/#\\\/schema\\\/logo\\\/image\\\/\"}}]}<\/script>\n<!-- \/ Yoast SEO plugin. -->","yoast_head_json":{"title":"3x OPRAWA LED REGULOWANA PODTYNKOWA 5W NEUTRAL - Mix Market - Supermarket z wszystkim co potrzeba","robots":{"index":"index","follow":"follow","max-snippet":"max-snippet:-1","max-image-preview":"max-image-preview:large","max-video-preview":"max-video-preview:-1"},"canonical":"https:\/\/racom.com.pl\/index.php\/produkt\/3x-oprawa-led-regulowana-podtynkowa-5w-neutral\/","og_locale":"pl_PL","og_type":"article","og_title":"3x OPRAWA LED REGULOWANA PODTYNKOWA 5W NEUTRAL - Mix Market - Supermarket z wszystkim co potrzeba","og_description":"Okr\u0105g\u0142y downlight podtynkowy LED E6 z regulowanym k\u0105tem (3 szt.) 5 W bia\u0142y naturalny Maksymalna moc: 5W Temperatura barwowa: 4000K Kolor \u015bwiat\u0142a: Barwa Neutralna Zasilanie: 230V 50-60Hz Strumie\u0144 \u015bwietlny: 370lm Wydajno\u015b\u0107 \u015bwietlna: 53W Szczelno\u015b\u0107: IP20 Metoda instalacji: Monta\u017c podtynkowy Otw\u00f3r monta\u017cowy : \u03a670-75mm Rozmiar: \u03a685*H42mm Model: Okr\u0105g\u0142y Opis produktu: Lampa mo\u017ce by\u0107 ustawiona pod 60 [&hellip;]","og_url":"https:\/\/racom.com.pl\/index.php\/produkt\/3x-oprawa-led-regulowana-podtynkowa-5w-neutral\/","og_site_name":"Mix Market - Supermarket z wszystkim co potrzeba","og_image":[{"width":1500,"height":1500,"url":"https:\/\/racom.com.pl\/wp-content\/uploads\/2025\/07\/allegro_687be5ad260609.59545411_30afe90846739fa70fcfc992d31a.jpg","type":"image\/jpeg"}],"twitter_card":"summary_large_image","twitter_misc":{"Szacowany czas czytania":"1 minuta"},"schema":{"@context":"https:\/\/schema.org","@graph":[{"@type":"WebPage","@id":"https:\/\/racom.com.pl\/index.php\/produkt\/3x-oprawa-led-regulowana-podtynkowa-5w-neutral\/","url":"https:\/\/racom.com.pl\/index.php\/produkt\/3x-oprawa-led-regulowana-podtynkowa-5w-neutral\/","name":"3x OPRAWA LED REGULOWANA PODTYNKOWA 5W NEUTRAL - Mix Market - Supermarket z wszystkim co potrzeba","isPartOf":{"@id":"https:\/\/racom.com.pl\/#website"},"primaryImageOfPage":{"@id":"https:\/\/racom.com.pl\/index.php\/produkt\/3x-oprawa-led-regulowana-podtynkowa-5w-neutral\/#primaryimage"},"image":{"@id":"https:\/\/racom.com.pl\/index.php\/produkt\/3x-oprawa-led-regulowana-podtynkowa-5w-neutral\/#primaryimage"},"thumbnailUrl":"https:\/\/racom.com.pl\/wp-content\/uploads\/2025\/07\/allegro_687be5ad260609.59545411_30afe90846739fa70fcfc992d31a.jpg","datePublished":"2025-07-19T18:34:44+00:00","breadcrumb":{"@id":"https:\/\/racom.com.pl\/index.php\/produkt\/3x-oprawa-led-regulowana-podtynkowa-5w-neutral\/#breadcrumb"},"inLanguage":"pl-PL","potentialAction":[{"@type":"ReadAction","target":["https:\/\/racom.com.pl\/index.php\/produkt\/3x-oprawa-led-regulowana-podtynkowa-5w-neutral\/"]}]},{"@type":"ImageObject","inLanguage":"pl-PL","@id":"https:\/\/racom.com.pl\/index.php\/produkt\/3x-oprawa-led-regulowana-podtynkowa-5w-neutral\/#primaryimage","url":"https:\/\/racom.com.pl\/wp-content\/uploads\/2025\/07\/allegro_687be5ad260609.59545411_30afe90846739fa70fcfc992d31a.jpg","contentUrl":"https:\/\/racom.com.pl\/wp-content\/uploads\/2025\/07\/allegro_687be5ad260609.59545411_30afe90846739fa70fcfc992d31a.jpg","width":1500,"height":1500},{"@type":"BreadcrumbList","@id":"https:\/\/racom.com.pl\/index.php\/produkt\/3x-oprawa-led-regulowana-podtynkowa-5w-neutral\/#breadcrumb","itemListElement":[{"@type":"ListItem","position":1,"name":"Strona g\u0142\u00f3wna","item":"https:\/\/racom.com.pl\/"},{"@type":"ListItem","position":2,"name":"Sklep","item":"https:\/\/racom.com.pl\/"},{"@type":"ListItem","position":3,"name":"3x OPRAWA LED REGULOWANA PODTYNKOWA 5W NEUTRAL"}]},{"@type":"WebSite","@id":"https:\/\/racom.com.pl\/#website","url":"https:\/\/racom.com.pl\/","name":"Mix Market - Supermarket z wszystkim co potrzeba do domu i nie tylko","description":"","publisher":{"@id":"https:\/\/racom.com.pl\/#organization"},"potentialAction":[{"@type":"SearchAction","target":{"@type":"EntryPoint","urlTemplate":"https:\/\/racom.com.pl\/?s={search_term_string}"},"query-input":{"@type":"PropertyValueSpecification","valueRequired":true,"valueName":"search_term_string"}}],"inLanguage":"pl-PL"},{"@type":"Organization","@id":"https:\/\/racom.com.pl\/#organization","name":"Mix Market - Supermarket z wszystkim co potrzeba do domu i nie tylko","url":"https:\/\/racom.com.pl\/","logo":{"@type":"ImageObject","inLanguage":"pl-PL","@id":"https:\/\/racom.com.pl\/#\/schema\/logo\/image\/","url":"https:\/\/racom.com.pl\/wp-content\/uploads\/2025\/07\/mixmarket_logo.png","contentUrl":"https:\/\/racom.com.pl\/wp-content\/uploads\/2025\/07\/mixmarket_logo.png","width":1024,"height":1024,"caption":"Mix Market - Supermarket z wszystkim co potrzeba do domu i nie tylko"},"image":{"@id":"https:\/\/racom.com.pl\/#\/schema\/logo\/image\/"}}]}},"_links":{"self":[{"href":"https:\/\/racom.com.pl\/index.php\/wp-json\/wp\/v2\/product\/3266","targetHints":{"allow":["GET"]}}],"collection":[{"href":"https:\/\/racom.com.pl\/index.php\/wp-json\/wp\/v2\/product"}],"about":[{"href":"https:\/\/racom.com.pl\/index.php\/wp-json\/wp\/v2\/types\/product"}],"replies":[{"embeddable":true,"href":"https:\/\/racom.com.pl\/index.php\/wp-json\/wp\/v2\/comments?post=3266"}],"wp:featuredmedia":[{"embeddable":true,"href":"https:\/\/racom.com.pl\/index.php\/wp-json\/wp\/v2\/media\/3271"}],"wp:attachment":[{"href":"https:\/\/racom.com.pl\/index.php\/wp-json\/wp\/v2\/media?parent=3266"}],"wp:term":[{"taxonomy":"product_brand","embeddable":true,"href":"https:\/\/racom.com.pl\/index.php\/wp-json\/wp\/v2\/product_brand?post=3266"},{"taxonomy":"product_cat","embeddable":true,"href":"https:\/\/racom.com.pl\/index.php\/wp-json\/wp\/v2\/product_cat?post=3266"},{"taxonomy":"product_tag","embeddable":true,"href":"https:\/\/racom.com.pl\/index.php\/wp-json\/wp\/v2\/product_tag?post=3266"}],"curies":[{"name":"wp","href":"https:\/\/api.w.org\/{rel}","templated":true}]}}