{"id":3293,"date":"2025-07-19T20:44:13","date_gmt":"2025-07-19T18:44:13","guid":{"rendered":"http:\/\/192.168.2.106\/index.php\/produkt\/girlanda-solarna-cytryny-biale-2700k-3-8m-x10\/"},"modified":"2025-07-19T20:44:13","modified_gmt":"2025-07-19T18:44:13","slug":"girlanda-solarna-cytryny-biale-2700k-3-8m-x10","status":"publish","type":"product","link":"https:\/\/racom.com.pl\/index.php\/produkt\/girlanda-solarna-cytryny-biale-2700k-3-8m-x10\/","title":{"rendered":"GIRLANDA SOLARNA CYTRYNY BIA\u0141E 2700K 3.8M x10"},"content":{"rendered":"<h2>Girlanda Solarna Ogrodowa LED \u0141a\u0144cuch \u015awietlny 2700K 3,8m 10 Lampek IP44<\/h2>\n<p>Ca\u0142oroczna girlanda \u015bwietlna w kszta\u0142cie cytrynek.<\/p>\n<h2>Specyfikacja<\/h2>\n<ul>\n<li>Akumulator&nbsp;<b>1*300 mAh AA Ni-Mh<\/b><\/li>\n<li>Kolor \u015bwiat\u0142a:&nbsp;<b>bia\u0142y ciep\u0142y 2700-3000k<\/b><\/li>\n<li>Ilo\u015b\u0107 \u017car\u00f3wek: 1<b>0-LED<\/b><\/li>\n<li>Zasilanie:&nbsp;<b>solarne<\/b><\/li>\n<li>D\u0142ugo\u015b\u0107 3<b>80 cm<\/b><\/li>\n<li>Wsp\u00f3\u0142czynnik ochrony:&nbsp;<b>IP44<\/b><\/li>\n<li>\u015arodowisko u\u017cytkowania&nbsp;<b>zewn\u0119trzne<\/b><\/li>\n<li>Temperatura pracy:&nbsp;<b>-20 \u2103 &#8211; 40 \u2103<\/b><\/li>\n<\/ul>\n<p>Girlanda ogrodowa w kszta\u0142cie kawa\u0142k\u00f3w cytryny sprawdzi si\u0119 jako dekoracyjne o\u015bwietlenie patio, balkonu, tarasu, ogrodu oraz imprez plenerowych. Wysoka jako\u015b\u0107 komponent\u00f3w oraz klasa szczelno\u015bci IP44 zapewnia ochron\u0119 przed czynnikami zewn\u0119trznymi. Mo\u017cliwo\u015b\u0107 ustawienia \u015bwiat\u0142a ci\u0105g\u0142ego b\u0105d\u017a migaj\u0105cego. Lampka solarna posiada panel s\u0142oneczny, kt\u00f3ry przekszta\u0142ca \u015bwiat\u0142o s\u0142oneczne w energi\u0119 elektryczn\u0105. W ci\u0105gu dnia energia elektryczna przekszta\u0142cona przez panel s\u0142oneczny jest przechowywana w akumulatorach. W nocy \u015bwiat\u0142o zasilane jest energi\u0105 zgromadzonej w ci\u0105gu dnia w baterii.<\/p>\n<p>Obszar zastosowa\u0144:<\/p>\n<ul>\n<li>Na tarasie, balkonie, patio, werandzie, czy ustawienie na wiklinowym stole<\/li>\n<li>Do\u015bwietlenie ogrodowego muru, siatki ogrodzeniowej czy elewacji domu<\/li>\n<li>W drzwiach prowadz\u0105cych do ogrodu lub umieszczenie wzd\u0142u\u017c \u015bcie\u017cek, alejek, podjazd\u00f3w<\/li>\n<\/ul>\n<h2>Specyfikacja Techniczna:<\/h2>\n<ul>\n<li><b>Producent:<\/b> Aigostar<\/li>\n<li><b>Kolor \u015bwiat\u0142a:<\/b> Bia\u0142y ciep\u0142y<\/li>\n<li><b>Liczba punkt\u00f3w \u015bwietlnych:<\/b> 1<\/li>\n<li><b>Zasilanie:<\/b> Bateryjne \/ akumulator<\/li>\n<li><b>Kolor powierzchni:<\/b> \u017b\u00f3\u0142ty<\/li>\n<li><b>Spos\u00f3b monta\u017cu:<\/b> Wisz\u0105cy<\/li>\n<li><b>D\u0142ugo\u015b\u0107 [cm]:<\/b> 380<\/li>\n<li><b>\u015arednica kuli [cm]:<\/b> 5<\/li>\n<\/ul>\n","protected":false},"excerpt":{"rendered":"<p>Girlanda Solarna Ogrodowa LED \u0141a\u0144cuch \u015awietlny 2700K 3,8m 10 Lampek IP44 Ca\u0142oroczna girlanda \u015bwietlna w kszta\u0142cie cytrynek. Specyfikacja Akumulator&nbsp;1*300 mAh AA Ni-Mh Kolor \u015bwiat\u0142a:&nbsp;bia\u0142y ciep\u0142y 2700-3000k Ilo\u015b\u0107 \u017car\u00f3wek: 10-LED Zasilanie:&nbsp;solarne D\u0142ugo\u015b\u0107 380 cm Wsp\u00f3\u0142czynnik ochrony:&nbsp;IP44 \u015arodowisko u\u017cytkowania&nbsp;zewn\u0119trzne Temperatura pracy:&nbsp;-20 \u2103 &#8211; 40 \u2103 Girlanda ogrodowa w kszta\u0142cie kawa\u0142k\u00f3w cytryny sprawdzi si\u0119 jako dekoracyjne o\u015bwietlenie patio, [&hellip;]<\/p>\n","protected":false},"featured_media":3302,"comment_status":"open","ping_status":"closed","template":"","meta":[],"product_brand":[76],"product_cat":[228],"product_tag":[],"class_list":{"0":"post-3293","1":"product","2":"type-product","3":"status-publish","4":"has-post-thumbnail","6":"product_brand-aigostar","7":"product_cat-girlandy-swietlne","9":"first","10":"instock","11":"taxable","12":"shipping-taxable","13":"purchasable","14":"product-type-simple"},"yoast_head":"<!-- This site is optimized with the Yoast SEO plugin v27.3 - https:\/\/yoast.com\/product\/yoast-seo-wordpress\/ -->\n<title>GIRLANDA SOLARNA CYTRYNY BIA\u0141E 2700K 3.8M x10 - Mix Market - Supermarket z wszystkim co potrzeba<\/title>\n<meta name=\"robots\" content=\"index, follow, max-snippet:-1, max-image-preview:large, max-video-preview:-1\" \/>\n<link rel=\"canonical\" href=\"https:\/\/racom.com.pl\/index.php\/produkt\/girlanda-solarna-cytryny-biale-2700k-3-8m-x10\/\" \/>\n<meta property=\"og:locale\" content=\"pl_PL\" \/>\n<meta property=\"og:type\" content=\"article\" \/>\n<meta property=\"og:title\" content=\"GIRLANDA SOLARNA CYTRYNY BIA\u0141E 2700K 3.8M x10 - Mix Market - Supermarket z wszystkim co potrzeba\" \/>\n<meta property=\"og:description\" content=\"Girlanda Solarna Ogrodowa LED \u0141a\u0144cuch \u015awietlny 2700K 3,8m 10 Lampek IP44 Ca\u0142oroczna girlanda \u015bwietlna w kszta\u0142cie cytrynek. Specyfikacja Akumulator&nbsp;1*300 mAh AA Ni-Mh Kolor \u015bwiat\u0142a:&nbsp;bia\u0142y ciep\u0142y 2700-3000k Ilo\u015b\u0107 \u017car\u00f3wek: 10-LED Zasilanie:&nbsp;solarne D\u0142ugo\u015b\u0107 380 cm Wsp\u00f3\u0142czynnik ochrony:&nbsp;IP44 \u015arodowisko u\u017cytkowania&nbsp;zewn\u0119trzne Temperatura pracy:&nbsp;-20 \u2103 &#8211; 40 \u2103 Girlanda ogrodowa w kszta\u0142cie kawa\u0142k\u00f3w cytryny sprawdzi si\u0119 jako dekoracyjne o\u015bwietlenie patio, [&hellip;]\" \/>\n<meta property=\"og:url\" content=\"https:\/\/racom.com.pl\/index.php\/produkt\/girlanda-solarna-cytryny-biale-2700k-3-8m-x10\/\" \/>\n<meta property=\"og:site_name\" content=\"Mix Market - Supermarket z wszystkim co potrzeba\" \/>\n<meta property=\"og:image\" content=\"https:\/\/racom.com.pl\/wp-content\/uploads\/2025\/07\/allegro_687be856884b78.70906529_4ebe02ce405e9588645cc11f5d46.jpg\" \/>\n\t<meta property=\"og:image:width\" content=\"1600\" \/>\n\t<meta property=\"og:image:height\" content=\"1600\" \/>\n\t<meta property=\"og:image:type\" content=\"image\/jpeg\" \/>\n<meta name=\"twitter:card\" content=\"summary_large_image\" \/>\n<meta name=\"twitter:label1\" content=\"Szacowany czas czytania\" \/>\n\t<meta name=\"twitter:data1\" content=\"1 minuta\" \/>\n<script type=\"application\/ld+json\" class=\"yoast-schema-graph\">{\"@context\":\"https:\\\/\\\/schema.org\",\"@graph\":[{\"@type\":\"WebPage\",\"@id\":\"https:\\\/\\\/racom.com.pl\\\/index.php\\\/produkt\\\/girlanda-solarna-cytryny-biale-2700k-3-8m-x10\\\/\",\"url\":\"https:\\\/\\\/racom.com.pl\\\/index.php\\\/produkt\\\/girlanda-solarna-cytryny-biale-2700k-3-8m-x10\\\/\",\"name\":\"GIRLANDA SOLARNA CYTRYNY BIA\u0141E 2700K 3.8M x10 - Mix Market - Supermarket z wszystkim co potrzeba\",\"isPartOf\":{\"@id\":\"https:\\\/\\\/racom.com.pl\\\/#website\"},\"primaryImageOfPage\":{\"@id\":\"https:\\\/\\\/racom.com.pl\\\/index.php\\\/produkt\\\/girlanda-solarna-cytryny-biale-2700k-3-8m-x10\\\/#primaryimage\"},\"image\":{\"@id\":\"https:\\\/\\\/racom.com.pl\\\/index.php\\\/produkt\\\/girlanda-solarna-cytryny-biale-2700k-3-8m-x10\\\/#primaryimage\"},\"thumbnailUrl\":\"https:\\\/\\\/racom.com.pl\\\/wp-content\\\/uploads\\\/2025\\\/07\\\/allegro_687be856884b78.70906529_4ebe02ce405e9588645cc11f5d46.jpg\",\"datePublished\":\"2025-07-19T18:44:13+00:00\",\"breadcrumb\":{\"@id\":\"https:\\\/\\\/racom.com.pl\\\/index.php\\\/produkt\\\/girlanda-solarna-cytryny-biale-2700k-3-8m-x10\\\/#breadcrumb\"},\"inLanguage\":\"pl-PL\",\"potentialAction\":[{\"@type\":\"ReadAction\",\"target\":[\"https:\\\/\\\/racom.com.pl\\\/index.php\\\/produkt\\\/girlanda-solarna-cytryny-biale-2700k-3-8m-x10\\\/\"]}]},{\"@type\":\"ImageObject\",\"inLanguage\":\"pl-PL\",\"@id\":\"https:\\\/\\\/racom.com.pl\\\/index.php\\\/produkt\\\/girlanda-solarna-cytryny-biale-2700k-3-8m-x10\\\/#primaryimage\",\"url\":\"https:\\\/\\\/racom.com.pl\\\/wp-content\\\/uploads\\\/2025\\\/07\\\/allegro_687be856884b78.70906529_4ebe02ce405e9588645cc11f5d46.jpg\",\"contentUrl\":\"https:\\\/\\\/racom.com.pl\\\/wp-content\\\/uploads\\\/2025\\\/07\\\/allegro_687be856884b78.70906529_4ebe02ce405e9588645cc11f5d46.jpg\",\"width\":1600,\"height\":1600},{\"@type\":\"BreadcrumbList\",\"@id\":\"https:\\\/\\\/racom.com.pl\\\/index.php\\\/produkt\\\/girlanda-solarna-cytryny-biale-2700k-3-8m-x10\\\/#breadcrumb\",\"itemListElement\":[{\"@type\":\"ListItem\",\"position\":1,\"name\":\"Strona g\u0142\u00f3wna\",\"item\":\"https:\\\/\\\/racom.com.pl\\\/\"},{\"@type\":\"ListItem\",\"position\":2,\"name\":\"Sklep\",\"item\":\"https:\\\/\\\/racom.com.pl\\\/\"},{\"@type\":\"ListItem\",\"position\":3,\"name\":\"GIRLANDA SOLARNA CYTRYNY BIA\u0141E 2700K 3.8M x10\"}]},{\"@type\":\"WebSite\",\"@id\":\"https:\\\/\\\/racom.com.pl\\\/#website\",\"url\":\"https:\\\/\\\/racom.com.pl\\\/\",\"name\":\"Mix Market - Supermarket z wszystkim co potrzeba do domu i nie tylko\",\"description\":\"\",\"publisher\":{\"@id\":\"https:\\\/\\\/racom.com.pl\\\/#organization\"},\"potentialAction\":[{\"@type\":\"SearchAction\",\"target\":{\"@type\":\"EntryPoint\",\"urlTemplate\":\"https:\\\/\\\/racom.com.pl\\\/?s={search_term_string}\"},\"query-input\":{\"@type\":\"PropertyValueSpecification\",\"valueRequired\":true,\"valueName\":\"search_term_string\"}}],\"inLanguage\":\"pl-PL\"},{\"@type\":\"Organization\",\"@id\":\"https:\\\/\\\/racom.com.pl\\\/#organization\",\"name\":\"Mix Market - Supermarket z wszystkim co potrzeba do domu i nie tylko\",\"url\":\"https:\\\/\\\/racom.com.pl\\\/\",\"logo\":{\"@type\":\"ImageObject\",\"inLanguage\":\"pl-PL\",\"@id\":\"https:\\\/\\\/racom.com.pl\\\/#\\\/schema\\\/logo\\\/image\\\/\",\"url\":\"https:\\\/\\\/racom.com.pl\\\/wp-content\\\/uploads\\\/2025\\\/07\\\/mixmarket_logo.png\",\"contentUrl\":\"https:\\\/\\\/racom.com.pl\\\/wp-content\\\/uploads\\\/2025\\\/07\\\/mixmarket_logo.png\",\"width\":1024,\"height\":1024,\"caption\":\"Mix Market - Supermarket z wszystkim co potrzeba do domu i nie tylko\"},\"image\":{\"@id\":\"https:\\\/\\\/racom.com.pl\\\/#\\\/schema\\\/logo\\\/image\\\/\"}}]}<\/script>\n<!-- \/ Yoast SEO plugin. -->","yoast_head_json":{"title":"GIRLANDA SOLARNA CYTRYNY BIA\u0141E 2700K 3.8M x10 - Mix Market - Supermarket z wszystkim co potrzeba","robots":{"index":"index","follow":"follow","max-snippet":"max-snippet:-1","max-image-preview":"max-image-preview:large","max-video-preview":"max-video-preview:-1"},"canonical":"https:\/\/racom.com.pl\/index.php\/produkt\/girlanda-solarna-cytryny-biale-2700k-3-8m-x10\/","og_locale":"pl_PL","og_type":"article","og_title":"GIRLANDA SOLARNA CYTRYNY BIA\u0141E 2700K 3.8M x10 - Mix Market - Supermarket z wszystkim co potrzeba","og_description":"Girlanda Solarna Ogrodowa LED \u0141a\u0144cuch \u015awietlny 2700K 3,8m 10 Lampek IP44 Ca\u0142oroczna girlanda \u015bwietlna w kszta\u0142cie cytrynek. Specyfikacja Akumulator&nbsp;1*300 mAh AA Ni-Mh Kolor \u015bwiat\u0142a:&nbsp;bia\u0142y ciep\u0142y 2700-3000k Ilo\u015b\u0107 \u017car\u00f3wek: 10-LED Zasilanie:&nbsp;solarne D\u0142ugo\u015b\u0107 380 cm Wsp\u00f3\u0142czynnik ochrony:&nbsp;IP44 \u015arodowisko u\u017cytkowania&nbsp;zewn\u0119trzne Temperatura pracy:&nbsp;-20 \u2103 &#8211; 40 \u2103 Girlanda ogrodowa w kszta\u0142cie kawa\u0142k\u00f3w cytryny sprawdzi si\u0119 jako dekoracyjne o\u015bwietlenie patio, [&hellip;]","og_url":"https:\/\/racom.com.pl\/index.php\/produkt\/girlanda-solarna-cytryny-biale-2700k-3-8m-x10\/","og_site_name":"Mix Market - Supermarket z wszystkim co potrzeba","og_image":[{"width":1600,"height":1600,"url":"https:\/\/racom.com.pl\/wp-content\/uploads\/2025\/07\/allegro_687be856884b78.70906529_4ebe02ce405e9588645cc11f5d46.jpg","type":"image\/jpeg"}],"twitter_card":"summary_large_image","twitter_misc":{"Szacowany czas czytania":"1 minuta"},"schema":{"@context":"https:\/\/schema.org","@graph":[{"@type":"WebPage","@id":"https:\/\/racom.com.pl\/index.php\/produkt\/girlanda-solarna-cytryny-biale-2700k-3-8m-x10\/","url":"https:\/\/racom.com.pl\/index.php\/produkt\/girlanda-solarna-cytryny-biale-2700k-3-8m-x10\/","name":"GIRLANDA SOLARNA CYTRYNY BIA\u0141E 2700K 3.8M x10 - Mix Market - Supermarket z wszystkim co potrzeba","isPartOf":{"@id":"https:\/\/racom.com.pl\/#website"},"primaryImageOfPage":{"@id":"https:\/\/racom.com.pl\/index.php\/produkt\/girlanda-solarna-cytryny-biale-2700k-3-8m-x10\/#primaryimage"},"image":{"@id":"https:\/\/racom.com.pl\/index.php\/produkt\/girlanda-solarna-cytryny-biale-2700k-3-8m-x10\/#primaryimage"},"thumbnailUrl":"https:\/\/racom.com.pl\/wp-content\/uploads\/2025\/07\/allegro_687be856884b78.70906529_4ebe02ce405e9588645cc11f5d46.jpg","datePublished":"2025-07-19T18:44:13+00:00","breadcrumb":{"@id":"https:\/\/racom.com.pl\/index.php\/produkt\/girlanda-solarna-cytryny-biale-2700k-3-8m-x10\/#breadcrumb"},"inLanguage":"pl-PL","potentialAction":[{"@type":"ReadAction","target":["https:\/\/racom.com.pl\/index.php\/produkt\/girlanda-solarna-cytryny-biale-2700k-3-8m-x10\/"]}]},{"@type":"ImageObject","inLanguage":"pl-PL","@id":"https:\/\/racom.com.pl\/index.php\/produkt\/girlanda-solarna-cytryny-biale-2700k-3-8m-x10\/#primaryimage","url":"https:\/\/racom.com.pl\/wp-content\/uploads\/2025\/07\/allegro_687be856884b78.70906529_4ebe02ce405e9588645cc11f5d46.jpg","contentUrl":"https:\/\/racom.com.pl\/wp-content\/uploads\/2025\/07\/allegro_687be856884b78.70906529_4ebe02ce405e9588645cc11f5d46.jpg","width":1600,"height":1600},{"@type":"BreadcrumbList","@id":"https:\/\/racom.com.pl\/index.php\/produkt\/girlanda-solarna-cytryny-biale-2700k-3-8m-x10\/#breadcrumb","itemListElement":[{"@type":"ListItem","position":1,"name":"Strona g\u0142\u00f3wna","item":"https:\/\/racom.com.pl\/"},{"@type":"ListItem","position":2,"name":"Sklep","item":"https:\/\/racom.com.pl\/"},{"@type":"ListItem","position":3,"name":"GIRLANDA SOLARNA CYTRYNY BIA\u0141E 2700K 3.8M x10"}]},{"@type":"WebSite","@id":"https:\/\/racom.com.pl\/#website","url":"https:\/\/racom.com.pl\/","name":"Mix Market - Supermarket z wszystkim co potrzeba do domu i nie tylko","description":"","publisher":{"@id":"https:\/\/racom.com.pl\/#organization"},"potentialAction":[{"@type":"SearchAction","target":{"@type":"EntryPoint","urlTemplate":"https:\/\/racom.com.pl\/?s={search_term_string}"},"query-input":{"@type":"PropertyValueSpecification","valueRequired":true,"valueName":"search_term_string"}}],"inLanguage":"pl-PL"},{"@type":"Organization","@id":"https:\/\/racom.com.pl\/#organization","name":"Mix Market - Supermarket z wszystkim co potrzeba do domu i nie tylko","url":"https:\/\/racom.com.pl\/","logo":{"@type":"ImageObject","inLanguage":"pl-PL","@id":"https:\/\/racom.com.pl\/#\/schema\/logo\/image\/","url":"https:\/\/racom.com.pl\/wp-content\/uploads\/2025\/07\/mixmarket_logo.png","contentUrl":"https:\/\/racom.com.pl\/wp-content\/uploads\/2025\/07\/mixmarket_logo.png","width":1024,"height":1024,"caption":"Mix Market - Supermarket z wszystkim co potrzeba do domu i nie tylko"},"image":{"@id":"https:\/\/racom.com.pl\/#\/schema\/logo\/image\/"}}]}},"_links":{"self":[{"href":"https:\/\/racom.com.pl\/index.php\/wp-json\/wp\/v2\/product\/3293","targetHints":{"allow":["GET"]}}],"collection":[{"href":"https:\/\/racom.com.pl\/index.php\/wp-json\/wp\/v2\/product"}],"about":[{"href":"https:\/\/racom.com.pl\/index.php\/wp-json\/wp\/v2\/types\/product"}],"replies":[{"embeddable":true,"href":"https:\/\/racom.com.pl\/index.php\/wp-json\/wp\/v2\/comments?post=3293"}],"wp:featuredmedia":[{"embeddable":true,"href":"https:\/\/racom.com.pl\/index.php\/wp-json\/wp\/v2\/media\/3302"}],"wp:attachment":[{"href":"https:\/\/racom.com.pl\/index.php\/wp-json\/wp\/v2\/media?parent=3293"}],"wp:term":[{"taxonomy":"product_brand","embeddable":true,"href":"https:\/\/racom.com.pl\/index.php\/wp-json\/wp\/v2\/product_brand?post=3293"},{"taxonomy":"product_cat","embeddable":true,"href":"https:\/\/racom.com.pl\/index.php\/wp-json\/wp\/v2\/product_cat?post=3293"},{"taxonomy":"product_tag","embeddable":true,"href":"https:\/\/racom.com.pl\/index.php\/wp-json\/wp\/v2\/product_tag?post=3293"}],"curies":[{"name":"wp","href":"https:\/\/api.w.org\/{rel}","templated":true}]}}