{"id":3308,"date":"2025-07-19T20:48:38","date_gmt":"2025-07-19T18:48:38","guid":{"rendered":"http:\/\/192.168.2.106\/index.php\/produkt\/ramka-do-gniazdka-sciemniacza-podwojna-biala\/"},"modified":"2025-07-19T20:48:38","modified_gmt":"2025-07-19T18:48:38","slug":"ramka-do-gniazdka-sciemniacza-podwojna-biala","status":"publish","type":"product","link":"https:\/\/racom.com.pl\/index.php\/produkt\/ramka-do-gniazdka-sciemniacza-podwojna-biala\/","title":{"rendered":"RAMKA DO GNIAZDKA \u015aCIEMNIACZA PODW\u00d3JNA BIA\u0141A"},"content":{"rendered":"<h2>Ramka z tworzywa sztucznego \u0142\u0105cznika\/gniazda podw\u00f3jnego<\/h2>\n<p>Bia\u0142a podw\u00f3jna ramka do \u015bciemniaczy LED, gniazdek elektrycznych i w\u0142\u0105cznik\u00f3w dost\u0119pnych na naszych aukcjach.<\/p>\n<p>Model: prostok\u0105t<\/p>\n<p>Kolor: Bia\u0142y<\/p>\n<p>Materia\u0142 wykonania: PC<\/p>\n","protected":false},"excerpt":{"rendered":"<p>Ramka z tworzywa sztucznego \u0142\u0105cznika\/gniazda podw\u00f3jnego Bia\u0142a podw\u00f3jna ramka do \u015bciemniaczy LED, gniazdek elektrycznych i w\u0142\u0105cznik\u00f3w dost\u0119pnych na naszych aukcjach. Model: prostok\u0105t Kolor: Bia\u0142y Materia\u0142 wykonania: PC<\/p>\n","protected":false},"featured_media":3312,"comment_status":"open","ping_status":"closed","template":"","meta":[],"product_brand":[76],"product_cat":[227],"product_tag":[],"class_list":{"0":"post-3308","1":"product","2":"type-product","3":"status-publish","4":"has-post-thumbnail","6":"product_brand-aigostar","7":"product_cat-elektryka-i-akcesoria","9":"first","10":"instock","11":"taxable","12":"shipping-taxable","13":"purchasable","14":"product-type-simple"},"yoast_head":"<!-- This site is optimized with the Yoast SEO plugin v27.3 - https:\/\/yoast.com\/product\/yoast-seo-wordpress\/ -->\n<title>RAMKA DO GNIAZDKA \u015aCIEMNIACZA PODW\u00d3JNA BIA\u0141A - Mix Market - Supermarket z wszystkim co potrzeba<\/title>\n<meta name=\"robots\" content=\"index, follow, max-snippet:-1, max-image-preview:large, max-video-preview:-1\" \/>\n<link rel=\"canonical\" href=\"https:\/\/racom.com.pl\/index.php\/produkt\/ramka-do-gniazdka-sciemniacza-podwojna-biala\/\" \/>\n<meta property=\"og:locale\" content=\"pl_PL\" \/>\n<meta property=\"og:type\" content=\"article\" \/>\n<meta property=\"og:title\" content=\"RAMKA DO GNIAZDKA \u015aCIEMNIACZA PODW\u00d3JNA BIA\u0141A - Mix Market - Supermarket z wszystkim co potrzeba\" \/>\n<meta property=\"og:description\" content=\"Ramka z tworzywa sztucznego \u0142\u0105cznika\/gniazda podw\u00f3jnego Bia\u0142a podw\u00f3jna ramka do \u015bciemniaczy LED, gniazdek elektrycznych i w\u0142\u0105cznik\u00f3w dost\u0119pnych na naszych aukcjach. Model: prostok\u0105t Kolor: Bia\u0142y Materia\u0142 wykonania: PC\" \/>\n<meta property=\"og:url\" content=\"https:\/\/racom.com.pl\/index.php\/produkt\/ramka-do-gniazdka-sciemniacza-podwojna-biala\/\" \/>\n<meta property=\"og:site_name\" content=\"Mix Market - Supermarket z wszystkim co potrzeba\" \/>\n<meta property=\"og:image\" content=\"https:\/\/racom.com.pl\/wp-content\/uploads\/2025\/07\/allegro_687be8a4060a97.40375590_88fe51ca40c1a009070be44b8d21.jpg\" \/>\n\t<meta property=\"og:image:width\" content=\"1500\" \/>\n\t<meta property=\"og:image:height\" content=\"1500\" \/>\n\t<meta property=\"og:image:type\" content=\"image\/jpeg\" \/>\n<meta name=\"twitter:card\" content=\"summary_large_image\" \/>\n<script type=\"application\/ld+json\" class=\"yoast-schema-graph\">{\"@context\":\"https:\\\/\\\/schema.org\",\"@graph\":[{\"@type\":\"WebPage\",\"@id\":\"https:\\\/\\\/racom.com.pl\\\/index.php\\\/produkt\\\/ramka-do-gniazdka-sciemniacza-podwojna-biala\\\/\",\"url\":\"https:\\\/\\\/racom.com.pl\\\/index.php\\\/produkt\\\/ramka-do-gniazdka-sciemniacza-podwojna-biala\\\/\",\"name\":\"RAMKA DO GNIAZDKA \u015aCIEMNIACZA PODW\u00d3JNA BIA\u0141A - Mix Market - Supermarket z wszystkim co potrzeba\",\"isPartOf\":{\"@id\":\"https:\\\/\\\/racom.com.pl\\\/#website\"},\"primaryImageOfPage\":{\"@id\":\"https:\\\/\\\/racom.com.pl\\\/index.php\\\/produkt\\\/ramka-do-gniazdka-sciemniacza-podwojna-biala\\\/#primaryimage\"},\"image\":{\"@id\":\"https:\\\/\\\/racom.com.pl\\\/index.php\\\/produkt\\\/ramka-do-gniazdka-sciemniacza-podwojna-biala\\\/#primaryimage\"},\"thumbnailUrl\":\"https:\\\/\\\/racom.com.pl\\\/wp-content\\\/uploads\\\/2025\\\/07\\\/allegro_687be8a4060a97.40375590_88fe51ca40c1a009070be44b8d21.jpg\",\"datePublished\":\"2025-07-19T18:48:38+00:00\",\"breadcrumb\":{\"@id\":\"https:\\\/\\\/racom.com.pl\\\/index.php\\\/produkt\\\/ramka-do-gniazdka-sciemniacza-podwojna-biala\\\/#breadcrumb\"},\"inLanguage\":\"pl-PL\",\"potentialAction\":[{\"@type\":\"ReadAction\",\"target\":[\"https:\\\/\\\/racom.com.pl\\\/index.php\\\/produkt\\\/ramka-do-gniazdka-sciemniacza-podwojna-biala\\\/\"]}]},{\"@type\":\"ImageObject\",\"inLanguage\":\"pl-PL\",\"@id\":\"https:\\\/\\\/racom.com.pl\\\/index.php\\\/produkt\\\/ramka-do-gniazdka-sciemniacza-podwojna-biala\\\/#primaryimage\",\"url\":\"https:\\\/\\\/racom.com.pl\\\/wp-content\\\/uploads\\\/2025\\\/07\\\/allegro_687be8a4060a97.40375590_88fe51ca40c1a009070be44b8d21.jpg\",\"contentUrl\":\"https:\\\/\\\/racom.com.pl\\\/wp-content\\\/uploads\\\/2025\\\/07\\\/allegro_687be8a4060a97.40375590_88fe51ca40c1a009070be44b8d21.jpg\",\"width\":1500,\"height\":1500},{\"@type\":\"BreadcrumbList\",\"@id\":\"https:\\\/\\\/racom.com.pl\\\/index.php\\\/produkt\\\/ramka-do-gniazdka-sciemniacza-podwojna-biala\\\/#breadcrumb\",\"itemListElement\":[{\"@type\":\"ListItem\",\"position\":1,\"name\":\"Strona g\u0142\u00f3wna\",\"item\":\"https:\\\/\\\/racom.com.pl\\\/\"},{\"@type\":\"ListItem\",\"position\":2,\"name\":\"Sklep\",\"item\":\"https:\\\/\\\/racom.com.pl\\\/\"},{\"@type\":\"ListItem\",\"position\":3,\"name\":\"RAMKA DO GNIAZDKA \u015aCIEMNIACZA PODW\u00d3JNA BIA\u0141A\"}]},{\"@type\":\"WebSite\",\"@id\":\"https:\\\/\\\/racom.com.pl\\\/#website\",\"url\":\"https:\\\/\\\/racom.com.pl\\\/\",\"name\":\"Mix Market - Supermarket z wszystkim co potrzeba do domu i nie tylko\",\"description\":\"\",\"publisher\":{\"@id\":\"https:\\\/\\\/racom.com.pl\\\/#organization\"},\"potentialAction\":[{\"@type\":\"SearchAction\",\"target\":{\"@type\":\"EntryPoint\",\"urlTemplate\":\"https:\\\/\\\/racom.com.pl\\\/?s={search_term_string}\"},\"query-input\":{\"@type\":\"PropertyValueSpecification\",\"valueRequired\":true,\"valueName\":\"search_term_string\"}}],\"inLanguage\":\"pl-PL\"},{\"@type\":\"Organization\",\"@id\":\"https:\\\/\\\/racom.com.pl\\\/#organization\",\"name\":\"Mix Market - Supermarket z wszystkim co potrzeba do domu i nie tylko\",\"url\":\"https:\\\/\\\/racom.com.pl\\\/\",\"logo\":{\"@type\":\"ImageObject\",\"inLanguage\":\"pl-PL\",\"@id\":\"https:\\\/\\\/racom.com.pl\\\/#\\\/schema\\\/logo\\\/image\\\/\",\"url\":\"https:\\\/\\\/racom.com.pl\\\/wp-content\\\/uploads\\\/2025\\\/07\\\/mixmarket_logo.png\",\"contentUrl\":\"https:\\\/\\\/racom.com.pl\\\/wp-content\\\/uploads\\\/2025\\\/07\\\/mixmarket_logo.png\",\"width\":1024,\"height\":1024,\"caption\":\"Mix Market - Supermarket z wszystkim co potrzeba do domu i nie tylko\"},\"image\":{\"@id\":\"https:\\\/\\\/racom.com.pl\\\/#\\\/schema\\\/logo\\\/image\\\/\"}}]}<\/script>\n<!-- \/ Yoast SEO plugin. -->","yoast_head_json":{"title":"RAMKA DO GNIAZDKA \u015aCIEMNIACZA PODW\u00d3JNA BIA\u0141A - Mix Market - Supermarket z wszystkim co potrzeba","robots":{"index":"index","follow":"follow","max-snippet":"max-snippet:-1","max-image-preview":"max-image-preview:large","max-video-preview":"max-video-preview:-1"},"canonical":"https:\/\/racom.com.pl\/index.php\/produkt\/ramka-do-gniazdka-sciemniacza-podwojna-biala\/","og_locale":"pl_PL","og_type":"article","og_title":"RAMKA DO GNIAZDKA \u015aCIEMNIACZA PODW\u00d3JNA BIA\u0141A - Mix Market - Supermarket z wszystkim co potrzeba","og_description":"Ramka z tworzywa sztucznego \u0142\u0105cznika\/gniazda podw\u00f3jnego Bia\u0142a podw\u00f3jna ramka do \u015bciemniaczy LED, gniazdek elektrycznych i w\u0142\u0105cznik\u00f3w dost\u0119pnych na naszych aukcjach. Model: prostok\u0105t Kolor: Bia\u0142y Materia\u0142 wykonania: PC","og_url":"https:\/\/racom.com.pl\/index.php\/produkt\/ramka-do-gniazdka-sciemniacza-podwojna-biala\/","og_site_name":"Mix Market - Supermarket z wszystkim co potrzeba","og_image":[{"width":1500,"height":1500,"url":"https:\/\/racom.com.pl\/wp-content\/uploads\/2025\/07\/allegro_687be8a4060a97.40375590_88fe51ca40c1a009070be44b8d21.jpg","type":"image\/jpeg"}],"twitter_card":"summary_large_image","schema":{"@context":"https:\/\/schema.org","@graph":[{"@type":"WebPage","@id":"https:\/\/racom.com.pl\/index.php\/produkt\/ramka-do-gniazdka-sciemniacza-podwojna-biala\/","url":"https:\/\/racom.com.pl\/index.php\/produkt\/ramka-do-gniazdka-sciemniacza-podwojna-biala\/","name":"RAMKA DO GNIAZDKA \u015aCIEMNIACZA PODW\u00d3JNA BIA\u0141A - Mix Market - Supermarket z wszystkim co potrzeba","isPartOf":{"@id":"https:\/\/racom.com.pl\/#website"},"primaryImageOfPage":{"@id":"https:\/\/racom.com.pl\/index.php\/produkt\/ramka-do-gniazdka-sciemniacza-podwojna-biala\/#primaryimage"},"image":{"@id":"https:\/\/racom.com.pl\/index.php\/produkt\/ramka-do-gniazdka-sciemniacza-podwojna-biala\/#primaryimage"},"thumbnailUrl":"https:\/\/racom.com.pl\/wp-content\/uploads\/2025\/07\/allegro_687be8a4060a97.40375590_88fe51ca40c1a009070be44b8d21.jpg","datePublished":"2025-07-19T18:48:38+00:00","breadcrumb":{"@id":"https:\/\/racom.com.pl\/index.php\/produkt\/ramka-do-gniazdka-sciemniacza-podwojna-biala\/#breadcrumb"},"inLanguage":"pl-PL","potentialAction":[{"@type":"ReadAction","target":["https:\/\/racom.com.pl\/index.php\/produkt\/ramka-do-gniazdka-sciemniacza-podwojna-biala\/"]}]},{"@type":"ImageObject","inLanguage":"pl-PL","@id":"https:\/\/racom.com.pl\/index.php\/produkt\/ramka-do-gniazdka-sciemniacza-podwojna-biala\/#primaryimage","url":"https:\/\/racom.com.pl\/wp-content\/uploads\/2025\/07\/allegro_687be8a4060a97.40375590_88fe51ca40c1a009070be44b8d21.jpg","contentUrl":"https:\/\/racom.com.pl\/wp-content\/uploads\/2025\/07\/allegro_687be8a4060a97.40375590_88fe51ca40c1a009070be44b8d21.jpg","width":1500,"height":1500},{"@type":"BreadcrumbList","@id":"https:\/\/racom.com.pl\/index.php\/produkt\/ramka-do-gniazdka-sciemniacza-podwojna-biala\/#breadcrumb","itemListElement":[{"@type":"ListItem","position":1,"name":"Strona g\u0142\u00f3wna","item":"https:\/\/racom.com.pl\/"},{"@type":"ListItem","position":2,"name":"Sklep","item":"https:\/\/racom.com.pl\/"},{"@type":"ListItem","position":3,"name":"RAMKA DO GNIAZDKA \u015aCIEMNIACZA PODW\u00d3JNA BIA\u0141A"}]},{"@type":"WebSite","@id":"https:\/\/racom.com.pl\/#website","url":"https:\/\/racom.com.pl\/","name":"Mix Market - Supermarket z wszystkim co potrzeba do domu i nie tylko","description":"","publisher":{"@id":"https:\/\/racom.com.pl\/#organization"},"potentialAction":[{"@type":"SearchAction","target":{"@type":"EntryPoint","urlTemplate":"https:\/\/racom.com.pl\/?s={search_term_string}"},"query-input":{"@type":"PropertyValueSpecification","valueRequired":true,"valueName":"search_term_string"}}],"inLanguage":"pl-PL"},{"@type":"Organization","@id":"https:\/\/racom.com.pl\/#organization","name":"Mix Market - Supermarket z wszystkim co potrzeba do domu i nie tylko","url":"https:\/\/racom.com.pl\/","logo":{"@type":"ImageObject","inLanguage":"pl-PL","@id":"https:\/\/racom.com.pl\/#\/schema\/logo\/image\/","url":"https:\/\/racom.com.pl\/wp-content\/uploads\/2025\/07\/mixmarket_logo.png","contentUrl":"https:\/\/racom.com.pl\/wp-content\/uploads\/2025\/07\/mixmarket_logo.png","width":1024,"height":1024,"caption":"Mix Market - Supermarket z wszystkim co potrzeba do domu i nie tylko"},"image":{"@id":"https:\/\/racom.com.pl\/#\/schema\/logo\/image\/"}}]}},"_links":{"self":[{"href":"https:\/\/racom.com.pl\/index.php\/wp-json\/wp\/v2\/product\/3308","targetHints":{"allow":["GET"]}}],"collection":[{"href":"https:\/\/racom.com.pl\/index.php\/wp-json\/wp\/v2\/product"}],"about":[{"href":"https:\/\/racom.com.pl\/index.php\/wp-json\/wp\/v2\/types\/product"}],"replies":[{"embeddable":true,"href":"https:\/\/racom.com.pl\/index.php\/wp-json\/wp\/v2\/comments?post=3308"}],"wp:featuredmedia":[{"embeddable":true,"href":"https:\/\/racom.com.pl\/index.php\/wp-json\/wp\/v2\/media\/3312"}],"wp:attachment":[{"href":"https:\/\/racom.com.pl\/index.php\/wp-json\/wp\/v2\/media?parent=3308"}],"wp:term":[{"taxonomy":"product_brand","embeddable":true,"href":"https:\/\/racom.com.pl\/index.php\/wp-json\/wp\/v2\/product_brand?post=3308"},{"taxonomy":"product_cat","embeddable":true,"href":"https:\/\/racom.com.pl\/index.php\/wp-json\/wp\/v2\/product_cat?post=3308"},{"taxonomy":"product_tag","embeddable":true,"href":"https:\/\/racom.com.pl\/index.php\/wp-json\/wp\/v2\/product_tag?post=3308"}],"curies":[{"name":"wp","href":"https:\/\/api.w.org\/{rel}","templated":true}]}}