{"id":3327,"date":"2025-07-19T23:12:07","date_gmt":"2025-07-19T21:12:07","guid":{"rendered":"http:\/\/192.168.2.106\/index.php\/produkt\/halogen-led-100-w-1200-lm-panel-solarny-pilot\/"},"modified":"2025-07-19T23:12:07","modified_gmt":"2025-07-19T21:12:07","slug":"halogen-led-100-w-1200-lm-panel-solarny-pilot","status":"publish","type":"product","link":"https:\/\/racom.com.pl\/index.php\/produkt\/halogen-led-100-w-1200-lm-panel-solarny-pilot\/","title":{"rendered":"Halogen LED 100 W 1200 lm + panel solarny pilot"},"content":{"rendered":"<h2>Panel Solarny Halogen LED 100W Pilot<\/h2>\n<h2>Dane Techniczne:<\/h2>\n<ul>\n<li>Kolor produktu: <b>Szary<\/b><\/li>\n<li>Rozmiar Halogenu:&nbsp; <b>Szeroko\u015b\u0107 211* Wysoko\u015b\u0107 271*&nbsp; G\u0142\u0119boko\u015b\u0107 43mm<\/b><\/li>\n<li>Rozmiar panelu s\u0142onecznego: <b>Szeroko\u015b\u0107 350* Wysoko\u015b\u0107 290* G\u0142\u0119boko\u015b\u0107 17mm<\/b><\/li>\n<li>Zasi\u0119g: <b>5-6m<\/b><\/li>\n<li>Moc lampy led\uff1a<b>100W<\/b><\/li>\n<li>Poziom ochrony:&nbsp;<b>IK07, IP65<\/b><\/li>\n<li>Moc panelu s\u0142onecznego: <b>15 W<\/b><\/li>\n<li>Napi\u0119cie panelu s\u0142onecznego:&nbsp;<b>5 V<\/b><\/li>\n<li>Napi\u0119cie:&nbsp;<b>DC 3,2V<\/b><\/li>\n<li>Pr\u0105d: <b>1875mA<\/b><\/li>\n<li>Temperatura barwowa:&nbsp;<b>bia\u0142e \u015bwiat\u0142o 6500k<\/b><\/li>\n<li>Strumie\u0144 \u015bwietlny: <b>1200 lm<\/b><\/li>\n<li>CRI\uff1a<b>\uff1e70Ra<\/b><\/li>\n<li>K\u0105t \u015bwiecenia\uff1a<b>90\u00b0<\/b><\/li>\n<li>Temperatura pracy:&nbsp;<b>-10 \u2103 \uff5e 50 \u2103<\/b><\/li>\n<\/ul>\n<h2>Zestaw Zawiera:<\/h2>\n<ul>\n<li>Lamp\u0119 Led,<\/li>\n<li>Mocowanie lampy Led,<\/li>\n<li>Panel solarny,<\/li>\n<li>Mocowanie panelu solarnego,<\/li>\n<li>Pilot,<\/li>\n<li>Instrukcje,<\/li>\n<\/ul>\n<h2>Inteligentny pilot, d\u0142u\u017cszy czas \u015bwiecenia, regulacja jasno\u015bci.<\/h2>\n<p>Trzy ustawienia o\u015bwietlenia,<\/p>\n<p>Trzy tryby odliczania czasu 3 godz. \/ 5 godz. \/ 8 godz.,<\/p>\n<p>Tryb Automatyczny,<\/p>\n<p>Sterowanie trybem o\u015bwietlenia za pomoc\u0105 jednego przycisku.<\/p>\n<p>Ustawianie pilota z funkcjami pami\u0119ci, co jest wygodne w u\u017cyciu.<\/p>\n<h2>Bezprzewodowe, \u0142atwe w monta\u017cu<\/h2>\n<p>Nie ma potrzeby stosowania okablowania zasilaj\u0105cego, u\u017cyj wkr\u0119t\u00f3w rozporowych, wywier\u0107 otwory w \u015bcianie i dokr\u0119\u0107 je.<\/p>\n<p>\u0141atwe w monta\u017cu, nadaje si\u0119 do wszystkich typ\u00f3w monta\u017cu.<\/p>\n<h2>Technologia energii s\u0142onecznej, przez ca\u0142y rok bez rachunku za pr\u0105d.<\/h2>\n<p>Automatyczne \u0142adowanie energi\u0105 s\u0142oneczn\u0105, energooszcz\u0119dne i przyjazne dla \u015brodowiska.<\/p>\n<p>W ci\u0105gu dnia panel solarny \u0142aduje si\u0119 automatycznie, zapala si\u0119 po zmroku, o\u015bwietlenie przez ca\u0142y rok bez rachunku za pr\u0105d.<\/p>\n<h2>Wysoka wydajno\u015b\u0107 \u015bwietlna, wysoka jasno\u015b\u0107<\/h2>\n<p>Zastosowano diody Bridgelux, maj\u0105 wysok\u0105 wydajno\u015b\u0107 \u015bwietln\u0105, dobre o\u015bwietlenie, d\u0142ugi efektywny zasi\u0119g, jednolite \u015bwiat\u0142o i ulepszon\u0105 wydajno\u015b\u0107 oprawy.<\/p>\n<h2>\u0141adowanie przy s\u0142abym \u015bwietle, o\u015bwietlenie bez pr\u0105du.<\/h2>\n<p>Panel fotowoltaiczny z monokrystalicznego krzemu o wysokiej czu\u0142o\u015bci, kt\u00f3ry obs\u0142uguje \u0142adowanie przy s\u0142abym \u015bwietle, nawet w deszczowe dni, niestraszny mu wiatr ani deszcz oraz zabezpiecza o\u015bwietlenie przez ca\u0142y rok bez zu\u017cycia pr\u0105du.<\/p>\n<h2>D\u0142ugotrwa\u0142y czas \u015bwiecenia przez ca\u0142\u0105 noc<\/h2>\n<p>Du\u017ca pojemno\u015b\u0107 baterii, zapewniaj\u0105ca halogenowi d\u0142ugi czas \u015bwiecenia i trwa\u0142o\u015b\u0107 do 12h.<\/p>\n<p>Korpus lampy wewn\u0105trz z bateri\u0105 litowo-\u017celazowo-fosforanow\u0105, bezpiecze\u0144stwo i zabezpieczenie przed wybuchem.<\/p>\n","protected":false},"excerpt":{"rendered":"<p>Panel Solarny Halogen LED 100W Pilot Dane Techniczne: Kolor produktu: Szary Rozmiar Halogenu:&nbsp; Szeroko\u015b\u0107 211* Wysoko\u015b\u0107 271*&nbsp; G\u0142\u0119boko\u015b\u0107 43mm Rozmiar panelu s\u0142onecznego: Szeroko\u015b\u0107 350* Wysoko\u015b\u0107 290* G\u0142\u0119boko\u015b\u0107 17mm Zasi\u0119g: 5-6m Moc lampy led\uff1a100W Poziom ochrony:&nbsp;IK07, IP65 Moc panelu s\u0142onecznego: 15 W Napi\u0119cie panelu s\u0142onecznego:&nbsp;5 V Napi\u0119cie:&nbsp;DC 3,2V Pr\u0105d: 1875mA Temperatura barwowa:&nbsp;bia\u0142e \u015bwiat\u0142o 6500k Strumie\u0144 \u015bwietlny: [&hellip;]<\/p>\n","protected":false},"featured_media":3336,"comment_status":"open","ping_status":"closed","template":"","meta":[],"product_brand":[76],"product_cat":[229],"product_tag":[],"class_list":{"0":"post-3327","1":"product","2":"type-product","3":"status-publish","4":"has-post-thumbnail","6":"product_brand-aigostar","7":"product_cat-oswietlenie","9":"first","10":"instock","11":"taxable","12":"shipping-taxable","13":"purchasable","14":"product-type-simple"},"yoast_head":"<!-- This site is optimized with the Yoast SEO plugin v27.3 - https:\/\/yoast.com\/product\/yoast-seo-wordpress\/ -->\n<title>Halogen LED 100 W 1200 lm + panel solarny pilot - Mix Market - Supermarket z wszystkim co potrzeba<\/title>\n<meta name=\"robots\" content=\"index, follow, max-snippet:-1, max-image-preview:large, max-video-preview:-1\" \/>\n<link rel=\"canonical\" href=\"https:\/\/racom.com.pl\/index.php\/produkt\/halogen-led-100-w-1200-lm-panel-solarny-pilot\/\" \/>\n<meta property=\"og:locale\" content=\"pl_PL\" \/>\n<meta property=\"og:type\" content=\"article\" \/>\n<meta property=\"og:title\" content=\"Halogen LED 100 W 1200 lm + panel solarny pilot - Mix Market - Supermarket z wszystkim co potrzeba\" \/>\n<meta property=\"og:description\" content=\"Panel Solarny Halogen LED 100W Pilot Dane Techniczne: Kolor produktu: Szary Rozmiar Halogenu:&nbsp; Szeroko\u015b\u0107 211* Wysoko\u015b\u0107 271*&nbsp; G\u0142\u0119boko\u015b\u0107 43mm Rozmiar panelu s\u0142onecznego: Szeroko\u015b\u0107 350* Wysoko\u015b\u0107 290* G\u0142\u0119boko\u015b\u0107 17mm Zasi\u0119g: 5-6m Moc lampy led\uff1a100W Poziom ochrony:&nbsp;IK07, IP65 Moc panelu s\u0142onecznego: 15 W Napi\u0119cie panelu s\u0142onecznego:&nbsp;5 V Napi\u0119cie:&nbsp;DC 3,2V Pr\u0105d: 1875mA Temperatura barwowa:&nbsp;bia\u0142e \u015bwiat\u0142o 6500k Strumie\u0144 \u015bwietlny: [&hellip;]\" \/>\n<meta property=\"og:url\" content=\"https:\/\/racom.com.pl\/index.php\/produkt\/halogen-led-100-w-1200-lm-panel-solarny-pilot\/\" \/>\n<meta property=\"og:site_name\" content=\"Mix Market - Supermarket z wszystkim co potrzeba\" \/>\n<meta property=\"og:image\" content=\"https:\/\/racom.com.pl\/wp-content\/uploads\/2025\/07\/allegro_687c0ac6428b55.48139460_9aa8ae154481b0e110850b95f0a2.jpg\" \/>\n\t<meta property=\"og:image:width\" content=\"1500\" \/>\n\t<meta property=\"og:image:height\" content=\"1500\" \/>\n\t<meta property=\"og:image:type\" content=\"image\/jpeg\" \/>\n<meta name=\"twitter:card\" content=\"summary_large_image\" \/>\n<meta name=\"twitter:label1\" content=\"Szacowany czas czytania\" \/>\n\t<meta name=\"twitter:data1\" content=\"2 minuty\" \/>\n<script type=\"application\/ld+json\" class=\"yoast-schema-graph\">{\"@context\":\"https:\\\/\\\/schema.org\",\"@graph\":[{\"@type\":\"WebPage\",\"@id\":\"https:\\\/\\\/racom.com.pl\\\/index.php\\\/produkt\\\/halogen-led-100-w-1200-lm-panel-solarny-pilot\\\/\",\"url\":\"https:\\\/\\\/racom.com.pl\\\/index.php\\\/produkt\\\/halogen-led-100-w-1200-lm-panel-solarny-pilot\\\/\",\"name\":\"Halogen LED 100 W 1200 lm + panel solarny pilot - Mix Market - Supermarket z wszystkim co potrzeba\",\"isPartOf\":{\"@id\":\"https:\\\/\\\/racom.com.pl\\\/#website\"},\"primaryImageOfPage\":{\"@id\":\"https:\\\/\\\/racom.com.pl\\\/index.php\\\/produkt\\\/halogen-led-100-w-1200-lm-panel-solarny-pilot\\\/#primaryimage\"},\"image\":{\"@id\":\"https:\\\/\\\/racom.com.pl\\\/index.php\\\/produkt\\\/halogen-led-100-w-1200-lm-panel-solarny-pilot\\\/#primaryimage\"},\"thumbnailUrl\":\"https:\\\/\\\/racom.com.pl\\\/wp-content\\\/uploads\\\/2025\\\/07\\\/allegro_687c0ac6428b55.48139460_9aa8ae154481b0e110850b95f0a2.jpg\",\"datePublished\":\"2025-07-19T21:12:07+00:00\",\"breadcrumb\":{\"@id\":\"https:\\\/\\\/racom.com.pl\\\/index.php\\\/produkt\\\/halogen-led-100-w-1200-lm-panel-solarny-pilot\\\/#breadcrumb\"},\"inLanguage\":\"pl-PL\",\"potentialAction\":[{\"@type\":\"ReadAction\",\"target\":[\"https:\\\/\\\/racom.com.pl\\\/index.php\\\/produkt\\\/halogen-led-100-w-1200-lm-panel-solarny-pilot\\\/\"]}]},{\"@type\":\"ImageObject\",\"inLanguage\":\"pl-PL\",\"@id\":\"https:\\\/\\\/racom.com.pl\\\/index.php\\\/produkt\\\/halogen-led-100-w-1200-lm-panel-solarny-pilot\\\/#primaryimage\",\"url\":\"https:\\\/\\\/racom.com.pl\\\/wp-content\\\/uploads\\\/2025\\\/07\\\/allegro_687c0ac6428b55.48139460_9aa8ae154481b0e110850b95f0a2.jpg\",\"contentUrl\":\"https:\\\/\\\/racom.com.pl\\\/wp-content\\\/uploads\\\/2025\\\/07\\\/allegro_687c0ac6428b55.48139460_9aa8ae154481b0e110850b95f0a2.jpg\",\"width\":1500,\"height\":1500},{\"@type\":\"BreadcrumbList\",\"@id\":\"https:\\\/\\\/racom.com.pl\\\/index.php\\\/produkt\\\/halogen-led-100-w-1200-lm-panel-solarny-pilot\\\/#breadcrumb\",\"itemListElement\":[{\"@type\":\"ListItem\",\"position\":1,\"name\":\"Strona g\u0142\u00f3wna\",\"item\":\"https:\\\/\\\/racom.com.pl\\\/\"},{\"@type\":\"ListItem\",\"position\":2,\"name\":\"Sklep\",\"item\":\"https:\\\/\\\/racom.com.pl\\\/\"},{\"@type\":\"ListItem\",\"position\":3,\"name\":\"Halogen LED 100 W 1200 lm + panel solarny pilot\"}]},{\"@type\":\"WebSite\",\"@id\":\"https:\\\/\\\/racom.com.pl\\\/#website\",\"url\":\"https:\\\/\\\/racom.com.pl\\\/\",\"name\":\"Mix Market - Supermarket z wszystkim co potrzeba do domu i nie tylko\",\"description\":\"\",\"publisher\":{\"@id\":\"https:\\\/\\\/racom.com.pl\\\/#organization\"},\"potentialAction\":[{\"@type\":\"SearchAction\",\"target\":{\"@type\":\"EntryPoint\",\"urlTemplate\":\"https:\\\/\\\/racom.com.pl\\\/?s={search_term_string}\"},\"query-input\":{\"@type\":\"PropertyValueSpecification\",\"valueRequired\":true,\"valueName\":\"search_term_string\"}}],\"inLanguage\":\"pl-PL\"},{\"@type\":\"Organization\",\"@id\":\"https:\\\/\\\/racom.com.pl\\\/#organization\",\"name\":\"Mix Market - Supermarket z wszystkim co potrzeba do domu i nie tylko\",\"url\":\"https:\\\/\\\/racom.com.pl\\\/\",\"logo\":{\"@type\":\"ImageObject\",\"inLanguage\":\"pl-PL\",\"@id\":\"https:\\\/\\\/racom.com.pl\\\/#\\\/schema\\\/logo\\\/image\\\/\",\"url\":\"https:\\\/\\\/racom.com.pl\\\/wp-content\\\/uploads\\\/2025\\\/07\\\/mixmarket_logo.png\",\"contentUrl\":\"https:\\\/\\\/racom.com.pl\\\/wp-content\\\/uploads\\\/2025\\\/07\\\/mixmarket_logo.png\",\"width\":1024,\"height\":1024,\"caption\":\"Mix Market - Supermarket z wszystkim co potrzeba do domu i nie tylko\"},\"image\":{\"@id\":\"https:\\\/\\\/racom.com.pl\\\/#\\\/schema\\\/logo\\\/image\\\/\"}}]}<\/script>\n<!-- \/ Yoast SEO plugin. -->","yoast_head_json":{"title":"Halogen LED 100 W 1200 lm + panel solarny pilot - Mix Market - Supermarket z wszystkim co potrzeba","robots":{"index":"index","follow":"follow","max-snippet":"max-snippet:-1","max-image-preview":"max-image-preview:large","max-video-preview":"max-video-preview:-1"},"canonical":"https:\/\/racom.com.pl\/index.php\/produkt\/halogen-led-100-w-1200-lm-panel-solarny-pilot\/","og_locale":"pl_PL","og_type":"article","og_title":"Halogen LED 100 W 1200 lm + panel solarny pilot - Mix Market - Supermarket z wszystkim co potrzeba","og_description":"Panel Solarny Halogen LED 100W Pilot Dane Techniczne: Kolor produktu: Szary Rozmiar Halogenu:&nbsp; Szeroko\u015b\u0107 211* Wysoko\u015b\u0107 271*&nbsp; G\u0142\u0119boko\u015b\u0107 43mm Rozmiar panelu s\u0142onecznego: Szeroko\u015b\u0107 350* Wysoko\u015b\u0107 290* G\u0142\u0119boko\u015b\u0107 17mm Zasi\u0119g: 5-6m Moc lampy led\uff1a100W Poziom ochrony:&nbsp;IK07, IP65 Moc panelu s\u0142onecznego: 15 W Napi\u0119cie panelu s\u0142onecznego:&nbsp;5 V Napi\u0119cie:&nbsp;DC 3,2V Pr\u0105d: 1875mA Temperatura barwowa:&nbsp;bia\u0142e \u015bwiat\u0142o 6500k Strumie\u0144 \u015bwietlny: [&hellip;]","og_url":"https:\/\/racom.com.pl\/index.php\/produkt\/halogen-led-100-w-1200-lm-panel-solarny-pilot\/","og_site_name":"Mix Market - Supermarket z wszystkim co potrzeba","og_image":[{"width":1500,"height":1500,"url":"https:\/\/racom.com.pl\/wp-content\/uploads\/2025\/07\/allegro_687c0ac6428b55.48139460_9aa8ae154481b0e110850b95f0a2.jpg","type":"image\/jpeg"}],"twitter_card":"summary_large_image","twitter_misc":{"Szacowany czas czytania":"2 minuty"},"schema":{"@context":"https:\/\/schema.org","@graph":[{"@type":"WebPage","@id":"https:\/\/racom.com.pl\/index.php\/produkt\/halogen-led-100-w-1200-lm-panel-solarny-pilot\/","url":"https:\/\/racom.com.pl\/index.php\/produkt\/halogen-led-100-w-1200-lm-panel-solarny-pilot\/","name":"Halogen LED 100 W 1200 lm + panel solarny pilot - Mix Market - Supermarket z wszystkim co potrzeba","isPartOf":{"@id":"https:\/\/racom.com.pl\/#website"},"primaryImageOfPage":{"@id":"https:\/\/racom.com.pl\/index.php\/produkt\/halogen-led-100-w-1200-lm-panel-solarny-pilot\/#primaryimage"},"image":{"@id":"https:\/\/racom.com.pl\/index.php\/produkt\/halogen-led-100-w-1200-lm-panel-solarny-pilot\/#primaryimage"},"thumbnailUrl":"https:\/\/racom.com.pl\/wp-content\/uploads\/2025\/07\/allegro_687c0ac6428b55.48139460_9aa8ae154481b0e110850b95f0a2.jpg","datePublished":"2025-07-19T21:12:07+00:00","breadcrumb":{"@id":"https:\/\/racom.com.pl\/index.php\/produkt\/halogen-led-100-w-1200-lm-panel-solarny-pilot\/#breadcrumb"},"inLanguage":"pl-PL","potentialAction":[{"@type":"ReadAction","target":["https:\/\/racom.com.pl\/index.php\/produkt\/halogen-led-100-w-1200-lm-panel-solarny-pilot\/"]}]},{"@type":"ImageObject","inLanguage":"pl-PL","@id":"https:\/\/racom.com.pl\/index.php\/produkt\/halogen-led-100-w-1200-lm-panel-solarny-pilot\/#primaryimage","url":"https:\/\/racom.com.pl\/wp-content\/uploads\/2025\/07\/allegro_687c0ac6428b55.48139460_9aa8ae154481b0e110850b95f0a2.jpg","contentUrl":"https:\/\/racom.com.pl\/wp-content\/uploads\/2025\/07\/allegro_687c0ac6428b55.48139460_9aa8ae154481b0e110850b95f0a2.jpg","width":1500,"height":1500},{"@type":"BreadcrumbList","@id":"https:\/\/racom.com.pl\/index.php\/produkt\/halogen-led-100-w-1200-lm-panel-solarny-pilot\/#breadcrumb","itemListElement":[{"@type":"ListItem","position":1,"name":"Strona g\u0142\u00f3wna","item":"https:\/\/racom.com.pl\/"},{"@type":"ListItem","position":2,"name":"Sklep","item":"https:\/\/racom.com.pl\/"},{"@type":"ListItem","position":3,"name":"Halogen LED 100 W 1200 lm + panel solarny pilot"}]},{"@type":"WebSite","@id":"https:\/\/racom.com.pl\/#website","url":"https:\/\/racom.com.pl\/","name":"Mix Market - Supermarket z wszystkim co potrzeba do domu i nie tylko","description":"","publisher":{"@id":"https:\/\/racom.com.pl\/#organization"},"potentialAction":[{"@type":"SearchAction","target":{"@type":"EntryPoint","urlTemplate":"https:\/\/racom.com.pl\/?s={search_term_string}"},"query-input":{"@type":"PropertyValueSpecification","valueRequired":true,"valueName":"search_term_string"}}],"inLanguage":"pl-PL"},{"@type":"Organization","@id":"https:\/\/racom.com.pl\/#organization","name":"Mix Market - Supermarket z wszystkim co potrzeba do domu i nie tylko","url":"https:\/\/racom.com.pl\/","logo":{"@type":"ImageObject","inLanguage":"pl-PL","@id":"https:\/\/racom.com.pl\/#\/schema\/logo\/image\/","url":"https:\/\/racom.com.pl\/wp-content\/uploads\/2025\/07\/mixmarket_logo.png","contentUrl":"https:\/\/racom.com.pl\/wp-content\/uploads\/2025\/07\/mixmarket_logo.png","width":1024,"height":1024,"caption":"Mix Market - Supermarket z wszystkim co potrzeba do domu i nie tylko"},"image":{"@id":"https:\/\/racom.com.pl\/#\/schema\/logo\/image\/"}}]}},"_links":{"self":[{"href":"https:\/\/racom.com.pl\/index.php\/wp-json\/wp\/v2\/product\/3327","targetHints":{"allow":["GET"]}}],"collection":[{"href":"https:\/\/racom.com.pl\/index.php\/wp-json\/wp\/v2\/product"}],"about":[{"href":"https:\/\/racom.com.pl\/index.php\/wp-json\/wp\/v2\/types\/product"}],"replies":[{"embeddable":true,"href":"https:\/\/racom.com.pl\/index.php\/wp-json\/wp\/v2\/comments?post=3327"}],"wp:featuredmedia":[{"embeddable":true,"href":"https:\/\/racom.com.pl\/index.php\/wp-json\/wp\/v2\/media\/3336"}],"wp:attachment":[{"href":"https:\/\/racom.com.pl\/index.php\/wp-json\/wp\/v2\/media?parent=3327"}],"wp:term":[{"taxonomy":"product_brand","embeddable":true,"href":"https:\/\/racom.com.pl\/index.php\/wp-json\/wp\/v2\/product_brand?post=3327"},{"taxonomy":"product_cat","embeddable":true,"href":"https:\/\/racom.com.pl\/index.php\/wp-json\/wp\/v2\/product_cat?post=3327"},{"taxonomy":"product_tag","embeddable":true,"href":"https:\/\/racom.com.pl\/index.php\/wp-json\/wp\/v2\/product_tag?post=3327"}],"curies":[{"name":"wp","href":"https:\/\/api.w.org\/{rel}","templated":true}]}}