{"id":3670,"date":"2025-07-20T17:37:41","date_gmt":"2025-07-20T15:37:41","guid":{"rendered":"http:\/\/192.168.2.106\/index.php\/produkt\/sterowanie-zdalne-do-wind-windy-z-pilotem-12-24v\/"},"modified":"2025-07-20T17:37:41","modified_gmt":"2025-07-20T15:37:41","slug":"sterowanie-zdalne-do-wind-windy-z-pilotem-12-24v","status":"publish","type":"product","link":"https:\/\/racom.com.pl\/index.php\/produkt\/sterowanie-zdalne-do-wind-windy-z-pilotem-12-24v\/","title":{"rendered":"STEROWANIE ZDALNE DO WIND WINDY Z PILOTEM 12-24V"},"content":{"rendered":"<p><b>ZDALNE STEROWANIE 12\/24V (6-klawiszy)<\/b><\/p>\n<p>Zdalne sterowanie bezprzewodowe do wind za\u0142adowczych. Zasi\u0119g pilota do 100m w przestrzeni otwartej. Hermetyczna obudowa zapewni d\u0142ugotrwa\u0142\u0105 bezawaryjn\u0105 prac\u0119 urz\u0105dzenia.<\/p>\n<p>Zastosowanie m.in. w d\u017awigach, transporcie, windach za\u0142adowczych, maszynach CNC i innych.<\/p>\n<p><b>Kod produktu: A187<\/b><\/p>\n<p>Opis produktu:<\/p>\n<ul>\n<li>6 Klawiszy<\/li>\n<li>1 Pr\u0119dko\u015b\u0107<\/li>\n<li>1 Nadajnik + 1 Odbiornik Bezprzewodowy Zdalnego Sterowania<\/li>\n<li>6 przycisk\u00f3w, 1 przycisk START + 1 przycisk STOP + 4 dost\u0119pne klawisze polece\u0144 (G\u00d3RA \/ D\u00d3\u0141 \/ START \/ STOP \/ WSCH\u00d3D \/ ZACH\u00d3D)<\/li>\n<li>\u0179r\u00f3d\u0142o zasilania kontrolera: 2 baterie AAA (brak w zestawie)<\/li>\n<li>\u0179r\u00f3d\u0142o zasilania odbiornika: 12V\/24V<\/li>\n<\/ul>\n<p>Charakterystyka:<\/p>\n<ul>\n<li>Mocny i wytrzyma\u0142y<\/li>\n<li>Odleg\u0142o\u015b\u0107 robocza do 100m<\/li>\n<li>Temperatura pracy: -30 \u00b0 C ~ + 85 \u00b0 C<\/li>\n<li>Czu\u0142o\u015b\u0107 odbioru: 115dBm<\/li>\n<li>Obudowa odbiornika hermetyczna<\/li>\n<li>Stopie\u0144 ochrony: IP65<\/li>\n<li>4,2 miliarda kombinacji kod\u00f3w<\/li>\n<\/ul>\n<p>Opis pod\u0142\u0105czenia (kolory przewod\u00f3w):<\/p>\n<ol>\n<li>zasilanie 1 &#8211; czarny<\/li>\n<li>zasilanie 2 &#8211; br\u0105zowy<\/li>\n<li>COM &#8211; czerwony<\/li>\n<li>main &#8211; niebieski<\/li>\n<li>g\u00f3ra &#8211; szary<\/li>\n<li>d\u00f3\u0142 &#8211; bia\u0142y<\/li>\n<li>zach\u00f3d (lewo) &#8211; z\u00f3\u0142ty<\/li>\n<li>wsch\u00f3d (prawo) &#8211; zielony<\/li>\n<\/ol>\n<p>W zestawie:<\/p>\n<ul>\n<li>odbiornik<\/li>\n<li>pilot bezprzewodowy (6 klawiszy)<\/li>\n<li>smycz do pilota<\/li>\n<li>etui na pilot<\/li>\n<li>skr\u00f3cona instrukcja w j\u0119zyku angielskim<\/li>\n<li>fabryczne opakowanie producenta<\/li>\n<\/ul>\n","protected":false},"excerpt":{"rendered":"<p>ZDALNE STEROWANIE 12\/24V (6-klawiszy) Zdalne sterowanie bezprzewodowe do wind za\u0142adowczych. Zasi\u0119g pilota do 100m w przestrzeni otwartej. Hermetyczna obudowa zapewni d\u0142ugotrwa\u0142\u0105 bezawaryjn\u0105 prac\u0119 urz\u0105dzenia. Zastosowanie m.in. w d\u017awigach, transporcie, windach za\u0142adowczych, maszynach CNC i innych. Kod produktu: A187 Opis produktu: 6 Klawiszy 1 Pr\u0119dko\u015b\u0107 1 Nadajnik + 1 Odbiornik Bezprzewodowy Zdalnego Sterowania 6 przycisk\u00f3w, 1 [&hellip;]<\/p>\n","protected":false},"featured_media":3672,"comment_status":"open","ping_status":"closed","template":"","meta":[],"product_brand":[],"product_cat":[269],"product_tag":[],"class_list":{"0":"post-3670","1":"product","2":"type-product","3":"status-publish","4":"has-post-thumbnail","6":"product_cat-czesci-karoserii","8":"first","9":"instock","10":"taxable","11":"shipping-taxable","12":"purchasable","13":"product-type-simple"},"yoast_head":"<!-- This site is optimized with the Yoast SEO plugin v27.3 - https:\/\/yoast.com\/product\/yoast-seo-wordpress\/ -->\n<title>STEROWANIE ZDALNE DO WIND WINDY Z PILOTEM 12-24V - Mix Market - Supermarket z wszystkim co potrzeba<\/title>\n<meta name=\"robots\" content=\"index, follow, max-snippet:-1, max-image-preview:large, max-video-preview:-1\" \/>\n<link rel=\"canonical\" href=\"https:\/\/racom.com.pl\/index.php\/produkt\/sterowanie-zdalne-do-wind-windy-z-pilotem-12-24v\/\" \/>\n<meta property=\"og:locale\" content=\"pl_PL\" \/>\n<meta property=\"og:type\" content=\"article\" \/>\n<meta property=\"og:title\" content=\"STEROWANIE ZDALNE DO WIND WINDY Z PILOTEM 12-24V - Mix Market - Supermarket z wszystkim co potrzeba\" \/>\n<meta property=\"og:description\" content=\"ZDALNE STEROWANIE 12\/24V (6-klawiszy) Zdalne sterowanie bezprzewodowe do wind za\u0142adowczych. Zasi\u0119g pilota do 100m w przestrzeni otwartej. Hermetyczna obudowa zapewni d\u0142ugotrwa\u0142\u0105 bezawaryjn\u0105 prac\u0119 urz\u0105dzenia. Zastosowanie m.in. w d\u017awigach, transporcie, windach za\u0142adowczych, maszynach CNC i innych. Kod produktu: A187 Opis produktu: 6 Klawiszy 1 Pr\u0119dko\u015b\u0107 1 Nadajnik + 1 Odbiornik Bezprzewodowy Zdalnego Sterowania 6 przycisk\u00f3w, 1 [&hellip;]\" \/>\n<meta property=\"og:url\" content=\"https:\/\/racom.com.pl\/index.php\/produkt\/sterowanie-zdalne-do-wind-windy-z-pilotem-12-24v\/\" \/>\n<meta property=\"og:site_name\" content=\"Mix Market - Supermarket z wszystkim co potrzeba\" \/>\n<meta property=\"og:image\" content=\"https:\/\/racom.com.pl\/wp-content\/uploads\/2025\/07\/allegro_687d0d70893531.03958411_18727fe443739ec47d991f4245f4.jpg\" \/>\n\t<meta property=\"og:image:width\" content=\"800\" \/>\n\t<meta property=\"og:image:height\" content=\"800\" \/>\n\t<meta property=\"og:image:type\" content=\"image\/jpeg\" \/>\n<meta name=\"twitter:card\" content=\"summary_large_image\" \/>\n<meta name=\"twitter:label1\" content=\"Szacowany czas czytania\" \/>\n\t<meta name=\"twitter:data1\" content=\"1 minuta\" \/>\n<script type=\"application\/ld+json\" class=\"yoast-schema-graph\">{\"@context\":\"https:\\\/\\\/schema.org\",\"@graph\":[{\"@type\":\"WebPage\",\"@id\":\"https:\\\/\\\/racom.com.pl\\\/index.php\\\/produkt\\\/sterowanie-zdalne-do-wind-windy-z-pilotem-12-24v\\\/\",\"url\":\"https:\\\/\\\/racom.com.pl\\\/index.php\\\/produkt\\\/sterowanie-zdalne-do-wind-windy-z-pilotem-12-24v\\\/\",\"name\":\"STEROWANIE ZDALNE DO WIND WINDY Z PILOTEM 12-24V - Mix Market - Supermarket z wszystkim co potrzeba\",\"isPartOf\":{\"@id\":\"https:\\\/\\\/racom.com.pl\\\/#website\"},\"primaryImageOfPage\":{\"@id\":\"https:\\\/\\\/racom.com.pl\\\/index.php\\\/produkt\\\/sterowanie-zdalne-do-wind-windy-z-pilotem-12-24v\\\/#primaryimage\"},\"image\":{\"@id\":\"https:\\\/\\\/racom.com.pl\\\/index.php\\\/produkt\\\/sterowanie-zdalne-do-wind-windy-z-pilotem-12-24v\\\/#primaryimage\"},\"thumbnailUrl\":\"https:\\\/\\\/racom.com.pl\\\/wp-content\\\/uploads\\\/2025\\\/07\\\/allegro_687d0d70893531.03958411_18727fe443739ec47d991f4245f4.jpg\",\"datePublished\":\"2025-07-20T15:37:41+00:00\",\"breadcrumb\":{\"@id\":\"https:\\\/\\\/racom.com.pl\\\/index.php\\\/produkt\\\/sterowanie-zdalne-do-wind-windy-z-pilotem-12-24v\\\/#breadcrumb\"},\"inLanguage\":\"pl-PL\",\"potentialAction\":[{\"@type\":\"ReadAction\",\"target\":[\"https:\\\/\\\/racom.com.pl\\\/index.php\\\/produkt\\\/sterowanie-zdalne-do-wind-windy-z-pilotem-12-24v\\\/\"]}]},{\"@type\":\"ImageObject\",\"inLanguage\":\"pl-PL\",\"@id\":\"https:\\\/\\\/racom.com.pl\\\/index.php\\\/produkt\\\/sterowanie-zdalne-do-wind-windy-z-pilotem-12-24v\\\/#primaryimage\",\"url\":\"https:\\\/\\\/racom.com.pl\\\/wp-content\\\/uploads\\\/2025\\\/07\\\/allegro_687d0d70893531.03958411_18727fe443739ec47d991f4245f4.jpg\",\"contentUrl\":\"https:\\\/\\\/racom.com.pl\\\/wp-content\\\/uploads\\\/2025\\\/07\\\/allegro_687d0d70893531.03958411_18727fe443739ec47d991f4245f4.jpg\",\"width\":800,\"height\":800},{\"@type\":\"BreadcrumbList\",\"@id\":\"https:\\\/\\\/racom.com.pl\\\/index.php\\\/produkt\\\/sterowanie-zdalne-do-wind-windy-z-pilotem-12-24v\\\/#breadcrumb\",\"itemListElement\":[{\"@type\":\"ListItem\",\"position\":1,\"name\":\"Strona g\u0142\u00f3wna\",\"item\":\"https:\\\/\\\/racom.com.pl\\\/\"},{\"@type\":\"ListItem\",\"position\":2,\"name\":\"Sklep\",\"item\":\"https:\\\/\\\/racom.com.pl\\\/\"},{\"@type\":\"ListItem\",\"position\":3,\"name\":\"STEROWANIE ZDALNE DO WIND WINDY Z PILOTEM 12-24V\"}]},{\"@type\":\"WebSite\",\"@id\":\"https:\\\/\\\/racom.com.pl\\\/#website\",\"url\":\"https:\\\/\\\/racom.com.pl\\\/\",\"name\":\"Mix Market - Supermarket z wszystkim co potrzeba do domu i nie tylko\",\"description\":\"\",\"publisher\":{\"@id\":\"https:\\\/\\\/racom.com.pl\\\/#organization\"},\"potentialAction\":[{\"@type\":\"SearchAction\",\"target\":{\"@type\":\"EntryPoint\",\"urlTemplate\":\"https:\\\/\\\/racom.com.pl\\\/?s={search_term_string}\"},\"query-input\":{\"@type\":\"PropertyValueSpecification\",\"valueRequired\":true,\"valueName\":\"search_term_string\"}}],\"inLanguage\":\"pl-PL\"},{\"@type\":\"Organization\",\"@id\":\"https:\\\/\\\/racom.com.pl\\\/#organization\",\"name\":\"Mix Market - Supermarket z wszystkim co potrzeba do domu i nie tylko\",\"url\":\"https:\\\/\\\/racom.com.pl\\\/\",\"logo\":{\"@type\":\"ImageObject\",\"inLanguage\":\"pl-PL\",\"@id\":\"https:\\\/\\\/racom.com.pl\\\/#\\\/schema\\\/logo\\\/image\\\/\",\"url\":\"https:\\\/\\\/racom.com.pl\\\/wp-content\\\/uploads\\\/2025\\\/07\\\/mixmarket_logo.png\",\"contentUrl\":\"https:\\\/\\\/racom.com.pl\\\/wp-content\\\/uploads\\\/2025\\\/07\\\/mixmarket_logo.png\",\"width\":1024,\"height\":1024,\"caption\":\"Mix Market - Supermarket z wszystkim co potrzeba do domu i nie tylko\"},\"image\":{\"@id\":\"https:\\\/\\\/racom.com.pl\\\/#\\\/schema\\\/logo\\\/image\\\/\"}}]}<\/script>\n<!-- \/ Yoast SEO plugin. -->","yoast_head_json":{"title":"STEROWANIE ZDALNE DO WIND WINDY Z PILOTEM 12-24V - Mix Market - Supermarket z wszystkim co potrzeba","robots":{"index":"index","follow":"follow","max-snippet":"max-snippet:-1","max-image-preview":"max-image-preview:large","max-video-preview":"max-video-preview:-1"},"canonical":"https:\/\/racom.com.pl\/index.php\/produkt\/sterowanie-zdalne-do-wind-windy-z-pilotem-12-24v\/","og_locale":"pl_PL","og_type":"article","og_title":"STEROWANIE ZDALNE DO WIND WINDY Z PILOTEM 12-24V - Mix Market - Supermarket z wszystkim co potrzeba","og_description":"ZDALNE STEROWANIE 12\/24V (6-klawiszy) Zdalne sterowanie bezprzewodowe do wind za\u0142adowczych. Zasi\u0119g pilota do 100m w przestrzeni otwartej. Hermetyczna obudowa zapewni d\u0142ugotrwa\u0142\u0105 bezawaryjn\u0105 prac\u0119 urz\u0105dzenia. Zastosowanie m.in. w d\u017awigach, transporcie, windach za\u0142adowczych, maszynach CNC i innych. Kod produktu: A187 Opis produktu: 6 Klawiszy 1 Pr\u0119dko\u015b\u0107 1 Nadajnik + 1 Odbiornik Bezprzewodowy Zdalnego Sterowania 6 przycisk\u00f3w, 1 [&hellip;]","og_url":"https:\/\/racom.com.pl\/index.php\/produkt\/sterowanie-zdalne-do-wind-windy-z-pilotem-12-24v\/","og_site_name":"Mix Market - Supermarket z wszystkim co potrzeba","og_image":[{"width":800,"height":800,"url":"https:\/\/racom.com.pl\/wp-content\/uploads\/2025\/07\/allegro_687d0d70893531.03958411_18727fe443739ec47d991f4245f4.jpg","type":"image\/jpeg"}],"twitter_card":"summary_large_image","twitter_misc":{"Szacowany czas czytania":"1 minuta"},"schema":{"@context":"https:\/\/schema.org","@graph":[{"@type":"WebPage","@id":"https:\/\/racom.com.pl\/index.php\/produkt\/sterowanie-zdalne-do-wind-windy-z-pilotem-12-24v\/","url":"https:\/\/racom.com.pl\/index.php\/produkt\/sterowanie-zdalne-do-wind-windy-z-pilotem-12-24v\/","name":"STEROWANIE ZDALNE DO WIND WINDY Z PILOTEM 12-24V - Mix Market - Supermarket z wszystkim co potrzeba","isPartOf":{"@id":"https:\/\/racom.com.pl\/#website"},"primaryImageOfPage":{"@id":"https:\/\/racom.com.pl\/index.php\/produkt\/sterowanie-zdalne-do-wind-windy-z-pilotem-12-24v\/#primaryimage"},"image":{"@id":"https:\/\/racom.com.pl\/index.php\/produkt\/sterowanie-zdalne-do-wind-windy-z-pilotem-12-24v\/#primaryimage"},"thumbnailUrl":"https:\/\/racom.com.pl\/wp-content\/uploads\/2025\/07\/allegro_687d0d70893531.03958411_18727fe443739ec47d991f4245f4.jpg","datePublished":"2025-07-20T15:37:41+00:00","breadcrumb":{"@id":"https:\/\/racom.com.pl\/index.php\/produkt\/sterowanie-zdalne-do-wind-windy-z-pilotem-12-24v\/#breadcrumb"},"inLanguage":"pl-PL","potentialAction":[{"@type":"ReadAction","target":["https:\/\/racom.com.pl\/index.php\/produkt\/sterowanie-zdalne-do-wind-windy-z-pilotem-12-24v\/"]}]},{"@type":"ImageObject","inLanguage":"pl-PL","@id":"https:\/\/racom.com.pl\/index.php\/produkt\/sterowanie-zdalne-do-wind-windy-z-pilotem-12-24v\/#primaryimage","url":"https:\/\/racom.com.pl\/wp-content\/uploads\/2025\/07\/allegro_687d0d70893531.03958411_18727fe443739ec47d991f4245f4.jpg","contentUrl":"https:\/\/racom.com.pl\/wp-content\/uploads\/2025\/07\/allegro_687d0d70893531.03958411_18727fe443739ec47d991f4245f4.jpg","width":800,"height":800},{"@type":"BreadcrumbList","@id":"https:\/\/racom.com.pl\/index.php\/produkt\/sterowanie-zdalne-do-wind-windy-z-pilotem-12-24v\/#breadcrumb","itemListElement":[{"@type":"ListItem","position":1,"name":"Strona g\u0142\u00f3wna","item":"https:\/\/racom.com.pl\/"},{"@type":"ListItem","position":2,"name":"Sklep","item":"https:\/\/racom.com.pl\/"},{"@type":"ListItem","position":3,"name":"STEROWANIE ZDALNE DO WIND WINDY Z PILOTEM 12-24V"}]},{"@type":"WebSite","@id":"https:\/\/racom.com.pl\/#website","url":"https:\/\/racom.com.pl\/","name":"Mix Market - Supermarket z wszystkim co potrzeba do domu i nie tylko","description":"","publisher":{"@id":"https:\/\/racom.com.pl\/#organization"},"potentialAction":[{"@type":"SearchAction","target":{"@type":"EntryPoint","urlTemplate":"https:\/\/racom.com.pl\/?s={search_term_string}"},"query-input":{"@type":"PropertyValueSpecification","valueRequired":true,"valueName":"search_term_string"}}],"inLanguage":"pl-PL"},{"@type":"Organization","@id":"https:\/\/racom.com.pl\/#organization","name":"Mix Market - Supermarket z wszystkim co potrzeba do domu i nie tylko","url":"https:\/\/racom.com.pl\/","logo":{"@type":"ImageObject","inLanguage":"pl-PL","@id":"https:\/\/racom.com.pl\/#\/schema\/logo\/image\/","url":"https:\/\/racom.com.pl\/wp-content\/uploads\/2025\/07\/mixmarket_logo.png","contentUrl":"https:\/\/racom.com.pl\/wp-content\/uploads\/2025\/07\/mixmarket_logo.png","width":1024,"height":1024,"caption":"Mix Market - Supermarket z wszystkim co potrzeba do domu i nie tylko"},"image":{"@id":"https:\/\/racom.com.pl\/#\/schema\/logo\/image\/"}}]}},"_links":{"self":[{"href":"https:\/\/racom.com.pl\/index.php\/wp-json\/wp\/v2\/product\/3670","targetHints":{"allow":["GET"]}}],"collection":[{"href":"https:\/\/racom.com.pl\/index.php\/wp-json\/wp\/v2\/product"}],"about":[{"href":"https:\/\/racom.com.pl\/index.php\/wp-json\/wp\/v2\/types\/product"}],"replies":[{"embeddable":true,"href":"https:\/\/racom.com.pl\/index.php\/wp-json\/wp\/v2\/comments?post=3670"}],"wp:featuredmedia":[{"embeddable":true,"href":"https:\/\/racom.com.pl\/index.php\/wp-json\/wp\/v2\/media\/3672"}],"wp:attachment":[{"href":"https:\/\/racom.com.pl\/index.php\/wp-json\/wp\/v2\/media?parent=3670"}],"wp:term":[{"taxonomy":"product_brand","embeddable":true,"href":"https:\/\/racom.com.pl\/index.php\/wp-json\/wp\/v2\/product_brand?post=3670"},{"taxonomy":"product_cat","embeddable":true,"href":"https:\/\/racom.com.pl\/index.php\/wp-json\/wp\/v2\/product_cat?post=3670"},{"taxonomy":"product_tag","embeddable":true,"href":"https:\/\/racom.com.pl\/index.php\/wp-json\/wp\/v2\/product_tag?post=3670"}],"curies":[{"name":"wp","href":"https:\/\/api.w.org\/{rel}","templated":true}]}}