{"id":3972,"date":"2026-03-09T20:20:46","date_gmt":"2026-03-09T19:20:46","guid":{"rendered":"https:\/\/racom.com.pl\/index.php\/produkt\/pokrowiec-etui-na-laptopa-case-logic-156\/"},"modified":"2026-03-09T20:20:46","modified_gmt":"2026-03-09T19:20:46","slug":"pokrowiec-etui-na-laptopa-case-logic-156","status":"publish","type":"product","link":"https:\/\/racom.com.pl\/index.php\/produkt\/pokrowiec-etui-na-laptopa-case-logic-156\/","title":{"rendered":"Pokrowiec \/ etui na laptopa Case Logic 15,6&#8243;"},"content":{"rendered":"<h2>Etui do notebooka Case Logic 15,6&#8243; czarne<\/h2>\n<h2>Parametry techniczne:<\/h2>\n<p>INFORMACJE PODSTAWOWE<\/p>\n<ul>\n<li><b>Dodatkowe etui w komplecie:<\/b> Nie<\/li>\n<li><b>Informacje dodatkowe:<\/b> &#8211; Pokrowiec zaprojektowany aby zmie\u015bci\u0107 15.6\u201d laptop oraz dodatkowo<\/li>\n<li><b>Kolor:<\/b> Czarny<\/li>\n<li><b>K\u00f3\u0142ka:<\/b> Nie<\/li>\n<li><b>Maksymalny rozmiar notebooka:<\/b> 15,6 cali<\/li>\n<li><b>Materia\u0142:<\/b> Nylon<\/li>\n<li><b>Miejsce na d\u0142ugopisy:<\/b> Nie<\/li>\n<li><b>Miejsce na p\u0142yty CD:<\/b> Nie<\/li>\n<li><b>Miejsce na ubrania:<\/b> Nie<\/li>\n<li><b>Miejsce na wizyt\u00f3wki:<\/b> Nie<\/li>\n<li><b>Mi\u0119kkie paski naramienne:<\/b> Nie<\/li>\n<li><b>Mo\u017cliwo\u015b\u0107 mocowania torby na w\u00f3zku podr\u00f3\u017cnym:<\/b> Nie<\/li>\n<li><b>Mo\u017cliwo\u015b\u0107 zamykania na kluczyk:<\/b> Nie<\/li>\n<li><b>Opis og\u00f3lny:<\/b> Etui do notebooka Case Logic 15,6&#8243; czarne<\/li>\n<li><b>Otw\u00f3r na s\u0142uchawki:<\/b> Nie<\/li>\n<li><b>Pokrowiec na deszcz:<\/b> Nie<\/li>\n<li><b>Poszerzone miejsce na dokumenty:<\/b> Nie<\/li>\n<li><b>Producent:<\/b> Case Logic<\/li>\n<li><b>Produkt wodoodporny:<\/b> Nie<\/li>\n<li><b>Regulowany pasek na rami\u0119:<\/b> Nie<\/li>\n<li><b>Torba \/ Plecak:<\/b> Etui<\/li>\n<li><b>Wymiary zewn\u0119trzne (mm):<\/b> 417 x 318 x 46<\/li>\n<li><b>Wype\u0142nione plecy:<\/b> Nie<\/li>\n<\/ul>\n","protected":false},"excerpt":{"rendered":"<p>Etui do notebooka Case Logic 15,6&#8243; czarne Parametry techniczne: INFORMACJE PODSTAWOWE Dodatkowe etui w komplecie: Nie Informacje dodatkowe: &#8211; Pokrowiec zaprojektowany aby zmie\u015bci\u0107 15.6\u201d laptop oraz dodatkowo Kolor: Czarny K\u00f3\u0142ka: Nie Maksymalny rozmiar notebooka: 15,6 cali Materia\u0142: Nylon Miejsce na d\u0142ugopisy: Nie Miejsce na p\u0142yty CD: Nie Miejsce na ubrania: Nie Miejsce na wizyt\u00f3wki: Nie [&hellip;]<\/p>\n","protected":false},"featured_media":3980,"comment_status":"open","ping_status":"closed","template":"","meta":[],"product_brand":[294],"product_cat":[31],"product_tag":[],"class_list":{"0":"post-3972","1":"product","2":"type-product","3":"status-publish","4":"has-post-thumbnail","6":"product_brand-case-logic","7":"product_cat-akcesoria-laptop-pc","9":"first","10":"outofstock","11":"taxable","12":"shipping-taxable","13":"purchasable","14":"product-type-simple"},"yoast_head":"<!-- This site is optimized with the Yoast SEO plugin v27.3 - https:\/\/yoast.com\/product\/yoast-seo-wordpress\/ -->\n<title>Pokrowiec \/ etui na laptopa Case Logic 15,6&quot; - Mix Market - Supermarket z wszystkim co potrzeba<\/title>\n<meta name=\"robots\" content=\"index, follow, max-snippet:-1, max-image-preview:large, max-video-preview:-1\" \/>\n<link rel=\"canonical\" href=\"https:\/\/racom.com.pl\/index.php\/produkt\/pokrowiec-etui-na-laptopa-case-logic-156\/\" \/>\n<meta property=\"og:locale\" content=\"pl_PL\" \/>\n<meta property=\"og:type\" content=\"article\" \/>\n<meta property=\"og:title\" content=\"Pokrowiec \/ etui na laptopa Case Logic 15,6&quot; - Mix Market - Supermarket z wszystkim co potrzeba\" \/>\n<meta property=\"og:description\" content=\"Etui do notebooka Case Logic 15,6&#8243; czarne Parametry techniczne: INFORMACJE PODSTAWOWE Dodatkowe etui w komplecie: Nie Informacje dodatkowe: &#8211; Pokrowiec zaprojektowany aby zmie\u015bci\u0107 15.6\u201d laptop oraz dodatkowo Kolor: Czarny K\u00f3\u0142ka: Nie Maksymalny rozmiar notebooka: 15,6 cali Materia\u0142: Nylon Miejsce na d\u0142ugopisy: Nie Miejsce na p\u0142yty CD: Nie Miejsce na ubrania: Nie Miejsce na wizyt\u00f3wki: Nie [&hellip;]\" \/>\n<meta property=\"og:url\" content=\"https:\/\/racom.com.pl\/index.php\/produkt\/pokrowiec-etui-na-laptopa-case-logic-156\/\" \/>\n<meta property=\"og:site_name\" content=\"Mix Market - Supermarket z wszystkim co potrzeba\" \/>\n<meta name=\"twitter:card\" content=\"summary_large_image\" \/>\n<meta name=\"twitter:label1\" content=\"Szacowany czas czytania\" \/>\n\t<meta name=\"twitter:data1\" content=\"1 minuta\" \/>\n<script type=\"application\/ld+json\" class=\"yoast-schema-graph\">{\"@context\":\"https:\\\/\\\/schema.org\",\"@graph\":[{\"@type\":\"WebPage\",\"@id\":\"https:\\\/\\\/racom.com.pl\\\/index.php\\\/produkt\\\/pokrowiec-etui-na-laptopa-case-logic-156\\\/\",\"url\":\"https:\\\/\\\/racom.com.pl\\\/index.php\\\/produkt\\\/pokrowiec-etui-na-laptopa-case-logic-156\\\/\",\"name\":\"Pokrowiec \\\/ etui na laptopa Case Logic 15,6\\\" - Mix Market - Supermarket z wszystkim co potrzeba\",\"isPartOf\":{\"@id\":\"https:\\\/\\\/racom.com.pl\\\/#website\"},\"primaryImageOfPage\":{\"@id\":\"https:\\\/\\\/racom.com.pl\\\/index.php\\\/produkt\\\/pokrowiec-etui-na-laptopa-case-logic-156\\\/#primaryimage\"},\"image\":{\"@id\":\"https:\\\/\\\/racom.com.pl\\\/index.php\\\/produkt\\\/pokrowiec-etui-na-laptopa-case-logic-156\\\/#primaryimage\"},\"thumbnailUrl\":\"https:\\\/\\\/racom.com.pl\\\/wp-content\\\/uploads\\\/2026\\\/03\\\/allegro_69af1d98d59ad0.69406701_e727452e4bbf9b0280c528e0e764.jpg\",\"datePublished\":\"2026-03-09T19:20:46+00:00\",\"breadcrumb\":{\"@id\":\"https:\\\/\\\/racom.com.pl\\\/index.php\\\/produkt\\\/pokrowiec-etui-na-laptopa-case-logic-156\\\/#breadcrumb\"},\"inLanguage\":\"pl-PL\",\"potentialAction\":[{\"@type\":\"ReadAction\",\"target\":[\"https:\\\/\\\/racom.com.pl\\\/index.php\\\/produkt\\\/pokrowiec-etui-na-laptopa-case-logic-156\\\/\"]}]},{\"@type\":\"ImageObject\",\"inLanguage\":\"pl-PL\",\"@id\":\"https:\\\/\\\/racom.com.pl\\\/index.php\\\/produkt\\\/pokrowiec-etui-na-laptopa-case-logic-156\\\/#primaryimage\",\"url\":\"https:\\\/\\\/racom.com.pl\\\/wp-content\\\/uploads\\\/2026\\\/03\\\/allegro_69af1d98d59ad0.69406701_e727452e4bbf9b0280c528e0e764.jpg\",\"contentUrl\":\"https:\\\/\\\/racom.com.pl\\\/wp-content\\\/uploads\\\/2026\\\/03\\\/allegro_69af1d98d59ad0.69406701_e727452e4bbf9b0280c528e0e764.jpg\",\"width\":640,\"height\":480},{\"@type\":\"BreadcrumbList\",\"@id\":\"https:\\\/\\\/racom.com.pl\\\/index.php\\\/produkt\\\/pokrowiec-etui-na-laptopa-case-logic-156\\\/#breadcrumb\",\"itemListElement\":[{\"@type\":\"ListItem\",\"position\":1,\"name\":\"Strona g\u0142\u00f3wna\",\"item\":\"https:\\\/\\\/racom.com.pl\\\/\"},{\"@type\":\"ListItem\",\"position\":2,\"name\":\"Sklep\",\"item\":\"https:\\\/\\\/racom.com.pl\\\/\"},{\"@type\":\"ListItem\",\"position\":3,\"name\":\"Pokrowiec \\\/ etui na laptopa Case Logic 15,6&#8243;\"}]},{\"@type\":\"WebSite\",\"@id\":\"https:\\\/\\\/racom.com.pl\\\/#website\",\"url\":\"https:\\\/\\\/racom.com.pl\\\/\",\"name\":\"Mix Market - Supermarket z wszystkim co potrzeba do domu i nie tylko\",\"description\":\"\",\"publisher\":{\"@id\":\"https:\\\/\\\/racom.com.pl\\\/#organization\"},\"potentialAction\":[{\"@type\":\"SearchAction\",\"target\":{\"@type\":\"EntryPoint\",\"urlTemplate\":\"https:\\\/\\\/racom.com.pl\\\/?s={search_term_string}\"},\"query-input\":{\"@type\":\"PropertyValueSpecification\",\"valueRequired\":true,\"valueName\":\"search_term_string\"}}],\"inLanguage\":\"pl-PL\"},{\"@type\":\"Organization\",\"@id\":\"https:\\\/\\\/racom.com.pl\\\/#organization\",\"name\":\"Mix Market - Supermarket z wszystkim co potrzeba do domu i nie tylko\",\"url\":\"https:\\\/\\\/racom.com.pl\\\/\",\"logo\":{\"@type\":\"ImageObject\",\"inLanguage\":\"pl-PL\",\"@id\":\"https:\\\/\\\/racom.com.pl\\\/#\\\/schema\\\/logo\\\/image\\\/\",\"url\":\"https:\\\/\\\/racom.com.pl\\\/wp-content\\\/uploads\\\/2025\\\/07\\\/mixmarket_logo.png\",\"contentUrl\":\"https:\\\/\\\/racom.com.pl\\\/wp-content\\\/uploads\\\/2025\\\/07\\\/mixmarket_logo.png\",\"width\":1024,\"height\":1024,\"caption\":\"Mix Market - Supermarket z wszystkim co potrzeba do domu i nie tylko\"},\"image\":{\"@id\":\"https:\\\/\\\/racom.com.pl\\\/#\\\/schema\\\/logo\\\/image\\\/\"}}]}<\/script>\n<!-- \/ Yoast SEO plugin. -->","yoast_head_json":{"title":"Pokrowiec \/ etui na laptopa Case Logic 15,6\" - Mix Market - Supermarket z wszystkim co potrzeba","robots":{"index":"index","follow":"follow","max-snippet":"max-snippet:-1","max-image-preview":"max-image-preview:large","max-video-preview":"max-video-preview:-1"},"canonical":"https:\/\/racom.com.pl\/index.php\/produkt\/pokrowiec-etui-na-laptopa-case-logic-156\/","og_locale":"pl_PL","og_type":"article","og_title":"Pokrowiec \/ etui na laptopa Case Logic 15,6\" - Mix Market - Supermarket z wszystkim co potrzeba","og_description":"Etui do notebooka Case Logic 15,6&#8243; czarne Parametry techniczne: INFORMACJE PODSTAWOWE Dodatkowe etui w komplecie: Nie Informacje dodatkowe: &#8211; Pokrowiec zaprojektowany aby zmie\u015bci\u0107 15.6\u201d laptop oraz dodatkowo Kolor: Czarny K\u00f3\u0142ka: Nie Maksymalny rozmiar notebooka: 15,6 cali Materia\u0142: Nylon Miejsce na d\u0142ugopisy: Nie Miejsce na p\u0142yty CD: Nie Miejsce na ubrania: Nie Miejsce na wizyt\u00f3wki: Nie [&hellip;]","og_url":"https:\/\/racom.com.pl\/index.php\/produkt\/pokrowiec-etui-na-laptopa-case-logic-156\/","og_site_name":"Mix Market - Supermarket z wszystkim co potrzeba","twitter_card":"summary_large_image","twitter_misc":{"Szacowany czas czytania":"1 minuta"},"schema":{"@context":"https:\/\/schema.org","@graph":[{"@type":"WebPage","@id":"https:\/\/racom.com.pl\/index.php\/produkt\/pokrowiec-etui-na-laptopa-case-logic-156\/","url":"https:\/\/racom.com.pl\/index.php\/produkt\/pokrowiec-etui-na-laptopa-case-logic-156\/","name":"Pokrowiec \/ etui na laptopa Case Logic 15,6\" - Mix Market - Supermarket z wszystkim co potrzeba","isPartOf":{"@id":"https:\/\/racom.com.pl\/#website"},"primaryImageOfPage":{"@id":"https:\/\/racom.com.pl\/index.php\/produkt\/pokrowiec-etui-na-laptopa-case-logic-156\/#primaryimage"},"image":{"@id":"https:\/\/racom.com.pl\/index.php\/produkt\/pokrowiec-etui-na-laptopa-case-logic-156\/#primaryimage"},"thumbnailUrl":"https:\/\/racom.com.pl\/wp-content\/uploads\/2026\/03\/allegro_69af1d98d59ad0.69406701_e727452e4bbf9b0280c528e0e764.jpg","datePublished":"2026-03-09T19:20:46+00:00","breadcrumb":{"@id":"https:\/\/racom.com.pl\/index.php\/produkt\/pokrowiec-etui-na-laptopa-case-logic-156\/#breadcrumb"},"inLanguage":"pl-PL","potentialAction":[{"@type":"ReadAction","target":["https:\/\/racom.com.pl\/index.php\/produkt\/pokrowiec-etui-na-laptopa-case-logic-156\/"]}]},{"@type":"ImageObject","inLanguage":"pl-PL","@id":"https:\/\/racom.com.pl\/index.php\/produkt\/pokrowiec-etui-na-laptopa-case-logic-156\/#primaryimage","url":"https:\/\/racom.com.pl\/wp-content\/uploads\/2026\/03\/allegro_69af1d98d59ad0.69406701_e727452e4bbf9b0280c528e0e764.jpg","contentUrl":"https:\/\/racom.com.pl\/wp-content\/uploads\/2026\/03\/allegro_69af1d98d59ad0.69406701_e727452e4bbf9b0280c528e0e764.jpg","width":640,"height":480},{"@type":"BreadcrumbList","@id":"https:\/\/racom.com.pl\/index.php\/produkt\/pokrowiec-etui-na-laptopa-case-logic-156\/#breadcrumb","itemListElement":[{"@type":"ListItem","position":1,"name":"Strona g\u0142\u00f3wna","item":"https:\/\/racom.com.pl\/"},{"@type":"ListItem","position":2,"name":"Sklep","item":"https:\/\/racom.com.pl\/"},{"@type":"ListItem","position":3,"name":"Pokrowiec \/ etui na laptopa Case Logic 15,6&#8243;"}]},{"@type":"WebSite","@id":"https:\/\/racom.com.pl\/#website","url":"https:\/\/racom.com.pl\/","name":"Mix Market - Supermarket z wszystkim co potrzeba do domu i nie tylko","description":"","publisher":{"@id":"https:\/\/racom.com.pl\/#organization"},"potentialAction":[{"@type":"SearchAction","target":{"@type":"EntryPoint","urlTemplate":"https:\/\/racom.com.pl\/?s={search_term_string}"},"query-input":{"@type":"PropertyValueSpecification","valueRequired":true,"valueName":"search_term_string"}}],"inLanguage":"pl-PL"},{"@type":"Organization","@id":"https:\/\/racom.com.pl\/#organization","name":"Mix Market - Supermarket z wszystkim co potrzeba do domu i nie tylko","url":"https:\/\/racom.com.pl\/","logo":{"@type":"ImageObject","inLanguage":"pl-PL","@id":"https:\/\/racom.com.pl\/#\/schema\/logo\/image\/","url":"https:\/\/racom.com.pl\/wp-content\/uploads\/2025\/07\/mixmarket_logo.png","contentUrl":"https:\/\/racom.com.pl\/wp-content\/uploads\/2025\/07\/mixmarket_logo.png","width":1024,"height":1024,"caption":"Mix Market - Supermarket z wszystkim co potrzeba do domu i nie tylko"},"image":{"@id":"https:\/\/racom.com.pl\/#\/schema\/logo\/image\/"}}]}},"_links":{"self":[{"href":"https:\/\/racom.com.pl\/index.php\/wp-json\/wp\/v2\/product\/3972","targetHints":{"allow":["GET"]}}],"collection":[{"href":"https:\/\/racom.com.pl\/index.php\/wp-json\/wp\/v2\/product"}],"about":[{"href":"https:\/\/racom.com.pl\/index.php\/wp-json\/wp\/v2\/types\/product"}],"replies":[{"embeddable":true,"href":"https:\/\/racom.com.pl\/index.php\/wp-json\/wp\/v2\/comments?post=3972"}],"wp:featuredmedia":[{"embeddable":true,"href":"https:\/\/racom.com.pl\/index.php\/wp-json\/wp\/v2\/media\/3980"}],"wp:attachment":[{"href":"https:\/\/racom.com.pl\/index.php\/wp-json\/wp\/v2\/media?parent=3972"}],"wp:term":[{"taxonomy":"product_brand","embeddable":true,"href":"https:\/\/racom.com.pl\/index.php\/wp-json\/wp\/v2\/product_brand?post=3972"},{"taxonomy":"product_cat","embeddable":true,"href":"https:\/\/racom.com.pl\/index.php\/wp-json\/wp\/v2\/product_cat?post=3972"},{"taxonomy":"product_tag","embeddable":true,"href":"https:\/\/racom.com.pl\/index.php\/wp-json\/wp\/v2\/product_tag?post=3972"}],"curies":[{"name":"wp","href":"https:\/\/api.w.org\/{rel}","templated":true}]}}