{"id":3989,"date":"2026-03-09T20:21:11","date_gmt":"2026-03-09T19:21:11","guid":{"rendered":"https:\/\/racom.com.pl\/index.php\/produkt\/dysk-ssd-lexar-nm620-1-tb-m-2-2280-pci-e-x4-gen3\/"},"modified":"2026-03-09T20:21:11","modified_gmt":"2026-03-09T19:21:11","slug":"dysk-ssd-lexar-nm620-1-tb-m-2-2280-pci-e-x4-gen3","status":"publish","type":"product","link":"https:\/\/racom.com.pl\/index.php\/produkt\/dysk-ssd-lexar-nm620-1-tb-m-2-2280-pci-e-x4-gen3\/","title":{"rendered":"Dysk SSD Lexar NM620 1 TB M.2 2280 PCI-E x4 Gen3"},"content":{"rendered":"<p><b>Wydajno\u015b\u0107 na wy\u017cszym poziomie<\/b><\/p>\n<p>Zaprojektowany z my\u015bl\u0105 o intensywnych obci\u0105\u017ceniach dysk SSD Lexar NM620 oferuje wydajno\u015b\u0107 na wy\u017cszym poziomie oferuj\u0105c pr\u0119dko\u015b\u0107 odczytu do 3300 MB \/ s oraz zapisu do 3000 MB \/ s. Dysk NM620 obs\u0142uguje technologi\u0119 PCIe Gen3x4 NVMe 1.4 oraz korzysta z najnowszej pami\u0119ci flash 3D NAND.<\/p>\n<p><b>Idealny dla wymagaj\u0105cych tw\u00f3rc\u00f3w i graczy<\/b><\/p>\n<p>Dzi\u0119ki pr\u0119dko\u015bci odczytu do 3300 MB \/ s mo\u017cesz cieszy\u0107 si\u0119 6-krotnie wi\u0119ksz\u0105 pr\u0119dko\u015bci\u0105 ni\u017c tradycyjne dyski SSD SATA. Lexar NM620 oferuje imponuj\u0105c\u0105 wydajno\u015b\u0107 dla stacji roboczych i komputer\u00f3w dla graczy.<\/p>\n<p><b>Nowoczesna konstrukcja<\/b><\/p>\n<p>W przeciwie\u0144stwie do tradycyjnych dysk\u00f3w twardych, dysk SSD NM620 nie ma ruchomych cz\u0119\u015bci. Co wi\u0119cej, jest r\u00f3wnie\u017c odporny na wstrz\u0105sy i wibracje, dzi\u0119ki czemu jest solidnym i niezawodnym dyskiem SSD.<\/p>\n<h2>Dysk SSD Lexar LNM620 1TB M.2 PCIe M.2<\/h2>\n<h2>Specyfikacja:<\/h2>\n<ul>\n<li><b>Model:<\/b> NM620<\/li>\n<li><b>Typ dysku:<\/b> SSD<\/li>\n<li><b>Format szeroko\u015bci:<\/b> M.2 2280<\/li>\n<li><b>Typ nap\u0119du:<\/b> Wewn\u0119trzny<\/li>\n<li><b>Pojemno\u015b\u0107 dysku:<\/b> 1 TB<\/li>\n<li><b>Interfejs dysku:<\/b> PCI-Express<\/li>\n<li><b>TBW:<\/b> 500 TB<\/li>\n<li><b>Pr\u0119dko\u015b\u0107 odczytu:<\/b> 3300 MB\/s<\/li>\n<li><b>Pr\u0119dko\u015b\u0107 zapisu:<\/b> 3000 MB\/s<\/li>\n<li><b>Ilo\u015b\u0107 operacji odczytu IOPS (maks.):<\/b> 300 K<\/li>\n<li><b>Ilo\u015b\u0107 operacji zapisu IOPS (maks.):<\/b> 256 K<\/li>\n<li><b>Kolor:<\/b> Nie dotyczy<\/li>\n<li><b>Wysoko\u015b\u0107:<\/b> 2.45 mm<\/li>\n<li><b>Szeroko\u015b\u0107:<\/b> 22 mm<\/li>\n<li><b>G\u0142\u0119boko\u015b\u0107:<\/b> 80 mm<\/li>\n<li><b>Waga:<\/b> 9 g<\/li>\n<\/ul>\n","protected":false},"excerpt":{"rendered":"<p>Wydajno\u015b\u0107 na wy\u017cszym poziomie Zaprojektowany z my\u015bl\u0105 o intensywnych obci\u0105\u017ceniach dysk SSD Lexar NM620 oferuje wydajno\u015b\u0107 na wy\u017cszym poziomie oferuj\u0105c pr\u0119dko\u015b\u0107 odczytu do 3300 MB \/ s oraz zapisu do 3000 MB \/ s. Dysk NM620 obs\u0142uguje technologi\u0119 PCIe Gen3x4 NVMe 1.4 oraz korzysta z najnowszej pami\u0119ci flash 3D NAND. Idealny dla wymagaj\u0105cych tw\u00f3rc\u00f3w i [&hellip;]<\/p>\n","protected":false},"featured_media":3994,"comment_status":"open","ping_status":"closed","template":"","meta":[],"product_brand":[],"product_cat":[24],"product_tag":[],"class_list":{"0":"post-3989","1":"product","2":"type-product","3":"status-publish","4":"has-post-thumbnail","6":"product_cat-dyski-i-pamieci-przenosne","8":"first","9":"outofstock","10":"taxable","11":"shipping-taxable","12":"purchasable","13":"product-type-simple"},"yoast_head":"<!-- This site is optimized with the Yoast SEO plugin v27.3 - https:\/\/yoast.com\/product\/yoast-seo-wordpress\/ -->\n<title>Dysk SSD Lexar NM620 1 TB M.2 2280 PCI-E x4 Gen3 - Mix Market - Supermarket z wszystkim co potrzeba<\/title>\n<meta name=\"robots\" content=\"index, follow, max-snippet:-1, max-image-preview:large, max-video-preview:-1\" \/>\n<link rel=\"canonical\" href=\"https:\/\/racom.com.pl\/index.php\/produkt\/dysk-ssd-lexar-nm620-1-tb-m-2-2280-pci-e-x4-gen3\/\" \/>\n<meta property=\"og:locale\" content=\"pl_PL\" \/>\n<meta property=\"og:type\" content=\"article\" \/>\n<meta property=\"og:title\" content=\"Dysk SSD Lexar NM620 1 TB M.2 2280 PCI-E x4 Gen3 - Mix Market - Supermarket z wszystkim co potrzeba\" \/>\n<meta property=\"og:description\" content=\"Wydajno\u015b\u0107 na wy\u017cszym poziomie Zaprojektowany z my\u015bl\u0105 o intensywnych obci\u0105\u017ceniach dysk SSD Lexar NM620 oferuje wydajno\u015b\u0107 na wy\u017cszym poziomie oferuj\u0105c pr\u0119dko\u015b\u0107 odczytu do 3300 MB \/ s oraz zapisu do 3000 MB \/ s. Dysk NM620 obs\u0142uguje technologi\u0119 PCIe Gen3x4 NVMe 1.4 oraz korzysta z najnowszej pami\u0119ci flash 3D NAND. Idealny dla wymagaj\u0105cych tw\u00f3rc\u00f3w i [&hellip;]\" \/>\n<meta property=\"og:url\" content=\"https:\/\/racom.com.pl\/index.php\/produkt\/dysk-ssd-lexar-nm620-1-tb-m-2-2280-pci-e-x4-gen3\/\" \/>\n<meta property=\"og:site_name\" content=\"Mix Market - Supermarket z wszystkim co potrzeba\" \/>\n<meta name=\"twitter:card\" content=\"summary_large_image\" \/>\n<meta name=\"twitter:label1\" content=\"Szacowany czas czytania\" \/>\n\t<meta name=\"twitter:data1\" content=\"1 minuta\" \/>\n<script type=\"application\/ld+json\" class=\"yoast-schema-graph\">{\"@context\":\"https:\\\/\\\/schema.org\",\"@graph\":[{\"@type\":\"WebPage\",\"@id\":\"https:\\\/\\\/racom.com.pl\\\/index.php\\\/produkt\\\/dysk-ssd-lexar-nm620-1-tb-m-2-2280-pci-e-x4-gen3\\\/\",\"url\":\"https:\\\/\\\/racom.com.pl\\\/index.php\\\/produkt\\\/dysk-ssd-lexar-nm620-1-tb-m-2-2280-pci-e-x4-gen3\\\/\",\"name\":\"Dysk SSD Lexar NM620 1 TB M.2 2280 PCI-E x4 Gen3 - Mix Market - Supermarket z wszystkim co potrzeba\",\"isPartOf\":{\"@id\":\"https:\\\/\\\/racom.com.pl\\\/#website\"},\"primaryImageOfPage\":{\"@id\":\"https:\\\/\\\/racom.com.pl\\\/index.php\\\/produkt\\\/dysk-ssd-lexar-nm620-1-tb-m-2-2280-pci-e-x4-gen3\\\/#primaryimage\"},\"image\":{\"@id\":\"https:\\\/\\\/racom.com.pl\\\/index.php\\\/produkt\\\/dysk-ssd-lexar-nm620-1-tb-m-2-2280-pci-e-x4-gen3\\\/#primaryimage\"},\"thumbnailUrl\":\"https:\\\/\\\/racom.com.pl\\\/wp-content\\\/uploads\\\/2026\\\/03\\\/allegro_69af1db0b4e0d3.40836466_11f849a24daaaad2924328006239.jpg\",\"datePublished\":\"2026-03-09T19:21:11+00:00\",\"breadcrumb\":{\"@id\":\"https:\\\/\\\/racom.com.pl\\\/index.php\\\/produkt\\\/dysk-ssd-lexar-nm620-1-tb-m-2-2280-pci-e-x4-gen3\\\/#breadcrumb\"},\"inLanguage\":\"pl-PL\",\"potentialAction\":[{\"@type\":\"ReadAction\",\"target\":[\"https:\\\/\\\/racom.com.pl\\\/index.php\\\/produkt\\\/dysk-ssd-lexar-nm620-1-tb-m-2-2280-pci-e-x4-gen3\\\/\"]}]},{\"@type\":\"ImageObject\",\"inLanguage\":\"pl-PL\",\"@id\":\"https:\\\/\\\/racom.com.pl\\\/index.php\\\/produkt\\\/dysk-ssd-lexar-nm620-1-tb-m-2-2280-pci-e-x4-gen3\\\/#primaryimage\",\"url\":\"https:\\\/\\\/racom.com.pl\\\/wp-content\\\/uploads\\\/2026\\\/03\\\/allegro_69af1db0b4e0d3.40836466_11f849a24daaaad2924328006239.jpg\",\"contentUrl\":\"https:\\\/\\\/racom.com.pl\\\/wp-content\\\/uploads\\\/2026\\\/03\\\/allegro_69af1db0b4e0d3.40836466_11f849a24daaaad2924328006239.jpg\",\"width\":800,\"height\":800},{\"@type\":\"BreadcrumbList\",\"@id\":\"https:\\\/\\\/racom.com.pl\\\/index.php\\\/produkt\\\/dysk-ssd-lexar-nm620-1-tb-m-2-2280-pci-e-x4-gen3\\\/#breadcrumb\",\"itemListElement\":[{\"@type\":\"ListItem\",\"position\":1,\"name\":\"Strona g\u0142\u00f3wna\",\"item\":\"https:\\\/\\\/racom.com.pl\\\/\"},{\"@type\":\"ListItem\",\"position\":2,\"name\":\"Sklep\",\"item\":\"https:\\\/\\\/racom.com.pl\\\/\"},{\"@type\":\"ListItem\",\"position\":3,\"name\":\"Dysk SSD Lexar NM620 1 TB M.2 2280 PCI-E x4 Gen3\"}]},{\"@type\":\"WebSite\",\"@id\":\"https:\\\/\\\/racom.com.pl\\\/#website\",\"url\":\"https:\\\/\\\/racom.com.pl\\\/\",\"name\":\"Mix Market - Supermarket z wszystkim co potrzeba do domu i nie tylko\",\"description\":\"\",\"publisher\":{\"@id\":\"https:\\\/\\\/racom.com.pl\\\/#organization\"},\"potentialAction\":[{\"@type\":\"SearchAction\",\"target\":{\"@type\":\"EntryPoint\",\"urlTemplate\":\"https:\\\/\\\/racom.com.pl\\\/?s={search_term_string}\"},\"query-input\":{\"@type\":\"PropertyValueSpecification\",\"valueRequired\":true,\"valueName\":\"search_term_string\"}}],\"inLanguage\":\"pl-PL\"},{\"@type\":\"Organization\",\"@id\":\"https:\\\/\\\/racom.com.pl\\\/#organization\",\"name\":\"Mix Market - Supermarket z wszystkim co potrzeba do domu i nie tylko\",\"url\":\"https:\\\/\\\/racom.com.pl\\\/\",\"logo\":{\"@type\":\"ImageObject\",\"inLanguage\":\"pl-PL\",\"@id\":\"https:\\\/\\\/racom.com.pl\\\/#\\\/schema\\\/logo\\\/image\\\/\",\"url\":\"https:\\\/\\\/racom.com.pl\\\/wp-content\\\/uploads\\\/2025\\\/07\\\/mixmarket_logo.png\",\"contentUrl\":\"https:\\\/\\\/racom.com.pl\\\/wp-content\\\/uploads\\\/2025\\\/07\\\/mixmarket_logo.png\",\"width\":1024,\"height\":1024,\"caption\":\"Mix Market - Supermarket z wszystkim co potrzeba do domu i nie tylko\"},\"image\":{\"@id\":\"https:\\\/\\\/racom.com.pl\\\/#\\\/schema\\\/logo\\\/image\\\/\"}}]}<\/script>\n<!-- \/ Yoast SEO plugin. -->","yoast_head_json":{"title":"Dysk SSD Lexar NM620 1 TB M.2 2280 PCI-E x4 Gen3 - Mix Market - Supermarket z wszystkim co potrzeba","robots":{"index":"index","follow":"follow","max-snippet":"max-snippet:-1","max-image-preview":"max-image-preview:large","max-video-preview":"max-video-preview:-1"},"canonical":"https:\/\/racom.com.pl\/index.php\/produkt\/dysk-ssd-lexar-nm620-1-tb-m-2-2280-pci-e-x4-gen3\/","og_locale":"pl_PL","og_type":"article","og_title":"Dysk SSD Lexar NM620 1 TB M.2 2280 PCI-E x4 Gen3 - Mix Market - Supermarket z wszystkim co potrzeba","og_description":"Wydajno\u015b\u0107 na wy\u017cszym poziomie Zaprojektowany z my\u015bl\u0105 o intensywnych obci\u0105\u017ceniach dysk SSD Lexar NM620 oferuje wydajno\u015b\u0107 na wy\u017cszym poziomie oferuj\u0105c pr\u0119dko\u015b\u0107 odczytu do 3300 MB \/ s oraz zapisu do 3000 MB \/ s. Dysk NM620 obs\u0142uguje technologi\u0119 PCIe Gen3x4 NVMe 1.4 oraz korzysta z najnowszej pami\u0119ci flash 3D NAND. Idealny dla wymagaj\u0105cych tw\u00f3rc\u00f3w i [&hellip;]","og_url":"https:\/\/racom.com.pl\/index.php\/produkt\/dysk-ssd-lexar-nm620-1-tb-m-2-2280-pci-e-x4-gen3\/","og_site_name":"Mix Market - Supermarket z wszystkim co potrzeba","twitter_card":"summary_large_image","twitter_misc":{"Szacowany czas czytania":"1 minuta"},"schema":{"@context":"https:\/\/schema.org","@graph":[{"@type":"WebPage","@id":"https:\/\/racom.com.pl\/index.php\/produkt\/dysk-ssd-lexar-nm620-1-tb-m-2-2280-pci-e-x4-gen3\/","url":"https:\/\/racom.com.pl\/index.php\/produkt\/dysk-ssd-lexar-nm620-1-tb-m-2-2280-pci-e-x4-gen3\/","name":"Dysk SSD Lexar NM620 1 TB M.2 2280 PCI-E x4 Gen3 - Mix Market - Supermarket z wszystkim co potrzeba","isPartOf":{"@id":"https:\/\/racom.com.pl\/#website"},"primaryImageOfPage":{"@id":"https:\/\/racom.com.pl\/index.php\/produkt\/dysk-ssd-lexar-nm620-1-tb-m-2-2280-pci-e-x4-gen3\/#primaryimage"},"image":{"@id":"https:\/\/racom.com.pl\/index.php\/produkt\/dysk-ssd-lexar-nm620-1-tb-m-2-2280-pci-e-x4-gen3\/#primaryimage"},"thumbnailUrl":"https:\/\/racom.com.pl\/wp-content\/uploads\/2026\/03\/allegro_69af1db0b4e0d3.40836466_11f849a24daaaad2924328006239.jpg","datePublished":"2026-03-09T19:21:11+00:00","breadcrumb":{"@id":"https:\/\/racom.com.pl\/index.php\/produkt\/dysk-ssd-lexar-nm620-1-tb-m-2-2280-pci-e-x4-gen3\/#breadcrumb"},"inLanguage":"pl-PL","potentialAction":[{"@type":"ReadAction","target":["https:\/\/racom.com.pl\/index.php\/produkt\/dysk-ssd-lexar-nm620-1-tb-m-2-2280-pci-e-x4-gen3\/"]}]},{"@type":"ImageObject","inLanguage":"pl-PL","@id":"https:\/\/racom.com.pl\/index.php\/produkt\/dysk-ssd-lexar-nm620-1-tb-m-2-2280-pci-e-x4-gen3\/#primaryimage","url":"https:\/\/racom.com.pl\/wp-content\/uploads\/2026\/03\/allegro_69af1db0b4e0d3.40836466_11f849a24daaaad2924328006239.jpg","contentUrl":"https:\/\/racom.com.pl\/wp-content\/uploads\/2026\/03\/allegro_69af1db0b4e0d3.40836466_11f849a24daaaad2924328006239.jpg","width":800,"height":800},{"@type":"BreadcrumbList","@id":"https:\/\/racom.com.pl\/index.php\/produkt\/dysk-ssd-lexar-nm620-1-tb-m-2-2280-pci-e-x4-gen3\/#breadcrumb","itemListElement":[{"@type":"ListItem","position":1,"name":"Strona g\u0142\u00f3wna","item":"https:\/\/racom.com.pl\/"},{"@type":"ListItem","position":2,"name":"Sklep","item":"https:\/\/racom.com.pl\/"},{"@type":"ListItem","position":3,"name":"Dysk SSD Lexar NM620 1 TB M.2 2280 PCI-E x4 Gen3"}]},{"@type":"WebSite","@id":"https:\/\/racom.com.pl\/#website","url":"https:\/\/racom.com.pl\/","name":"Mix Market - Supermarket z wszystkim co potrzeba do domu i nie tylko","description":"","publisher":{"@id":"https:\/\/racom.com.pl\/#organization"},"potentialAction":[{"@type":"SearchAction","target":{"@type":"EntryPoint","urlTemplate":"https:\/\/racom.com.pl\/?s={search_term_string}"},"query-input":{"@type":"PropertyValueSpecification","valueRequired":true,"valueName":"search_term_string"}}],"inLanguage":"pl-PL"},{"@type":"Organization","@id":"https:\/\/racom.com.pl\/#organization","name":"Mix Market - Supermarket z wszystkim co potrzeba do domu i nie tylko","url":"https:\/\/racom.com.pl\/","logo":{"@type":"ImageObject","inLanguage":"pl-PL","@id":"https:\/\/racom.com.pl\/#\/schema\/logo\/image\/","url":"https:\/\/racom.com.pl\/wp-content\/uploads\/2025\/07\/mixmarket_logo.png","contentUrl":"https:\/\/racom.com.pl\/wp-content\/uploads\/2025\/07\/mixmarket_logo.png","width":1024,"height":1024,"caption":"Mix Market - Supermarket z wszystkim co potrzeba do domu i nie tylko"},"image":{"@id":"https:\/\/racom.com.pl\/#\/schema\/logo\/image\/"}}]}},"_links":{"self":[{"href":"https:\/\/racom.com.pl\/index.php\/wp-json\/wp\/v2\/product\/3989","targetHints":{"allow":["GET"]}}],"collection":[{"href":"https:\/\/racom.com.pl\/index.php\/wp-json\/wp\/v2\/product"}],"about":[{"href":"https:\/\/racom.com.pl\/index.php\/wp-json\/wp\/v2\/types\/product"}],"replies":[{"embeddable":true,"href":"https:\/\/racom.com.pl\/index.php\/wp-json\/wp\/v2\/comments?post=3989"}],"wp:featuredmedia":[{"embeddable":true,"href":"https:\/\/racom.com.pl\/index.php\/wp-json\/wp\/v2\/media\/3994"}],"wp:attachment":[{"href":"https:\/\/racom.com.pl\/index.php\/wp-json\/wp\/v2\/media?parent=3989"}],"wp:term":[{"taxonomy":"product_brand","embeddable":true,"href":"https:\/\/racom.com.pl\/index.php\/wp-json\/wp\/v2\/product_brand?post=3989"},{"taxonomy":"product_cat","embeddable":true,"href":"https:\/\/racom.com.pl\/index.php\/wp-json\/wp\/v2\/product_cat?post=3989"},{"taxonomy":"product_tag","embeddable":true,"href":"https:\/\/racom.com.pl\/index.php\/wp-json\/wp\/v2\/product_tag?post=3989"}],"curies":[{"name":"wp","href":"https:\/\/api.w.org\/{rel}","templated":true}]}}