{"id":4298,"date":"2026-03-09T20:26:54","date_gmt":"2026-03-09T19:26:54","guid":{"rendered":"https:\/\/racom.com.pl\/index.php\/produkt\/chimichurri-przyprawa-mieszanka-przypraw-bresc-holandia-450g\/"},"modified":"2026-03-09T20:26:54","modified_gmt":"2026-03-09T19:26:54","slug":"chimichurri-przyprawa-mieszanka-przypraw-bresc-holandia-450g","status":"publish","type":"product","link":"https:\/\/racom.com.pl\/index.php\/produkt\/chimichurri-przyprawa-mieszanka-przypraw-bresc-holandia-450g\/","title":{"rendered":"CHIMICHURRI PRZYPRAWA Mieszanka Przypraw BRESC HOLANDIA 450G"},"content":{"rendered":"<h2>Bresc Chimichurri \u2013 Miks Przypraw 450 g<\/h2>\n<p><b>Chimichurri<\/b> to aromatyczna mieszanka przypraw inspirowana kuchni\u0105 po\u0142udniowoameryka\u0144sk\u0105. Na bazie <b>czosnku, pietruszki, papryki, oliwy, zi\u00f3\u0142 i octu winnego<\/b>, tworzy wyrazisty, lekko pikantny smak, kt\u00f3ry idealnie podkre\u015bla charakter mi\u0119snych da\u0144.<\/p>\n<p>Doskonale komponuje si\u0119 z <b>soczystymi stekami, grillowan\u0105 wo\u0142owin\u0105, hamburgerami<\/b>, a tak\u017ce drobiem czy warzywami. To klasyczny dodatek do mi\u0119s z grilla i potraw kuchni latynoskiej.<\/p>\n<p><b> Sk\u0142adniki:<\/b><\/p>\n<ul>\n<li>czosnek (25%)<\/li>\n<li>pietruszka (19,5%)<\/li>\n<li>oliwa z oliwek, olej s\u0142onecznikowy<\/li>\n<li>suszone pomidory, szalotka<\/li>\n<li>zielone i czerwone chili (\u015bwie\u017ce + suszone)<\/li>\n<li>ocet winny z czerwonego wina<\/li>\n<li>oliwki czarne, tymianek, seler, rozmaryn (0,5%), pieprz, kmin rzymski<\/li>\n<li>s\u00f3l (2,2%)<\/li>\n<li>antyoksydant: kwas askorbinowy<\/li>\n<li>konserwant: sorbinian potasu<\/li>\n<\/ul>\n<p><b>\u26a1 Warto\u015b\u0107 od\u017cywcza w 100 g:<\/b><\/p>\n<ul>\n<li>Warto\u015b\u0107 energetyczna: <b>1205 kJ \/ 291 kcal<\/b><\/li>\n<li>T\u0142uszcz: <b>25,6 g<\/b> (w tym kwasy nasycone: &lt;0,1 g)<\/li>\n<li>W\u0119glowodany: <b>12,7 g<\/b> (w tym cukry: 2,3 g)<\/li>\n<li>Bia\u0142ko: <b>3,0 g<\/b><\/li>\n<li>S\u00f3l: <b>2,1 g<\/b><\/li>\n<\/ul>\n<p><b>\u2b50 Najwa\u017cniejsze cechy:<\/b><\/p>\n<ul>\n<li>Intensywny, zio\u0142owo-pikantny smak<\/li>\n<li>Idealny do stek\u00f3w, wo\u0142owiny, burger\u00f3w i grilla<\/li>\n<li>Gotowa baza przypraw \u2013 szybkie i wygodne u\u017cycie<\/li>\n<li>Du\u017ce, ekonomiczne opakowanie 450 g<\/li>\n<\/ul>\n<p> <b>Bresc Chimichurri 450 g<\/b> \u2013 sekret po\u0142udniowoameryka\u0144skiego smaku w Twojej kuchni!<\/p>\n","protected":false},"excerpt":{"rendered":"<p>Bresc Chimichurri \u2013 Miks Przypraw 450 g Chimichurri to aromatyczna mieszanka przypraw inspirowana kuchni\u0105 po\u0142udniowoameryka\u0144sk\u0105. Na bazie czosnku, pietruszki, papryki, oliwy, zi\u00f3\u0142 i octu winnego, tworzy wyrazisty, lekko pikantny smak, kt\u00f3ry idealnie podkre\u015bla charakter mi\u0119snych da\u0144. Doskonale komponuje si\u0119 z soczystymi stekami, grillowan\u0105 wo\u0142owin\u0105, hamburgerami, a tak\u017ce drobiem czy warzywami. To klasyczny dodatek do mi\u0119s [&hellip;]<\/p>\n","protected":false},"featured_media":4311,"comment_status":"open","ping_status":"closed","template":"","meta":[],"product_brand":[88],"product_cat":[304],"product_tag":[],"class_list":{"0":"post-4298","1":"product","2":"type-product","3":"status-publish","4":"has-post-thumbnail","6":"product_brand-bez-marki","7":"product_cat-warzywa-i-owoce","9":"first","10":"instock","11":"taxable","12":"shipping-taxable","13":"purchasable","14":"product-type-simple"},"yoast_head":"<!-- This site is optimized with the Yoast SEO plugin v27.3 - https:\/\/yoast.com\/product\/yoast-seo-wordpress\/ -->\n<title>CHIMICHURRI PRZYPRAWA Mieszanka Przypraw BRESC HOLANDIA 450G - Mix Market - Supermarket z wszystkim co potrzeba<\/title>\n<meta name=\"robots\" content=\"index, follow, max-snippet:-1, max-image-preview:large, max-video-preview:-1\" \/>\n<link rel=\"canonical\" href=\"https:\/\/racom.com.pl\/index.php\/produkt\/chimichurri-przyprawa-mieszanka-przypraw-bresc-holandia-450g\/\" \/>\n<meta property=\"og:locale\" content=\"pl_PL\" \/>\n<meta property=\"og:type\" content=\"article\" \/>\n<meta property=\"og:title\" content=\"CHIMICHURRI PRZYPRAWA Mieszanka Przypraw BRESC HOLANDIA 450G - Mix Market - Supermarket z wszystkim co potrzeba\" \/>\n<meta property=\"og:description\" content=\"Bresc Chimichurri \u2013 Miks Przypraw 450 g Chimichurri to aromatyczna mieszanka przypraw inspirowana kuchni\u0105 po\u0142udniowoameryka\u0144sk\u0105. Na bazie czosnku, pietruszki, papryki, oliwy, zi\u00f3\u0142 i octu winnego, tworzy wyrazisty, lekko pikantny smak, kt\u00f3ry idealnie podkre\u015bla charakter mi\u0119snych da\u0144. Doskonale komponuje si\u0119 z soczystymi stekami, grillowan\u0105 wo\u0142owin\u0105, hamburgerami, a tak\u017ce drobiem czy warzywami. To klasyczny dodatek do mi\u0119s [&hellip;]\" \/>\n<meta property=\"og:url\" content=\"https:\/\/racom.com.pl\/index.php\/produkt\/chimichurri-przyprawa-mieszanka-przypraw-bresc-holandia-450g\/\" \/>\n<meta property=\"og:site_name\" content=\"Mix Market - Supermarket z wszystkim co potrzeba\" \/>\n<meta name=\"twitter:card\" content=\"summary_large_image\" \/>\n<meta name=\"twitter:label1\" content=\"Szacowany czas czytania\" \/>\n\t<meta name=\"twitter:data1\" content=\"1 minuta\" \/>\n<script type=\"application\/ld+json\" class=\"yoast-schema-graph\">{\"@context\":\"https:\\\/\\\/schema.org\",\"@graph\":[{\"@type\":\"WebPage\",\"@id\":\"https:\\\/\\\/racom.com.pl\\\/index.php\\\/produkt\\\/chimichurri-przyprawa-mieszanka-przypraw-bresc-holandia-450g\\\/\",\"url\":\"https:\\\/\\\/racom.com.pl\\\/index.php\\\/produkt\\\/chimichurri-przyprawa-mieszanka-przypraw-bresc-holandia-450g\\\/\",\"name\":\"CHIMICHURRI PRZYPRAWA Mieszanka Przypraw BRESC HOLANDIA 450G - Mix Market - Supermarket z wszystkim co potrzeba\",\"isPartOf\":{\"@id\":\"https:\\\/\\\/racom.com.pl\\\/#website\"},\"primaryImageOfPage\":{\"@id\":\"https:\\\/\\\/racom.com.pl\\\/index.php\\\/produkt\\\/chimichurri-przyprawa-mieszanka-przypraw-bresc-holandia-450g\\\/#primaryimage\"},\"image\":{\"@id\":\"https:\\\/\\\/racom.com.pl\\\/index.php\\\/produkt\\\/chimichurri-przyprawa-mieszanka-przypraw-bresc-holandia-450g\\\/#primaryimage\"},\"thumbnailUrl\":\"https:\\\/\\\/racom.com.pl\\\/wp-content\\\/uploads\\\/2026\\\/03\\\/allegro_69af1f06be90e2.30357257_14f90a124645a8f3a58cbf3afcc9.jpg\",\"datePublished\":\"2026-03-09T19:26:54+00:00\",\"breadcrumb\":{\"@id\":\"https:\\\/\\\/racom.com.pl\\\/index.php\\\/produkt\\\/chimichurri-przyprawa-mieszanka-przypraw-bresc-holandia-450g\\\/#breadcrumb\"},\"inLanguage\":\"pl-PL\",\"potentialAction\":[{\"@type\":\"ReadAction\",\"target\":[\"https:\\\/\\\/racom.com.pl\\\/index.php\\\/produkt\\\/chimichurri-przyprawa-mieszanka-przypraw-bresc-holandia-450g\\\/\"]}]},{\"@type\":\"ImageObject\",\"inLanguage\":\"pl-PL\",\"@id\":\"https:\\\/\\\/racom.com.pl\\\/index.php\\\/produkt\\\/chimichurri-przyprawa-mieszanka-przypraw-bresc-holandia-450g\\\/#primaryimage\",\"url\":\"https:\\\/\\\/racom.com.pl\\\/wp-content\\\/uploads\\\/2026\\\/03\\\/allegro_69af1f06be90e2.30357257_14f90a124645a8f3a58cbf3afcc9.jpg\",\"contentUrl\":\"https:\\\/\\\/racom.com.pl\\\/wp-content\\\/uploads\\\/2026\\\/03\\\/allegro_69af1f06be90e2.30357257_14f90a124645a8f3a58cbf3afcc9.jpg\",\"width\":600,\"height\":800},{\"@type\":\"BreadcrumbList\",\"@id\":\"https:\\\/\\\/racom.com.pl\\\/index.php\\\/produkt\\\/chimichurri-przyprawa-mieszanka-przypraw-bresc-holandia-450g\\\/#breadcrumb\",\"itemListElement\":[{\"@type\":\"ListItem\",\"position\":1,\"name\":\"Strona g\u0142\u00f3wna\",\"item\":\"https:\\\/\\\/racom.com.pl\\\/\"},{\"@type\":\"ListItem\",\"position\":2,\"name\":\"Sklep\",\"item\":\"https:\\\/\\\/racom.com.pl\\\/\"},{\"@type\":\"ListItem\",\"position\":3,\"name\":\"CHIMICHURRI PRZYPRAWA Mieszanka Przypraw BRESC HOLANDIA 450G\"}]},{\"@type\":\"WebSite\",\"@id\":\"https:\\\/\\\/racom.com.pl\\\/#website\",\"url\":\"https:\\\/\\\/racom.com.pl\\\/\",\"name\":\"Mix Market - Supermarket z wszystkim co potrzeba do domu i nie tylko\",\"description\":\"\",\"publisher\":{\"@id\":\"https:\\\/\\\/racom.com.pl\\\/#organization\"},\"potentialAction\":[{\"@type\":\"SearchAction\",\"target\":{\"@type\":\"EntryPoint\",\"urlTemplate\":\"https:\\\/\\\/racom.com.pl\\\/?s={search_term_string}\"},\"query-input\":{\"@type\":\"PropertyValueSpecification\",\"valueRequired\":true,\"valueName\":\"search_term_string\"}}],\"inLanguage\":\"pl-PL\"},{\"@type\":\"Organization\",\"@id\":\"https:\\\/\\\/racom.com.pl\\\/#organization\",\"name\":\"Mix Market - Supermarket z wszystkim co potrzeba do domu i nie tylko\",\"url\":\"https:\\\/\\\/racom.com.pl\\\/\",\"logo\":{\"@type\":\"ImageObject\",\"inLanguage\":\"pl-PL\",\"@id\":\"https:\\\/\\\/racom.com.pl\\\/#\\\/schema\\\/logo\\\/image\\\/\",\"url\":\"https:\\\/\\\/racom.com.pl\\\/wp-content\\\/uploads\\\/2025\\\/07\\\/mixmarket_logo.png\",\"contentUrl\":\"https:\\\/\\\/racom.com.pl\\\/wp-content\\\/uploads\\\/2025\\\/07\\\/mixmarket_logo.png\",\"width\":1024,\"height\":1024,\"caption\":\"Mix Market - Supermarket z wszystkim co potrzeba do domu i nie tylko\"},\"image\":{\"@id\":\"https:\\\/\\\/racom.com.pl\\\/#\\\/schema\\\/logo\\\/image\\\/\"}}]}<\/script>\n<!-- \/ Yoast SEO plugin. -->","yoast_head_json":{"title":"CHIMICHURRI PRZYPRAWA Mieszanka Przypraw BRESC HOLANDIA 450G - Mix Market - Supermarket z wszystkim co potrzeba","robots":{"index":"index","follow":"follow","max-snippet":"max-snippet:-1","max-image-preview":"max-image-preview:large","max-video-preview":"max-video-preview:-1"},"canonical":"https:\/\/racom.com.pl\/index.php\/produkt\/chimichurri-przyprawa-mieszanka-przypraw-bresc-holandia-450g\/","og_locale":"pl_PL","og_type":"article","og_title":"CHIMICHURRI PRZYPRAWA Mieszanka Przypraw BRESC HOLANDIA 450G - Mix Market - Supermarket z wszystkim co potrzeba","og_description":"Bresc Chimichurri \u2013 Miks Przypraw 450 g Chimichurri to aromatyczna mieszanka przypraw inspirowana kuchni\u0105 po\u0142udniowoameryka\u0144sk\u0105. Na bazie czosnku, pietruszki, papryki, oliwy, zi\u00f3\u0142 i octu winnego, tworzy wyrazisty, lekko pikantny smak, kt\u00f3ry idealnie podkre\u015bla charakter mi\u0119snych da\u0144. Doskonale komponuje si\u0119 z soczystymi stekami, grillowan\u0105 wo\u0142owin\u0105, hamburgerami, a tak\u017ce drobiem czy warzywami. To klasyczny dodatek do mi\u0119s [&hellip;]","og_url":"https:\/\/racom.com.pl\/index.php\/produkt\/chimichurri-przyprawa-mieszanka-przypraw-bresc-holandia-450g\/","og_site_name":"Mix Market - Supermarket z wszystkim co potrzeba","twitter_card":"summary_large_image","twitter_misc":{"Szacowany czas czytania":"1 minuta"},"schema":{"@context":"https:\/\/schema.org","@graph":[{"@type":"WebPage","@id":"https:\/\/racom.com.pl\/index.php\/produkt\/chimichurri-przyprawa-mieszanka-przypraw-bresc-holandia-450g\/","url":"https:\/\/racom.com.pl\/index.php\/produkt\/chimichurri-przyprawa-mieszanka-przypraw-bresc-holandia-450g\/","name":"CHIMICHURRI PRZYPRAWA Mieszanka Przypraw BRESC HOLANDIA 450G - Mix Market - Supermarket z wszystkim co potrzeba","isPartOf":{"@id":"https:\/\/racom.com.pl\/#website"},"primaryImageOfPage":{"@id":"https:\/\/racom.com.pl\/index.php\/produkt\/chimichurri-przyprawa-mieszanka-przypraw-bresc-holandia-450g\/#primaryimage"},"image":{"@id":"https:\/\/racom.com.pl\/index.php\/produkt\/chimichurri-przyprawa-mieszanka-przypraw-bresc-holandia-450g\/#primaryimage"},"thumbnailUrl":"https:\/\/racom.com.pl\/wp-content\/uploads\/2026\/03\/allegro_69af1f06be90e2.30357257_14f90a124645a8f3a58cbf3afcc9.jpg","datePublished":"2026-03-09T19:26:54+00:00","breadcrumb":{"@id":"https:\/\/racom.com.pl\/index.php\/produkt\/chimichurri-przyprawa-mieszanka-przypraw-bresc-holandia-450g\/#breadcrumb"},"inLanguage":"pl-PL","potentialAction":[{"@type":"ReadAction","target":["https:\/\/racom.com.pl\/index.php\/produkt\/chimichurri-przyprawa-mieszanka-przypraw-bresc-holandia-450g\/"]}]},{"@type":"ImageObject","inLanguage":"pl-PL","@id":"https:\/\/racom.com.pl\/index.php\/produkt\/chimichurri-przyprawa-mieszanka-przypraw-bresc-holandia-450g\/#primaryimage","url":"https:\/\/racom.com.pl\/wp-content\/uploads\/2026\/03\/allegro_69af1f06be90e2.30357257_14f90a124645a8f3a58cbf3afcc9.jpg","contentUrl":"https:\/\/racom.com.pl\/wp-content\/uploads\/2026\/03\/allegro_69af1f06be90e2.30357257_14f90a124645a8f3a58cbf3afcc9.jpg","width":600,"height":800},{"@type":"BreadcrumbList","@id":"https:\/\/racom.com.pl\/index.php\/produkt\/chimichurri-przyprawa-mieszanka-przypraw-bresc-holandia-450g\/#breadcrumb","itemListElement":[{"@type":"ListItem","position":1,"name":"Strona g\u0142\u00f3wna","item":"https:\/\/racom.com.pl\/"},{"@type":"ListItem","position":2,"name":"Sklep","item":"https:\/\/racom.com.pl\/"},{"@type":"ListItem","position":3,"name":"CHIMICHURRI PRZYPRAWA Mieszanka Przypraw BRESC HOLANDIA 450G"}]},{"@type":"WebSite","@id":"https:\/\/racom.com.pl\/#website","url":"https:\/\/racom.com.pl\/","name":"Mix Market - Supermarket z wszystkim co potrzeba do domu i nie tylko","description":"","publisher":{"@id":"https:\/\/racom.com.pl\/#organization"},"potentialAction":[{"@type":"SearchAction","target":{"@type":"EntryPoint","urlTemplate":"https:\/\/racom.com.pl\/?s={search_term_string}"},"query-input":{"@type":"PropertyValueSpecification","valueRequired":true,"valueName":"search_term_string"}}],"inLanguage":"pl-PL"},{"@type":"Organization","@id":"https:\/\/racom.com.pl\/#organization","name":"Mix Market - Supermarket z wszystkim co potrzeba do domu i nie tylko","url":"https:\/\/racom.com.pl\/","logo":{"@type":"ImageObject","inLanguage":"pl-PL","@id":"https:\/\/racom.com.pl\/#\/schema\/logo\/image\/","url":"https:\/\/racom.com.pl\/wp-content\/uploads\/2025\/07\/mixmarket_logo.png","contentUrl":"https:\/\/racom.com.pl\/wp-content\/uploads\/2025\/07\/mixmarket_logo.png","width":1024,"height":1024,"caption":"Mix Market - Supermarket z wszystkim co potrzeba do domu i nie tylko"},"image":{"@id":"https:\/\/racom.com.pl\/#\/schema\/logo\/image\/"}}]}},"_links":{"self":[{"href":"https:\/\/racom.com.pl\/index.php\/wp-json\/wp\/v2\/product\/4298","targetHints":{"allow":["GET"]}}],"collection":[{"href":"https:\/\/racom.com.pl\/index.php\/wp-json\/wp\/v2\/product"}],"about":[{"href":"https:\/\/racom.com.pl\/index.php\/wp-json\/wp\/v2\/types\/product"}],"replies":[{"embeddable":true,"href":"https:\/\/racom.com.pl\/index.php\/wp-json\/wp\/v2\/comments?post=4298"}],"wp:featuredmedia":[{"embeddable":true,"href":"https:\/\/racom.com.pl\/index.php\/wp-json\/wp\/v2\/media\/4311"}],"wp:attachment":[{"href":"https:\/\/racom.com.pl\/index.php\/wp-json\/wp\/v2\/media?parent=4298"}],"wp:term":[{"taxonomy":"product_brand","embeddable":true,"href":"https:\/\/racom.com.pl\/index.php\/wp-json\/wp\/v2\/product_brand?post=4298"},{"taxonomy":"product_cat","embeddable":true,"href":"https:\/\/racom.com.pl\/index.php\/wp-json\/wp\/v2\/product_cat?post=4298"},{"taxonomy":"product_tag","embeddable":true,"href":"https:\/\/racom.com.pl\/index.php\/wp-json\/wp\/v2\/product_tag?post=4298"}],"curies":[{"name":"wp","href":"https:\/\/api.w.org\/{rel}","templated":true}]}}