{"id":4313,"date":"2026-03-09T20:27:04","date_gmt":"2026-03-09T19:27:04","guid":{"rendered":"https:\/\/racom.com.pl\/index.php\/produkt\/muszynianka-naturalna-woda-mineralna-wysokozmineralizowana-1-5l-zgrzewka\/"},"modified":"2026-03-09T20:27:04","modified_gmt":"2026-03-09T19:27:04","slug":"muszynianka-naturalna-woda-mineralna-wysokozmineralizowana-1-5l-zgrzewka","status":"publish","type":"product","link":"https:\/\/racom.com.pl\/index.php\/produkt\/muszynianka-naturalna-woda-mineralna-wysokozmineralizowana-1-5l-zgrzewka\/","title":{"rendered":"Muszynianka Naturalna woda mineralna wysokozmineralizowana 1.5L Zgrzewka"},"content":{"rendered":"<h2>Muszynianka \u2013 Naturalna Woda Mineralna, cz\u0119\u015bciowo odgazowana, wysokozmineralizowana 1,5 l (6 szt.)<\/h2>\n<p>Muszynianka to naturalna woda mineralna wydobywana ze \u017ar\u00f3de\u0142 w Muszynie, Miliku i Andrzej\u00f3wce. Wyr\u00f3\u017cnia si\u0119 wysok\u0105 mineralizacj\u0105 (1954,36 mg\/l), bogactwem magnezu, wapnia oraz wodorow\u0119glan\u00f3w, dzi\u0119ki czemu doskonale wspiera prawid\u0142owe funkcjonowanie organizmu.<\/p>\n<p>Woda zosta\u0142a poddana procesowi napowietrzania i filtracji, co nada\u0142o jej \u0142agodny, cz\u0119\u015bciowo odgazowany charakter \u2013 idealny dla os\u00f3b poszukuj\u0105cych naturalnej alternatywy dla napoj\u00f3w s\u0142odzonych.<\/p>\n<p>\u2705 <b>Najwa\u017cniejsze cechy:<\/b><\/p>\n<ul>\n<li>Naturalna, wysokozmineralizowana woda mineralna<\/li>\n<li>Zawiera cenne minera\u0142y: magnez, wap\u0144, wodorow\u0119glany<\/li>\n<li>Cz\u0119\u015bciowo odgazowana \u2013 \u0142agodna w smaku<\/li>\n<li>Pojemno\u015b\u0107: 1,5 l (zgrzewka 6 szt.)<\/li>\n<li>Kraj pochodzenia: Polska<\/li>\n<\/ul>\n<p><b>Sk\u0142ad g\u0142\u00f3wnych minera\u0142\u00f3w (mg\/l):<\/b><\/p>\n<ul>\n<li>Magnez (Mg\u00b2\u207a): 128,3<\/li>\n<li>Wap\u0144 (Ca\u00b2\u207a): 208,0<\/li>\n<li>S\u00f3d (Na\u207a): 87,8<\/li>\n<li>Potas (K\u207a): 6,4<\/li>\n<li>Wodorow\u0119glany (HCO\u2083\u207b): 1489,0<\/li>\n<li>Siarczany (SO\u2084\u00b2\u207b): 21,8<\/li>\n<li>Chlorki (Cl\u207b): 12,9<\/li>\n<li>Fluorki (F\u207b): 0,16<\/li>\n<\/ul>\n<p><b>Warto\u015b\u0107 mineralizacji:<\/b> 1954,36 mg\/l<\/p>\n<p><b>Rodzaj:<\/b> Niegazowana \/ cz\u0119\u015bciowo odgazowana<\/p>\n<p><b>Opakowanie:<\/b> butelka 1,5 l, zgrzewka 6 szt.<\/p>\n","protected":false},"excerpt":{"rendered":"<p>Muszynianka \u2013 Naturalna Woda Mineralna, cz\u0119\u015bciowo odgazowana, wysokozmineralizowana 1,5 l (6 szt.) Muszynianka to naturalna woda mineralna wydobywana ze \u017ar\u00f3de\u0142 w Muszynie, Miliku i Andrzej\u00f3wce. Wyr\u00f3\u017cnia si\u0119 wysok\u0105 mineralizacj\u0105 (1954,36 mg\/l), bogactwem magnezu, wapnia oraz wodorow\u0119glan\u00f3w, dzi\u0119ki czemu doskonale wspiera prawid\u0142owe funkcjonowanie organizmu. Woda zosta\u0142a poddana procesowi napowietrzania i filtracji, co nada\u0142o jej \u0142agodny, cz\u0119\u015bciowo [&hellip;]<\/p>\n","protected":false},"featured_media":4327,"comment_status":"open","ping_status":"closed","template":"","meta":[],"product_brand":[307],"product_cat":[116],"product_tag":[],"class_list":{"0":"post-4313","1":"product","2":"type-product","3":"status-publish","4":"has-post-thumbnail","6":"product_brand-muszynianka","7":"product_cat-napoje-i-akcesoria","9":"first","10":"instock","11":"taxable","12":"shipping-taxable","13":"purchasable","14":"product-type-simple"},"yoast_head":"<!-- This site is optimized with the Yoast SEO plugin v27.4 - https:\/\/yoast.com\/product\/yoast-seo-wordpress\/ -->\n<title>Muszynianka Naturalna woda mineralna wysokozmineralizowana 1.5L Zgrzewka - Mix Market - Supermarket z wszystkim co potrzeba<\/title>\n<meta name=\"robots\" content=\"index, follow, max-snippet:-1, max-image-preview:large, max-video-preview:-1\" \/>\n<link rel=\"canonical\" href=\"https:\/\/racom.com.pl\/index.php\/produkt\/muszynianka-naturalna-woda-mineralna-wysokozmineralizowana-1-5l-zgrzewka\/\" \/>\n<meta property=\"og:locale\" content=\"pl_PL\" \/>\n<meta property=\"og:type\" content=\"article\" \/>\n<meta property=\"og:title\" content=\"Muszynianka Naturalna woda mineralna wysokozmineralizowana 1.5L Zgrzewka - Mix Market - Supermarket z wszystkim co potrzeba\" \/>\n<meta property=\"og:description\" content=\"Muszynianka \u2013 Naturalna Woda Mineralna, cz\u0119\u015bciowo odgazowana, wysokozmineralizowana 1,5 l (6 szt.) Muszynianka to naturalna woda mineralna wydobywana ze \u017ar\u00f3de\u0142 w Muszynie, Miliku i Andrzej\u00f3wce. Wyr\u00f3\u017cnia si\u0119 wysok\u0105 mineralizacj\u0105 (1954,36 mg\/l), bogactwem magnezu, wapnia oraz wodorow\u0119glan\u00f3w, dzi\u0119ki czemu doskonale wspiera prawid\u0142owe funkcjonowanie organizmu. Woda zosta\u0142a poddana procesowi napowietrzania i filtracji, co nada\u0142o jej \u0142agodny, cz\u0119\u015bciowo [&hellip;]\" \/>\n<meta property=\"og:url\" content=\"https:\/\/racom.com.pl\/index.php\/produkt\/muszynianka-naturalna-woda-mineralna-wysokozmineralizowana-1-5l-zgrzewka\/\" \/>\n<meta property=\"og:site_name\" content=\"Mix Market - Supermarket z wszystkim co potrzeba\" \/>\n<meta name=\"twitter:card\" content=\"summary_large_image\" \/>\n<meta name=\"twitter:label1\" content=\"Szacowany czas czytania\" \/>\n\t<meta name=\"twitter:data1\" content=\"1 minuta\" \/>\n<script type=\"application\/ld+json\" class=\"yoast-schema-graph\">{\"@context\":\"https:\\\/\\\/schema.org\",\"@graph\":[{\"@type\":\"WebPage\",\"@id\":\"https:\\\/\\\/racom.com.pl\\\/index.php\\\/produkt\\\/muszynianka-naturalna-woda-mineralna-wysokozmineralizowana-1-5l-zgrzewka\\\/\",\"url\":\"https:\\\/\\\/racom.com.pl\\\/index.php\\\/produkt\\\/muszynianka-naturalna-woda-mineralna-wysokozmineralizowana-1-5l-zgrzewka\\\/\",\"name\":\"Muszynianka Naturalna woda mineralna wysokozmineralizowana 1.5L Zgrzewka - Mix Market - Supermarket z wszystkim co potrzeba\",\"isPartOf\":{\"@id\":\"https:\\\/\\\/racom.com.pl\\\/#website\"},\"primaryImageOfPage\":{\"@id\":\"https:\\\/\\\/racom.com.pl\\\/index.php\\\/produkt\\\/muszynianka-naturalna-woda-mineralna-wysokozmineralizowana-1-5l-zgrzewka\\\/#primaryimage\"},\"image\":{\"@id\":\"https:\\\/\\\/racom.com.pl\\\/index.php\\\/produkt\\\/muszynianka-naturalna-woda-mineralna-wysokozmineralizowana-1-5l-zgrzewka\\\/#primaryimage\"},\"thumbnailUrl\":\"https:\\\/\\\/racom.com.pl\\\/wp-content\\\/uploads\\\/2026\\\/03\\\/allegro_69af1f1447dbb7.35619841_88e054d1450e9146d4e3d78a2119.jpg\",\"datePublished\":\"2026-03-09T19:27:04+00:00\",\"breadcrumb\":{\"@id\":\"https:\\\/\\\/racom.com.pl\\\/index.php\\\/produkt\\\/muszynianka-naturalna-woda-mineralna-wysokozmineralizowana-1-5l-zgrzewka\\\/#breadcrumb\"},\"inLanguage\":\"pl-PL\",\"potentialAction\":[{\"@type\":\"ReadAction\",\"target\":[\"https:\\\/\\\/racom.com.pl\\\/index.php\\\/produkt\\\/muszynianka-naturalna-woda-mineralna-wysokozmineralizowana-1-5l-zgrzewka\\\/\"]}]},{\"@type\":\"ImageObject\",\"inLanguage\":\"pl-PL\",\"@id\":\"https:\\\/\\\/racom.com.pl\\\/index.php\\\/produkt\\\/muszynianka-naturalna-woda-mineralna-wysokozmineralizowana-1-5l-zgrzewka\\\/#primaryimage\",\"url\":\"https:\\\/\\\/racom.com.pl\\\/wp-content\\\/uploads\\\/2026\\\/03\\\/allegro_69af1f1447dbb7.35619841_88e054d1450e9146d4e3d78a2119.jpg\",\"contentUrl\":\"https:\\\/\\\/racom.com.pl\\\/wp-content\\\/uploads\\\/2026\\\/03\\\/allegro_69af1f1447dbb7.35619841_88e054d1450e9146d4e3d78a2119.jpg\",\"width\":1080,\"height\":1080},{\"@type\":\"BreadcrumbList\",\"@id\":\"https:\\\/\\\/racom.com.pl\\\/index.php\\\/produkt\\\/muszynianka-naturalna-woda-mineralna-wysokozmineralizowana-1-5l-zgrzewka\\\/#breadcrumb\",\"itemListElement\":[{\"@type\":\"ListItem\",\"position\":1,\"name\":\"Strona g\u0142\u00f3wna\",\"item\":\"https:\\\/\\\/racom.com.pl\\\/\"},{\"@type\":\"ListItem\",\"position\":2,\"name\":\"Sklep\",\"item\":\"https:\\\/\\\/racom.com.pl\\\/\"},{\"@type\":\"ListItem\",\"position\":3,\"name\":\"Muszynianka Naturalna woda mineralna wysokozmineralizowana 1.5L Zgrzewka\"}]},{\"@type\":\"WebSite\",\"@id\":\"https:\\\/\\\/racom.com.pl\\\/#website\",\"url\":\"https:\\\/\\\/racom.com.pl\\\/\",\"name\":\"Mix Market - Supermarket z wszystkim co potrzeba do domu i nie tylko\",\"description\":\"\",\"publisher\":{\"@id\":\"https:\\\/\\\/racom.com.pl\\\/#organization\"},\"potentialAction\":[{\"@type\":\"SearchAction\",\"target\":{\"@type\":\"EntryPoint\",\"urlTemplate\":\"https:\\\/\\\/racom.com.pl\\\/?s={search_term_string}\"},\"query-input\":{\"@type\":\"PropertyValueSpecification\",\"valueRequired\":true,\"valueName\":\"search_term_string\"}}],\"inLanguage\":\"pl-PL\"},{\"@type\":\"Organization\",\"@id\":\"https:\\\/\\\/racom.com.pl\\\/#organization\",\"name\":\"Mix Market - Supermarket z wszystkim co potrzeba do domu i nie tylko\",\"url\":\"https:\\\/\\\/racom.com.pl\\\/\",\"logo\":{\"@type\":\"ImageObject\",\"inLanguage\":\"pl-PL\",\"@id\":\"https:\\\/\\\/racom.com.pl\\\/#\\\/schema\\\/logo\\\/image\\\/\",\"url\":\"https:\\\/\\\/racom.com.pl\\\/wp-content\\\/uploads\\\/2025\\\/07\\\/mixmarket_logo.png\",\"contentUrl\":\"https:\\\/\\\/racom.com.pl\\\/wp-content\\\/uploads\\\/2025\\\/07\\\/mixmarket_logo.png\",\"width\":1024,\"height\":1024,\"caption\":\"Mix Market - Supermarket z wszystkim co potrzeba do domu i nie tylko\"},\"image\":{\"@id\":\"https:\\\/\\\/racom.com.pl\\\/#\\\/schema\\\/logo\\\/image\\\/\"}}]}<\/script>\n<!-- \/ Yoast SEO plugin. -->","yoast_head_json":{"title":"Muszynianka Naturalna woda mineralna wysokozmineralizowana 1.5L Zgrzewka - Mix Market - Supermarket z wszystkim co potrzeba","robots":{"index":"index","follow":"follow","max-snippet":"max-snippet:-1","max-image-preview":"max-image-preview:large","max-video-preview":"max-video-preview:-1"},"canonical":"https:\/\/racom.com.pl\/index.php\/produkt\/muszynianka-naturalna-woda-mineralna-wysokozmineralizowana-1-5l-zgrzewka\/","og_locale":"pl_PL","og_type":"article","og_title":"Muszynianka Naturalna woda mineralna wysokozmineralizowana 1.5L Zgrzewka - Mix Market - Supermarket z wszystkim co potrzeba","og_description":"Muszynianka \u2013 Naturalna Woda Mineralna, cz\u0119\u015bciowo odgazowana, wysokozmineralizowana 1,5 l (6 szt.) Muszynianka to naturalna woda mineralna wydobywana ze \u017ar\u00f3de\u0142 w Muszynie, Miliku i Andrzej\u00f3wce. Wyr\u00f3\u017cnia si\u0119 wysok\u0105 mineralizacj\u0105 (1954,36 mg\/l), bogactwem magnezu, wapnia oraz wodorow\u0119glan\u00f3w, dzi\u0119ki czemu doskonale wspiera prawid\u0142owe funkcjonowanie organizmu. Woda zosta\u0142a poddana procesowi napowietrzania i filtracji, co nada\u0142o jej \u0142agodny, cz\u0119\u015bciowo [&hellip;]","og_url":"https:\/\/racom.com.pl\/index.php\/produkt\/muszynianka-naturalna-woda-mineralna-wysokozmineralizowana-1-5l-zgrzewka\/","og_site_name":"Mix Market - Supermarket z wszystkim co potrzeba","twitter_card":"summary_large_image","twitter_misc":{"Szacowany czas czytania":"1 minuta"},"schema":{"@context":"https:\/\/schema.org","@graph":[{"@type":"WebPage","@id":"https:\/\/racom.com.pl\/index.php\/produkt\/muszynianka-naturalna-woda-mineralna-wysokozmineralizowana-1-5l-zgrzewka\/","url":"https:\/\/racom.com.pl\/index.php\/produkt\/muszynianka-naturalna-woda-mineralna-wysokozmineralizowana-1-5l-zgrzewka\/","name":"Muszynianka Naturalna woda mineralna wysokozmineralizowana 1.5L Zgrzewka - Mix Market - Supermarket z wszystkim co potrzeba","isPartOf":{"@id":"https:\/\/racom.com.pl\/#website"},"primaryImageOfPage":{"@id":"https:\/\/racom.com.pl\/index.php\/produkt\/muszynianka-naturalna-woda-mineralna-wysokozmineralizowana-1-5l-zgrzewka\/#primaryimage"},"image":{"@id":"https:\/\/racom.com.pl\/index.php\/produkt\/muszynianka-naturalna-woda-mineralna-wysokozmineralizowana-1-5l-zgrzewka\/#primaryimage"},"thumbnailUrl":"https:\/\/racom.com.pl\/wp-content\/uploads\/2026\/03\/allegro_69af1f1447dbb7.35619841_88e054d1450e9146d4e3d78a2119.jpg","datePublished":"2026-03-09T19:27:04+00:00","breadcrumb":{"@id":"https:\/\/racom.com.pl\/index.php\/produkt\/muszynianka-naturalna-woda-mineralna-wysokozmineralizowana-1-5l-zgrzewka\/#breadcrumb"},"inLanguage":"pl-PL","potentialAction":[{"@type":"ReadAction","target":["https:\/\/racom.com.pl\/index.php\/produkt\/muszynianka-naturalna-woda-mineralna-wysokozmineralizowana-1-5l-zgrzewka\/"]}]},{"@type":"ImageObject","inLanguage":"pl-PL","@id":"https:\/\/racom.com.pl\/index.php\/produkt\/muszynianka-naturalna-woda-mineralna-wysokozmineralizowana-1-5l-zgrzewka\/#primaryimage","url":"https:\/\/racom.com.pl\/wp-content\/uploads\/2026\/03\/allegro_69af1f1447dbb7.35619841_88e054d1450e9146d4e3d78a2119.jpg","contentUrl":"https:\/\/racom.com.pl\/wp-content\/uploads\/2026\/03\/allegro_69af1f1447dbb7.35619841_88e054d1450e9146d4e3d78a2119.jpg","width":1080,"height":1080},{"@type":"BreadcrumbList","@id":"https:\/\/racom.com.pl\/index.php\/produkt\/muszynianka-naturalna-woda-mineralna-wysokozmineralizowana-1-5l-zgrzewka\/#breadcrumb","itemListElement":[{"@type":"ListItem","position":1,"name":"Strona g\u0142\u00f3wna","item":"https:\/\/racom.com.pl\/"},{"@type":"ListItem","position":2,"name":"Sklep","item":"https:\/\/racom.com.pl\/"},{"@type":"ListItem","position":3,"name":"Muszynianka Naturalna woda mineralna wysokozmineralizowana 1.5L Zgrzewka"}]},{"@type":"WebSite","@id":"https:\/\/racom.com.pl\/#website","url":"https:\/\/racom.com.pl\/","name":"Mix Market - Supermarket z wszystkim co potrzeba do domu i nie tylko","description":"","publisher":{"@id":"https:\/\/racom.com.pl\/#organization"},"potentialAction":[{"@type":"SearchAction","target":{"@type":"EntryPoint","urlTemplate":"https:\/\/racom.com.pl\/?s={search_term_string}"},"query-input":{"@type":"PropertyValueSpecification","valueRequired":true,"valueName":"search_term_string"}}],"inLanguage":"pl-PL"},{"@type":"Organization","@id":"https:\/\/racom.com.pl\/#organization","name":"Mix Market - Supermarket z wszystkim co potrzeba do domu i nie tylko","url":"https:\/\/racom.com.pl\/","logo":{"@type":"ImageObject","inLanguage":"pl-PL","@id":"https:\/\/racom.com.pl\/#\/schema\/logo\/image\/","url":"https:\/\/racom.com.pl\/wp-content\/uploads\/2025\/07\/mixmarket_logo.png","contentUrl":"https:\/\/racom.com.pl\/wp-content\/uploads\/2025\/07\/mixmarket_logo.png","width":1024,"height":1024,"caption":"Mix Market - Supermarket z wszystkim co potrzeba do domu i nie tylko"},"image":{"@id":"https:\/\/racom.com.pl\/#\/schema\/logo\/image\/"}}]}},"_links":{"self":[{"href":"https:\/\/racom.com.pl\/index.php\/wp-json\/wp\/v2\/product\/4313","targetHints":{"allow":["GET"]}}],"collection":[{"href":"https:\/\/racom.com.pl\/index.php\/wp-json\/wp\/v2\/product"}],"about":[{"href":"https:\/\/racom.com.pl\/index.php\/wp-json\/wp\/v2\/types\/product"}],"replies":[{"embeddable":true,"href":"https:\/\/racom.com.pl\/index.php\/wp-json\/wp\/v2\/comments?post=4313"}],"wp:featuredmedia":[{"embeddable":true,"href":"https:\/\/racom.com.pl\/index.php\/wp-json\/wp\/v2\/media\/4327"}],"wp:attachment":[{"href":"https:\/\/racom.com.pl\/index.php\/wp-json\/wp\/v2\/media?parent=4313"}],"wp:term":[{"taxonomy":"product_brand","embeddable":true,"href":"https:\/\/racom.com.pl\/index.php\/wp-json\/wp\/v2\/product_brand?post=4313"},{"taxonomy":"product_cat","embeddable":true,"href":"https:\/\/racom.com.pl\/index.php\/wp-json\/wp\/v2\/product_cat?post=4313"},{"taxonomy":"product_tag","embeddable":true,"href":"https:\/\/racom.com.pl\/index.php\/wp-json\/wp\/v2\/product_tag?post=4313"}],"curies":[{"name":"wp","href":"https:\/\/api.w.org\/{rel}","templated":true}]}}