{"id":4422,"date":"2026-03-09T20:28:26","date_gmt":"2026-03-09T19:28:26","guid":{"rendered":"https:\/\/racom.com.pl\/index.php\/produkt\/tabasco-sos-original-red-sauce-60-ml\/"},"modified":"2026-03-09T20:28:26","modified_gmt":"2026-03-09T19:28:26","slug":"tabasco-sos-original-red-sauce-60-ml","status":"publish","type":"product","link":"https:\/\/racom.com.pl\/index.php\/produkt\/tabasco-sos-original-red-sauce-60-ml\/","title":{"rendered":"Tabasco sos Original Red Sauce 60 ml"},"content":{"rendered":"<h2>Przedmiot sprzeda\u017cy: Sos Tabasco Red 60 ml &#8211; Mc.Ilhenny Co.<\/h2>\n<p>SOS TABASCO RED<\/p>\n<p>Sos z czerwonej papryczki. Pikantny.<\/p>\n<p>Sos z jedynej w swoim rodzaju papryki Tabasco (odmiana chili), to klasyk w\u015br\u00f3d sos\u00f3w przyprawowych.<\/p>\n<p>Zosta\u0142 przygotowany wed\u0142ug tradycyjnej receptury opracowanej wy\u0142\u0105cznie na bazie naturalnych sk\u0142adnik\u00f3w.<\/p>\n<p>Papryka Tabasco &#8211; jednej z g\u0142\u00f3wnych sk\u0142adnik\u00f3w sosu &#8211; zawiera kapsaicyn\u0119, kt\u00f3ra nadaje wyj\u0105tkowo ostry smak.<\/p>\n<p>Zawarto\u015b\u0107 netto: 60 ml<\/p>\n<p>Sk\u0142adniki: ocet, czerwona ostra papryka (19%), s\u00f3l.<\/p>\n<p>Wyprodukowano w USA.<\/p>\n<p>Dozowanie: Wed\u0142ug uznania, kilka kropel.<\/p>\n<p>Warunki przechowywania: Przechowywa\u0107 w suchym i ch\u0142odnym miejscu. Przed u\u017cyciem wstrz\u0105sn\u0105\u0107.<\/p>\n<p>Warto\u015b\u0107 od\u017cywcza&nbsp;w 100 ml produktu:<\/p>\n<p>Warto\u015b\u0107 energetyczna: 67 kJ\/ 16 kcal<\/p>\n<p>T\u0142uszcz: 0,7 g<\/p>\n<p>&#8211; w tym kwasy t\u0142uszczowe nasycone: 0,2 g<\/p>\n<p>W\u0119glowodany: 1,6 g<\/p>\n<p>&#8211; w tym cukry: 0 g<\/p>\n<p>B\u0142onnik: 1,3 g<\/p>\n<p>Bia\u0142ko: 1 g<\/p>\n<p>S\u00f3l: 1,8 g<\/p>\n<p>Producent:<\/p>\n<p>McIlhenny Company<\/p>\n<p>Avery Island, Louisiana, USA 70513<\/p>\n","protected":false},"excerpt":{"rendered":"<p>Przedmiot sprzeda\u017cy: Sos Tabasco Red 60 ml &#8211; Mc.Ilhenny Co. SOS TABASCO RED Sos z czerwonej papryczki. Pikantny. Sos z jedynej w swoim rodzaju papryki Tabasco (odmiana chili), to klasyk w\u015br\u00f3d sos\u00f3w przyprawowych. Zosta\u0142 przygotowany wed\u0142ug tradycyjnej receptury opracowanej wy\u0142\u0105cznie na bazie naturalnych sk\u0142adnik\u00f3w. Papryka Tabasco &#8211; jednej z g\u0142\u00f3wnych sk\u0142adnik\u00f3w sosu &#8211; zawiera kapsaicyn\u0119, [&hellip;]<\/p>\n","protected":false},"featured_media":4465,"comment_status":"open","ping_status":"closed","template":"","meta":[],"product_brand":[111],"product_cat":[109],"product_tag":[],"class_list":{"0":"post-4422","1":"product","2":"type-product","3":"status-publish","4":"has-post-thumbnail","6":"product_brand-tabasco","7":"product_cat-sosy-kanapkowe-i-dressingi","9":"first","10":"outofstock","11":"taxable","12":"shipping-taxable","13":"purchasable","14":"product-type-simple"},"yoast_head":"<!-- This site is optimized with the Yoast SEO plugin v27.3 - https:\/\/yoast.com\/product\/yoast-seo-wordpress\/ -->\n<title>Tabasco sos Original Red Sauce 60 ml - Mix Market - Supermarket z wszystkim co potrzeba<\/title>\n<meta name=\"robots\" content=\"index, follow, max-snippet:-1, max-image-preview:large, max-video-preview:-1\" \/>\n<link rel=\"canonical\" href=\"https:\/\/racom.com.pl\/index.php\/produkt\/tabasco-sos-original-red-sauce-60-ml\/\" \/>\n<meta property=\"og:locale\" content=\"pl_PL\" \/>\n<meta property=\"og:type\" content=\"article\" \/>\n<meta property=\"og:title\" content=\"Tabasco sos Original Red Sauce 60 ml - Mix Market - Supermarket z wszystkim co potrzeba\" \/>\n<meta property=\"og:description\" content=\"Przedmiot sprzeda\u017cy: Sos Tabasco Red 60 ml &#8211; Mc.Ilhenny Co. SOS TABASCO RED Sos z czerwonej papryczki. Pikantny. Sos z jedynej w swoim rodzaju papryki Tabasco (odmiana chili), to klasyk w\u015br\u00f3d sos\u00f3w przyprawowych. Zosta\u0142 przygotowany wed\u0142ug tradycyjnej receptury opracowanej wy\u0142\u0105cznie na bazie naturalnych sk\u0142adnik\u00f3w. Papryka Tabasco &#8211; jednej z g\u0142\u00f3wnych sk\u0142adnik\u00f3w sosu &#8211; zawiera kapsaicyn\u0119, [&hellip;]\" \/>\n<meta property=\"og:url\" content=\"https:\/\/racom.com.pl\/index.php\/produkt\/tabasco-sos-original-red-sauce-60-ml\/\" \/>\n<meta property=\"og:site_name\" content=\"Mix Market - Supermarket z wszystkim co potrzeba\" \/>\n<meta name=\"twitter:card\" content=\"summary_large_image\" \/>\n<meta name=\"twitter:label1\" content=\"Szacowany czas czytania\" \/>\n\t<meta name=\"twitter:data1\" content=\"1 minuta\" \/>\n<script type=\"application\/ld+json\" class=\"yoast-schema-graph\">{\"@context\":\"https:\\\/\\\/schema.org\",\"@graph\":[{\"@type\":\"WebPage\",\"@id\":\"https:\\\/\\\/racom.com.pl\\\/index.php\\\/produkt\\\/tabasco-sos-original-red-sauce-60-ml\\\/\",\"url\":\"https:\\\/\\\/racom.com.pl\\\/index.php\\\/produkt\\\/tabasco-sos-original-red-sauce-60-ml\\\/\",\"name\":\"Tabasco sos Original Red Sauce 60 ml - Mix Market - Supermarket z wszystkim co potrzeba\",\"isPartOf\":{\"@id\":\"https:\\\/\\\/racom.com.pl\\\/#website\"},\"primaryImageOfPage\":{\"@id\":\"https:\\\/\\\/racom.com.pl\\\/index.php\\\/produkt\\\/tabasco-sos-original-red-sauce-60-ml\\\/#primaryimage\"},\"image\":{\"@id\":\"https:\\\/\\\/racom.com.pl\\\/index.php\\\/produkt\\\/tabasco-sos-original-red-sauce-60-ml\\\/#primaryimage\"},\"thumbnailUrl\":\"https:\\\/\\\/racom.com.pl\\\/wp-content\\\/uploads\\\/2026\\\/03\\\/allegro_69af1f7b0bc789.88149090_283a732940149228ad671980ce76.jpg\",\"datePublished\":\"2026-03-09T19:28:26+00:00\",\"breadcrumb\":{\"@id\":\"https:\\\/\\\/racom.com.pl\\\/index.php\\\/produkt\\\/tabasco-sos-original-red-sauce-60-ml\\\/#breadcrumb\"},\"inLanguage\":\"pl-PL\",\"potentialAction\":[{\"@type\":\"ReadAction\",\"target\":[\"https:\\\/\\\/racom.com.pl\\\/index.php\\\/produkt\\\/tabasco-sos-original-red-sauce-60-ml\\\/\"]}]},{\"@type\":\"ImageObject\",\"inLanguage\":\"pl-PL\",\"@id\":\"https:\\\/\\\/racom.com.pl\\\/index.php\\\/produkt\\\/tabasco-sos-original-red-sauce-60-ml\\\/#primaryimage\",\"url\":\"https:\\\/\\\/racom.com.pl\\\/wp-content\\\/uploads\\\/2026\\\/03\\\/allegro_69af1f7b0bc789.88149090_283a732940149228ad671980ce76.jpg\",\"contentUrl\":\"https:\\\/\\\/racom.com.pl\\\/wp-content\\\/uploads\\\/2026\\\/03\\\/allegro_69af1f7b0bc789.88149090_283a732940149228ad671980ce76.jpg\",\"width\":320,\"height\":480},{\"@type\":\"BreadcrumbList\",\"@id\":\"https:\\\/\\\/racom.com.pl\\\/index.php\\\/produkt\\\/tabasco-sos-original-red-sauce-60-ml\\\/#breadcrumb\",\"itemListElement\":[{\"@type\":\"ListItem\",\"position\":1,\"name\":\"Strona g\u0142\u00f3wna\",\"item\":\"https:\\\/\\\/racom.com.pl\\\/\"},{\"@type\":\"ListItem\",\"position\":2,\"name\":\"Sklep\",\"item\":\"https:\\\/\\\/racom.com.pl\\\/\"},{\"@type\":\"ListItem\",\"position\":3,\"name\":\"Tabasco sos Original Red Sauce 60 ml\"}]},{\"@type\":\"WebSite\",\"@id\":\"https:\\\/\\\/racom.com.pl\\\/#website\",\"url\":\"https:\\\/\\\/racom.com.pl\\\/\",\"name\":\"Mix Market - Supermarket z wszystkim co potrzeba do domu i nie tylko\",\"description\":\"\",\"publisher\":{\"@id\":\"https:\\\/\\\/racom.com.pl\\\/#organization\"},\"potentialAction\":[{\"@type\":\"SearchAction\",\"target\":{\"@type\":\"EntryPoint\",\"urlTemplate\":\"https:\\\/\\\/racom.com.pl\\\/?s={search_term_string}\"},\"query-input\":{\"@type\":\"PropertyValueSpecification\",\"valueRequired\":true,\"valueName\":\"search_term_string\"}}],\"inLanguage\":\"pl-PL\"},{\"@type\":\"Organization\",\"@id\":\"https:\\\/\\\/racom.com.pl\\\/#organization\",\"name\":\"Mix Market - Supermarket z wszystkim co potrzeba do domu i nie tylko\",\"url\":\"https:\\\/\\\/racom.com.pl\\\/\",\"logo\":{\"@type\":\"ImageObject\",\"inLanguage\":\"pl-PL\",\"@id\":\"https:\\\/\\\/racom.com.pl\\\/#\\\/schema\\\/logo\\\/image\\\/\",\"url\":\"https:\\\/\\\/racom.com.pl\\\/wp-content\\\/uploads\\\/2025\\\/07\\\/mixmarket_logo.png\",\"contentUrl\":\"https:\\\/\\\/racom.com.pl\\\/wp-content\\\/uploads\\\/2025\\\/07\\\/mixmarket_logo.png\",\"width\":1024,\"height\":1024,\"caption\":\"Mix Market - Supermarket z wszystkim co potrzeba do domu i nie tylko\"},\"image\":{\"@id\":\"https:\\\/\\\/racom.com.pl\\\/#\\\/schema\\\/logo\\\/image\\\/\"}}]}<\/script>\n<!-- \/ Yoast SEO plugin. -->","yoast_head_json":{"title":"Tabasco sos Original Red Sauce 60 ml - Mix Market - Supermarket z wszystkim co potrzeba","robots":{"index":"index","follow":"follow","max-snippet":"max-snippet:-1","max-image-preview":"max-image-preview:large","max-video-preview":"max-video-preview:-1"},"canonical":"https:\/\/racom.com.pl\/index.php\/produkt\/tabasco-sos-original-red-sauce-60-ml\/","og_locale":"pl_PL","og_type":"article","og_title":"Tabasco sos Original Red Sauce 60 ml - Mix Market - Supermarket z wszystkim co potrzeba","og_description":"Przedmiot sprzeda\u017cy: Sos Tabasco Red 60 ml &#8211; Mc.Ilhenny Co. SOS TABASCO RED Sos z czerwonej papryczki. Pikantny. Sos z jedynej w swoim rodzaju papryki Tabasco (odmiana chili), to klasyk w\u015br\u00f3d sos\u00f3w przyprawowych. Zosta\u0142 przygotowany wed\u0142ug tradycyjnej receptury opracowanej wy\u0142\u0105cznie na bazie naturalnych sk\u0142adnik\u00f3w. Papryka Tabasco &#8211; jednej z g\u0142\u00f3wnych sk\u0142adnik\u00f3w sosu &#8211; zawiera kapsaicyn\u0119, [&hellip;]","og_url":"https:\/\/racom.com.pl\/index.php\/produkt\/tabasco-sos-original-red-sauce-60-ml\/","og_site_name":"Mix Market - Supermarket z wszystkim co potrzeba","twitter_card":"summary_large_image","twitter_misc":{"Szacowany czas czytania":"1 minuta"},"schema":{"@context":"https:\/\/schema.org","@graph":[{"@type":"WebPage","@id":"https:\/\/racom.com.pl\/index.php\/produkt\/tabasco-sos-original-red-sauce-60-ml\/","url":"https:\/\/racom.com.pl\/index.php\/produkt\/tabasco-sos-original-red-sauce-60-ml\/","name":"Tabasco sos Original Red Sauce 60 ml - Mix Market - Supermarket z wszystkim co potrzeba","isPartOf":{"@id":"https:\/\/racom.com.pl\/#website"},"primaryImageOfPage":{"@id":"https:\/\/racom.com.pl\/index.php\/produkt\/tabasco-sos-original-red-sauce-60-ml\/#primaryimage"},"image":{"@id":"https:\/\/racom.com.pl\/index.php\/produkt\/tabasco-sos-original-red-sauce-60-ml\/#primaryimage"},"thumbnailUrl":"https:\/\/racom.com.pl\/wp-content\/uploads\/2026\/03\/allegro_69af1f7b0bc789.88149090_283a732940149228ad671980ce76.jpg","datePublished":"2026-03-09T19:28:26+00:00","breadcrumb":{"@id":"https:\/\/racom.com.pl\/index.php\/produkt\/tabasco-sos-original-red-sauce-60-ml\/#breadcrumb"},"inLanguage":"pl-PL","potentialAction":[{"@type":"ReadAction","target":["https:\/\/racom.com.pl\/index.php\/produkt\/tabasco-sos-original-red-sauce-60-ml\/"]}]},{"@type":"ImageObject","inLanguage":"pl-PL","@id":"https:\/\/racom.com.pl\/index.php\/produkt\/tabasco-sos-original-red-sauce-60-ml\/#primaryimage","url":"https:\/\/racom.com.pl\/wp-content\/uploads\/2026\/03\/allegro_69af1f7b0bc789.88149090_283a732940149228ad671980ce76.jpg","contentUrl":"https:\/\/racom.com.pl\/wp-content\/uploads\/2026\/03\/allegro_69af1f7b0bc789.88149090_283a732940149228ad671980ce76.jpg","width":320,"height":480},{"@type":"BreadcrumbList","@id":"https:\/\/racom.com.pl\/index.php\/produkt\/tabasco-sos-original-red-sauce-60-ml\/#breadcrumb","itemListElement":[{"@type":"ListItem","position":1,"name":"Strona g\u0142\u00f3wna","item":"https:\/\/racom.com.pl\/"},{"@type":"ListItem","position":2,"name":"Sklep","item":"https:\/\/racom.com.pl\/"},{"@type":"ListItem","position":3,"name":"Tabasco sos Original Red Sauce 60 ml"}]},{"@type":"WebSite","@id":"https:\/\/racom.com.pl\/#website","url":"https:\/\/racom.com.pl\/","name":"Mix Market - Supermarket z wszystkim co potrzeba do domu i nie tylko","description":"","publisher":{"@id":"https:\/\/racom.com.pl\/#organization"},"potentialAction":[{"@type":"SearchAction","target":{"@type":"EntryPoint","urlTemplate":"https:\/\/racom.com.pl\/?s={search_term_string}"},"query-input":{"@type":"PropertyValueSpecification","valueRequired":true,"valueName":"search_term_string"}}],"inLanguage":"pl-PL"},{"@type":"Organization","@id":"https:\/\/racom.com.pl\/#organization","name":"Mix Market - Supermarket z wszystkim co potrzeba do domu i nie tylko","url":"https:\/\/racom.com.pl\/","logo":{"@type":"ImageObject","inLanguage":"pl-PL","@id":"https:\/\/racom.com.pl\/#\/schema\/logo\/image\/","url":"https:\/\/racom.com.pl\/wp-content\/uploads\/2025\/07\/mixmarket_logo.png","contentUrl":"https:\/\/racom.com.pl\/wp-content\/uploads\/2025\/07\/mixmarket_logo.png","width":1024,"height":1024,"caption":"Mix Market - Supermarket z wszystkim co potrzeba do domu i nie tylko"},"image":{"@id":"https:\/\/racom.com.pl\/#\/schema\/logo\/image\/"}}]}},"_links":{"self":[{"href":"https:\/\/racom.com.pl\/index.php\/wp-json\/wp\/v2\/product\/4422","targetHints":{"allow":["GET"]}}],"collection":[{"href":"https:\/\/racom.com.pl\/index.php\/wp-json\/wp\/v2\/product"}],"about":[{"href":"https:\/\/racom.com.pl\/index.php\/wp-json\/wp\/v2\/types\/product"}],"replies":[{"embeddable":true,"href":"https:\/\/racom.com.pl\/index.php\/wp-json\/wp\/v2\/comments?post=4422"}],"wp:featuredmedia":[{"embeddable":true,"href":"https:\/\/racom.com.pl\/index.php\/wp-json\/wp\/v2\/media\/4465"}],"wp:attachment":[{"href":"https:\/\/racom.com.pl\/index.php\/wp-json\/wp\/v2\/media?parent=4422"}],"wp:term":[{"taxonomy":"product_brand","embeddable":true,"href":"https:\/\/racom.com.pl\/index.php\/wp-json\/wp\/v2\/product_brand?post=4422"},{"taxonomy":"product_cat","embeddable":true,"href":"https:\/\/racom.com.pl\/index.php\/wp-json\/wp\/v2\/product_cat?post=4422"},{"taxonomy":"product_tag","embeddable":true,"href":"https:\/\/racom.com.pl\/index.php\/wp-json\/wp\/v2\/product_tag?post=4422"}],"curies":[{"name":"wp","href":"https:\/\/api.w.org\/{rel}","templated":true}]}}