{"id":4594,"date":"2026-03-09T20:31:58","date_gmt":"2026-03-09T19:31:58","guid":{"rendered":"https:\/\/racom.com.pl\/index.php\/produkt\/zywiec-zdroj-mocny-gaz-i-nuta-pomaranczy-i-grejpfruta-15l-zgrzewka-6-sztuk\/"},"modified":"2026-03-09T20:31:58","modified_gmt":"2026-03-09T19:31:58","slug":"zywiec-zdroj-mocny-gaz-i-nuta-pomaranczy-i-grejpfruta-15l-zgrzewka-6-sztuk","status":"publish","type":"product","link":"https:\/\/racom.com.pl\/index.php\/produkt\/zywiec-zdroj-mocny-gaz-i-nuta-pomaranczy-i-grejpfruta-15l-zgrzewka-6-sztuk\/","title":{"rendered":"\u017bywiec Zdr\u00f3j Mocny Gaz i Nuta Pomara\u0144czy i Grejpfruta 1,5L Zgrzewka 6 sztuk"},"content":{"rendered":"<h2>\u017bYWIEC ZDR\u00d3J GAZOWANY I NUTA POMARA\u0143CZY GREJPFRUTA<\/h2>\n<h2>\u017bYWIEC ZDR\u00d3J MOCNY GAZ NAP\u00d3J GAZOWANY I NUTA POMARA\u0143CZY GREJPFRUTA 1,5 L<\/h2>\n<p>Krystaliczna woda gazowana \u017bywiec Zdr\u00f3j i naturalna nuta pomara\u0144czy i grejpfruta<\/p>\n<p>Poczuj uderzaj\u0105ce orze\u017awienie z nut\u0105 owocowych smak\u00f3w<\/p>\n<p>woda \u017ar\u00f3dlana 99 %, dwutlenek w\u0119gla, naturalny aromat grejpfruta i pomara\u0144czy z innymi naturalnymi aromatami<\/p>\n<p>Warto\u015b\u0107 od\u017cywcza produktu w 100 ml: Warto\u015b\u0107 energetyczna (kJ\/kcal): 2,4 \/ 0,6, Zawiera znikome ilo\u015bci t\u0142uszczu (w tym kwas\u00f3w nasyconych), w\u0119glowodan\u00f3w (w tym cukr\u00f3w), bia\u0142ka i soli., *RWS &#8211; Referencyjna warto\u015b\u0107 spo\u017cycia dla przeci\u0119tnej osoby doros\u0142ej (8400 kJ\/ 2000 kcal). Warto\u015b\u0107 od\u017cywcza produktu w 1 porcji 250 ml: Warto\u015b\u0107 energetyczna (kJ\/kcal): 5,9 \/ 1,4, Zawiera znikome ilo\u015bci t\u0142uszczu (w tym kwas\u00f3w nasyconych), w\u0119glowodan\u00f3w (w tym cukr\u00f3w), bia\u0142ka i soli., *RWS &#8211; Referencyjna warto\u015b\u0107 spo\u017cycia dla przeci\u0119tnej osoby doros\u0142ej (8400 kJ\/ 2000 kcal). % RWS* (1 porcja): Warto\u015b\u0107 energetyczna (kJ\/kcal): 0 %, Zawiera znikome ilo\u015bci t\u0142uszczu (w tym kwas\u00f3w nasyconych), w\u0119glowodan\u00f3w (w tym cukr\u00f3w), bia\u0142ka i soli., *RWS &#8211; Referencyjna warto\u015b\u0107 spo\u017cycia dla przeci\u0119tnej osoby doros\u0142ej (8400 kJ\/ 2000 kcal).<\/p>\n","protected":false},"excerpt":{"rendered":"<p>\u017bYWIEC ZDR\u00d3J GAZOWANY I NUTA POMARA\u0143CZY GREJPFRUTA \u017bYWIEC ZDR\u00d3J MOCNY GAZ NAP\u00d3J GAZOWANY I NUTA POMARA\u0143CZY GREJPFRUTA 1,5 L Krystaliczna woda gazowana \u017bywiec Zdr\u00f3j i naturalna nuta pomara\u0144czy i grejpfruta Poczuj uderzaj\u0105ce orze\u017awienie z nut\u0105 owocowych smak\u00f3w woda \u017ar\u00f3dlana 99 %, dwutlenek w\u0119gla, naturalny aromat grejpfruta i pomara\u0144czy z innymi naturalnymi aromatami Warto\u015b\u0107 od\u017cywcza produktu [&hellip;]<\/p>\n","protected":false},"featured_media":4600,"comment_status":"open","ping_status":"closed","template":"","meta":[],"product_brand":[196],"product_cat":[116],"product_tag":[],"class_list":{"0":"post-4594","1":"product","2":"type-product","3":"status-publish","4":"has-post-thumbnail","6":"product_brand-zywiec-zdroj","7":"product_cat-napoje-i-akcesoria","9":"first","10":"instock","11":"taxable","12":"shipping-taxable","13":"purchasable","14":"product-type-simple"},"yoast_head":"<!-- This site is optimized with the Yoast SEO plugin v27.4 - https:\/\/yoast.com\/product\/yoast-seo-wordpress\/ -->\n<title>\u017bywiec Zdr\u00f3j Mocny Gaz i Nuta Pomara\u0144czy i Grejpfruta 1,5L Zgrzewka 6 sztuk - Mix Market - Supermarket z wszystkim co potrzeba<\/title>\n<meta name=\"robots\" content=\"index, follow, max-snippet:-1, max-image-preview:large, max-video-preview:-1\" \/>\n<link rel=\"canonical\" href=\"https:\/\/racom.com.pl\/index.php\/produkt\/zywiec-zdroj-mocny-gaz-i-nuta-pomaranczy-i-grejpfruta-15l-zgrzewka-6-sztuk\/\" \/>\n<meta property=\"og:locale\" content=\"pl_PL\" \/>\n<meta property=\"og:type\" content=\"article\" \/>\n<meta property=\"og:title\" content=\"\u017bywiec Zdr\u00f3j Mocny Gaz i Nuta Pomara\u0144czy i Grejpfruta 1,5L Zgrzewka 6 sztuk - Mix Market - Supermarket z wszystkim co potrzeba\" \/>\n<meta property=\"og:description\" content=\"\u017bYWIEC ZDR\u00d3J GAZOWANY I NUTA POMARA\u0143CZY GREJPFRUTA \u017bYWIEC ZDR\u00d3J MOCNY GAZ NAP\u00d3J GAZOWANY I NUTA POMARA\u0143CZY GREJPFRUTA 1,5 L Krystaliczna woda gazowana \u017bywiec Zdr\u00f3j i naturalna nuta pomara\u0144czy i grejpfruta Poczuj uderzaj\u0105ce orze\u017awienie z nut\u0105 owocowych smak\u00f3w woda \u017ar\u00f3dlana 99 %, dwutlenek w\u0119gla, naturalny aromat grejpfruta i pomara\u0144czy z innymi naturalnymi aromatami Warto\u015b\u0107 od\u017cywcza produktu [&hellip;]\" \/>\n<meta property=\"og:url\" content=\"https:\/\/racom.com.pl\/index.php\/produkt\/zywiec-zdroj-mocny-gaz-i-nuta-pomaranczy-i-grejpfruta-15l-zgrzewka-6-sztuk\/\" \/>\n<meta property=\"og:site_name\" content=\"Mix Market - Supermarket z wszystkim co potrzeba\" \/>\n<meta name=\"twitter:card\" content=\"summary_large_image\" \/>\n<meta name=\"twitter:label1\" content=\"Szacowany czas czytania\" \/>\n\t<meta name=\"twitter:data1\" content=\"1 minuta\" \/>\n<script type=\"application\/ld+json\" class=\"yoast-schema-graph\">{\"@context\":\"https:\\\/\\\/schema.org\",\"@graph\":[{\"@type\":\"WebPage\",\"@id\":\"https:\\\/\\\/racom.com.pl\\\/index.php\\\/produkt\\\/zywiec-zdroj-mocny-gaz-i-nuta-pomaranczy-i-grejpfruta-15l-zgrzewka-6-sztuk\\\/\",\"url\":\"https:\\\/\\\/racom.com.pl\\\/index.php\\\/produkt\\\/zywiec-zdroj-mocny-gaz-i-nuta-pomaranczy-i-grejpfruta-15l-zgrzewka-6-sztuk\\\/\",\"name\":\"\u017bywiec Zdr\u00f3j Mocny Gaz i Nuta Pomara\u0144czy i Grejpfruta 1,5L Zgrzewka 6 sztuk - Mix Market - Supermarket z wszystkim co potrzeba\",\"isPartOf\":{\"@id\":\"https:\\\/\\\/racom.com.pl\\\/#website\"},\"primaryImageOfPage\":{\"@id\":\"https:\\\/\\\/racom.com.pl\\\/index.php\\\/produkt\\\/zywiec-zdroj-mocny-gaz-i-nuta-pomaranczy-i-grejpfruta-15l-zgrzewka-6-sztuk\\\/#primaryimage\"},\"image\":{\"@id\":\"https:\\\/\\\/racom.com.pl\\\/index.php\\\/produkt\\\/zywiec-zdroj-mocny-gaz-i-nuta-pomaranczy-i-grejpfruta-15l-zgrzewka-6-sztuk\\\/#primaryimage\"},\"thumbnailUrl\":\"https:\\\/\\\/racom.com.pl\\\/wp-content\\\/uploads\\\/2026\\\/03\\\/allegro_69af203fac10d8.51734181_65a2ac5f47c3aedd244177330888.jpg\",\"datePublished\":\"2026-03-09T19:31:58+00:00\",\"breadcrumb\":{\"@id\":\"https:\\\/\\\/racom.com.pl\\\/index.php\\\/produkt\\\/zywiec-zdroj-mocny-gaz-i-nuta-pomaranczy-i-grejpfruta-15l-zgrzewka-6-sztuk\\\/#breadcrumb\"},\"inLanguage\":\"pl-PL\",\"potentialAction\":[{\"@type\":\"ReadAction\",\"target\":[\"https:\\\/\\\/racom.com.pl\\\/index.php\\\/produkt\\\/zywiec-zdroj-mocny-gaz-i-nuta-pomaranczy-i-grejpfruta-15l-zgrzewka-6-sztuk\\\/\"]}]},{\"@type\":\"ImageObject\",\"inLanguage\":\"pl-PL\",\"@id\":\"https:\\\/\\\/racom.com.pl\\\/index.php\\\/produkt\\\/zywiec-zdroj-mocny-gaz-i-nuta-pomaranczy-i-grejpfruta-15l-zgrzewka-6-sztuk\\\/#primaryimage\",\"url\":\"https:\\\/\\\/racom.com.pl\\\/wp-content\\\/uploads\\\/2026\\\/03\\\/allegro_69af203fac10d8.51734181_65a2ac5f47c3aedd244177330888.jpg\",\"contentUrl\":\"https:\\\/\\\/racom.com.pl\\\/wp-content\\\/uploads\\\/2026\\\/03\\\/allegro_69af203fac10d8.51734181_65a2ac5f47c3aedd244177330888.jpg\",\"width\":2365,\"height\":2365},{\"@type\":\"BreadcrumbList\",\"@id\":\"https:\\\/\\\/racom.com.pl\\\/index.php\\\/produkt\\\/zywiec-zdroj-mocny-gaz-i-nuta-pomaranczy-i-grejpfruta-15l-zgrzewka-6-sztuk\\\/#breadcrumb\",\"itemListElement\":[{\"@type\":\"ListItem\",\"position\":1,\"name\":\"Strona g\u0142\u00f3wna\",\"item\":\"https:\\\/\\\/racom.com.pl\\\/\"},{\"@type\":\"ListItem\",\"position\":2,\"name\":\"Sklep\",\"item\":\"https:\\\/\\\/racom.com.pl\\\/\"},{\"@type\":\"ListItem\",\"position\":3,\"name\":\"\u017bywiec Zdr\u00f3j Mocny Gaz i Nuta Pomara\u0144czy i Grejpfruta 1,5L Zgrzewka 6 sztuk\"}]},{\"@type\":\"WebSite\",\"@id\":\"https:\\\/\\\/racom.com.pl\\\/#website\",\"url\":\"https:\\\/\\\/racom.com.pl\\\/\",\"name\":\"Mix Market - Supermarket z wszystkim co potrzeba do domu i nie tylko\",\"description\":\"\",\"publisher\":{\"@id\":\"https:\\\/\\\/racom.com.pl\\\/#organization\"},\"potentialAction\":[{\"@type\":\"SearchAction\",\"target\":{\"@type\":\"EntryPoint\",\"urlTemplate\":\"https:\\\/\\\/racom.com.pl\\\/?s={search_term_string}\"},\"query-input\":{\"@type\":\"PropertyValueSpecification\",\"valueRequired\":true,\"valueName\":\"search_term_string\"}}],\"inLanguage\":\"pl-PL\"},{\"@type\":\"Organization\",\"@id\":\"https:\\\/\\\/racom.com.pl\\\/#organization\",\"name\":\"Mix Market - Supermarket z wszystkim co potrzeba do domu i nie tylko\",\"url\":\"https:\\\/\\\/racom.com.pl\\\/\",\"logo\":{\"@type\":\"ImageObject\",\"inLanguage\":\"pl-PL\",\"@id\":\"https:\\\/\\\/racom.com.pl\\\/#\\\/schema\\\/logo\\\/image\\\/\",\"url\":\"https:\\\/\\\/racom.com.pl\\\/wp-content\\\/uploads\\\/2025\\\/07\\\/mixmarket_logo.png\",\"contentUrl\":\"https:\\\/\\\/racom.com.pl\\\/wp-content\\\/uploads\\\/2025\\\/07\\\/mixmarket_logo.png\",\"width\":1024,\"height\":1024,\"caption\":\"Mix Market - Supermarket z wszystkim co potrzeba do domu i nie tylko\"},\"image\":{\"@id\":\"https:\\\/\\\/racom.com.pl\\\/#\\\/schema\\\/logo\\\/image\\\/\"}}]}<\/script>\n<!-- \/ Yoast SEO plugin. -->","yoast_head_json":{"title":"\u017bywiec Zdr\u00f3j Mocny Gaz i Nuta Pomara\u0144czy i Grejpfruta 1,5L Zgrzewka 6 sztuk - Mix Market - Supermarket z wszystkim co potrzeba","robots":{"index":"index","follow":"follow","max-snippet":"max-snippet:-1","max-image-preview":"max-image-preview:large","max-video-preview":"max-video-preview:-1"},"canonical":"https:\/\/racom.com.pl\/index.php\/produkt\/zywiec-zdroj-mocny-gaz-i-nuta-pomaranczy-i-grejpfruta-15l-zgrzewka-6-sztuk\/","og_locale":"pl_PL","og_type":"article","og_title":"\u017bywiec Zdr\u00f3j Mocny Gaz i Nuta Pomara\u0144czy i Grejpfruta 1,5L Zgrzewka 6 sztuk - Mix Market - Supermarket z wszystkim co potrzeba","og_description":"\u017bYWIEC ZDR\u00d3J GAZOWANY I NUTA POMARA\u0143CZY GREJPFRUTA \u017bYWIEC ZDR\u00d3J MOCNY GAZ NAP\u00d3J GAZOWANY I NUTA POMARA\u0143CZY GREJPFRUTA 1,5 L Krystaliczna woda gazowana \u017bywiec Zdr\u00f3j i naturalna nuta pomara\u0144czy i grejpfruta Poczuj uderzaj\u0105ce orze\u017awienie z nut\u0105 owocowych smak\u00f3w woda \u017ar\u00f3dlana 99 %, dwutlenek w\u0119gla, naturalny aromat grejpfruta i pomara\u0144czy z innymi naturalnymi aromatami Warto\u015b\u0107 od\u017cywcza produktu [&hellip;]","og_url":"https:\/\/racom.com.pl\/index.php\/produkt\/zywiec-zdroj-mocny-gaz-i-nuta-pomaranczy-i-grejpfruta-15l-zgrzewka-6-sztuk\/","og_site_name":"Mix Market - Supermarket z wszystkim co potrzeba","twitter_card":"summary_large_image","twitter_misc":{"Szacowany czas czytania":"1 minuta"},"schema":{"@context":"https:\/\/schema.org","@graph":[{"@type":"WebPage","@id":"https:\/\/racom.com.pl\/index.php\/produkt\/zywiec-zdroj-mocny-gaz-i-nuta-pomaranczy-i-grejpfruta-15l-zgrzewka-6-sztuk\/","url":"https:\/\/racom.com.pl\/index.php\/produkt\/zywiec-zdroj-mocny-gaz-i-nuta-pomaranczy-i-grejpfruta-15l-zgrzewka-6-sztuk\/","name":"\u017bywiec Zdr\u00f3j Mocny Gaz i Nuta Pomara\u0144czy i Grejpfruta 1,5L Zgrzewka 6 sztuk - Mix Market - Supermarket z wszystkim co potrzeba","isPartOf":{"@id":"https:\/\/racom.com.pl\/#website"},"primaryImageOfPage":{"@id":"https:\/\/racom.com.pl\/index.php\/produkt\/zywiec-zdroj-mocny-gaz-i-nuta-pomaranczy-i-grejpfruta-15l-zgrzewka-6-sztuk\/#primaryimage"},"image":{"@id":"https:\/\/racom.com.pl\/index.php\/produkt\/zywiec-zdroj-mocny-gaz-i-nuta-pomaranczy-i-grejpfruta-15l-zgrzewka-6-sztuk\/#primaryimage"},"thumbnailUrl":"https:\/\/racom.com.pl\/wp-content\/uploads\/2026\/03\/allegro_69af203fac10d8.51734181_65a2ac5f47c3aedd244177330888.jpg","datePublished":"2026-03-09T19:31:58+00:00","breadcrumb":{"@id":"https:\/\/racom.com.pl\/index.php\/produkt\/zywiec-zdroj-mocny-gaz-i-nuta-pomaranczy-i-grejpfruta-15l-zgrzewka-6-sztuk\/#breadcrumb"},"inLanguage":"pl-PL","potentialAction":[{"@type":"ReadAction","target":["https:\/\/racom.com.pl\/index.php\/produkt\/zywiec-zdroj-mocny-gaz-i-nuta-pomaranczy-i-grejpfruta-15l-zgrzewka-6-sztuk\/"]}]},{"@type":"ImageObject","inLanguage":"pl-PL","@id":"https:\/\/racom.com.pl\/index.php\/produkt\/zywiec-zdroj-mocny-gaz-i-nuta-pomaranczy-i-grejpfruta-15l-zgrzewka-6-sztuk\/#primaryimage","url":"https:\/\/racom.com.pl\/wp-content\/uploads\/2026\/03\/allegro_69af203fac10d8.51734181_65a2ac5f47c3aedd244177330888.jpg","contentUrl":"https:\/\/racom.com.pl\/wp-content\/uploads\/2026\/03\/allegro_69af203fac10d8.51734181_65a2ac5f47c3aedd244177330888.jpg","width":2365,"height":2365},{"@type":"BreadcrumbList","@id":"https:\/\/racom.com.pl\/index.php\/produkt\/zywiec-zdroj-mocny-gaz-i-nuta-pomaranczy-i-grejpfruta-15l-zgrzewka-6-sztuk\/#breadcrumb","itemListElement":[{"@type":"ListItem","position":1,"name":"Strona g\u0142\u00f3wna","item":"https:\/\/racom.com.pl\/"},{"@type":"ListItem","position":2,"name":"Sklep","item":"https:\/\/racom.com.pl\/"},{"@type":"ListItem","position":3,"name":"\u017bywiec Zdr\u00f3j Mocny Gaz i Nuta Pomara\u0144czy i Grejpfruta 1,5L Zgrzewka 6 sztuk"}]},{"@type":"WebSite","@id":"https:\/\/racom.com.pl\/#website","url":"https:\/\/racom.com.pl\/","name":"Mix Market - Supermarket z wszystkim co potrzeba do domu i nie tylko","description":"","publisher":{"@id":"https:\/\/racom.com.pl\/#organization"},"potentialAction":[{"@type":"SearchAction","target":{"@type":"EntryPoint","urlTemplate":"https:\/\/racom.com.pl\/?s={search_term_string}"},"query-input":{"@type":"PropertyValueSpecification","valueRequired":true,"valueName":"search_term_string"}}],"inLanguage":"pl-PL"},{"@type":"Organization","@id":"https:\/\/racom.com.pl\/#organization","name":"Mix Market - Supermarket z wszystkim co potrzeba do domu i nie tylko","url":"https:\/\/racom.com.pl\/","logo":{"@type":"ImageObject","inLanguage":"pl-PL","@id":"https:\/\/racom.com.pl\/#\/schema\/logo\/image\/","url":"https:\/\/racom.com.pl\/wp-content\/uploads\/2025\/07\/mixmarket_logo.png","contentUrl":"https:\/\/racom.com.pl\/wp-content\/uploads\/2025\/07\/mixmarket_logo.png","width":1024,"height":1024,"caption":"Mix Market - Supermarket z wszystkim co potrzeba do domu i nie tylko"},"image":{"@id":"https:\/\/racom.com.pl\/#\/schema\/logo\/image\/"}}]}},"_links":{"self":[{"href":"https:\/\/racom.com.pl\/index.php\/wp-json\/wp\/v2\/product\/4594","targetHints":{"allow":["GET"]}}],"collection":[{"href":"https:\/\/racom.com.pl\/index.php\/wp-json\/wp\/v2\/product"}],"about":[{"href":"https:\/\/racom.com.pl\/index.php\/wp-json\/wp\/v2\/types\/product"}],"replies":[{"embeddable":true,"href":"https:\/\/racom.com.pl\/index.php\/wp-json\/wp\/v2\/comments?post=4594"}],"wp:featuredmedia":[{"embeddable":true,"href":"https:\/\/racom.com.pl\/index.php\/wp-json\/wp\/v2\/media\/4600"}],"wp:attachment":[{"href":"https:\/\/racom.com.pl\/index.php\/wp-json\/wp\/v2\/media?parent=4594"}],"wp:term":[{"taxonomy":"product_brand","embeddable":true,"href":"https:\/\/racom.com.pl\/index.php\/wp-json\/wp\/v2\/product_brand?post=4594"},{"taxonomy":"product_cat","embeddable":true,"href":"https:\/\/racom.com.pl\/index.php\/wp-json\/wp\/v2\/product_cat?post=4594"},{"taxonomy":"product_tag","embeddable":true,"href":"https:\/\/racom.com.pl\/index.php\/wp-json\/wp\/v2\/product_tag?post=4594"}],"curies":[{"name":"wp","href":"https:\/\/api.w.org\/{rel}","templated":true}]}}