{"id":614,"date":"2025-07-18T17:45:57","date_gmt":"2025-07-18T15:45:57","guid":{"rendered":"http:\/\/192.168.2.106\/index.php\/produkt\/plecki-etui-mercury-do-samsung-galaxy-a20-a30\/"},"modified":"2025-07-18T17:45:57","modified_gmt":"2025-07-18T15:45:57","slug":"plecki-etui-mercury-do-samsung-galaxy-a20-a30","status":"publish","type":"product","link":"https:\/\/racom.com.pl\/index.php\/produkt\/plecki-etui-mercury-do-samsung-galaxy-a20-a30\/","title":{"rendered":"Plecki ETUI Mercury do Samsung Galaxy A20 A30"},"content":{"rendered":"<h2>ETUI MERCURY CLEAR JELLY CASE<\/h2>\n<h2>SAMSUNG&nbsp; GALAXY A20\/A30<\/h2>\n<p>Oryginalna \u017celowa nak\u0142adka Jelly Mercury CLEAR<\/p>\n<p>Postaw na jako\u015b\u0107!<\/p>\n<p>Etui na telefon&nbsp;zapewnia przyjemno\u015b\u0107 korzystania przy jednoczesnym zachowaniu jego pe\u0142nego bezpiecze\u0144stwa i funkcjonalno\u015bci. Nak\u0142adka jest idealnie dopasowana do telefonu i nie odstaje.<\/p>\n<p>Case jest&nbsp;odporny na zarysowania i chroni brzegi telefonu&nbsp;przed uszkodzeniami mechanicznymi, np. przy upadku. Na przyciski boczne zamiast wyci\u0119\u0107 s\u0105&nbsp;wypustki zapobiegaj\u0105ce dostaniu si\u0119 wody, kt\u00f3re nie przeszkadzaj\u0105 i s\u0105 wygodne w u\u017cytkowaniu.<\/p>\n<p><b>Cechy:<\/b><\/p>\n<ul>\n<li>Ochrona bok\u00f3w i ty\u0142u smartfona<\/li>\n<li>Wytrzyma\u0142y, przyjemny w dotyku materia\u0142<\/li>\n<li>Odporne na \u015bcieranie i przebarwienia<\/li>\n<li>Idealnie dopasowane<\/li>\n<li>Zapewnia dost\u0119p do aparatu oraz wszystkich z\u0142\u0105czy czy przycisk\u00f3w<\/li>\n<li>Stylowy design<\/li>\n<li>Banalnie prosty monta\u017c i demonta\u017c<\/li>\n<li>Zapakowane w oryginalne, eleganckie pude\u0142ko<\/li>\n<\/ul>\n<p>Pokrowce\/etui do telefon\u00f3w i tablet\u00f3w to cz\u0119sto zdj\u0119cie pogl\u0105dowe. W rzeczywisto\u015bci otrzymuj\u0105 Pa\u0144stwo futera\u0142 dopasowany do danego modelu urz\u0105dzenia z poprawnie rozmieszczonymi otworami na kamer\u0119\/aparat czy przyciski boczne.<\/p>\n","protected":false},"excerpt":{"rendered":"<p>ETUI MERCURY CLEAR JELLY CASE SAMSUNG&nbsp; GALAXY A20\/A30 Oryginalna \u017celowa nak\u0142adka Jelly Mercury CLEAR Postaw na jako\u015b\u0107! Etui na telefon&nbsp;zapewnia przyjemno\u015b\u0107 korzystania przy jednoczesnym zachowaniu jego pe\u0142nego bezpiecze\u0144stwa i funkcjonalno\u015bci. Nak\u0142adka jest idealnie dopasowana do telefonu i nie odstaje. Case jest&nbsp;odporny na zarysowania i chroni brzegi telefonu&nbsp;przed uszkodzeniami mechanicznymi, np. przy upadku. Na przyciski boczne [&hellip;]<\/p>\n","protected":false},"featured_media":616,"comment_status":"open","ping_status":"closed","template":"","meta":[],"product_brand":[58],"product_cat":[26],"product_tag":[],"class_list":{"0":"post-614","1":"product","2":"type-product","3":"status-publish","4":"has-post-thumbnail","6":"product_brand-mercury","7":"product_cat-akcesoria-gsm","9":"first","10":"instock","11":"taxable","12":"shipping-taxable","13":"purchasable","14":"product-type-simple"},"yoast_head":"<!-- This site is optimized with the Yoast SEO plugin v27.3 - https:\/\/yoast.com\/product\/yoast-seo-wordpress\/ -->\n<title>Plecki ETUI Mercury do Samsung Galaxy A20 A30 - Mix Market - Supermarket z wszystkim co potrzeba<\/title>\n<meta name=\"robots\" content=\"index, follow, max-snippet:-1, max-image-preview:large, max-video-preview:-1\" \/>\n<link rel=\"canonical\" href=\"https:\/\/racom.com.pl\/index.php\/produkt\/plecki-etui-mercury-do-samsung-galaxy-a20-a30\/\" \/>\n<meta property=\"og:locale\" content=\"pl_PL\" \/>\n<meta property=\"og:type\" content=\"article\" \/>\n<meta property=\"og:title\" content=\"Plecki ETUI Mercury do Samsung Galaxy A20 A30 - Mix Market - Supermarket z wszystkim co potrzeba\" \/>\n<meta property=\"og:description\" content=\"ETUI MERCURY CLEAR JELLY CASE SAMSUNG&nbsp; GALAXY A20\/A30 Oryginalna \u017celowa nak\u0142adka Jelly Mercury CLEAR Postaw na jako\u015b\u0107! Etui na telefon&nbsp;zapewnia przyjemno\u015b\u0107 korzystania przy jednoczesnym zachowaniu jego pe\u0142nego bezpiecze\u0144stwa i funkcjonalno\u015bci. Nak\u0142adka jest idealnie dopasowana do telefonu i nie odstaje. Case jest&nbsp;odporny na zarysowania i chroni brzegi telefonu&nbsp;przed uszkodzeniami mechanicznymi, np. przy upadku. Na przyciski boczne [&hellip;]\" \/>\n<meta property=\"og:url\" content=\"https:\/\/racom.com.pl\/index.php\/produkt\/plecki-etui-mercury-do-samsung-galaxy-a20-a30\/\" \/>\n<meta property=\"og:site_name\" content=\"Mix Market - Supermarket z wszystkim co potrzeba\" \/>\n<meta property=\"og:image\" content=\"https:\/\/racom.com.pl\/wp-content\/uploads\/2025\/07\/allegro_687a6c433fd2c6.96093877_bec62b314f8e84e6b953d427d79e.jpg\" \/>\n\t<meta property=\"og:image:width\" content=\"597\" \/>\n\t<meta property=\"og:image:height\" content=\"600\" \/>\n\t<meta property=\"og:image:type\" content=\"image\/jpeg\" \/>\n<meta name=\"twitter:card\" content=\"summary_large_image\" \/>\n<meta name=\"twitter:label1\" content=\"Szacowany czas czytania\" \/>\n\t<meta name=\"twitter:data1\" content=\"1 minuta\" \/>\n<script type=\"application\/ld+json\" class=\"yoast-schema-graph\">{\"@context\":\"https:\\\/\\\/schema.org\",\"@graph\":[{\"@type\":\"WebPage\",\"@id\":\"https:\\\/\\\/racom.com.pl\\\/index.php\\\/produkt\\\/plecki-etui-mercury-do-samsung-galaxy-a20-a30\\\/\",\"url\":\"https:\\\/\\\/racom.com.pl\\\/index.php\\\/produkt\\\/plecki-etui-mercury-do-samsung-galaxy-a20-a30\\\/\",\"name\":\"Plecki ETUI Mercury do Samsung Galaxy A20 A30 - Mix Market - Supermarket z wszystkim co potrzeba\",\"isPartOf\":{\"@id\":\"https:\\\/\\\/racom.com.pl\\\/#website\"},\"primaryImageOfPage\":{\"@id\":\"https:\\\/\\\/racom.com.pl\\\/index.php\\\/produkt\\\/plecki-etui-mercury-do-samsung-galaxy-a20-a30\\\/#primaryimage\"},\"image\":{\"@id\":\"https:\\\/\\\/racom.com.pl\\\/index.php\\\/produkt\\\/plecki-etui-mercury-do-samsung-galaxy-a20-a30\\\/#primaryimage\"},\"thumbnailUrl\":\"https:\\\/\\\/racom.com.pl\\\/wp-content\\\/uploads\\\/2025\\\/07\\\/allegro_687a6c433fd2c6.96093877_bec62b314f8e84e6b953d427d79e.jpg\",\"datePublished\":\"2025-07-18T15:45:57+00:00\",\"breadcrumb\":{\"@id\":\"https:\\\/\\\/racom.com.pl\\\/index.php\\\/produkt\\\/plecki-etui-mercury-do-samsung-galaxy-a20-a30\\\/#breadcrumb\"},\"inLanguage\":\"pl-PL\",\"potentialAction\":[{\"@type\":\"ReadAction\",\"target\":[\"https:\\\/\\\/racom.com.pl\\\/index.php\\\/produkt\\\/plecki-etui-mercury-do-samsung-galaxy-a20-a30\\\/\"]}]},{\"@type\":\"ImageObject\",\"inLanguage\":\"pl-PL\",\"@id\":\"https:\\\/\\\/racom.com.pl\\\/index.php\\\/produkt\\\/plecki-etui-mercury-do-samsung-galaxy-a20-a30\\\/#primaryimage\",\"url\":\"https:\\\/\\\/racom.com.pl\\\/wp-content\\\/uploads\\\/2025\\\/07\\\/allegro_687a6c433fd2c6.96093877_bec62b314f8e84e6b953d427d79e.jpg\",\"contentUrl\":\"https:\\\/\\\/racom.com.pl\\\/wp-content\\\/uploads\\\/2025\\\/07\\\/allegro_687a6c433fd2c6.96093877_bec62b314f8e84e6b953d427d79e.jpg\",\"width\":597,\"height\":600},{\"@type\":\"BreadcrumbList\",\"@id\":\"https:\\\/\\\/racom.com.pl\\\/index.php\\\/produkt\\\/plecki-etui-mercury-do-samsung-galaxy-a20-a30\\\/#breadcrumb\",\"itemListElement\":[{\"@type\":\"ListItem\",\"position\":1,\"name\":\"Strona g\u0142\u00f3wna\",\"item\":\"https:\\\/\\\/racom.com.pl\\\/\"},{\"@type\":\"ListItem\",\"position\":2,\"name\":\"Sklep\",\"item\":\"https:\\\/\\\/racom.com.pl\\\/\"},{\"@type\":\"ListItem\",\"position\":3,\"name\":\"Plecki ETUI Mercury do Samsung Galaxy A20 A30\"}]},{\"@type\":\"WebSite\",\"@id\":\"https:\\\/\\\/racom.com.pl\\\/#website\",\"url\":\"https:\\\/\\\/racom.com.pl\\\/\",\"name\":\"Mix Market - Supermarket z wszystkim co potrzeba do domu i nie tylko\",\"description\":\"\",\"publisher\":{\"@id\":\"https:\\\/\\\/racom.com.pl\\\/#organization\"},\"potentialAction\":[{\"@type\":\"SearchAction\",\"target\":{\"@type\":\"EntryPoint\",\"urlTemplate\":\"https:\\\/\\\/racom.com.pl\\\/?s={search_term_string}\"},\"query-input\":{\"@type\":\"PropertyValueSpecification\",\"valueRequired\":true,\"valueName\":\"search_term_string\"}}],\"inLanguage\":\"pl-PL\"},{\"@type\":\"Organization\",\"@id\":\"https:\\\/\\\/racom.com.pl\\\/#organization\",\"name\":\"Mix Market - Supermarket z wszystkim co potrzeba do domu i nie tylko\",\"url\":\"https:\\\/\\\/racom.com.pl\\\/\",\"logo\":{\"@type\":\"ImageObject\",\"inLanguage\":\"pl-PL\",\"@id\":\"https:\\\/\\\/racom.com.pl\\\/#\\\/schema\\\/logo\\\/image\\\/\",\"url\":\"https:\\\/\\\/racom.com.pl\\\/wp-content\\\/uploads\\\/2025\\\/07\\\/mixmarket_logo.png\",\"contentUrl\":\"https:\\\/\\\/racom.com.pl\\\/wp-content\\\/uploads\\\/2025\\\/07\\\/mixmarket_logo.png\",\"width\":1024,\"height\":1024,\"caption\":\"Mix Market - Supermarket z wszystkim co potrzeba do domu i nie tylko\"},\"image\":{\"@id\":\"https:\\\/\\\/racom.com.pl\\\/#\\\/schema\\\/logo\\\/image\\\/\"}}]}<\/script>\n<!-- \/ Yoast SEO plugin. -->","yoast_head_json":{"title":"Plecki ETUI Mercury do Samsung Galaxy A20 A30 - Mix Market - Supermarket z wszystkim co potrzeba","robots":{"index":"index","follow":"follow","max-snippet":"max-snippet:-1","max-image-preview":"max-image-preview:large","max-video-preview":"max-video-preview:-1"},"canonical":"https:\/\/racom.com.pl\/index.php\/produkt\/plecki-etui-mercury-do-samsung-galaxy-a20-a30\/","og_locale":"pl_PL","og_type":"article","og_title":"Plecki ETUI Mercury do Samsung Galaxy A20 A30 - Mix Market - Supermarket z wszystkim co potrzeba","og_description":"ETUI MERCURY CLEAR JELLY CASE SAMSUNG&nbsp; GALAXY A20\/A30 Oryginalna \u017celowa nak\u0142adka Jelly Mercury CLEAR Postaw na jako\u015b\u0107! Etui na telefon&nbsp;zapewnia przyjemno\u015b\u0107 korzystania przy jednoczesnym zachowaniu jego pe\u0142nego bezpiecze\u0144stwa i funkcjonalno\u015bci. Nak\u0142adka jest idealnie dopasowana do telefonu i nie odstaje. Case jest&nbsp;odporny na zarysowania i chroni brzegi telefonu&nbsp;przed uszkodzeniami mechanicznymi, np. przy upadku. Na przyciski boczne [&hellip;]","og_url":"https:\/\/racom.com.pl\/index.php\/produkt\/plecki-etui-mercury-do-samsung-galaxy-a20-a30\/","og_site_name":"Mix Market - Supermarket z wszystkim co potrzeba","og_image":[{"width":597,"height":600,"url":"https:\/\/racom.com.pl\/wp-content\/uploads\/2025\/07\/allegro_687a6c433fd2c6.96093877_bec62b314f8e84e6b953d427d79e.jpg","type":"image\/jpeg"}],"twitter_card":"summary_large_image","twitter_misc":{"Szacowany czas czytania":"1 minuta"},"schema":{"@context":"https:\/\/schema.org","@graph":[{"@type":"WebPage","@id":"https:\/\/racom.com.pl\/index.php\/produkt\/plecki-etui-mercury-do-samsung-galaxy-a20-a30\/","url":"https:\/\/racom.com.pl\/index.php\/produkt\/plecki-etui-mercury-do-samsung-galaxy-a20-a30\/","name":"Plecki ETUI Mercury do Samsung Galaxy A20 A30 - Mix Market - Supermarket z wszystkim co potrzeba","isPartOf":{"@id":"https:\/\/racom.com.pl\/#website"},"primaryImageOfPage":{"@id":"https:\/\/racom.com.pl\/index.php\/produkt\/plecki-etui-mercury-do-samsung-galaxy-a20-a30\/#primaryimage"},"image":{"@id":"https:\/\/racom.com.pl\/index.php\/produkt\/plecki-etui-mercury-do-samsung-galaxy-a20-a30\/#primaryimage"},"thumbnailUrl":"https:\/\/racom.com.pl\/wp-content\/uploads\/2025\/07\/allegro_687a6c433fd2c6.96093877_bec62b314f8e84e6b953d427d79e.jpg","datePublished":"2025-07-18T15:45:57+00:00","breadcrumb":{"@id":"https:\/\/racom.com.pl\/index.php\/produkt\/plecki-etui-mercury-do-samsung-galaxy-a20-a30\/#breadcrumb"},"inLanguage":"pl-PL","potentialAction":[{"@type":"ReadAction","target":["https:\/\/racom.com.pl\/index.php\/produkt\/plecki-etui-mercury-do-samsung-galaxy-a20-a30\/"]}]},{"@type":"ImageObject","inLanguage":"pl-PL","@id":"https:\/\/racom.com.pl\/index.php\/produkt\/plecki-etui-mercury-do-samsung-galaxy-a20-a30\/#primaryimage","url":"https:\/\/racom.com.pl\/wp-content\/uploads\/2025\/07\/allegro_687a6c433fd2c6.96093877_bec62b314f8e84e6b953d427d79e.jpg","contentUrl":"https:\/\/racom.com.pl\/wp-content\/uploads\/2025\/07\/allegro_687a6c433fd2c6.96093877_bec62b314f8e84e6b953d427d79e.jpg","width":597,"height":600},{"@type":"BreadcrumbList","@id":"https:\/\/racom.com.pl\/index.php\/produkt\/plecki-etui-mercury-do-samsung-galaxy-a20-a30\/#breadcrumb","itemListElement":[{"@type":"ListItem","position":1,"name":"Strona g\u0142\u00f3wna","item":"https:\/\/racom.com.pl\/"},{"@type":"ListItem","position":2,"name":"Sklep","item":"https:\/\/racom.com.pl\/"},{"@type":"ListItem","position":3,"name":"Plecki ETUI Mercury do Samsung Galaxy A20 A30"}]},{"@type":"WebSite","@id":"https:\/\/racom.com.pl\/#website","url":"https:\/\/racom.com.pl\/","name":"Mix Market - Supermarket z wszystkim co potrzeba do domu i nie tylko","description":"","publisher":{"@id":"https:\/\/racom.com.pl\/#organization"},"potentialAction":[{"@type":"SearchAction","target":{"@type":"EntryPoint","urlTemplate":"https:\/\/racom.com.pl\/?s={search_term_string}"},"query-input":{"@type":"PropertyValueSpecification","valueRequired":true,"valueName":"search_term_string"}}],"inLanguage":"pl-PL"},{"@type":"Organization","@id":"https:\/\/racom.com.pl\/#organization","name":"Mix Market - Supermarket z wszystkim co potrzeba do domu i nie tylko","url":"https:\/\/racom.com.pl\/","logo":{"@type":"ImageObject","inLanguage":"pl-PL","@id":"https:\/\/racom.com.pl\/#\/schema\/logo\/image\/","url":"https:\/\/racom.com.pl\/wp-content\/uploads\/2025\/07\/mixmarket_logo.png","contentUrl":"https:\/\/racom.com.pl\/wp-content\/uploads\/2025\/07\/mixmarket_logo.png","width":1024,"height":1024,"caption":"Mix Market - Supermarket z wszystkim co potrzeba do domu i nie tylko"},"image":{"@id":"https:\/\/racom.com.pl\/#\/schema\/logo\/image\/"}}]}},"_links":{"self":[{"href":"https:\/\/racom.com.pl\/index.php\/wp-json\/wp\/v2\/product\/614","targetHints":{"allow":["GET"]}}],"collection":[{"href":"https:\/\/racom.com.pl\/index.php\/wp-json\/wp\/v2\/product"}],"about":[{"href":"https:\/\/racom.com.pl\/index.php\/wp-json\/wp\/v2\/types\/product"}],"replies":[{"embeddable":true,"href":"https:\/\/racom.com.pl\/index.php\/wp-json\/wp\/v2\/comments?post=614"}],"wp:featuredmedia":[{"embeddable":true,"href":"https:\/\/racom.com.pl\/index.php\/wp-json\/wp\/v2\/media\/616"}],"wp:attachment":[{"href":"https:\/\/racom.com.pl\/index.php\/wp-json\/wp\/v2\/media?parent=614"}],"wp:term":[{"taxonomy":"product_brand","embeddable":true,"href":"https:\/\/racom.com.pl\/index.php\/wp-json\/wp\/v2\/product_brand?post=614"},{"taxonomy":"product_cat","embeddable":true,"href":"https:\/\/racom.com.pl\/index.php\/wp-json\/wp\/v2\/product_cat?post=614"},{"taxonomy":"product_tag","embeddable":true,"href":"https:\/\/racom.com.pl\/index.php\/wp-json\/wp\/v2\/product_tag?post=614"}],"curies":[{"name":"wp","href":"https:\/\/api.w.org\/{rel}","templated":true}]}}