{"id":617,"date":"2025-07-18T17:46:17","date_gmt":"2025-07-18T15:46:17","guid":{"rendered":"http:\/\/192.168.2.106\/index.php\/produkt\/plecki-etui-mercury-do-galaxy-a9-2018-bezbarwny\/"},"modified":"2025-07-18T17:46:17","modified_gmt":"2025-07-18T15:46:17","slug":"plecki-etui-mercury-do-galaxy-a9-2018-bezbarwny","status":"publish","type":"product","link":"https:\/\/racom.com.pl\/index.php\/produkt\/plecki-etui-mercury-do-galaxy-a9-2018-bezbarwny\/","title":{"rendered":"Plecki ETUI Mercury do GALAXY A9 2018 bezbarwny"},"content":{"rendered":"<h2>MERCURY JELLY CASE SAMSUNG A9 2018 KO CLEAR \/ PRZE\u0179ROCZYSTY<\/h2>\n<p>Nak\u0142adka MERCURY JELLY CASE przeznaczona jest do os\u0142ony ty\u0142u i bocznych cz\u0119\u015bci telefonu przed uszkodzeniami. Pokrowiec wykonany jest z wysokiej jako\u015bci silikonu o idealnej g\u0142adko\u015bci. Jest doskonale dopasowane do telefonu, nie zas\u0142ania element\u00f3w klawiatury. Umo\u017cliwia wygodny dost\u0119p do wszystkich przycisk\u00f3w znajduj\u0105cych si\u0119 w telefonie.<\/p>\n<p>Pokrowce\/etui do telefon\u00f3w i tablet\u00f3w to cz\u0119sto zdj\u0119cie pogl\u0105dowe. W rzeczywisto\u015bci otrzymuj\u0105 Pa\u0144stwo futera\u0142 dopasowany do danego modelu urz\u0105dzenia z poprawnie rozmieszczonymi otworami na kamer\u0119\/aparat czy przyciski boczne.<\/p>\n","protected":false},"excerpt":{"rendered":"<p>MERCURY JELLY CASE SAMSUNG A9 2018 KO CLEAR \/ PRZE\u0179ROCZYSTY Nak\u0142adka MERCURY JELLY CASE przeznaczona jest do os\u0142ony ty\u0142u i bocznych cz\u0119\u015bci telefonu przed uszkodzeniami. Pokrowiec wykonany jest z wysokiej jako\u015bci silikonu o idealnej g\u0142adko\u015bci. Jest doskonale dopasowane do telefonu, nie zas\u0142ania element\u00f3w klawiatury. Umo\u017cliwia wygodny dost\u0119p do wszystkich przycisk\u00f3w znajduj\u0105cych si\u0119 w telefonie. Pokrowce\/etui [&hellip;]<\/p>\n","protected":false},"featured_media":619,"comment_status":"open","ping_status":"closed","template":"","meta":[],"product_brand":[58],"product_cat":[26],"product_tag":[],"class_list":{"0":"post-617","1":"product","2":"type-product","3":"status-publish","4":"has-post-thumbnail","6":"product_brand-mercury","7":"product_cat-akcesoria-gsm","9":"first","10":"instock","11":"taxable","12":"shipping-taxable","13":"purchasable","14":"product-type-simple"},"yoast_head":"<!-- This site is optimized with the Yoast SEO plugin v27.3 - https:\/\/yoast.com\/product\/yoast-seo-wordpress\/ -->\n<title>Plecki ETUI Mercury do GALAXY A9 2018 bezbarwny - Mix Market - Supermarket z wszystkim co potrzeba<\/title>\n<meta name=\"robots\" content=\"index, follow, max-snippet:-1, max-image-preview:large, max-video-preview:-1\" \/>\n<link rel=\"canonical\" href=\"https:\/\/racom.com.pl\/index.php\/produkt\/plecki-etui-mercury-do-galaxy-a9-2018-bezbarwny\/\" \/>\n<meta property=\"og:locale\" content=\"pl_PL\" \/>\n<meta property=\"og:type\" content=\"article\" \/>\n<meta property=\"og:title\" content=\"Plecki ETUI Mercury do GALAXY A9 2018 bezbarwny - Mix Market - Supermarket z wszystkim co potrzeba\" \/>\n<meta property=\"og:description\" content=\"MERCURY JELLY CASE SAMSUNG A9 2018 KO CLEAR \/ PRZE\u0179ROCZYSTY Nak\u0142adka MERCURY JELLY CASE przeznaczona jest do os\u0142ony ty\u0142u i bocznych cz\u0119\u015bci telefonu przed uszkodzeniami. Pokrowiec wykonany jest z wysokiej jako\u015bci silikonu o idealnej g\u0142adko\u015bci. Jest doskonale dopasowane do telefonu, nie zas\u0142ania element\u00f3w klawiatury. Umo\u017cliwia wygodny dost\u0119p do wszystkich przycisk\u00f3w znajduj\u0105cych si\u0119 w telefonie. Pokrowce\/etui [&hellip;]\" \/>\n<meta property=\"og:url\" content=\"https:\/\/racom.com.pl\/index.php\/produkt\/plecki-etui-mercury-do-galaxy-a9-2018-bezbarwny\/\" \/>\n<meta property=\"og:site_name\" content=\"Mix Market - Supermarket z wszystkim co potrzeba\" \/>\n<meta property=\"og:image\" content=\"https:\/\/racom.com.pl\/wp-content\/uploads\/2025\/07\/allegro_687a6c5fae1cb6.63385633_d66113ef418e8b663b3816d99885.jpg\" \/>\n\t<meta property=\"og:image:width\" content=\"597\" \/>\n\t<meta property=\"og:image:height\" content=\"600\" \/>\n\t<meta property=\"og:image:type\" content=\"image\/jpeg\" \/>\n<meta name=\"twitter:card\" content=\"summary_large_image\" \/>\n<meta name=\"twitter:label1\" content=\"Szacowany czas czytania\" \/>\n\t<meta name=\"twitter:data1\" content=\"1 minuta\" \/>\n<script type=\"application\/ld+json\" class=\"yoast-schema-graph\">{\"@context\":\"https:\\\/\\\/schema.org\",\"@graph\":[{\"@type\":\"WebPage\",\"@id\":\"https:\\\/\\\/racom.com.pl\\\/index.php\\\/produkt\\\/plecki-etui-mercury-do-galaxy-a9-2018-bezbarwny\\\/\",\"url\":\"https:\\\/\\\/racom.com.pl\\\/index.php\\\/produkt\\\/plecki-etui-mercury-do-galaxy-a9-2018-bezbarwny\\\/\",\"name\":\"Plecki ETUI Mercury do GALAXY A9 2018 bezbarwny - Mix Market - Supermarket z wszystkim co potrzeba\",\"isPartOf\":{\"@id\":\"https:\\\/\\\/racom.com.pl\\\/#website\"},\"primaryImageOfPage\":{\"@id\":\"https:\\\/\\\/racom.com.pl\\\/index.php\\\/produkt\\\/plecki-etui-mercury-do-galaxy-a9-2018-bezbarwny\\\/#primaryimage\"},\"image\":{\"@id\":\"https:\\\/\\\/racom.com.pl\\\/index.php\\\/produkt\\\/plecki-etui-mercury-do-galaxy-a9-2018-bezbarwny\\\/#primaryimage\"},\"thumbnailUrl\":\"https:\\\/\\\/racom.com.pl\\\/wp-content\\\/uploads\\\/2025\\\/07\\\/allegro_687a6c5fae1cb6.63385633_d66113ef418e8b663b3816d99885.jpg\",\"datePublished\":\"2025-07-18T15:46:17+00:00\",\"breadcrumb\":{\"@id\":\"https:\\\/\\\/racom.com.pl\\\/index.php\\\/produkt\\\/plecki-etui-mercury-do-galaxy-a9-2018-bezbarwny\\\/#breadcrumb\"},\"inLanguage\":\"pl-PL\",\"potentialAction\":[{\"@type\":\"ReadAction\",\"target\":[\"https:\\\/\\\/racom.com.pl\\\/index.php\\\/produkt\\\/plecki-etui-mercury-do-galaxy-a9-2018-bezbarwny\\\/\"]}]},{\"@type\":\"ImageObject\",\"inLanguage\":\"pl-PL\",\"@id\":\"https:\\\/\\\/racom.com.pl\\\/index.php\\\/produkt\\\/plecki-etui-mercury-do-galaxy-a9-2018-bezbarwny\\\/#primaryimage\",\"url\":\"https:\\\/\\\/racom.com.pl\\\/wp-content\\\/uploads\\\/2025\\\/07\\\/allegro_687a6c5fae1cb6.63385633_d66113ef418e8b663b3816d99885.jpg\",\"contentUrl\":\"https:\\\/\\\/racom.com.pl\\\/wp-content\\\/uploads\\\/2025\\\/07\\\/allegro_687a6c5fae1cb6.63385633_d66113ef418e8b663b3816d99885.jpg\",\"width\":597,\"height\":600},{\"@type\":\"BreadcrumbList\",\"@id\":\"https:\\\/\\\/racom.com.pl\\\/index.php\\\/produkt\\\/plecki-etui-mercury-do-galaxy-a9-2018-bezbarwny\\\/#breadcrumb\",\"itemListElement\":[{\"@type\":\"ListItem\",\"position\":1,\"name\":\"Strona g\u0142\u00f3wna\",\"item\":\"https:\\\/\\\/racom.com.pl\\\/\"},{\"@type\":\"ListItem\",\"position\":2,\"name\":\"Sklep\",\"item\":\"https:\\\/\\\/racom.com.pl\\\/\"},{\"@type\":\"ListItem\",\"position\":3,\"name\":\"Plecki ETUI Mercury do GALAXY A9 2018 bezbarwny\"}]},{\"@type\":\"WebSite\",\"@id\":\"https:\\\/\\\/racom.com.pl\\\/#website\",\"url\":\"https:\\\/\\\/racom.com.pl\\\/\",\"name\":\"Mix Market - Supermarket z wszystkim co potrzeba do domu i nie tylko\",\"description\":\"\",\"publisher\":{\"@id\":\"https:\\\/\\\/racom.com.pl\\\/#organization\"},\"potentialAction\":[{\"@type\":\"SearchAction\",\"target\":{\"@type\":\"EntryPoint\",\"urlTemplate\":\"https:\\\/\\\/racom.com.pl\\\/?s={search_term_string}\"},\"query-input\":{\"@type\":\"PropertyValueSpecification\",\"valueRequired\":true,\"valueName\":\"search_term_string\"}}],\"inLanguage\":\"pl-PL\"},{\"@type\":\"Organization\",\"@id\":\"https:\\\/\\\/racom.com.pl\\\/#organization\",\"name\":\"Mix Market - Supermarket z wszystkim co potrzeba do domu i nie tylko\",\"url\":\"https:\\\/\\\/racom.com.pl\\\/\",\"logo\":{\"@type\":\"ImageObject\",\"inLanguage\":\"pl-PL\",\"@id\":\"https:\\\/\\\/racom.com.pl\\\/#\\\/schema\\\/logo\\\/image\\\/\",\"url\":\"https:\\\/\\\/racom.com.pl\\\/wp-content\\\/uploads\\\/2025\\\/07\\\/mixmarket_logo.png\",\"contentUrl\":\"https:\\\/\\\/racom.com.pl\\\/wp-content\\\/uploads\\\/2025\\\/07\\\/mixmarket_logo.png\",\"width\":1024,\"height\":1024,\"caption\":\"Mix Market - Supermarket z wszystkim co potrzeba do domu i nie tylko\"},\"image\":{\"@id\":\"https:\\\/\\\/racom.com.pl\\\/#\\\/schema\\\/logo\\\/image\\\/\"}}]}<\/script>\n<!-- \/ Yoast SEO plugin. -->","yoast_head_json":{"title":"Plecki ETUI Mercury do GALAXY A9 2018 bezbarwny - Mix Market - Supermarket z wszystkim co potrzeba","robots":{"index":"index","follow":"follow","max-snippet":"max-snippet:-1","max-image-preview":"max-image-preview:large","max-video-preview":"max-video-preview:-1"},"canonical":"https:\/\/racom.com.pl\/index.php\/produkt\/plecki-etui-mercury-do-galaxy-a9-2018-bezbarwny\/","og_locale":"pl_PL","og_type":"article","og_title":"Plecki ETUI Mercury do GALAXY A9 2018 bezbarwny - Mix Market - Supermarket z wszystkim co potrzeba","og_description":"MERCURY JELLY CASE SAMSUNG A9 2018 KO CLEAR \/ PRZE\u0179ROCZYSTY Nak\u0142adka MERCURY JELLY CASE przeznaczona jest do os\u0142ony ty\u0142u i bocznych cz\u0119\u015bci telefonu przed uszkodzeniami. Pokrowiec wykonany jest z wysokiej jako\u015bci silikonu o idealnej g\u0142adko\u015bci. Jest doskonale dopasowane do telefonu, nie zas\u0142ania element\u00f3w klawiatury. Umo\u017cliwia wygodny dost\u0119p do wszystkich przycisk\u00f3w znajduj\u0105cych si\u0119 w telefonie. Pokrowce\/etui [&hellip;]","og_url":"https:\/\/racom.com.pl\/index.php\/produkt\/plecki-etui-mercury-do-galaxy-a9-2018-bezbarwny\/","og_site_name":"Mix Market - Supermarket z wszystkim co potrzeba","og_image":[{"width":597,"height":600,"url":"https:\/\/racom.com.pl\/wp-content\/uploads\/2025\/07\/allegro_687a6c5fae1cb6.63385633_d66113ef418e8b663b3816d99885.jpg","type":"image\/jpeg"}],"twitter_card":"summary_large_image","twitter_misc":{"Szacowany czas czytania":"1 minuta"},"schema":{"@context":"https:\/\/schema.org","@graph":[{"@type":"WebPage","@id":"https:\/\/racom.com.pl\/index.php\/produkt\/plecki-etui-mercury-do-galaxy-a9-2018-bezbarwny\/","url":"https:\/\/racom.com.pl\/index.php\/produkt\/plecki-etui-mercury-do-galaxy-a9-2018-bezbarwny\/","name":"Plecki ETUI Mercury do GALAXY A9 2018 bezbarwny - Mix Market - Supermarket z wszystkim co potrzeba","isPartOf":{"@id":"https:\/\/racom.com.pl\/#website"},"primaryImageOfPage":{"@id":"https:\/\/racom.com.pl\/index.php\/produkt\/plecki-etui-mercury-do-galaxy-a9-2018-bezbarwny\/#primaryimage"},"image":{"@id":"https:\/\/racom.com.pl\/index.php\/produkt\/plecki-etui-mercury-do-galaxy-a9-2018-bezbarwny\/#primaryimage"},"thumbnailUrl":"https:\/\/racom.com.pl\/wp-content\/uploads\/2025\/07\/allegro_687a6c5fae1cb6.63385633_d66113ef418e8b663b3816d99885.jpg","datePublished":"2025-07-18T15:46:17+00:00","breadcrumb":{"@id":"https:\/\/racom.com.pl\/index.php\/produkt\/plecki-etui-mercury-do-galaxy-a9-2018-bezbarwny\/#breadcrumb"},"inLanguage":"pl-PL","potentialAction":[{"@type":"ReadAction","target":["https:\/\/racom.com.pl\/index.php\/produkt\/plecki-etui-mercury-do-galaxy-a9-2018-bezbarwny\/"]}]},{"@type":"ImageObject","inLanguage":"pl-PL","@id":"https:\/\/racom.com.pl\/index.php\/produkt\/plecki-etui-mercury-do-galaxy-a9-2018-bezbarwny\/#primaryimage","url":"https:\/\/racom.com.pl\/wp-content\/uploads\/2025\/07\/allegro_687a6c5fae1cb6.63385633_d66113ef418e8b663b3816d99885.jpg","contentUrl":"https:\/\/racom.com.pl\/wp-content\/uploads\/2025\/07\/allegro_687a6c5fae1cb6.63385633_d66113ef418e8b663b3816d99885.jpg","width":597,"height":600},{"@type":"BreadcrumbList","@id":"https:\/\/racom.com.pl\/index.php\/produkt\/plecki-etui-mercury-do-galaxy-a9-2018-bezbarwny\/#breadcrumb","itemListElement":[{"@type":"ListItem","position":1,"name":"Strona g\u0142\u00f3wna","item":"https:\/\/racom.com.pl\/"},{"@type":"ListItem","position":2,"name":"Sklep","item":"https:\/\/racom.com.pl\/"},{"@type":"ListItem","position":3,"name":"Plecki ETUI Mercury do GALAXY A9 2018 bezbarwny"}]},{"@type":"WebSite","@id":"https:\/\/racom.com.pl\/#website","url":"https:\/\/racom.com.pl\/","name":"Mix Market - Supermarket z wszystkim co potrzeba do domu i nie tylko","description":"","publisher":{"@id":"https:\/\/racom.com.pl\/#organization"},"potentialAction":[{"@type":"SearchAction","target":{"@type":"EntryPoint","urlTemplate":"https:\/\/racom.com.pl\/?s={search_term_string}"},"query-input":{"@type":"PropertyValueSpecification","valueRequired":true,"valueName":"search_term_string"}}],"inLanguage":"pl-PL"},{"@type":"Organization","@id":"https:\/\/racom.com.pl\/#organization","name":"Mix Market - Supermarket z wszystkim co potrzeba do domu i nie tylko","url":"https:\/\/racom.com.pl\/","logo":{"@type":"ImageObject","inLanguage":"pl-PL","@id":"https:\/\/racom.com.pl\/#\/schema\/logo\/image\/","url":"https:\/\/racom.com.pl\/wp-content\/uploads\/2025\/07\/mixmarket_logo.png","contentUrl":"https:\/\/racom.com.pl\/wp-content\/uploads\/2025\/07\/mixmarket_logo.png","width":1024,"height":1024,"caption":"Mix Market - Supermarket z wszystkim co potrzeba do domu i nie tylko"},"image":{"@id":"https:\/\/racom.com.pl\/#\/schema\/logo\/image\/"}}]}},"_links":{"self":[{"href":"https:\/\/racom.com.pl\/index.php\/wp-json\/wp\/v2\/product\/617","targetHints":{"allow":["GET"]}}],"collection":[{"href":"https:\/\/racom.com.pl\/index.php\/wp-json\/wp\/v2\/product"}],"about":[{"href":"https:\/\/racom.com.pl\/index.php\/wp-json\/wp\/v2\/types\/product"}],"replies":[{"embeddable":true,"href":"https:\/\/racom.com.pl\/index.php\/wp-json\/wp\/v2\/comments?post=617"}],"wp:featuredmedia":[{"embeddable":true,"href":"https:\/\/racom.com.pl\/index.php\/wp-json\/wp\/v2\/media\/619"}],"wp:attachment":[{"href":"https:\/\/racom.com.pl\/index.php\/wp-json\/wp\/v2\/media?parent=617"}],"wp:term":[{"taxonomy":"product_brand","embeddable":true,"href":"https:\/\/racom.com.pl\/index.php\/wp-json\/wp\/v2\/product_brand?post=617"},{"taxonomy":"product_cat","embeddable":true,"href":"https:\/\/racom.com.pl\/index.php\/wp-json\/wp\/v2\/product_cat?post=617"},{"taxonomy":"product_tag","embeddable":true,"href":"https:\/\/racom.com.pl\/index.php\/wp-json\/wp\/v2\/product_tag?post=617"}],"curies":[{"name":"wp","href":"https:\/\/api.w.org\/{rel}","templated":true}]}}