{"id":732,"date":"2025-07-18T18:04:46","date_gmt":"2025-07-18T16:04:46","guid":{"rendered":"http:\/\/192.168.2.106\/index.php\/produkt\/baseus-pasek-sportowy-do-apple-watch-3-4-5-38-40-2\/"},"modified":"2025-07-18T18:04:46","modified_gmt":"2025-07-18T16:04:46","slug":"baseus-pasek-sportowy-do-apple-watch-3-4-5-38-40-2","status":"publish","type":"product","link":"https:\/\/racom.com.pl\/index.php\/produkt\/baseus-pasek-sportowy-do-apple-watch-3-4-5-38-40-2\/","title":{"rendered":"BASEUS PASEK SPORTOWY DO APPLE WATCH 3\/4\/5 38\/40"},"content":{"rendered":"<h2>Pasek Baseus Let&#8217;s Go do Apple Watch 3\/4\/5 38 mm \/ 40 mm (szaro-\u017c\u00f3\u0142ty)<\/h2>\n<p>Stylowy design, przemy\u015blane rozwi\u0105zania<\/p>\n<p>Poka\u017c sw\u00f3j nadgarstek, wyka\u017c si\u0119 oryginalnym poczuciem stylu &#8211; zamie\u0144 opask\u0119 na linki i rozpocznij tworzenie nowego unikalnego trendu w modzie.<\/p>\n<p>Nawet je\u015bli mocno si\u0119 spocisz, nadgarstek nadal b\u0119dzie wygl\u0105da\u0107 \u015bwietnie.<\/p>\n<p>Konstrukcja linek pozwala na lepsz\u0105 przepuszczalno\u015b\u0107 powietrza, co jest wygodniejsze do noszenia oraz ciekawsze ni\u017c standardowy pasek.<\/p>\n<p>Wysoka jako\u015b\u0107<\/p>\n<p>Wykonane z wysokiej jako\u015bci bawe\u0142ny, kt\u00f3re s\u0105 przyjazne dla sk\u00f3ry. Linki nie niszcz\u0105 si\u0119 i nie cisn\u0105. S\u0105 wygodne nawet po bardzo d\u0142ugim czasie u\u017cytkowania.<\/p>\n<\/p>\n<p>Wysoka absorpcja wody<\/p>\n<p>Dzi\u0119ki innowacyjnej konstrukcji utrzymasz swoje nadgarstki suche oraz dobrze wygl\u0105daj\u0105ce w ka\u017cdym momencie, wynika to z wysokiej wch\u0142anialno\u015bci wody przez linki.<\/p>\n<p>Dopasowanie wed\u0142ug potrzeb<\/p>\n<p>Specjalny system pask\u00f3w umo\u017cliwia za jednym poci\u0105gni\u0119ciem dostosowanie d\u0142ugo\u015bci paska. Niezale\u017cnie od grubo\u015bci nadgarstka, linki zawsze b\u0119dzie mo\u017cna dopasowa\u0107.<\/p>\n<p>Blokada jednym dotkni\u0119ciem. Pewne mocowanie<\/p>\n<p>Po delikatnym naci\u015bni\u0119ciu bocznego przycisku mo\u017cna zablokowa\u0107 d\u0142ugo\u015b\u0107 linek na odpowiedniej d\u0142ugo\u015bci, aby zapobiec przypadkowemu ze\u015blizgni\u0119ciu si\u0119 urz\u0105dzenia i utraty go.<\/p>\n<p>Schowaj zapas linki z \u0142atwo\u015bci\u0105.<\/p>\n<p>Po ustawieniu d\u0142ugo\u015bci linek mo\u017cna w \u0142atwy i praktyczny spos\u00f3b przechowa\u0107 nadmiar w specjalnie dla tego celu zaprojektowanym miejscu, aby zapobiec zabrudzeniom.<\/p>\n<p>Zaprojektowany dla AP Watch Serii 3\/4\/5<\/p>\n<p>Dzi\u0119ki Baseus Let&#8221;sGo mo\u017cesz wymienia\u0107 zegarki bez konieczno\u015bci zmiany linek. Kompatybilno\u015b\u0107 z szerok\u0105 gam\u0105 zegark\u00f3w Apple, mo\u017cesz przej\u015b\u0107 na lepszy model bez konieczno\u015bci wymiany linek.<\/p>\n<p>Metoda monta\u017cu<\/p>\n<ul>\n<li>Prze\u0142\u00f3\u017c link\u0119 bezpo\u015brednio przez przeznaczone do tego miejsce w zegarku Apple.<\/li>\n<li>Naci\u015bnij g\u00f3rny przycisk, aby odblokowa\u0107 mo\u017cliwo\u015b\u0107 regulacji linek.<\/li>\n<li>Wyreguluj d\u0142ugo\u015b\u0107 linki, by idealnie dopasowa\u0107 j\u0105 do Twojego nadgarstka.<\/li>\n<li>Po regulacji naci\u015bnij boczny przycisk, aby zablokowa\u0107 d\u0142ugo\u015b\u0107<\/li>\n<\/ul>\n<p>Specyfikacja<\/p>\n<ul>\n<li><b>Producent:<\/b>&nbsp;Baseus<\/li>\n<li><b>Model:<\/b>&nbsp;Let&#8221;s go Cord Watch Strap For Apple Watch<\/li>\n<li><b>Kod produktu:<\/b>&nbsp;LBAPWA4-AGY<\/li>\n<li><b>Materia\u0142:<\/b>&nbsp;PC + Stop aluminium + smycz bawe\u0142niana<\/li>\n<li><b>Wielko\u015b\u0107:<\/b>&nbsp;30 cm<\/li>\n<li><b>D\u0142ugo\u015b\u0107 paska:<\/b>&nbsp;45 mm do 95 mm<\/li>\n<li><b>Waga:<\/b>&nbsp;13g<\/li>\n<li><b>Kolor:<\/b>&nbsp;Szaro-\u017c\u00f3\u0142ty<\/li>\n<li><b>Kompatybilno\u015b\u0107 rozmiaru Apple Watch:<\/b>&nbsp;38 \/ 40 mm<\/li>\n<li><b>Kompatybilno\u015b\u0107 serii Apple Watch:<\/b>&nbsp;3 \/ 4 \/ 5<\/li>\n<\/ul>\n","protected":false},"excerpt":{"rendered":"<p>Pasek Baseus Let&#8217;s Go do Apple Watch 3\/4\/5 38 mm \/ 40 mm (szaro-\u017c\u00f3\u0142ty) Stylowy design, przemy\u015blane rozwi\u0105zania Poka\u017c sw\u00f3j nadgarstek, wyka\u017c si\u0119 oryginalnym poczuciem stylu &#8211; zamie\u0144 opask\u0119 na linki i rozpocznij tworzenie nowego unikalnego trendu w modzie. Nawet je\u015bli mocno si\u0119 spocisz, nadgarstek nadal b\u0119dzie wygl\u0105da\u0107 \u015bwietnie. Konstrukcja linek pozwala na lepsz\u0105 przepuszczalno\u015b\u0107 [&hellip;]<\/p>\n","protected":false},"featured_media":737,"comment_status":"open","ping_status":"closed","template":"","meta":[],"product_brand":[],"product_cat":[34],"product_tag":[],"class_list":{"0":"post-732","1":"product","2":"type-product","3":"status-publish","4":"has-post-thumbnail","6":"product_cat-smartwatche-i-akcesoria","8":"first","9":"instock","10":"taxable","11":"shipping-taxable","12":"purchasable","13":"product-type-simple"},"yoast_head":"<!-- This site is optimized with the Yoast SEO plugin v27.3 - https:\/\/yoast.com\/product\/yoast-seo-wordpress\/ -->\n<title>BASEUS PASEK SPORTOWY DO APPLE WATCH 3\/4\/5 38\/40 - Mix Market - Supermarket z wszystkim co potrzeba<\/title>\n<meta name=\"robots\" content=\"index, follow, max-snippet:-1, max-image-preview:large, max-video-preview:-1\" \/>\n<link rel=\"canonical\" href=\"https:\/\/racom.com.pl\/index.php\/produkt\/baseus-pasek-sportowy-do-apple-watch-3-4-5-38-40-2\/\" \/>\n<meta property=\"og:locale\" content=\"pl_PL\" \/>\n<meta property=\"og:type\" content=\"article\" \/>\n<meta property=\"og:title\" content=\"BASEUS PASEK SPORTOWY DO APPLE WATCH 3\/4\/5 38\/40 - Mix Market - Supermarket z wszystkim co potrzeba\" \/>\n<meta property=\"og:description\" content=\"Pasek Baseus Let&#8217;s Go do Apple Watch 3\/4\/5 38 mm \/ 40 mm (szaro-\u017c\u00f3\u0142ty) Stylowy design, przemy\u015blane rozwi\u0105zania Poka\u017c sw\u00f3j nadgarstek, wyka\u017c si\u0119 oryginalnym poczuciem stylu &#8211; zamie\u0144 opask\u0119 na linki i rozpocznij tworzenie nowego unikalnego trendu w modzie. Nawet je\u015bli mocno si\u0119 spocisz, nadgarstek nadal b\u0119dzie wygl\u0105da\u0107 \u015bwietnie. Konstrukcja linek pozwala na lepsz\u0105 przepuszczalno\u015b\u0107 [&hellip;]\" \/>\n<meta property=\"og:url\" content=\"https:\/\/racom.com.pl\/index.php\/produkt\/baseus-pasek-sportowy-do-apple-watch-3-4-5-38-40-2\/\" \/>\n<meta property=\"og:site_name\" content=\"Mix Market - Supermarket z wszystkim co potrzeba\" \/>\n<meta property=\"og:image\" content=\"https:\/\/racom.com.pl\/wp-content\/uploads\/2025\/07\/allegro_687a70c213fc37.69975054_c23082f144d698c59ff54f106f24.jpg\" \/>\n\t<meta property=\"og:image:width\" content=\"452\" \/>\n\t<meta property=\"og:image:height\" content=\"452\" \/>\n\t<meta property=\"og:image:type\" content=\"image\/jpeg\" \/>\n<meta name=\"twitter:card\" content=\"summary_large_image\" \/>\n<meta name=\"twitter:label1\" content=\"Szacowany czas czytania\" \/>\n\t<meta name=\"twitter:data1\" content=\"2 minuty\" \/>\n<script type=\"application\/ld+json\" class=\"yoast-schema-graph\">{\"@context\":\"https:\\\/\\\/schema.org\",\"@graph\":[{\"@type\":\"WebPage\",\"@id\":\"https:\\\/\\\/racom.com.pl\\\/index.php\\\/produkt\\\/baseus-pasek-sportowy-do-apple-watch-3-4-5-38-40-2\\\/\",\"url\":\"https:\\\/\\\/racom.com.pl\\\/index.php\\\/produkt\\\/baseus-pasek-sportowy-do-apple-watch-3-4-5-38-40-2\\\/\",\"name\":\"BASEUS PASEK SPORTOWY DO APPLE WATCH 3\\\/4\\\/5 38\\\/40 - Mix Market - Supermarket z wszystkim co potrzeba\",\"isPartOf\":{\"@id\":\"https:\\\/\\\/racom.com.pl\\\/#website\"},\"primaryImageOfPage\":{\"@id\":\"https:\\\/\\\/racom.com.pl\\\/index.php\\\/produkt\\\/baseus-pasek-sportowy-do-apple-watch-3-4-5-38-40-2\\\/#primaryimage\"},\"image\":{\"@id\":\"https:\\\/\\\/racom.com.pl\\\/index.php\\\/produkt\\\/baseus-pasek-sportowy-do-apple-watch-3-4-5-38-40-2\\\/#primaryimage\"},\"thumbnailUrl\":\"https:\\\/\\\/racom.com.pl\\\/wp-content\\\/uploads\\\/2025\\\/07\\\/allegro_687a70c213fc37.69975054_c23082f144d698c59ff54f106f24.jpg\",\"datePublished\":\"2025-07-18T16:04:46+00:00\",\"breadcrumb\":{\"@id\":\"https:\\\/\\\/racom.com.pl\\\/index.php\\\/produkt\\\/baseus-pasek-sportowy-do-apple-watch-3-4-5-38-40-2\\\/#breadcrumb\"},\"inLanguage\":\"pl-PL\",\"potentialAction\":[{\"@type\":\"ReadAction\",\"target\":[\"https:\\\/\\\/racom.com.pl\\\/index.php\\\/produkt\\\/baseus-pasek-sportowy-do-apple-watch-3-4-5-38-40-2\\\/\"]}]},{\"@type\":\"ImageObject\",\"inLanguage\":\"pl-PL\",\"@id\":\"https:\\\/\\\/racom.com.pl\\\/index.php\\\/produkt\\\/baseus-pasek-sportowy-do-apple-watch-3-4-5-38-40-2\\\/#primaryimage\",\"url\":\"https:\\\/\\\/racom.com.pl\\\/wp-content\\\/uploads\\\/2025\\\/07\\\/allegro_687a70c213fc37.69975054_c23082f144d698c59ff54f106f24.jpg\",\"contentUrl\":\"https:\\\/\\\/racom.com.pl\\\/wp-content\\\/uploads\\\/2025\\\/07\\\/allegro_687a70c213fc37.69975054_c23082f144d698c59ff54f106f24.jpg\",\"width\":452,\"height\":452},{\"@type\":\"BreadcrumbList\",\"@id\":\"https:\\\/\\\/racom.com.pl\\\/index.php\\\/produkt\\\/baseus-pasek-sportowy-do-apple-watch-3-4-5-38-40-2\\\/#breadcrumb\",\"itemListElement\":[{\"@type\":\"ListItem\",\"position\":1,\"name\":\"Strona g\u0142\u00f3wna\",\"item\":\"https:\\\/\\\/racom.com.pl\\\/\"},{\"@type\":\"ListItem\",\"position\":2,\"name\":\"Sklep\",\"item\":\"https:\\\/\\\/racom.com.pl\\\/\"},{\"@type\":\"ListItem\",\"position\":3,\"name\":\"BASEUS PASEK SPORTOWY DO APPLE WATCH 3\\\/4\\\/5 38\\\/40\"}]},{\"@type\":\"WebSite\",\"@id\":\"https:\\\/\\\/racom.com.pl\\\/#website\",\"url\":\"https:\\\/\\\/racom.com.pl\\\/\",\"name\":\"Mix Market - Supermarket z wszystkim co potrzeba do domu i nie tylko\",\"description\":\"\",\"publisher\":{\"@id\":\"https:\\\/\\\/racom.com.pl\\\/#organization\"},\"potentialAction\":[{\"@type\":\"SearchAction\",\"target\":{\"@type\":\"EntryPoint\",\"urlTemplate\":\"https:\\\/\\\/racom.com.pl\\\/?s={search_term_string}\"},\"query-input\":{\"@type\":\"PropertyValueSpecification\",\"valueRequired\":true,\"valueName\":\"search_term_string\"}}],\"inLanguage\":\"pl-PL\"},{\"@type\":\"Organization\",\"@id\":\"https:\\\/\\\/racom.com.pl\\\/#organization\",\"name\":\"Mix Market - Supermarket z wszystkim co potrzeba do domu i nie tylko\",\"url\":\"https:\\\/\\\/racom.com.pl\\\/\",\"logo\":{\"@type\":\"ImageObject\",\"inLanguage\":\"pl-PL\",\"@id\":\"https:\\\/\\\/racom.com.pl\\\/#\\\/schema\\\/logo\\\/image\\\/\",\"url\":\"https:\\\/\\\/racom.com.pl\\\/wp-content\\\/uploads\\\/2025\\\/07\\\/mixmarket_logo.png\",\"contentUrl\":\"https:\\\/\\\/racom.com.pl\\\/wp-content\\\/uploads\\\/2025\\\/07\\\/mixmarket_logo.png\",\"width\":1024,\"height\":1024,\"caption\":\"Mix Market - Supermarket z wszystkim co potrzeba do domu i nie tylko\"},\"image\":{\"@id\":\"https:\\\/\\\/racom.com.pl\\\/#\\\/schema\\\/logo\\\/image\\\/\"}}]}<\/script>\n<!-- \/ Yoast SEO plugin. -->","yoast_head_json":{"title":"BASEUS PASEK SPORTOWY DO APPLE WATCH 3\/4\/5 38\/40 - Mix Market - Supermarket z wszystkim co potrzeba","robots":{"index":"index","follow":"follow","max-snippet":"max-snippet:-1","max-image-preview":"max-image-preview:large","max-video-preview":"max-video-preview:-1"},"canonical":"https:\/\/racom.com.pl\/index.php\/produkt\/baseus-pasek-sportowy-do-apple-watch-3-4-5-38-40-2\/","og_locale":"pl_PL","og_type":"article","og_title":"BASEUS PASEK SPORTOWY DO APPLE WATCH 3\/4\/5 38\/40 - Mix Market - Supermarket z wszystkim co potrzeba","og_description":"Pasek Baseus Let&#8217;s Go do Apple Watch 3\/4\/5 38 mm \/ 40 mm (szaro-\u017c\u00f3\u0142ty) Stylowy design, przemy\u015blane rozwi\u0105zania Poka\u017c sw\u00f3j nadgarstek, wyka\u017c si\u0119 oryginalnym poczuciem stylu &#8211; zamie\u0144 opask\u0119 na linki i rozpocznij tworzenie nowego unikalnego trendu w modzie. Nawet je\u015bli mocno si\u0119 spocisz, nadgarstek nadal b\u0119dzie wygl\u0105da\u0107 \u015bwietnie. Konstrukcja linek pozwala na lepsz\u0105 przepuszczalno\u015b\u0107 [&hellip;]","og_url":"https:\/\/racom.com.pl\/index.php\/produkt\/baseus-pasek-sportowy-do-apple-watch-3-4-5-38-40-2\/","og_site_name":"Mix Market - Supermarket z wszystkim co potrzeba","og_image":[{"width":452,"height":452,"url":"https:\/\/racom.com.pl\/wp-content\/uploads\/2025\/07\/allegro_687a70c213fc37.69975054_c23082f144d698c59ff54f106f24.jpg","type":"image\/jpeg"}],"twitter_card":"summary_large_image","twitter_misc":{"Szacowany czas czytania":"2 minuty"},"schema":{"@context":"https:\/\/schema.org","@graph":[{"@type":"WebPage","@id":"https:\/\/racom.com.pl\/index.php\/produkt\/baseus-pasek-sportowy-do-apple-watch-3-4-5-38-40-2\/","url":"https:\/\/racom.com.pl\/index.php\/produkt\/baseus-pasek-sportowy-do-apple-watch-3-4-5-38-40-2\/","name":"BASEUS PASEK SPORTOWY DO APPLE WATCH 3\/4\/5 38\/40 - Mix Market - Supermarket z wszystkim co potrzeba","isPartOf":{"@id":"https:\/\/racom.com.pl\/#website"},"primaryImageOfPage":{"@id":"https:\/\/racom.com.pl\/index.php\/produkt\/baseus-pasek-sportowy-do-apple-watch-3-4-5-38-40-2\/#primaryimage"},"image":{"@id":"https:\/\/racom.com.pl\/index.php\/produkt\/baseus-pasek-sportowy-do-apple-watch-3-4-5-38-40-2\/#primaryimage"},"thumbnailUrl":"https:\/\/racom.com.pl\/wp-content\/uploads\/2025\/07\/allegro_687a70c213fc37.69975054_c23082f144d698c59ff54f106f24.jpg","datePublished":"2025-07-18T16:04:46+00:00","breadcrumb":{"@id":"https:\/\/racom.com.pl\/index.php\/produkt\/baseus-pasek-sportowy-do-apple-watch-3-4-5-38-40-2\/#breadcrumb"},"inLanguage":"pl-PL","potentialAction":[{"@type":"ReadAction","target":["https:\/\/racom.com.pl\/index.php\/produkt\/baseus-pasek-sportowy-do-apple-watch-3-4-5-38-40-2\/"]}]},{"@type":"ImageObject","inLanguage":"pl-PL","@id":"https:\/\/racom.com.pl\/index.php\/produkt\/baseus-pasek-sportowy-do-apple-watch-3-4-5-38-40-2\/#primaryimage","url":"https:\/\/racom.com.pl\/wp-content\/uploads\/2025\/07\/allegro_687a70c213fc37.69975054_c23082f144d698c59ff54f106f24.jpg","contentUrl":"https:\/\/racom.com.pl\/wp-content\/uploads\/2025\/07\/allegro_687a70c213fc37.69975054_c23082f144d698c59ff54f106f24.jpg","width":452,"height":452},{"@type":"BreadcrumbList","@id":"https:\/\/racom.com.pl\/index.php\/produkt\/baseus-pasek-sportowy-do-apple-watch-3-4-5-38-40-2\/#breadcrumb","itemListElement":[{"@type":"ListItem","position":1,"name":"Strona g\u0142\u00f3wna","item":"https:\/\/racom.com.pl\/"},{"@type":"ListItem","position":2,"name":"Sklep","item":"https:\/\/racom.com.pl\/"},{"@type":"ListItem","position":3,"name":"BASEUS PASEK SPORTOWY DO APPLE WATCH 3\/4\/5 38\/40"}]},{"@type":"WebSite","@id":"https:\/\/racom.com.pl\/#website","url":"https:\/\/racom.com.pl\/","name":"Mix Market - Supermarket z wszystkim co potrzeba do domu i nie tylko","description":"","publisher":{"@id":"https:\/\/racom.com.pl\/#organization"},"potentialAction":[{"@type":"SearchAction","target":{"@type":"EntryPoint","urlTemplate":"https:\/\/racom.com.pl\/?s={search_term_string}"},"query-input":{"@type":"PropertyValueSpecification","valueRequired":true,"valueName":"search_term_string"}}],"inLanguage":"pl-PL"},{"@type":"Organization","@id":"https:\/\/racom.com.pl\/#organization","name":"Mix Market - Supermarket z wszystkim co potrzeba do domu i nie tylko","url":"https:\/\/racom.com.pl\/","logo":{"@type":"ImageObject","inLanguage":"pl-PL","@id":"https:\/\/racom.com.pl\/#\/schema\/logo\/image\/","url":"https:\/\/racom.com.pl\/wp-content\/uploads\/2025\/07\/mixmarket_logo.png","contentUrl":"https:\/\/racom.com.pl\/wp-content\/uploads\/2025\/07\/mixmarket_logo.png","width":1024,"height":1024,"caption":"Mix Market - Supermarket z wszystkim co potrzeba do domu i nie tylko"},"image":{"@id":"https:\/\/racom.com.pl\/#\/schema\/logo\/image\/"}}]}},"_links":{"self":[{"href":"https:\/\/racom.com.pl\/index.php\/wp-json\/wp\/v2\/product\/732","targetHints":{"allow":["GET"]}}],"collection":[{"href":"https:\/\/racom.com.pl\/index.php\/wp-json\/wp\/v2\/product"}],"about":[{"href":"https:\/\/racom.com.pl\/index.php\/wp-json\/wp\/v2\/types\/product"}],"replies":[{"embeddable":true,"href":"https:\/\/racom.com.pl\/index.php\/wp-json\/wp\/v2\/comments?post=732"}],"wp:featuredmedia":[{"embeddable":true,"href":"https:\/\/racom.com.pl\/index.php\/wp-json\/wp\/v2\/media\/737"}],"wp:attachment":[{"href":"https:\/\/racom.com.pl\/index.php\/wp-json\/wp\/v2\/media?parent=732"}],"wp:term":[{"taxonomy":"product_brand","embeddable":true,"href":"https:\/\/racom.com.pl\/index.php\/wp-json\/wp\/v2\/product_brand?post=732"},{"taxonomy":"product_cat","embeddable":true,"href":"https:\/\/racom.com.pl\/index.php\/wp-json\/wp\/v2\/product_cat?post=732"},{"taxonomy":"product_tag","embeddable":true,"href":"https:\/\/racom.com.pl\/index.php\/wp-json\/wp\/v2\/product_tag?post=732"}],"curies":[{"name":"wp","href":"https:\/\/api.w.org\/{rel}","templated":true}]}}