{"id":757,"date":"2025-07-18T18:06:34","date_gmt":"2025-07-18T16:06:34","guid":{"rendered":"http:\/\/192.168.2.106\/index.php\/produkt\/bransoleta-22mm-stainelss-steel-motorola-moto-360\/"},"modified":"2025-07-18T18:06:34","modified_gmt":"2025-07-18T16:06:34","slug":"bransoleta-22mm-stainelss-steel-motorola-moto-360","status":"publish","type":"product","link":"https:\/\/racom.com.pl\/index.php\/produkt\/bransoleta-22mm-stainelss-steel-motorola-moto-360\/","title":{"rendered":"BRANSOLETA 22mm Stainelss Steel MOTOROLA MOTO 360"},"content":{"rendered":"<h2>Bransoleta 22mm Stainless Steel do Motorola Moto 360<\/h2>\n<p>Fabrycznie nowa bransoleta do smartwatchy Motorola Moto 360 itp.<\/p>\n<p>Do produkcji u\u017cyto przyjaznego dla \u015brodowiska, antyalergicznego stopu ze stali nierdzewnej.<\/p>\n<p>Odporna na plamy, zapachy, elastyczna i trwa\u0142a.<\/p>\n<p>Opi\u0119ta klamr\u0105 22mm ze stali nierdzewnej.<\/p>\n<p>Oferowana bransoleta jest masywna i dobrze wykonana. Nie jest to jaki\u015b lekki pusty materia\u0142 jak w typowych zamiennikach.<\/p>\n<p>Kolor: czarny<\/p>\n<p><b>Kod produktu:<\/b> A253 czarny<\/p>\n","protected":false},"excerpt":{"rendered":"<p>Bransoleta 22mm Stainless Steel do Motorola Moto 360 Fabrycznie nowa bransoleta do smartwatchy Motorola Moto 360 itp. Do produkcji u\u017cyto przyjaznego dla \u015brodowiska, antyalergicznego stopu ze stali nierdzewnej. Odporna na plamy, zapachy, elastyczna i trwa\u0142a. Opi\u0119ta klamr\u0105 22mm ze stali nierdzewnej. Oferowana bransoleta jest masywna i dobrze wykonana. Nie jest to jaki\u015b lekki pusty materia\u0142 [&hellip;]<\/p>\n","protected":false},"featured_media":759,"comment_status":"open","ping_status":"closed","template":"","meta":[],"product_brand":[],"product_cat":[34],"product_tag":[],"class_list":{"0":"post-757","1":"product","2":"type-product","3":"status-publish","4":"has-post-thumbnail","6":"product_cat-smartwatche-i-akcesoria","8":"first","9":"instock","10":"taxable","11":"shipping-taxable","12":"purchasable","13":"product-type-simple"},"yoast_head":"<!-- This site is optimized with the Yoast SEO plugin v27.3 - https:\/\/yoast.com\/product\/yoast-seo-wordpress\/ -->\n<title>BRANSOLETA 22mm Stainelss Steel MOTOROLA MOTO 360 - Mix Market - Supermarket z wszystkim co potrzeba<\/title>\n<meta name=\"robots\" content=\"index, follow, max-snippet:-1, max-image-preview:large, max-video-preview:-1\" \/>\n<link rel=\"canonical\" href=\"https:\/\/racom.com.pl\/index.php\/produkt\/bransoleta-22mm-stainelss-steel-motorola-moto-360\/\" \/>\n<meta property=\"og:locale\" content=\"pl_PL\" \/>\n<meta property=\"og:type\" content=\"article\" \/>\n<meta property=\"og:title\" content=\"BRANSOLETA 22mm Stainelss Steel MOTOROLA MOTO 360 - Mix Market - Supermarket z wszystkim co potrzeba\" \/>\n<meta property=\"og:description\" content=\"Bransoleta 22mm Stainless Steel do Motorola Moto 360 Fabrycznie nowa bransoleta do smartwatchy Motorola Moto 360 itp. Do produkcji u\u017cyto przyjaznego dla \u015brodowiska, antyalergicznego stopu ze stali nierdzewnej. Odporna na plamy, zapachy, elastyczna i trwa\u0142a. Opi\u0119ta klamr\u0105 22mm ze stali nierdzewnej. Oferowana bransoleta jest masywna i dobrze wykonana. Nie jest to jaki\u015b lekki pusty materia\u0142 [&hellip;]\" \/>\n<meta property=\"og:url\" content=\"https:\/\/racom.com.pl\/index.php\/produkt\/bransoleta-22mm-stainelss-steel-motorola-moto-360\/\" \/>\n<meta property=\"og:site_name\" content=\"Mix Market - Supermarket z wszystkim co potrzeba\" \/>\n<meta property=\"og:image\" content=\"https:\/\/racom.com.pl\/wp-content\/uploads\/2025\/07\/allegro_687a710ed49bf4.08924091_faa5d08b4032af0662cdab643f43.jpg\" \/>\n\t<meta property=\"og:image:width\" content=\"1016\" \/>\n\t<meta property=\"og:image:height\" content=\"987\" \/>\n\t<meta property=\"og:image:type\" content=\"image\/jpeg\" \/>\n<meta name=\"twitter:card\" content=\"summary_large_image\" \/>\n<script type=\"application\/ld+json\" class=\"yoast-schema-graph\">{\"@context\":\"https:\\\/\\\/schema.org\",\"@graph\":[{\"@type\":\"WebPage\",\"@id\":\"https:\\\/\\\/racom.com.pl\\\/index.php\\\/produkt\\\/bransoleta-22mm-stainelss-steel-motorola-moto-360\\\/\",\"url\":\"https:\\\/\\\/racom.com.pl\\\/index.php\\\/produkt\\\/bransoleta-22mm-stainelss-steel-motorola-moto-360\\\/\",\"name\":\"BRANSOLETA 22mm Stainelss Steel MOTOROLA MOTO 360 - Mix Market - Supermarket z wszystkim co potrzeba\",\"isPartOf\":{\"@id\":\"https:\\\/\\\/racom.com.pl\\\/#website\"},\"primaryImageOfPage\":{\"@id\":\"https:\\\/\\\/racom.com.pl\\\/index.php\\\/produkt\\\/bransoleta-22mm-stainelss-steel-motorola-moto-360\\\/#primaryimage\"},\"image\":{\"@id\":\"https:\\\/\\\/racom.com.pl\\\/index.php\\\/produkt\\\/bransoleta-22mm-stainelss-steel-motorola-moto-360\\\/#primaryimage\"},\"thumbnailUrl\":\"https:\\\/\\\/racom.com.pl\\\/wp-content\\\/uploads\\\/2025\\\/07\\\/allegro_687a710ed49bf4.08924091_faa5d08b4032af0662cdab643f43.jpg\",\"datePublished\":\"2025-07-18T16:06:34+00:00\",\"breadcrumb\":{\"@id\":\"https:\\\/\\\/racom.com.pl\\\/index.php\\\/produkt\\\/bransoleta-22mm-stainelss-steel-motorola-moto-360\\\/#breadcrumb\"},\"inLanguage\":\"pl-PL\",\"potentialAction\":[{\"@type\":\"ReadAction\",\"target\":[\"https:\\\/\\\/racom.com.pl\\\/index.php\\\/produkt\\\/bransoleta-22mm-stainelss-steel-motorola-moto-360\\\/\"]}]},{\"@type\":\"ImageObject\",\"inLanguage\":\"pl-PL\",\"@id\":\"https:\\\/\\\/racom.com.pl\\\/index.php\\\/produkt\\\/bransoleta-22mm-stainelss-steel-motorola-moto-360\\\/#primaryimage\",\"url\":\"https:\\\/\\\/racom.com.pl\\\/wp-content\\\/uploads\\\/2025\\\/07\\\/allegro_687a710ed49bf4.08924091_faa5d08b4032af0662cdab643f43.jpg\",\"contentUrl\":\"https:\\\/\\\/racom.com.pl\\\/wp-content\\\/uploads\\\/2025\\\/07\\\/allegro_687a710ed49bf4.08924091_faa5d08b4032af0662cdab643f43.jpg\",\"width\":1016,\"height\":987},{\"@type\":\"BreadcrumbList\",\"@id\":\"https:\\\/\\\/racom.com.pl\\\/index.php\\\/produkt\\\/bransoleta-22mm-stainelss-steel-motorola-moto-360\\\/#breadcrumb\",\"itemListElement\":[{\"@type\":\"ListItem\",\"position\":1,\"name\":\"Strona g\u0142\u00f3wna\",\"item\":\"https:\\\/\\\/racom.com.pl\\\/\"},{\"@type\":\"ListItem\",\"position\":2,\"name\":\"Sklep\",\"item\":\"https:\\\/\\\/racom.com.pl\\\/\"},{\"@type\":\"ListItem\",\"position\":3,\"name\":\"BRANSOLETA 22mm Stainelss Steel MOTOROLA MOTO 360\"}]},{\"@type\":\"WebSite\",\"@id\":\"https:\\\/\\\/racom.com.pl\\\/#website\",\"url\":\"https:\\\/\\\/racom.com.pl\\\/\",\"name\":\"Mix Market - Supermarket z wszystkim co potrzeba do domu i nie tylko\",\"description\":\"\",\"publisher\":{\"@id\":\"https:\\\/\\\/racom.com.pl\\\/#organization\"},\"potentialAction\":[{\"@type\":\"SearchAction\",\"target\":{\"@type\":\"EntryPoint\",\"urlTemplate\":\"https:\\\/\\\/racom.com.pl\\\/?s={search_term_string}\"},\"query-input\":{\"@type\":\"PropertyValueSpecification\",\"valueRequired\":true,\"valueName\":\"search_term_string\"}}],\"inLanguage\":\"pl-PL\"},{\"@type\":\"Organization\",\"@id\":\"https:\\\/\\\/racom.com.pl\\\/#organization\",\"name\":\"Mix Market - Supermarket z wszystkim co potrzeba do domu i nie tylko\",\"url\":\"https:\\\/\\\/racom.com.pl\\\/\",\"logo\":{\"@type\":\"ImageObject\",\"inLanguage\":\"pl-PL\",\"@id\":\"https:\\\/\\\/racom.com.pl\\\/#\\\/schema\\\/logo\\\/image\\\/\",\"url\":\"https:\\\/\\\/racom.com.pl\\\/wp-content\\\/uploads\\\/2025\\\/07\\\/mixmarket_logo.png\",\"contentUrl\":\"https:\\\/\\\/racom.com.pl\\\/wp-content\\\/uploads\\\/2025\\\/07\\\/mixmarket_logo.png\",\"width\":1024,\"height\":1024,\"caption\":\"Mix Market - Supermarket z wszystkim co potrzeba do domu i nie tylko\"},\"image\":{\"@id\":\"https:\\\/\\\/racom.com.pl\\\/#\\\/schema\\\/logo\\\/image\\\/\"}}]}<\/script>\n<!-- \/ Yoast SEO plugin. -->","yoast_head_json":{"title":"BRANSOLETA 22mm Stainelss Steel MOTOROLA MOTO 360 - Mix Market - Supermarket z wszystkim co potrzeba","robots":{"index":"index","follow":"follow","max-snippet":"max-snippet:-1","max-image-preview":"max-image-preview:large","max-video-preview":"max-video-preview:-1"},"canonical":"https:\/\/racom.com.pl\/index.php\/produkt\/bransoleta-22mm-stainelss-steel-motorola-moto-360\/","og_locale":"pl_PL","og_type":"article","og_title":"BRANSOLETA 22mm Stainelss Steel MOTOROLA MOTO 360 - Mix Market - Supermarket z wszystkim co potrzeba","og_description":"Bransoleta 22mm Stainless Steel do Motorola Moto 360 Fabrycznie nowa bransoleta do smartwatchy Motorola Moto 360 itp. Do produkcji u\u017cyto przyjaznego dla \u015brodowiska, antyalergicznego stopu ze stali nierdzewnej. Odporna na plamy, zapachy, elastyczna i trwa\u0142a. Opi\u0119ta klamr\u0105 22mm ze stali nierdzewnej. Oferowana bransoleta jest masywna i dobrze wykonana. Nie jest to jaki\u015b lekki pusty materia\u0142 [&hellip;]","og_url":"https:\/\/racom.com.pl\/index.php\/produkt\/bransoleta-22mm-stainelss-steel-motorola-moto-360\/","og_site_name":"Mix Market - Supermarket z wszystkim co potrzeba","og_image":[{"width":1016,"height":987,"url":"https:\/\/racom.com.pl\/wp-content\/uploads\/2025\/07\/allegro_687a710ed49bf4.08924091_faa5d08b4032af0662cdab643f43.jpg","type":"image\/jpeg"}],"twitter_card":"summary_large_image","schema":{"@context":"https:\/\/schema.org","@graph":[{"@type":"WebPage","@id":"https:\/\/racom.com.pl\/index.php\/produkt\/bransoleta-22mm-stainelss-steel-motorola-moto-360\/","url":"https:\/\/racom.com.pl\/index.php\/produkt\/bransoleta-22mm-stainelss-steel-motorola-moto-360\/","name":"BRANSOLETA 22mm Stainelss Steel MOTOROLA MOTO 360 - Mix Market - Supermarket z wszystkim co potrzeba","isPartOf":{"@id":"https:\/\/racom.com.pl\/#website"},"primaryImageOfPage":{"@id":"https:\/\/racom.com.pl\/index.php\/produkt\/bransoleta-22mm-stainelss-steel-motorola-moto-360\/#primaryimage"},"image":{"@id":"https:\/\/racom.com.pl\/index.php\/produkt\/bransoleta-22mm-stainelss-steel-motorola-moto-360\/#primaryimage"},"thumbnailUrl":"https:\/\/racom.com.pl\/wp-content\/uploads\/2025\/07\/allegro_687a710ed49bf4.08924091_faa5d08b4032af0662cdab643f43.jpg","datePublished":"2025-07-18T16:06:34+00:00","breadcrumb":{"@id":"https:\/\/racom.com.pl\/index.php\/produkt\/bransoleta-22mm-stainelss-steel-motorola-moto-360\/#breadcrumb"},"inLanguage":"pl-PL","potentialAction":[{"@type":"ReadAction","target":["https:\/\/racom.com.pl\/index.php\/produkt\/bransoleta-22mm-stainelss-steel-motorola-moto-360\/"]}]},{"@type":"ImageObject","inLanguage":"pl-PL","@id":"https:\/\/racom.com.pl\/index.php\/produkt\/bransoleta-22mm-stainelss-steel-motorola-moto-360\/#primaryimage","url":"https:\/\/racom.com.pl\/wp-content\/uploads\/2025\/07\/allegro_687a710ed49bf4.08924091_faa5d08b4032af0662cdab643f43.jpg","contentUrl":"https:\/\/racom.com.pl\/wp-content\/uploads\/2025\/07\/allegro_687a710ed49bf4.08924091_faa5d08b4032af0662cdab643f43.jpg","width":1016,"height":987},{"@type":"BreadcrumbList","@id":"https:\/\/racom.com.pl\/index.php\/produkt\/bransoleta-22mm-stainelss-steel-motorola-moto-360\/#breadcrumb","itemListElement":[{"@type":"ListItem","position":1,"name":"Strona g\u0142\u00f3wna","item":"https:\/\/racom.com.pl\/"},{"@type":"ListItem","position":2,"name":"Sklep","item":"https:\/\/racom.com.pl\/"},{"@type":"ListItem","position":3,"name":"BRANSOLETA 22mm Stainelss Steel MOTOROLA MOTO 360"}]},{"@type":"WebSite","@id":"https:\/\/racom.com.pl\/#website","url":"https:\/\/racom.com.pl\/","name":"Mix Market - Supermarket z wszystkim co potrzeba do domu i nie tylko","description":"","publisher":{"@id":"https:\/\/racom.com.pl\/#organization"},"potentialAction":[{"@type":"SearchAction","target":{"@type":"EntryPoint","urlTemplate":"https:\/\/racom.com.pl\/?s={search_term_string}"},"query-input":{"@type":"PropertyValueSpecification","valueRequired":true,"valueName":"search_term_string"}}],"inLanguage":"pl-PL"},{"@type":"Organization","@id":"https:\/\/racom.com.pl\/#organization","name":"Mix Market - Supermarket z wszystkim co potrzeba do domu i nie tylko","url":"https:\/\/racom.com.pl\/","logo":{"@type":"ImageObject","inLanguage":"pl-PL","@id":"https:\/\/racom.com.pl\/#\/schema\/logo\/image\/","url":"https:\/\/racom.com.pl\/wp-content\/uploads\/2025\/07\/mixmarket_logo.png","contentUrl":"https:\/\/racom.com.pl\/wp-content\/uploads\/2025\/07\/mixmarket_logo.png","width":1024,"height":1024,"caption":"Mix Market - Supermarket z wszystkim co potrzeba do domu i nie tylko"},"image":{"@id":"https:\/\/racom.com.pl\/#\/schema\/logo\/image\/"}}]}},"_links":{"self":[{"href":"https:\/\/racom.com.pl\/index.php\/wp-json\/wp\/v2\/product\/757","targetHints":{"allow":["GET"]}}],"collection":[{"href":"https:\/\/racom.com.pl\/index.php\/wp-json\/wp\/v2\/product"}],"about":[{"href":"https:\/\/racom.com.pl\/index.php\/wp-json\/wp\/v2\/types\/product"}],"replies":[{"embeddable":true,"href":"https:\/\/racom.com.pl\/index.php\/wp-json\/wp\/v2\/comments?post=757"}],"wp:featuredmedia":[{"embeddable":true,"href":"https:\/\/racom.com.pl\/index.php\/wp-json\/wp\/v2\/media\/759"}],"wp:attachment":[{"href":"https:\/\/racom.com.pl\/index.php\/wp-json\/wp\/v2\/media?parent=757"}],"wp:term":[{"taxonomy":"product_brand","embeddable":true,"href":"https:\/\/racom.com.pl\/index.php\/wp-json\/wp\/v2\/product_brand?post=757"},{"taxonomy":"product_cat","embeddable":true,"href":"https:\/\/racom.com.pl\/index.php\/wp-json\/wp\/v2\/product_cat?post=757"},{"taxonomy":"product_tag","embeddable":true,"href":"https:\/\/racom.com.pl\/index.php\/wp-json\/wp\/v2\/product_tag?post=757"}],"curies":[{"name":"wp","href":"https:\/\/api.w.org\/{rel}","templated":true}]}}