{"id":901,"date":"2025-07-18T18:28:01","date_gmt":"2025-07-18T16:28:01","guid":{"rendered":"http:\/\/192.168.2.106\/index.php\/produkt\/kabel-usb-microusb-typ-b-ugreen-025-m\/"},"modified":"2025-07-18T18:28:01","modified_gmt":"2025-07-18T16:28:01","slug":"kabel-usb-microusb-typ-b-ugreen-025-m","status":"publish","type":"product","link":"https:\/\/racom.com.pl\/index.php\/produkt\/kabel-usb-microusb-typ-b-ugreen-025-m\/","title":{"rendered":"Kabel USB &#8211; microUSB typ B Ugreen 0,25 m"},"content":{"rendered":"<h2>Kabel przew\u00f3d USB do Micro USB UGREEN 2.4A 0.25m<\/h2>\n<h2>Jako\u015b\u0107<\/h2>\n<p>Kabel UGREEN&nbsp;micro USB to wysoka jako\u015b\u0107, wytrzyma\u0142o\u015b\u0107 i estetyka. Przew\u00f3d zosta\u0142 wykonany z wysokiej jako\u015bci materia\u0142\u00f3w, a jego&nbsp;niklowane ko\u0144c\u00f3wki zapewniaj\u0105 d\u0142ugi czas u\u017cytkowania.<\/p>\n<h2>W\u0142a\u015bciwo\u015bci<\/h2>\n<p>Wykonany&nbsp;z nieoksydowanej miedzi kabel posiada zar\u00f3wno funkcje \u0142adowania i transferu danych. Jest kompatybilny z wi\u0119kszo\u015bci\u0105 urz\u0105dze\u0144 dost\u0119pnych na rynku (z wej\u015bciem micro USB). Kabel jest kompatybilny z technologi\u0105 szybkiego \u0142adowania Quick Charge 3.0 oraz umo\u017cliwia szybki transfer danych z pr\u0119dko\u015bci\u0105 480 Mb\/s.<\/p>\n<h2>Specyfikacja:<\/h2>\n<ul>\n<li><b>Model:<\/b> US289<\/li>\n<li><b>Wtyczka:<\/b> micro USB Materia\u0142 PVC<\/li>\n<li><b>D\u0142ugo\u015b\u0107:<\/b>&nbsp; 25 cm<\/li>\n<li><b>Przesy\u0142 danych:<\/b> 480 Mb\/s<\/li>\n<li><b>Napi\u0119cie:<\/b> 5 V<\/li>\n<li><b>Nat\u0119\u017cenie:<\/b>&nbsp; 2.4 A<\/li>\n<li><b>Kolor:<\/b> Czarny<\/li>\n<\/ul>\n","protected":false},"excerpt":{"rendered":"<p>Kabel przew\u00f3d USB do Micro USB UGREEN 2.4A 0.25m Jako\u015b\u0107 Kabel UGREEN&nbsp;micro USB to wysoka jako\u015b\u0107, wytrzyma\u0142o\u015b\u0107 i estetyka. Przew\u00f3d zosta\u0142 wykonany z wysokiej jako\u015bci materia\u0142\u00f3w, a jego&nbsp;niklowane ko\u0144c\u00f3wki zapewniaj\u0105 d\u0142ugi czas u\u017cytkowania. W\u0142a\u015bciwo\u015bci Wykonany&nbsp;z nieoksydowanej miedzi kabel posiada zar\u00f3wno funkcje \u0142adowania i transferu danych. Jest kompatybilny z wi\u0119kszo\u015bci\u0105 urz\u0105dze\u0144 dost\u0119pnych na rynku (z wej\u015bciem [&hellip;]<\/p>\n","protected":false},"featured_media":903,"comment_status":"open","ping_status":"closed","template":"","meta":[],"product_brand":[23],"product_cat":[26],"product_tag":[],"class_list":{"0":"post-901","1":"product","2":"type-product","3":"status-publish","4":"has-post-thumbnail","6":"product_brand-ugreen","7":"product_cat-akcesoria-gsm","9":"first","10":"instock","11":"taxable","12":"shipping-taxable","13":"purchasable","14":"product-type-simple"},"yoast_head":"<!-- This site is optimized with the Yoast SEO plugin v27.3 - https:\/\/yoast.com\/product\/yoast-seo-wordpress\/ -->\n<title>Kabel USB - microUSB typ B Ugreen 0,25 m - Mix Market - Supermarket z wszystkim co potrzeba<\/title>\n<meta name=\"robots\" content=\"index, follow, max-snippet:-1, max-image-preview:large, max-video-preview:-1\" \/>\n<link rel=\"canonical\" href=\"https:\/\/racom.com.pl\/index.php\/produkt\/kabel-usb-microusb-typ-b-ugreen-025-m\/\" \/>\n<meta property=\"og:locale\" content=\"pl_PL\" \/>\n<meta property=\"og:type\" content=\"article\" \/>\n<meta property=\"og:title\" content=\"Kabel USB - microUSB typ B Ugreen 0,25 m - Mix Market - Supermarket z wszystkim co potrzeba\" \/>\n<meta property=\"og:description\" content=\"Kabel przew\u00f3d USB do Micro USB UGREEN 2.4A 0.25m Jako\u015b\u0107 Kabel UGREEN&nbsp;micro USB to wysoka jako\u015b\u0107, wytrzyma\u0142o\u015b\u0107 i estetyka. Przew\u00f3d zosta\u0142 wykonany z wysokiej jako\u015bci materia\u0142\u00f3w, a jego&nbsp;niklowane ko\u0144c\u00f3wki zapewniaj\u0105 d\u0142ugi czas u\u017cytkowania. W\u0142a\u015bciwo\u015bci Wykonany&nbsp;z nieoksydowanej miedzi kabel posiada zar\u00f3wno funkcje \u0142adowania i transferu danych. Jest kompatybilny z wi\u0119kszo\u015bci\u0105 urz\u0105dze\u0144 dost\u0119pnych na rynku (z wej\u015bciem [&hellip;]\" \/>\n<meta property=\"og:url\" content=\"https:\/\/racom.com.pl\/index.php\/produkt\/kabel-usb-microusb-typ-b-ugreen-025-m\/\" \/>\n<meta property=\"og:site_name\" content=\"Mix Market - Supermarket z wszystkim co potrzeba\" \/>\n<meta property=\"og:image\" content=\"https:\/\/racom.com.pl\/wp-content\/uploads\/2025\/07\/allegro_687a7624a4ed04.01443393_926757f4437c813f9a029abcc2e0.jpg\" \/>\n\t<meta property=\"og:image:width\" content=\"640\" \/>\n\t<meta property=\"og:image:height\" content=\"640\" \/>\n\t<meta property=\"og:image:type\" content=\"image\/jpeg\" \/>\n<meta name=\"twitter:card\" content=\"summary_large_image\" \/>\n<meta name=\"twitter:label1\" content=\"Szacowany czas czytania\" \/>\n\t<meta name=\"twitter:data1\" content=\"1 minuta\" \/>\n<script type=\"application\/ld+json\" class=\"yoast-schema-graph\">{\"@context\":\"https:\\\/\\\/schema.org\",\"@graph\":[{\"@type\":\"WebPage\",\"@id\":\"https:\\\/\\\/racom.com.pl\\\/index.php\\\/produkt\\\/kabel-usb-microusb-typ-b-ugreen-025-m\\\/\",\"url\":\"https:\\\/\\\/racom.com.pl\\\/index.php\\\/produkt\\\/kabel-usb-microusb-typ-b-ugreen-025-m\\\/\",\"name\":\"Kabel USB - microUSB typ B Ugreen 0,25 m - Mix Market - Supermarket z wszystkim co potrzeba\",\"isPartOf\":{\"@id\":\"https:\\\/\\\/racom.com.pl\\\/#website\"},\"primaryImageOfPage\":{\"@id\":\"https:\\\/\\\/racom.com.pl\\\/index.php\\\/produkt\\\/kabel-usb-microusb-typ-b-ugreen-025-m\\\/#primaryimage\"},\"image\":{\"@id\":\"https:\\\/\\\/racom.com.pl\\\/index.php\\\/produkt\\\/kabel-usb-microusb-typ-b-ugreen-025-m\\\/#primaryimage\"},\"thumbnailUrl\":\"https:\\\/\\\/racom.com.pl\\\/wp-content\\\/uploads\\\/2025\\\/07\\\/allegro_687a7624a4ed04.01443393_926757f4437c813f9a029abcc2e0.jpg\",\"datePublished\":\"2025-07-18T16:28:01+00:00\",\"breadcrumb\":{\"@id\":\"https:\\\/\\\/racom.com.pl\\\/index.php\\\/produkt\\\/kabel-usb-microusb-typ-b-ugreen-025-m\\\/#breadcrumb\"},\"inLanguage\":\"pl-PL\",\"potentialAction\":[{\"@type\":\"ReadAction\",\"target\":[\"https:\\\/\\\/racom.com.pl\\\/index.php\\\/produkt\\\/kabel-usb-microusb-typ-b-ugreen-025-m\\\/\"]}]},{\"@type\":\"ImageObject\",\"inLanguage\":\"pl-PL\",\"@id\":\"https:\\\/\\\/racom.com.pl\\\/index.php\\\/produkt\\\/kabel-usb-microusb-typ-b-ugreen-025-m\\\/#primaryimage\",\"url\":\"https:\\\/\\\/racom.com.pl\\\/wp-content\\\/uploads\\\/2025\\\/07\\\/allegro_687a7624a4ed04.01443393_926757f4437c813f9a029abcc2e0.jpg\",\"contentUrl\":\"https:\\\/\\\/racom.com.pl\\\/wp-content\\\/uploads\\\/2025\\\/07\\\/allegro_687a7624a4ed04.01443393_926757f4437c813f9a029abcc2e0.jpg\",\"width\":640,\"height\":640},{\"@type\":\"BreadcrumbList\",\"@id\":\"https:\\\/\\\/racom.com.pl\\\/index.php\\\/produkt\\\/kabel-usb-microusb-typ-b-ugreen-025-m\\\/#breadcrumb\",\"itemListElement\":[{\"@type\":\"ListItem\",\"position\":1,\"name\":\"Strona g\u0142\u00f3wna\",\"item\":\"https:\\\/\\\/racom.com.pl\\\/\"},{\"@type\":\"ListItem\",\"position\":2,\"name\":\"Sklep\",\"item\":\"https:\\\/\\\/racom.com.pl\\\/\"},{\"@type\":\"ListItem\",\"position\":3,\"name\":\"Kabel USB &#8211; microUSB typ B Ugreen 0,25 m\"}]},{\"@type\":\"WebSite\",\"@id\":\"https:\\\/\\\/racom.com.pl\\\/#website\",\"url\":\"https:\\\/\\\/racom.com.pl\\\/\",\"name\":\"Mix Market - Supermarket z wszystkim co potrzeba do domu i nie tylko\",\"description\":\"\",\"publisher\":{\"@id\":\"https:\\\/\\\/racom.com.pl\\\/#organization\"},\"potentialAction\":[{\"@type\":\"SearchAction\",\"target\":{\"@type\":\"EntryPoint\",\"urlTemplate\":\"https:\\\/\\\/racom.com.pl\\\/?s={search_term_string}\"},\"query-input\":{\"@type\":\"PropertyValueSpecification\",\"valueRequired\":true,\"valueName\":\"search_term_string\"}}],\"inLanguage\":\"pl-PL\"},{\"@type\":\"Organization\",\"@id\":\"https:\\\/\\\/racom.com.pl\\\/#organization\",\"name\":\"Mix Market - Supermarket z wszystkim co potrzeba do domu i nie tylko\",\"url\":\"https:\\\/\\\/racom.com.pl\\\/\",\"logo\":{\"@type\":\"ImageObject\",\"inLanguage\":\"pl-PL\",\"@id\":\"https:\\\/\\\/racom.com.pl\\\/#\\\/schema\\\/logo\\\/image\\\/\",\"url\":\"https:\\\/\\\/racom.com.pl\\\/wp-content\\\/uploads\\\/2025\\\/07\\\/mixmarket_logo.png\",\"contentUrl\":\"https:\\\/\\\/racom.com.pl\\\/wp-content\\\/uploads\\\/2025\\\/07\\\/mixmarket_logo.png\",\"width\":1024,\"height\":1024,\"caption\":\"Mix Market - Supermarket z wszystkim co potrzeba do domu i nie tylko\"},\"image\":{\"@id\":\"https:\\\/\\\/racom.com.pl\\\/#\\\/schema\\\/logo\\\/image\\\/\"}}]}<\/script>\n<!-- \/ Yoast SEO plugin. -->","yoast_head_json":{"title":"Kabel USB - microUSB typ B Ugreen 0,25 m - Mix Market - Supermarket z wszystkim co potrzeba","robots":{"index":"index","follow":"follow","max-snippet":"max-snippet:-1","max-image-preview":"max-image-preview:large","max-video-preview":"max-video-preview:-1"},"canonical":"https:\/\/racom.com.pl\/index.php\/produkt\/kabel-usb-microusb-typ-b-ugreen-025-m\/","og_locale":"pl_PL","og_type":"article","og_title":"Kabel USB - microUSB typ B Ugreen 0,25 m - Mix Market - Supermarket z wszystkim co potrzeba","og_description":"Kabel przew\u00f3d USB do Micro USB UGREEN 2.4A 0.25m Jako\u015b\u0107 Kabel UGREEN&nbsp;micro USB to wysoka jako\u015b\u0107, wytrzyma\u0142o\u015b\u0107 i estetyka. Przew\u00f3d zosta\u0142 wykonany z wysokiej jako\u015bci materia\u0142\u00f3w, a jego&nbsp;niklowane ko\u0144c\u00f3wki zapewniaj\u0105 d\u0142ugi czas u\u017cytkowania. W\u0142a\u015bciwo\u015bci Wykonany&nbsp;z nieoksydowanej miedzi kabel posiada zar\u00f3wno funkcje \u0142adowania i transferu danych. Jest kompatybilny z wi\u0119kszo\u015bci\u0105 urz\u0105dze\u0144 dost\u0119pnych na rynku (z wej\u015bciem [&hellip;]","og_url":"https:\/\/racom.com.pl\/index.php\/produkt\/kabel-usb-microusb-typ-b-ugreen-025-m\/","og_site_name":"Mix Market - Supermarket z wszystkim co potrzeba","og_image":[{"width":640,"height":640,"url":"https:\/\/racom.com.pl\/wp-content\/uploads\/2025\/07\/allegro_687a7624a4ed04.01443393_926757f4437c813f9a029abcc2e0.jpg","type":"image\/jpeg"}],"twitter_card":"summary_large_image","twitter_misc":{"Szacowany czas czytania":"1 minuta"},"schema":{"@context":"https:\/\/schema.org","@graph":[{"@type":"WebPage","@id":"https:\/\/racom.com.pl\/index.php\/produkt\/kabel-usb-microusb-typ-b-ugreen-025-m\/","url":"https:\/\/racom.com.pl\/index.php\/produkt\/kabel-usb-microusb-typ-b-ugreen-025-m\/","name":"Kabel USB - microUSB typ B Ugreen 0,25 m - Mix Market - Supermarket z wszystkim co potrzeba","isPartOf":{"@id":"https:\/\/racom.com.pl\/#website"},"primaryImageOfPage":{"@id":"https:\/\/racom.com.pl\/index.php\/produkt\/kabel-usb-microusb-typ-b-ugreen-025-m\/#primaryimage"},"image":{"@id":"https:\/\/racom.com.pl\/index.php\/produkt\/kabel-usb-microusb-typ-b-ugreen-025-m\/#primaryimage"},"thumbnailUrl":"https:\/\/racom.com.pl\/wp-content\/uploads\/2025\/07\/allegro_687a7624a4ed04.01443393_926757f4437c813f9a029abcc2e0.jpg","datePublished":"2025-07-18T16:28:01+00:00","breadcrumb":{"@id":"https:\/\/racom.com.pl\/index.php\/produkt\/kabel-usb-microusb-typ-b-ugreen-025-m\/#breadcrumb"},"inLanguage":"pl-PL","potentialAction":[{"@type":"ReadAction","target":["https:\/\/racom.com.pl\/index.php\/produkt\/kabel-usb-microusb-typ-b-ugreen-025-m\/"]}]},{"@type":"ImageObject","inLanguage":"pl-PL","@id":"https:\/\/racom.com.pl\/index.php\/produkt\/kabel-usb-microusb-typ-b-ugreen-025-m\/#primaryimage","url":"https:\/\/racom.com.pl\/wp-content\/uploads\/2025\/07\/allegro_687a7624a4ed04.01443393_926757f4437c813f9a029abcc2e0.jpg","contentUrl":"https:\/\/racom.com.pl\/wp-content\/uploads\/2025\/07\/allegro_687a7624a4ed04.01443393_926757f4437c813f9a029abcc2e0.jpg","width":640,"height":640},{"@type":"BreadcrumbList","@id":"https:\/\/racom.com.pl\/index.php\/produkt\/kabel-usb-microusb-typ-b-ugreen-025-m\/#breadcrumb","itemListElement":[{"@type":"ListItem","position":1,"name":"Strona g\u0142\u00f3wna","item":"https:\/\/racom.com.pl\/"},{"@type":"ListItem","position":2,"name":"Sklep","item":"https:\/\/racom.com.pl\/"},{"@type":"ListItem","position":3,"name":"Kabel USB &#8211; microUSB typ B Ugreen 0,25 m"}]},{"@type":"WebSite","@id":"https:\/\/racom.com.pl\/#website","url":"https:\/\/racom.com.pl\/","name":"Mix Market - Supermarket z wszystkim co potrzeba do domu i nie tylko","description":"","publisher":{"@id":"https:\/\/racom.com.pl\/#organization"},"potentialAction":[{"@type":"SearchAction","target":{"@type":"EntryPoint","urlTemplate":"https:\/\/racom.com.pl\/?s={search_term_string}"},"query-input":{"@type":"PropertyValueSpecification","valueRequired":true,"valueName":"search_term_string"}}],"inLanguage":"pl-PL"},{"@type":"Organization","@id":"https:\/\/racom.com.pl\/#organization","name":"Mix Market - Supermarket z wszystkim co potrzeba do domu i nie tylko","url":"https:\/\/racom.com.pl\/","logo":{"@type":"ImageObject","inLanguage":"pl-PL","@id":"https:\/\/racom.com.pl\/#\/schema\/logo\/image\/","url":"https:\/\/racom.com.pl\/wp-content\/uploads\/2025\/07\/mixmarket_logo.png","contentUrl":"https:\/\/racom.com.pl\/wp-content\/uploads\/2025\/07\/mixmarket_logo.png","width":1024,"height":1024,"caption":"Mix Market - Supermarket z wszystkim co potrzeba do domu i nie tylko"},"image":{"@id":"https:\/\/racom.com.pl\/#\/schema\/logo\/image\/"}}]}},"_links":{"self":[{"href":"https:\/\/racom.com.pl\/index.php\/wp-json\/wp\/v2\/product\/901","targetHints":{"allow":["GET"]}}],"collection":[{"href":"https:\/\/racom.com.pl\/index.php\/wp-json\/wp\/v2\/product"}],"about":[{"href":"https:\/\/racom.com.pl\/index.php\/wp-json\/wp\/v2\/types\/product"}],"replies":[{"embeddable":true,"href":"https:\/\/racom.com.pl\/index.php\/wp-json\/wp\/v2\/comments?post=901"}],"wp:featuredmedia":[{"embeddable":true,"href":"https:\/\/racom.com.pl\/index.php\/wp-json\/wp\/v2\/media\/903"}],"wp:attachment":[{"href":"https:\/\/racom.com.pl\/index.php\/wp-json\/wp\/v2\/media?parent=901"}],"wp:term":[{"taxonomy":"product_brand","embeddable":true,"href":"https:\/\/racom.com.pl\/index.php\/wp-json\/wp\/v2\/product_brand?post=901"},{"taxonomy":"product_cat","embeddable":true,"href":"https:\/\/racom.com.pl\/index.php\/wp-json\/wp\/v2\/product_cat?post=901"},{"taxonomy":"product_tag","embeddable":true,"href":"https:\/\/racom.com.pl\/index.php\/wp-json\/wp\/v2\/product_tag?post=901"}],"curies":[{"name":"wp","href":"https:\/\/api.w.org\/{rel}","templated":true}]}}