{"id":908,"date":"2025-07-18T18:28:51","date_gmt":"2025-07-18T16:28:51","guid":{"rendered":"http:\/\/192.168.2.106\/index.php\/produkt\/bateria-do-samsung-core-i8260-maxlife-1800mah\/"},"modified":"2025-07-18T18:28:51","modified_gmt":"2025-07-18T16:28:51","slug":"bateria-do-samsung-core-i8260-maxlife-1800mah","status":"publish","type":"product","link":"https:\/\/racom.com.pl\/index.php\/produkt\/bateria-do-samsung-core-i8260-maxlife-1800mah\/","title":{"rendered":"Bateria Do Samsung Core i8260 Maxlife 1800mAh"},"content":{"rendered":"<h2>Bateria Maxlife do Samsung Galaxy Core i8260 1800 mAh<\/h2>\n<ul>\n<li>Producent: <b>MaxLife<\/b><\/li>\n<li>Pojemno\u015b\u0107 akumulatora: <b>1800mAh<\/b><\/li>\n<li>Typ ogniwa: <b>Li-Ion<\/b><\/li>\n<li>Pasuje do: <b>Telefony\/Samsung\/Galaxy Core (i8260)<\/b><\/li>\n<\/ul>\n<p>Prezentowana bateria Maxlife to akumulator litowo-jonowy. Dzi\u0119ki zastosowaniu wyselekcjonowanych ogniw najwy\u017cszej jako\u015bci umo\u017cliwia wyd\u0142u\u017cony czas u\u017cytkowania.<\/p>\n<ul>\n<li><b>Producent:<\/b> MaxLife<\/li>\n<li><b>Pojemno\u015b\u0107 akumulatora:<\/b> 1800mAh<\/li>\n<li><b>Typ ogniwa:<\/b> Li-Ion<\/li>\n<li><b>Pasuje do:<\/b> Telefony\/Samsung\/Galaxy Core (i8260)<\/li>\n<\/ul>\n<p>&nbsp;<\/p>\n","protected":false},"excerpt":{"rendered":"<p>Bateria Maxlife do Samsung Galaxy Core i8260 1800 mAh Producent: MaxLife Pojemno\u015b\u0107 akumulatora: 1800mAh Typ ogniwa: Li-Ion Pasuje do: Telefony\/Samsung\/Galaxy Core (i8260) Prezentowana bateria Maxlife to akumulator litowo-jonowy. Dzi\u0119ki zastosowaniu wyselekcjonowanych ogniw najwy\u017cszej jako\u015bci umo\u017cliwia wyd\u0142u\u017cony czas u\u017cytkowania. Producent: MaxLife Pojemno\u015b\u0107 akumulatora: 1800mAh Typ ogniwa: Li-Ion Pasuje do: Telefony\/Samsung\/Galaxy Core (i8260) &nbsp;<\/p>\n","protected":false},"featured_media":911,"comment_status":"open","ping_status":"closed","template":"","meta":[],"product_brand":[67],"product_cat":[26],"product_tag":[],"class_list":{"0":"post-908","1":"product","2":"type-product","3":"status-publish","4":"has-post-thumbnail","6":"product_brand-maxlife","7":"product_cat-akcesoria-gsm","9":"first","10":"instock","11":"taxable","12":"shipping-taxable","13":"purchasable","14":"product-type-simple"},"yoast_head":"<!-- This site is optimized with the Yoast SEO plugin v27.3 - https:\/\/yoast.com\/product\/yoast-seo-wordpress\/ -->\n<title>Bateria Do Samsung Core i8260 Maxlife 1800mAh - Mix Market - Supermarket z wszystkim co potrzeba<\/title>\n<meta name=\"robots\" content=\"index, follow, max-snippet:-1, max-image-preview:large, max-video-preview:-1\" \/>\n<link rel=\"canonical\" href=\"https:\/\/racom.com.pl\/index.php\/produkt\/bateria-do-samsung-core-i8260-maxlife-1800mah\/\" \/>\n<meta property=\"og:locale\" content=\"pl_PL\" \/>\n<meta property=\"og:type\" content=\"article\" \/>\n<meta property=\"og:title\" content=\"Bateria Do Samsung Core i8260 Maxlife 1800mAh - Mix Market - Supermarket z wszystkim co potrzeba\" \/>\n<meta property=\"og:description\" content=\"Bateria Maxlife do Samsung Galaxy Core i8260 1800 mAh Producent: MaxLife Pojemno\u015b\u0107 akumulatora: 1800mAh Typ ogniwa: Li-Ion Pasuje do: Telefony\/Samsung\/Galaxy Core (i8260) Prezentowana bateria Maxlife to akumulator litowo-jonowy. Dzi\u0119ki zastosowaniu wyselekcjonowanych ogniw najwy\u017cszej jako\u015bci umo\u017cliwia wyd\u0142u\u017cony czas u\u017cytkowania. Producent: MaxLife Pojemno\u015b\u0107 akumulatora: 1800mAh Typ ogniwa: Li-Ion Pasuje do: Telefony\/Samsung\/Galaxy Core (i8260) &nbsp;\" \/>\n<meta property=\"og:url\" content=\"https:\/\/racom.com.pl\/index.php\/produkt\/bateria-do-samsung-core-i8260-maxlife-1800mah\/\" \/>\n<meta property=\"og:site_name\" content=\"Mix Market - Supermarket z wszystkim co potrzeba\" \/>\n<meta property=\"og:image\" content=\"https:\/\/racom.com.pl\/wp-content\/uploads\/2025\/07\/allegro_687a7653318fb2.27524244_f124fb574715abfe3aed77ba21f5.jpg\" \/>\n\t<meta property=\"og:image:width\" content=\"1000\" \/>\n\t<meta property=\"og:image:height\" content=\"1000\" \/>\n\t<meta property=\"og:image:type\" content=\"image\/jpeg\" \/>\n<meta name=\"twitter:card\" content=\"summary_large_image\" \/>\n<script type=\"application\/ld+json\" class=\"yoast-schema-graph\">{\"@context\":\"https:\\\/\\\/schema.org\",\"@graph\":[{\"@type\":\"WebPage\",\"@id\":\"https:\\\/\\\/racom.com.pl\\\/index.php\\\/produkt\\\/bateria-do-samsung-core-i8260-maxlife-1800mah\\\/\",\"url\":\"https:\\\/\\\/racom.com.pl\\\/index.php\\\/produkt\\\/bateria-do-samsung-core-i8260-maxlife-1800mah\\\/\",\"name\":\"Bateria Do Samsung Core i8260 Maxlife 1800mAh - Mix Market - Supermarket z wszystkim co potrzeba\",\"isPartOf\":{\"@id\":\"https:\\\/\\\/racom.com.pl\\\/#website\"},\"primaryImageOfPage\":{\"@id\":\"https:\\\/\\\/racom.com.pl\\\/index.php\\\/produkt\\\/bateria-do-samsung-core-i8260-maxlife-1800mah\\\/#primaryimage\"},\"image\":{\"@id\":\"https:\\\/\\\/racom.com.pl\\\/index.php\\\/produkt\\\/bateria-do-samsung-core-i8260-maxlife-1800mah\\\/#primaryimage\"},\"thumbnailUrl\":\"https:\\\/\\\/racom.com.pl\\\/wp-content\\\/uploads\\\/2025\\\/07\\\/allegro_687a7653318fb2.27524244_f124fb574715abfe3aed77ba21f5.jpg\",\"datePublished\":\"2025-07-18T16:28:51+00:00\",\"breadcrumb\":{\"@id\":\"https:\\\/\\\/racom.com.pl\\\/index.php\\\/produkt\\\/bateria-do-samsung-core-i8260-maxlife-1800mah\\\/#breadcrumb\"},\"inLanguage\":\"pl-PL\",\"potentialAction\":[{\"@type\":\"ReadAction\",\"target\":[\"https:\\\/\\\/racom.com.pl\\\/index.php\\\/produkt\\\/bateria-do-samsung-core-i8260-maxlife-1800mah\\\/\"]}]},{\"@type\":\"ImageObject\",\"inLanguage\":\"pl-PL\",\"@id\":\"https:\\\/\\\/racom.com.pl\\\/index.php\\\/produkt\\\/bateria-do-samsung-core-i8260-maxlife-1800mah\\\/#primaryimage\",\"url\":\"https:\\\/\\\/racom.com.pl\\\/wp-content\\\/uploads\\\/2025\\\/07\\\/allegro_687a7653318fb2.27524244_f124fb574715abfe3aed77ba21f5.jpg\",\"contentUrl\":\"https:\\\/\\\/racom.com.pl\\\/wp-content\\\/uploads\\\/2025\\\/07\\\/allegro_687a7653318fb2.27524244_f124fb574715abfe3aed77ba21f5.jpg\",\"width\":1000,\"height\":1000},{\"@type\":\"BreadcrumbList\",\"@id\":\"https:\\\/\\\/racom.com.pl\\\/index.php\\\/produkt\\\/bateria-do-samsung-core-i8260-maxlife-1800mah\\\/#breadcrumb\",\"itemListElement\":[{\"@type\":\"ListItem\",\"position\":1,\"name\":\"Strona g\u0142\u00f3wna\",\"item\":\"https:\\\/\\\/racom.com.pl\\\/\"},{\"@type\":\"ListItem\",\"position\":2,\"name\":\"Sklep\",\"item\":\"https:\\\/\\\/racom.com.pl\\\/\"},{\"@type\":\"ListItem\",\"position\":3,\"name\":\"Bateria Do Samsung Core i8260 Maxlife 1800mAh\"}]},{\"@type\":\"WebSite\",\"@id\":\"https:\\\/\\\/racom.com.pl\\\/#website\",\"url\":\"https:\\\/\\\/racom.com.pl\\\/\",\"name\":\"Mix Market - Supermarket z wszystkim co potrzeba do domu i nie tylko\",\"description\":\"\",\"publisher\":{\"@id\":\"https:\\\/\\\/racom.com.pl\\\/#organization\"},\"potentialAction\":[{\"@type\":\"SearchAction\",\"target\":{\"@type\":\"EntryPoint\",\"urlTemplate\":\"https:\\\/\\\/racom.com.pl\\\/?s={search_term_string}\"},\"query-input\":{\"@type\":\"PropertyValueSpecification\",\"valueRequired\":true,\"valueName\":\"search_term_string\"}}],\"inLanguage\":\"pl-PL\"},{\"@type\":\"Organization\",\"@id\":\"https:\\\/\\\/racom.com.pl\\\/#organization\",\"name\":\"Mix Market - Supermarket z wszystkim co potrzeba do domu i nie tylko\",\"url\":\"https:\\\/\\\/racom.com.pl\\\/\",\"logo\":{\"@type\":\"ImageObject\",\"inLanguage\":\"pl-PL\",\"@id\":\"https:\\\/\\\/racom.com.pl\\\/#\\\/schema\\\/logo\\\/image\\\/\",\"url\":\"https:\\\/\\\/racom.com.pl\\\/wp-content\\\/uploads\\\/2025\\\/07\\\/mixmarket_logo.png\",\"contentUrl\":\"https:\\\/\\\/racom.com.pl\\\/wp-content\\\/uploads\\\/2025\\\/07\\\/mixmarket_logo.png\",\"width\":1024,\"height\":1024,\"caption\":\"Mix Market - Supermarket z wszystkim co potrzeba do domu i nie tylko\"},\"image\":{\"@id\":\"https:\\\/\\\/racom.com.pl\\\/#\\\/schema\\\/logo\\\/image\\\/\"}}]}<\/script>\n<!-- \/ Yoast SEO plugin. -->","yoast_head_json":{"title":"Bateria Do Samsung Core i8260 Maxlife 1800mAh - Mix Market - Supermarket z wszystkim co potrzeba","robots":{"index":"index","follow":"follow","max-snippet":"max-snippet:-1","max-image-preview":"max-image-preview:large","max-video-preview":"max-video-preview:-1"},"canonical":"https:\/\/racom.com.pl\/index.php\/produkt\/bateria-do-samsung-core-i8260-maxlife-1800mah\/","og_locale":"pl_PL","og_type":"article","og_title":"Bateria Do Samsung Core i8260 Maxlife 1800mAh - Mix Market - Supermarket z wszystkim co potrzeba","og_description":"Bateria Maxlife do Samsung Galaxy Core i8260 1800 mAh Producent: MaxLife Pojemno\u015b\u0107 akumulatora: 1800mAh Typ ogniwa: Li-Ion Pasuje do: Telefony\/Samsung\/Galaxy Core (i8260) Prezentowana bateria Maxlife to akumulator litowo-jonowy. Dzi\u0119ki zastosowaniu wyselekcjonowanych ogniw najwy\u017cszej jako\u015bci umo\u017cliwia wyd\u0142u\u017cony czas u\u017cytkowania. Producent: MaxLife Pojemno\u015b\u0107 akumulatora: 1800mAh Typ ogniwa: Li-Ion Pasuje do: Telefony\/Samsung\/Galaxy Core (i8260) &nbsp;","og_url":"https:\/\/racom.com.pl\/index.php\/produkt\/bateria-do-samsung-core-i8260-maxlife-1800mah\/","og_site_name":"Mix Market - Supermarket z wszystkim co potrzeba","og_image":[{"width":1000,"height":1000,"url":"https:\/\/racom.com.pl\/wp-content\/uploads\/2025\/07\/allegro_687a7653318fb2.27524244_f124fb574715abfe3aed77ba21f5.jpg","type":"image\/jpeg"}],"twitter_card":"summary_large_image","schema":{"@context":"https:\/\/schema.org","@graph":[{"@type":"WebPage","@id":"https:\/\/racom.com.pl\/index.php\/produkt\/bateria-do-samsung-core-i8260-maxlife-1800mah\/","url":"https:\/\/racom.com.pl\/index.php\/produkt\/bateria-do-samsung-core-i8260-maxlife-1800mah\/","name":"Bateria Do Samsung Core i8260 Maxlife 1800mAh - Mix Market - Supermarket z wszystkim co potrzeba","isPartOf":{"@id":"https:\/\/racom.com.pl\/#website"},"primaryImageOfPage":{"@id":"https:\/\/racom.com.pl\/index.php\/produkt\/bateria-do-samsung-core-i8260-maxlife-1800mah\/#primaryimage"},"image":{"@id":"https:\/\/racom.com.pl\/index.php\/produkt\/bateria-do-samsung-core-i8260-maxlife-1800mah\/#primaryimage"},"thumbnailUrl":"https:\/\/racom.com.pl\/wp-content\/uploads\/2025\/07\/allegro_687a7653318fb2.27524244_f124fb574715abfe3aed77ba21f5.jpg","datePublished":"2025-07-18T16:28:51+00:00","breadcrumb":{"@id":"https:\/\/racom.com.pl\/index.php\/produkt\/bateria-do-samsung-core-i8260-maxlife-1800mah\/#breadcrumb"},"inLanguage":"pl-PL","potentialAction":[{"@type":"ReadAction","target":["https:\/\/racom.com.pl\/index.php\/produkt\/bateria-do-samsung-core-i8260-maxlife-1800mah\/"]}]},{"@type":"ImageObject","inLanguage":"pl-PL","@id":"https:\/\/racom.com.pl\/index.php\/produkt\/bateria-do-samsung-core-i8260-maxlife-1800mah\/#primaryimage","url":"https:\/\/racom.com.pl\/wp-content\/uploads\/2025\/07\/allegro_687a7653318fb2.27524244_f124fb574715abfe3aed77ba21f5.jpg","contentUrl":"https:\/\/racom.com.pl\/wp-content\/uploads\/2025\/07\/allegro_687a7653318fb2.27524244_f124fb574715abfe3aed77ba21f5.jpg","width":1000,"height":1000},{"@type":"BreadcrumbList","@id":"https:\/\/racom.com.pl\/index.php\/produkt\/bateria-do-samsung-core-i8260-maxlife-1800mah\/#breadcrumb","itemListElement":[{"@type":"ListItem","position":1,"name":"Strona g\u0142\u00f3wna","item":"https:\/\/racom.com.pl\/"},{"@type":"ListItem","position":2,"name":"Sklep","item":"https:\/\/racom.com.pl\/"},{"@type":"ListItem","position":3,"name":"Bateria Do Samsung Core i8260 Maxlife 1800mAh"}]},{"@type":"WebSite","@id":"https:\/\/racom.com.pl\/#website","url":"https:\/\/racom.com.pl\/","name":"Mix Market - Supermarket z wszystkim co potrzeba do domu i nie tylko","description":"","publisher":{"@id":"https:\/\/racom.com.pl\/#organization"},"potentialAction":[{"@type":"SearchAction","target":{"@type":"EntryPoint","urlTemplate":"https:\/\/racom.com.pl\/?s={search_term_string}"},"query-input":{"@type":"PropertyValueSpecification","valueRequired":true,"valueName":"search_term_string"}}],"inLanguage":"pl-PL"},{"@type":"Organization","@id":"https:\/\/racom.com.pl\/#organization","name":"Mix Market - Supermarket z wszystkim co potrzeba do domu i nie tylko","url":"https:\/\/racom.com.pl\/","logo":{"@type":"ImageObject","inLanguage":"pl-PL","@id":"https:\/\/racom.com.pl\/#\/schema\/logo\/image\/","url":"https:\/\/racom.com.pl\/wp-content\/uploads\/2025\/07\/mixmarket_logo.png","contentUrl":"https:\/\/racom.com.pl\/wp-content\/uploads\/2025\/07\/mixmarket_logo.png","width":1024,"height":1024,"caption":"Mix Market - Supermarket z wszystkim co potrzeba do domu i nie tylko"},"image":{"@id":"https:\/\/racom.com.pl\/#\/schema\/logo\/image\/"}}]}},"_links":{"self":[{"href":"https:\/\/racom.com.pl\/index.php\/wp-json\/wp\/v2\/product\/908","targetHints":{"allow":["GET"]}}],"collection":[{"href":"https:\/\/racom.com.pl\/index.php\/wp-json\/wp\/v2\/product"}],"about":[{"href":"https:\/\/racom.com.pl\/index.php\/wp-json\/wp\/v2\/types\/product"}],"replies":[{"embeddable":true,"href":"https:\/\/racom.com.pl\/index.php\/wp-json\/wp\/v2\/comments?post=908"}],"wp:featuredmedia":[{"embeddable":true,"href":"https:\/\/racom.com.pl\/index.php\/wp-json\/wp\/v2\/media\/911"}],"wp:attachment":[{"href":"https:\/\/racom.com.pl\/index.php\/wp-json\/wp\/v2\/media?parent=908"}],"wp:term":[{"taxonomy":"product_brand","embeddable":true,"href":"https:\/\/racom.com.pl\/index.php\/wp-json\/wp\/v2\/product_brand?post=908"},{"taxonomy":"product_cat","embeddable":true,"href":"https:\/\/racom.com.pl\/index.php\/wp-json\/wp\/v2\/product_cat?post=908"},{"taxonomy":"product_tag","embeddable":true,"href":"https:\/\/racom.com.pl\/index.php\/wp-json\/wp\/v2\/product_tag?post=908"}],"curies":[{"name":"wp","href":"https:\/\/api.w.org\/{rel}","templated":true}]}}