{"id":945,"date":"2025-07-18T18:32:22","date_gmt":"2025-07-18T16:32:22","guid":{"rendered":"http:\/\/192.168.2.106\/index.php\/produkt\/havit-gamenote-h2031d-sluchawki-gamingowe-z-mic\/"},"modified":"2025-07-18T18:32:22","modified_gmt":"2025-07-18T16:32:22","slug":"havit-gamenote-h2031d-sluchawki-gamingowe-z-mic","status":"publish","type":"product","link":"https:\/\/racom.com.pl\/index.php\/produkt\/havit-gamenote-h2031d-sluchawki-gamingowe-z-mic\/","title":{"rendered":"HAVIT GAMENOTE H2031D S\u0141UCHAWKI GAMINGOWE Z MIC"},"content":{"rendered":"<h2>S\u0142uchawki gamingowe Havit Gamenote H2031D 3.5mm<\/h2>\n<h2>S\u0142uchawki gamingowe H2031d<\/h2>\n<p>S\u0142uchawki gamingowe H2031d s\u0105 stworzone dla graczy wymagaj\u0105cych krystalicznie czystych d\u017awi\u0119k\u00f3w. S\u0105 wykonane z wysokiej jako\u015bci materia\u0142\u00f3w, odporne na \u015bcieranie i uszkodzenia. Posiadaj\u0105 doskona\u0142\u0105 jako\u015b\u0107 d\u017awi\u0119ku podczas grania i s\u0142uchania muzyki.<\/p>\n<p>Komfortowe i wygodne<\/p>\n<p>S\u0142uchawki posiadaj\u0105 piank\u0119 z pami\u0119ci\u0105 kszta\u0142tu, co sprawia, \u017ce zapewniaj\u0105 wyj\u0105tkowy komfort u\u017cytkowania, idealnie dopasowuj\u0105c si\u0119 do kszta\u0142tu ucha. Ca\u0142o\u015b\u0107 pianki pokryto delikatn\u0105, proteinow\u0105 sk\u00f3r\u0105, kt\u00f3ra jest niezwykle mi\u0142a dla sk\u00f3ry.<\/p>\n<p>Design spe\u0142niaj\u0105cy oczekiwania<\/p>\n<p>S\u0142uchawki zaprojektowane s\u0105 z my\u015bl\u0105 o graczach, ich wygl\u0105d oraz jako\u015b\u0107 nadaje doskona\u0142ych wra\u017ce\u0144 podczas rozgrywki. Nawet po d\u0142ugim czasie korzystania ze s\u0142uchawek nie ci\u0105\u017c\u0105 one na g\u0142owie oraz nie powoduj\u0105 uczucia dyskomfortu.<\/p>\n<p><b>Specyfikacja:<\/b><\/p>\n<p>Producent- Havit<\/p>\n<p>Model- H2031d<\/p>\n<p>\u015arednica membrany- 40 mm<\/p>\n<p>Pasmo przenoszenia s\u0142uchawek- 20 ~ 20000 Hz<\/p>\n<p>Impedancja s\u0142uchawek- 32\u00b115%\u03a9<\/p>\n<p>Czu\u0142o\u015b\u0107 s\u0142uchawek- 108 dB\u00b13 dB<\/p>\n<p>Wbudowany mikrofon- tak 6.0 x 5,0 mm<\/p>\n<p>\u0141\u0105czno\u015b\u0107- 3.5mm + USB<\/p>\n<p>D\u0142ugo\u015b\u0107 kabla- 2.0 m<\/p>\n<p>Robocze napi\u0119cie- \u2a7d 30 mA<\/p>\n<p>Dodatkowe informacje- Pod\u015bwietlenie, Gi\u0119tki mikrofon<\/p>\n<p>Kolor- czarny<\/p>\n","protected":false},"excerpt":{"rendered":"<p>S\u0142uchawki gamingowe Havit Gamenote H2031D 3.5mm S\u0142uchawki gamingowe H2031d S\u0142uchawki gamingowe H2031d s\u0105 stworzone dla graczy wymagaj\u0105cych krystalicznie czystych d\u017awi\u0119k\u00f3w. S\u0105 wykonane z wysokiej jako\u015bci materia\u0142\u00f3w, odporne na \u015bcieranie i uszkodzenia. Posiadaj\u0105 doskona\u0142\u0105 jako\u015b\u0107 d\u017awi\u0119ku podczas grania i s\u0142uchania muzyki. Komfortowe i wygodne S\u0142uchawki posiadaj\u0105 piank\u0119 z pami\u0119ci\u0105 kszta\u0142tu, co sprawia, \u017ce zapewniaj\u0105 wyj\u0105tkowy komfort [&hellip;]<\/p>\n","protected":false},"featured_media":953,"comment_status":"open","ping_status":"closed","template":"","meta":[],"product_brand":[70],"product_cat":[69],"product_tag":[],"class_list":{"0":"post-945","1":"product","2":"type-product","3":"status-publish","4":"has-post-thumbnail","6":"product_brand-havit","7":"product_cat-mikrofony-i-sluchawki","9":"first","10":"instock","11":"taxable","12":"shipping-taxable","13":"purchasable","14":"product-type-simple"},"yoast_head":"<!-- This site is optimized with the Yoast SEO plugin v27.3 - https:\/\/yoast.com\/product\/yoast-seo-wordpress\/ -->\n<title>HAVIT GAMENOTE H2031D S\u0141UCHAWKI GAMINGOWE Z MIC - Mix Market - Supermarket z wszystkim co potrzeba<\/title>\n<meta name=\"robots\" content=\"index, follow, max-snippet:-1, max-image-preview:large, max-video-preview:-1\" \/>\n<link rel=\"canonical\" href=\"https:\/\/racom.com.pl\/index.php\/produkt\/havit-gamenote-h2031d-sluchawki-gamingowe-z-mic\/\" \/>\n<meta property=\"og:locale\" content=\"pl_PL\" \/>\n<meta property=\"og:type\" content=\"article\" \/>\n<meta property=\"og:title\" content=\"HAVIT GAMENOTE H2031D S\u0141UCHAWKI GAMINGOWE Z MIC - Mix Market - Supermarket z wszystkim co potrzeba\" \/>\n<meta property=\"og:description\" content=\"S\u0142uchawki gamingowe Havit Gamenote H2031D 3.5mm S\u0142uchawki gamingowe H2031d S\u0142uchawki gamingowe H2031d s\u0105 stworzone dla graczy wymagaj\u0105cych krystalicznie czystych d\u017awi\u0119k\u00f3w. S\u0105 wykonane z wysokiej jako\u015bci materia\u0142\u00f3w, odporne na \u015bcieranie i uszkodzenia. Posiadaj\u0105 doskona\u0142\u0105 jako\u015b\u0107 d\u017awi\u0119ku podczas grania i s\u0142uchania muzyki. Komfortowe i wygodne S\u0142uchawki posiadaj\u0105 piank\u0119 z pami\u0119ci\u0105 kszta\u0142tu, co sprawia, \u017ce zapewniaj\u0105 wyj\u0105tkowy komfort [&hellip;]\" \/>\n<meta property=\"og:url\" content=\"https:\/\/racom.com.pl\/index.php\/produkt\/havit-gamenote-h2031d-sluchawki-gamingowe-z-mic\/\" \/>\n<meta property=\"og:site_name\" content=\"Mix Market - Supermarket z wszystkim co potrzeba\" \/>\n<meta property=\"og:image\" content=\"https:\/\/racom.com.pl\/wp-content\/uploads\/2025\/07\/allegro_687a773e2b6fa8.18126503_b839ed684fe8b5dba24687b28fe3.jpg\" \/>\n\t<meta property=\"og:image:width\" content=\"1102\" \/>\n\t<meta property=\"og:image:height\" content=\"611\" \/>\n\t<meta property=\"og:image:type\" content=\"image\/jpeg\" \/>\n<meta name=\"twitter:card\" content=\"summary_large_image\" \/>\n<meta name=\"twitter:label1\" content=\"Szacowany czas czytania\" \/>\n\t<meta name=\"twitter:data1\" content=\"1 minuta\" \/>\n<script type=\"application\/ld+json\" class=\"yoast-schema-graph\">{\"@context\":\"https:\\\/\\\/schema.org\",\"@graph\":[{\"@type\":\"WebPage\",\"@id\":\"https:\\\/\\\/racom.com.pl\\\/index.php\\\/produkt\\\/havit-gamenote-h2031d-sluchawki-gamingowe-z-mic\\\/\",\"url\":\"https:\\\/\\\/racom.com.pl\\\/index.php\\\/produkt\\\/havit-gamenote-h2031d-sluchawki-gamingowe-z-mic\\\/\",\"name\":\"HAVIT GAMENOTE H2031D S\u0141UCHAWKI GAMINGOWE Z MIC - Mix Market - Supermarket z wszystkim co potrzeba\",\"isPartOf\":{\"@id\":\"https:\\\/\\\/racom.com.pl\\\/#website\"},\"primaryImageOfPage\":{\"@id\":\"https:\\\/\\\/racom.com.pl\\\/index.php\\\/produkt\\\/havit-gamenote-h2031d-sluchawki-gamingowe-z-mic\\\/#primaryimage\"},\"image\":{\"@id\":\"https:\\\/\\\/racom.com.pl\\\/index.php\\\/produkt\\\/havit-gamenote-h2031d-sluchawki-gamingowe-z-mic\\\/#primaryimage\"},\"thumbnailUrl\":\"https:\\\/\\\/racom.com.pl\\\/wp-content\\\/uploads\\\/2025\\\/07\\\/allegro_687a773e2b6fa8.18126503_b839ed684fe8b5dba24687b28fe3.jpg\",\"datePublished\":\"2025-07-18T16:32:22+00:00\",\"breadcrumb\":{\"@id\":\"https:\\\/\\\/racom.com.pl\\\/index.php\\\/produkt\\\/havit-gamenote-h2031d-sluchawki-gamingowe-z-mic\\\/#breadcrumb\"},\"inLanguage\":\"pl-PL\",\"potentialAction\":[{\"@type\":\"ReadAction\",\"target\":[\"https:\\\/\\\/racom.com.pl\\\/index.php\\\/produkt\\\/havit-gamenote-h2031d-sluchawki-gamingowe-z-mic\\\/\"]}]},{\"@type\":\"ImageObject\",\"inLanguage\":\"pl-PL\",\"@id\":\"https:\\\/\\\/racom.com.pl\\\/index.php\\\/produkt\\\/havit-gamenote-h2031d-sluchawki-gamingowe-z-mic\\\/#primaryimage\",\"url\":\"https:\\\/\\\/racom.com.pl\\\/wp-content\\\/uploads\\\/2025\\\/07\\\/allegro_687a773e2b6fa8.18126503_b839ed684fe8b5dba24687b28fe3.jpg\",\"contentUrl\":\"https:\\\/\\\/racom.com.pl\\\/wp-content\\\/uploads\\\/2025\\\/07\\\/allegro_687a773e2b6fa8.18126503_b839ed684fe8b5dba24687b28fe3.jpg\",\"width\":1102,\"height\":611},{\"@type\":\"BreadcrumbList\",\"@id\":\"https:\\\/\\\/racom.com.pl\\\/index.php\\\/produkt\\\/havit-gamenote-h2031d-sluchawki-gamingowe-z-mic\\\/#breadcrumb\",\"itemListElement\":[{\"@type\":\"ListItem\",\"position\":1,\"name\":\"Strona g\u0142\u00f3wna\",\"item\":\"https:\\\/\\\/racom.com.pl\\\/\"},{\"@type\":\"ListItem\",\"position\":2,\"name\":\"Sklep\",\"item\":\"https:\\\/\\\/racom.com.pl\\\/\"},{\"@type\":\"ListItem\",\"position\":3,\"name\":\"HAVIT GAMENOTE H2031D S\u0141UCHAWKI GAMINGOWE Z MIC\"}]},{\"@type\":\"WebSite\",\"@id\":\"https:\\\/\\\/racom.com.pl\\\/#website\",\"url\":\"https:\\\/\\\/racom.com.pl\\\/\",\"name\":\"Mix Market - Supermarket z wszystkim co potrzeba do domu i nie tylko\",\"description\":\"\",\"publisher\":{\"@id\":\"https:\\\/\\\/racom.com.pl\\\/#organization\"},\"potentialAction\":[{\"@type\":\"SearchAction\",\"target\":{\"@type\":\"EntryPoint\",\"urlTemplate\":\"https:\\\/\\\/racom.com.pl\\\/?s={search_term_string}\"},\"query-input\":{\"@type\":\"PropertyValueSpecification\",\"valueRequired\":true,\"valueName\":\"search_term_string\"}}],\"inLanguage\":\"pl-PL\"},{\"@type\":\"Organization\",\"@id\":\"https:\\\/\\\/racom.com.pl\\\/#organization\",\"name\":\"Mix Market - Supermarket z wszystkim co potrzeba do domu i nie tylko\",\"url\":\"https:\\\/\\\/racom.com.pl\\\/\",\"logo\":{\"@type\":\"ImageObject\",\"inLanguage\":\"pl-PL\",\"@id\":\"https:\\\/\\\/racom.com.pl\\\/#\\\/schema\\\/logo\\\/image\\\/\",\"url\":\"https:\\\/\\\/racom.com.pl\\\/wp-content\\\/uploads\\\/2025\\\/07\\\/mixmarket_logo.png\",\"contentUrl\":\"https:\\\/\\\/racom.com.pl\\\/wp-content\\\/uploads\\\/2025\\\/07\\\/mixmarket_logo.png\",\"width\":1024,\"height\":1024,\"caption\":\"Mix Market - Supermarket z wszystkim co potrzeba do domu i nie tylko\"},\"image\":{\"@id\":\"https:\\\/\\\/racom.com.pl\\\/#\\\/schema\\\/logo\\\/image\\\/\"}}]}<\/script>\n<!-- \/ Yoast SEO plugin. -->","yoast_head_json":{"title":"HAVIT GAMENOTE H2031D S\u0141UCHAWKI GAMINGOWE Z MIC - Mix Market - Supermarket z wszystkim co potrzeba","robots":{"index":"index","follow":"follow","max-snippet":"max-snippet:-1","max-image-preview":"max-image-preview:large","max-video-preview":"max-video-preview:-1"},"canonical":"https:\/\/racom.com.pl\/index.php\/produkt\/havit-gamenote-h2031d-sluchawki-gamingowe-z-mic\/","og_locale":"pl_PL","og_type":"article","og_title":"HAVIT GAMENOTE H2031D S\u0141UCHAWKI GAMINGOWE Z MIC - Mix Market - Supermarket z wszystkim co potrzeba","og_description":"S\u0142uchawki gamingowe Havit Gamenote H2031D 3.5mm S\u0142uchawki gamingowe H2031d S\u0142uchawki gamingowe H2031d s\u0105 stworzone dla graczy wymagaj\u0105cych krystalicznie czystych d\u017awi\u0119k\u00f3w. S\u0105 wykonane z wysokiej jako\u015bci materia\u0142\u00f3w, odporne na \u015bcieranie i uszkodzenia. Posiadaj\u0105 doskona\u0142\u0105 jako\u015b\u0107 d\u017awi\u0119ku podczas grania i s\u0142uchania muzyki. Komfortowe i wygodne S\u0142uchawki posiadaj\u0105 piank\u0119 z pami\u0119ci\u0105 kszta\u0142tu, co sprawia, \u017ce zapewniaj\u0105 wyj\u0105tkowy komfort [&hellip;]","og_url":"https:\/\/racom.com.pl\/index.php\/produkt\/havit-gamenote-h2031d-sluchawki-gamingowe-z-mic\/","og_site_name":"Mix Market - Supermarket z wszystkim co potrzeba","og_image":[{"width":1102,"height":611,"url":"https:\/\/racom.com.pl\/wp-content\/uploads\/2025\/07\/allegro_687a773e2b6fa8.18126503_b839ed684fe8b5dba24687b28fe3.jpg","type":"image\/jpeg"}],"twitter_card":"summary_large_image","twitter_misc":{"Szacowany czas czytania":"1 minuta"},"schema":{"@context":"https:\/\/schema.org","@graph":[{"@type":"WebPage","@id":"https:\/\/racom.com.pl\/index.php\/produkt\/havit-gamenote-h2031d-sluchawki-gamingowe-z-mic\/","url":"https:\/\/racom.com.pl\/index.php\/produkt\/havit-gamenote-h2031d-sluchawki-gamingowe-z-mic\/","name":"HAVIT GAMENOTE H2031D S\u0141UCHAWKI GAMINGOWE Z MIC - Mix Market - Supermarket z wszystkim co potrzeba","isPartOf":{"@id":"https:\/\/racom.com.pl\/#website"},"primaryImageOfPage":{"@id":"https:\/\/racom.com.pl\/index.php\/produkt\/havit-gamenote-h2031d-sluchawki-gamingowe-z-mic\/#primaryimage"},"image":{"@id":"https:\/\/racom.com.pl\/index.php\/produkt\/havit-gamenote-h2031d-sluchawki-gamingowe-z-mic\/#primaryimage"},"thumbnailUrl":"https:\/\/racom.com.pl\/wp-content\/uploads\/2025\/07\/allegro_687a773e2b6fa8.18126503_b839ed684fe8b5dba24687b28fe3.jpg","datePublished":"2025-07-18T16:32:22+00:00","breadcrumb":{"@id":"https:\/\/racom.com.pl\/index.php\/produkt\/havit-gamenote-h2031d-sluchawki-gamingowe-z-mic\/#breadcrumb"},"inLanguage":"pl-PL","potentialAction":[{"@type":"ReadAction","target":["https:\/\/racom.com.pl\/index.php\/produkt\/havit-gamenote-h2031d-sluchawki-gamingowe-z-mic\/"]}]},{"@type":"ImageObject","inLanguage":"pl-PL","@id":"https:\/\/racom.com.pl\/index.php\/produkt\/havit-gamenote-h2031d-sluchawki-gamingowe-z-mic\/#primaryimage","url":"https:\/\/racom.com.pl\/wp-content\/uploads\/2025\/07\/allegro_687a773e2b6fa8.18126503_b839ed684fe8b5dba24687b28fe3.jpg","contentUrl":"https:\/\/racom.com.pl\/wp-content\/uploads\/2025\/07\/allegro_687a773e2b6fa8.18126503_b839ed684fe8b5dba24687b28fe3.jpg","width":1102,"height":611},{"@type":"BreadcrumbList","@id":"https:\/\/racom.com.pl\/index.php\/produkt\/havit-gamenote-h2031d-sluchawki-gamingowe-z-mic\/#breadcrumb","itemListElement":[{"@type":"ListItem","position":1,"name":"Strona g\u0142\u00f3wna","item":"https:\/\/racom.com.pl\/"},{"@type":"ListItem","position":2,"name":"Sklep","item":"https:\/\/racom.com.pl\/"},{"@type":"ListItem","position":3,"name":"HAVIT GAMENOTE H2031D S\u0141UCHAWKI GAMINGOWE Z MIC"}]},{"@type":"WebSite","@id":"https:\/\/racom.com.pl\/#website","url":"https:\/\/racom.com.pl\/","name":"Mix Market - Supermarket z wszystkim co potrzeba do domu i nie tylko","description":"","publisher":{"@id":"https:\/\/racom.com.pl\/#organization"},"potentialAction":[{"@type":"SearchAction","target":{"@type":"EntryPoint","urlTemplate":"https:\/\/racom.com.pl\/?s={search_term_string}"},"query-input":{"@type":"PropertyValueSpecification","valueRequired":true,"valueName":"search_term_string"}}],"inLanguage":"pl-PL"},{"@type":"Organization","@id":"https:\/\/racom.com.pl\/#organization","name":"Mix Market - Supermarket z wszystkim co potrzeba do domu i nie tylko","url":"https:\/\/racom.com.pl\/","logo":{"@type":"ImageObject","inLanguage":"pl-PL","@id":"https:\/\/racom.com.pl\/#\/schema\/logo\/image\/","url":"https:\/\/racom.com.pl\/wp-content\/uploads\/2025\/07\/mixmarket_logo.png","contentUrl":"https:\/\/racom.com.pl\/wp-content\/uploads\/2025\/07\/mixmarket_logo.png","width":1024,"height":1024,"caption":"Mix Market - Supermarket z wszystkim co potrzeba do domu i nie tylko"},"image":{"@id":"https:\/\/racom.com.pl\/#\/schema\/logo\/image\/"}}]}},"_links":{"self":[{"href":"https:\/\/racom.com.pl\/index.php\/wp-json\/wp\/v2\/product\/945","targetHints":{"allow":["GET"]}}],"collection":[{"href":"https:\/\/racom.com.pl\/index.php\/wp-json\/wp\/v2\/product"}],"about":[{"href":"https:\/\/racom.com.pl\/index.php\/wp-json\/wp\/v2\/types\/product"}],"replies":[{"embeddable":true,"href":"https:\/\/racom.com.pl\/index.php\/wp-json\/wp\/v2\/comments?post=945"}],"wp:featuredmedia":[{"embeddable":true,"href":"https:\/\/racom.com.pl\/index.php\/wp-json\/wp\/v2\/media\/953"}],"wp:attachment":[{"href":"https:\/\/racom.com.pl\/index.php\/wp-json\/wp\/v2\/media?parent=945"}],"wp:term":[{"taxonomy":"product_brand","embeddable":true,"href":"https:\/\/racom.com.pl\/index.php\/wp-json\/wp\/v2\/product_brand?post=945"},{"taxonomy":"product_cat","embeddable":true,"href":"https:\/\/racom.com.pl\/index.php\/wp-json\/wp\/v2\/product_cat?post=945"},{"taxonomy":"product_tag","embeddable":true,"href":"https:\/\/racom.com.pl\/index.php\/wp-json\/wp\/v2\/product_tag?post=945"}],"curies":[{"name":"wp","href":"https:\/\/api.w.org\/{rel}","templated":true}]}}